{"id":10996,"date":"2018-07-10T06:54:50","date_gmt":"2018-07-10T06:54:50","guid":{"rendered":"http:\/\/testwordpress.nirmalnagari.org\/smnd\/index.php\/the-culmination\/"},"modified":"2026-03-11T23:49:04","modified_gmt":"2026-03-11T23:49:04","slug":"la-culminacion","status":"publish","type":"page","link":"https:\/\/shrimataji.org\/test\/es\/la-culminacion\/","title":{"rendered":"La Culminaci\u00f3n"},"content":{"rendered":"\n\n\t<h1>La Culminaci\u00f3n<\/h1>\n<h2>Una humilde veneraci\u00f3n<\/h2>\n\t<h4>Shri Mataji sab\u00eda desde temprana edad que su objetivo final era contribuir a la evoluci\u00f3n espiritual de la humanidad. Sin embargo, no fue hasta los 47 a\u00f1os, y con sus dos hijas casadas,<br \/>\nque Shri Mataji comenz\u00f3 el trabajo que definir\u00eda su vida.<\/h4>\n\t<p>El punto de inflexi\u00f3n lleg\u00f3 en Nargol, un peque\u00f1o pueblo en el estado de Gujarat, India. El <a href=\"https:\/\/shrimataji.org\/test\/es\/un-momento-crucial\/\" target=\"_blank\" rel=\"noopener\">5 de mayo de 1970<\/a>, despu\u00e9s de un per\u00edodo de profunda meditaci\u00f3n, Shri Mataji tuvo una viva experiencia de conciencia y verdad que inspir\u00f3 sus acciones durante los siguientes cuarenta a\u00f1os.<\/p>\n<figure itemscope itemtype=\"https:\/\/schema.org\/ImageObject\">\n\t\t\t\t<img decoding=\"async\" src=\"https:\/\/shrimataji.org\/test\/wp-content\/uploads\/2018\/07\/media_originals\/images\/shri-mataji-teaching-sahaja-yoga\/shri-mataji-nirmala-devi-teaching-sahaja-yoga-meditation-in-india.jpg\" alt=\"Shri Mataji opettaa Sahaja Yoga -meditaatiota Intiassa\" height=\"541\" width=\"721\" title=\"Shri Mataji opettaa Sahaja Yoga -meditaatiota Intiassa\" onerror=\"this.style.display='none'\" loading=\"lazy\" \/>\n\t\t\n\t<\/figure>\n\t<p>A partir de ese momento, Shri Mataji se dedic\u00f3 a difundir el mensaje de que la Realizaci\u00f3n del Ser est\u00e1 al alcance de cada individuo, a trav\u00e9s de la pr\u00e1ctica de una sencilla forma de meditaci\u00f3n que llam\u00f3 Sahaja Yoga, un t\u00e9rmino en s\u00e1nscrito que significa la &#8220;uni\u00f3n espont\u00e1nea&#8221; del ser individual con la &#8220;energ\u00eda creativa omnipresente del universo&#8221;. Ella manifest\u00f3 que la Realizaci\u00f3n del Ser est\u00e1 disponible para todos y cada uno, y mostr\u00f3 que transmitir la experiencia a otros es &#8220;como una vela encendiendo otra vela&#8221;.<\/p>\n<p>Shri Mataji comenz\u00f3 a peque\u00f1a escala, con un pu\u00f1ado de \u00e1vidos &#8220;buscadores de la verdad&#8221; en Mumbai y Londres. Durante este per\u00edodo hasta mediados de la d\u00e9cada de 1980, Shri Mataji tuvo una presencia cercana y muy maternal: cocinando, comiendo, yendo de compras o al cine, sin mencionar que meditaba regularmente con su creciente familia espiritual.<\/p>\n\t<p>Su esposo, Sir C.P. Srivastava, secretario general de la Organizaci\u00f3n Mar\u00edtima Internacional de las Naciones Unidas, qued\u00f3 un poco desconcertado al principio por la pol\u00edtica de &#8220;puertas abiertas&#8221; de su esposa, pero, a su debido tiempo, \u00e9l tambi\u00e9n se inspir\u00f3 en su compasi\u00f3n y deseo de ayudar a los dem\u00e1s. Vio a su esposa dar la bienvenida a las personas en su casa, darles la Realizaci\u00f3n del Ser, cuidar de ellos y ense\u00f1\u00e1ndoles a curarse a s\u00ed mismos usando las t\u00e9cnicas de Sahaja Yoga. Sir C.P., hablando de aquellos momentos, dijo: &#8220;entonces empec\u00e9 a ver que suced\u00edan milagros. Ella trat\u00f3 a un joven con gran cuidado, afecto y con Sahaja Yoga, y el chico comenz\u00f3 a transformarse&#8230;&#8221;<\/p>\n\t<p>Aunque Shri Mataji ten\u00eda un alto perfil como esposa de un destacado diplom\u00e1tico, comenz\u00f3 a desempe\u00f1ar un papel cada vez m\u00e1s p\u00fablico por derecho propio, habl\u00f3 en eventos p\u00fablicos, dio entrevistas a la prensa, imparti\u00f3 conferencias y, sobre todo, comparti\u00f3 la experiencia de la Realizaci\u00f3n del Ser con todos los que lo deseaban. Con su mensaje de verdad, su energ\u00eda inagotable y su maravilloso sentido del humor, atrajo a la gente a todos los lugares a los que iba. De forma lenta pero segura, la pr\u00e1ctica de Sahaja Yoga se estableci\u00f3 en el Reino Unido (su sede principal fue el Caxton Hall de Londres), la India, luego a trav\u00e9s de Europa, los Estados Unidos y el resto del mundo.<\/p>\n<p>En la d\u00e9cada de 1990, Shri Mataji se hab\u00eda convertido en una personalidad global, atrayendo la atenci\u00f3n de los medios de comunicaci\u00f3n donde quiera que fuera, y recib\u00eda diversos homenajes y premios. Fue nominada para el Premio Nobel de la Paz y Claes Nobel, sobrino nieto de Alfred Nobel y presidente de la Fundaci\u00f3n Tierra Unida, declar\u00f3 que &#8220;Shri Mataji nos da poder para convertirnos en maestros de nuestro propio destino&#8221;. Fue invitada a hablar en la sede de las Naciones Unidas en Nueva York as\u00ed como en la <a href=\"https:\/\/shrimataji.org\/test\/es\/conferencia-mundial-sobre-la-mujer-onu\/\" target=\"_blank\" rel=\"noopener\">Conferencia de las Naciones Unidas para la Mujer en Beijing<\/a>. Innumerables gobiernos municipales y regionales han establecido un d\u00eda en su honor.<\/p>\n<p>Shri Mataji fund\u00f3 una serie de organizaciones no gubernamentales, incluyendo el Hospital Internacional y Centro de Investigaci\u00f3n del C\u00e1ncer, cerca de Mumbai y Nirmal Prem, un hogar para mujeres indigentes a las afueras de Nueva Delhi. A d\u00eda de hoy, estas organizaciones utilizan las t\u00e9cnicas de Sahaja Yoga para ayudar a las personas a superar problemas como la enfermedad o la adicci\u00f3n, y as\u00ed encontrar alegr\u00eda y significado en sus vidas.<\/p>\n<p>A pesar de su fama, Shri Mataji sigui\u00f3 siendo la compasiva, amable y modesta personalidad que siempre hab\u00eda sido. Su prop\u00f3sito no cambi\u00f3, ni su mensaje. Como escribi\u00f3 en su libro <i>La Era Metamoderna<\/i>: &#8220;Ah\u00ed est\u00e1 el gozo omnipresente del amor divino y quiero que todos lo disfruten&#8221;. <a href=\"#citation-note-1\">[1]<\/a><\/p>\n<p>Shri Mataji continu\u00f3 viajando alrededor del mundo hasta el final de su vida, aunque sus apariciones p\u00fablicas disminuyeron en a\u00f1os posteriores a medida que pasaba m\u00e1s tiempo con su familia cercana. <\/p>\n<p>El 23\u00a0 de febrero de 2011, Shri Mataji falleci\u00f3 a la edad de 87 a\u00f1os. Su legado perdura, ya que la experiencia de la Realizaci\u00f3n del Ser contin\u00faa transformando innumerables vidas.<\/p>\n<figure itemscope itemtype=\"https:\/\/schema.org\/ImageObject\">\n\t\t\t\t<img decoding=\"async\" src=\"https:\/\/shrimataji.org\/test\/wp-content\/uploads\/2023\/03\/Nirmaldham_inside.jpg\" alt=\"Nirmal Dham, Dill\u00ed, India\" height=\"400\" width=\"600\" title=\"Nirmaldham_inside\" onerror=\"this.style.display='none'\" loading=\"lazy\" \/>\n\t\t<figcaption>Nirmal Dham, Dill\u00ed, India<\/figcaption>\n\t<\/figure>\n<figure itemscope itemtype=\"https:\/\/schema.org\/ImageObject\">\n\t\t\t\t<img decoding=\"async\" src=\"https:\/\/shrimataji.org\/test\/wp-content\/uploads\/2023\/03\/Nirmaldham.jpg\" alt=\"Nirmal Dham\" height=\"521\" width=\"521\" title=\"Nirmaldham\" onerror=\"this.style.display='none'\" loading=\"lazy\" \/>\n\t\t<figcaption>Nirmal Dham<\/figcaption>\n\t<\/figure>\n\t<div class=\"su-quote su-quote-style-default\"><div class=\"su-quote-inner su-u-clearfix su-u-trim\">Hay que comprender que todos estamos unidos por un principio de vida en com\u00fan, y es que todos tenemos la Kundalini dentro de nosotros. Debemos respetar a toda la gente, a todos los seres humanos, de cualquier naci\u00f3n de la que vengan, sea cual sea el pa\u00eds al que pertenezcan, sea cual sea el color que tengan, porque todos tienen su Kundalini.<\/div><\/div>\n\t<hr \/>\n<h3>1.\u00a0<a id=\"citation-note-1\"><\/a> Shri Mataji Nirmala Devi, &#8216;Meta Modern Era&#8217; Pune: Vishwa Nirmala Dharma, 1995.<\/h3>\n\n","protected":false},"excerpt":{"rendered":"<p>La Culminaci\u00f3n Una humilde veneraci\u00f3n Shri Mataji sab\u00eda desde temprana edad que su objetivo final era contribuir a la evoluci\u00f3n espiritual de la humanidad. Sin embargo, no fue hasta los 47 a\u00f1os, y con sus dos hijas casadas, que Shri Mataji comenz\u00f3 el trabajo que definir\u00eda su vida. El punto de inflexi\u00f3n lleg\u00f3 en Nargol,&hellip; <br \/> <a class=\"read-more\" href=\"https:\/\/shrimataji.org\/test\/es\/la-culminacion\/\">Read more<\/a><\/p>\n","protected":false},"author":63,"featured_media":37367,"parent":0,"menu_order":0,"comment_status":"closed","ping_status":"closed","template":"","meta":{"inline_featured_image":false,"footnotes":""},"class_list":["post-10996","page","type-page","status-publish","has-post-thumbnail","hentry"],"yoast_head":"<!-- This site is optimized with the Yoast SEO plugin v27.4 - https:\/\/yoast.com\/product\/yoast-seo-wordpress\/ -->\n<title>La Culminaci\u00f3n - TEST - SMND<\/title>\n<meta name=\"robots\" content=\"noindex, follow, max-snippet:-1, max-image-preview:large, max-video-preview:-1\" \/>\n<meta property=\"og:locale\" content=\"en_US\" \/>\n<meta property=\"og:type\" content=\"article\" \/>\n<meta property=\"og:title\" content=\"La Culminaci\u00f3n - TEST - SMND\" \/>\n<meta property=\"og:description\" content=\"La Culminaci\u00f3n Una humilde veneraci\u00f3n Shri Mataji sab\u00eda desde temprana edad que su objetivo final era contribuir a la evoluci\u00f3n espiritual de la humanidad. Sin embargo, no fue hasta los 47 a\u00f1os, y con sus dos hijas casadas, que Shri Mataji comenz\u00f3 el trabajo que definir\u00eda su vida. El punto de inflexi\u00f3n lleg\u00f3 en Nargol,&hellip; Read more\" \/>\n<meta property=\"og:url\" content=\"https:\/\/shrimataji.org\/test\/es\/la-culminacion\/\" \/>\n<meta property=\"og:site_name\" content=\"TEST - SMND\" \/>\n<meta property=\"article:publisher\" content=\"https:\/\/www.facebook.com\/shrimataji\" \/>\n<meta property=\"article:modified_time\" content=\"2026-03-11T23:49:04+00:00\" \/>\n<meta property=\"og:image\" content=\"https:\/\/shrimataji.org\/test\/wp-content\/uploads\/2018\/07\/fp11-e1588597806347.jpg\" \/>\n\t<meta property=\"og:image:width\" content=\"707\" \/>\n\t<meta property=\"og:image:height\" content=\"700\" \/>\n\t<meta property=\"og:image:type\" content=\"image\/jpeg\" \/>\n<meta name=\"twitter:card\" content=\"summary_large_image\" \/>\n<meta name=\"twitter:site\" content=\"@shrimataji\" \/>\n<meta name=\"twitter:label1\" content=\"Est. reading time\" \/>\n\t<meta name=\"twitter:data1\" content=\"4 minutes\" \/>\n<script type=\"application\/ld+json\" class=\"yoast-schema-graph\">{\"@context\":\"https:\\\/\\\/schema.org\",\"@graph\":[{\"@type\":\"WebPage\",\"@id\":\"https:\\\/\\\/shrimataji.org\\\/test\\\/es\\\/la-culminacion\\\/\",\"url\":\"https:\\\/\\\/shrimataji.org\\\/test\\\/es\\\/la-culminacion\\\/\",\"name\":\"La Culminaci\u00f3n - TEST - SMND\",\"isPartOf\":{\"@id\":\"https:\\\/\\\/shrimataji.org\\\/test\\\/#website\"},\"primaryImageOfPage\":{\"@id\":\"https:\\\/\\\/shrimataji.org\\\/test\\\/es\\\/la-culminacion\\\/#primaryimage\"},\"image\":{\"@id\":\"https:\\\/\\\/shrimataji.org\\\/test\\\/es\\\/la-culminacion\\\/#primaryimage\"},\"thumbnailUrl\":\"https:\\\/\\\/shrimataji.org\\\/test\\\/wp-content\\\/uploads\\\/2026\\\/03\\\/Banner-TheCulmination-3-1-1920x800-1.avif\",\"datePublished\":\"2018-07-10T06:54:50+00:00\",\"dateModified\":\"2026-03-11T23:49:04+00:00\",\"breadcrumb\":{\"@id\":\"https:\\\/\\\/shrimataji.org\\\/test\\\/es\\\/la-culminacion\\\/#breadcrumb\"},\"inLanguage\":\"en-US\",\"potentialAction\":[{\"@type\":\"ReadAction\",\"target\":[\"https:\\\/\\\/shrimataji.org\\\/test\\\/es\\\/la-culminacion\\\/\"]}]},{\"@type\":\"ImageObject\",\"inLanguage\":\"en-US\",\"@id\":\"https:\\\/\\\/shrimataji.org\\\/test\\\/es\\\/la-culminacion\\\/#primaryimage\",\"url\":\"https:\\\/\\\/shrimataji.org\\\/test\\\/wp-content\\\/uploads\\\/2026\\\/03\\\/Banner-TheCulmination-3-1-1920x800-1.avif\",\"contentUrl\":\"https:\\\/\\\/shrimataji.org\\\/test\\\/wp-content\\\/uploads\\\/2026\\\/03\\\/Banner-TheCulmination-3-1-1920x800-1.avif\",\"width\":1920,\"height\":800},{\"@type\":\"BreadcrumbList\",\"@id\":\"https:\\\/\\\/shrimataji.org\\\/test\\\/es\\\/la-culminacion\\\/#breadcrumb\",\"itemListElement\":[{\"@type\":\"ListItem\",\"position\":1,\"name\":\"Home\",\"item\":\"https:\\\/\\\/shrimataji.org\\\/test\\\/uk\\\/home-en\\\/\"},{\"@type\":\"ListItem\",\"position\":2,\"name\":\"La Culminaci\u00f3n\"}]},{\"@type\":\"WebSite\",\"@id\":\"https:\\\/\\\/shrimataji.org\\\/test\\\/#website\",\"url\":\"https:\\\/\\\/shrimataji.org\\\/test\\\/\",\"name\":\"Shri Mataji Nirmala Devi\",\"description\":\"A Life Dedicated to Humanity\",\"publisher\":{\"@id\":\"https:\\\/\\\/shrimataji.org\\\/test\\\/#\\\/schema\\\/person\\\/a1b3419c6585f164aa96da1ff85715d1\"},\"potentialAction\":[{\"@type\":\"SearchAction\",\"target\":{\"@type\":\"EntryPoint\",\"urlTemplate\":\"https:\\\/\\\/shrimataji.org\\\/test\\\/?s={search_term_string}\"},\"query-input\":{\"@type\":\"PropertyValueSpecification\",\"valueRequired\":true,\"valueName\":\"search_term_string\"}}],\"inLanguage\":\"en-US\"},{\"@type\":[\"Person\",\"Organization\"],\"@id\":\"https:\\\/\\\/shrimataji.org\\\/test\\\/#\\\/schema\\\/person\\\/a1b3419c6585f164aa96da1ff85715d1\",\"name\":\"Nirmala Shrivastava\",\"image\":{\"@type\":\"ImageObject\",\"inLanguage\":\"en-US\",\"@id\":\"https:\\\/\\\/shrimataji.org\\\/test\\\/wp-content\\\/uploads\\\/2023\\\/02\\\/SMO_LOGO-03.svg\",\"url\":\"https:\\\/\\\/shrimataji.org\\\/test\\\/wp-content\\\/uploads\\\/2023\\\/02\\\/SMO_LOGO-03.svg\",\"contentUrl\":\"https:\\\/\\\/shrimataji.org\\\/test\\\/wp-content\\\/uploads\\\/2023\\\/02\\\/SMO_LOGO-03.svg\",\"width\":\"1024\",\"height\":\"1024\",\"caption\":\"Nirmala Shrivastava\"},\"logo\":{\"@id\":\"https:\\\/\\\/shrimataji.org\\\/test\\\/wp-content\\\/uploads\\\/2023\\\/02\\\/SMO_LOGO-03.svg\"},\"sameAs\":[\"https:\\\/\\\/shrimataji.org\\\/test\",\"https:\\\/\\\/www.facebook.com\\\/shrimataji\",\"https:\\\/\\\/x.com\\\/shrimataji\",\"https:\\\/\\\/www.youtube.com\\\/@Shri_Mataji_Nirmala_Devi\\\/featured\"]}]}<\/script>\n<!-- \/ Yoast SEO plugin. -->","yoast_head_json":{"title":"La Culminaci\u00f3n - TEST - SMND","robots":{"index":"noindex","follow":"follow","max-snippet":"max-snippet:-1","max-image-preview":"max-image-preview:large","max-video-preview":"max-video-preview:-1"},"og_locale":"en_US","og_type":"article","og_title":"La Culminaci\u00f3n - TEST - SMND","og_description":"La Culminaci\u00f3n Una humilde veneraci\u00f3n Shri Mataji sab\u00eda desde temprana edad que su objetivo final era contribuir a la evoluci\u00f3n espiritual de la humanidad. Sin embargo, no fue hasta los 47 a\u00f1os, y con sus dos hijas casadas, que Shri Mataji comenz\u00f3 el trabajo que definir\u00eda su vida. El punto de inflexi\u00f3n lleg\u00f3 en Nargol,&hellip; Read more","og_url":"https:\/\/shrimataji.org\/test\/es\/la-culminacion\/","og_site_name":"TEST - SMND","article_publisher":"https:\/\/www.facebook.com\/shrimataji","article_modified_time":"2026-03-11T23:49:04+00:00","og_image":[{"width":707,"height":700,"url":"https:\/\/shrimataji.org\/test\/wp-content\/uploads\/2018\/07\/fp11-e1588597806347.jpg","type":"image\/jpeg"}],"twitter_card":"summary_large_image","twitter_site":"@shrimataji","twitter_misc":{"Est. reading time":"4 minutes"},"schema":{"@context":"https:\/\/schema.org","@graph":[{"@type":"WebPage","@id":"https:\/\/shrimataji.org\/test\/es\/la-culminacion\/","url":"https:\/\/shrimataji.org\/test\/es\/la-culminacion\/","name":"La Culminaci\u00f3n - TEST - SMND","isPartOf":{"@id":"https:\/\/shrimataji.org\/test\/#website"},"primaryImageOfPage":{"@id":"https:\/\/shrimataji.org\/test\/es\/la-culminacion\/#primaryimage"},"image":{"@id":"https:\/\/shrimataji.org\/test\/es\/la-culminacion\/#primaryimage"},"thumbnailUrl":"https:\/\/shrimataji.org\/test\/wp-content\/uploads\/2026\/03\/Banner-TheCulmination-3-1-1920x800-1.avif","datePublished":"2018-07-10T06:54:50+00:00","dateModified":"2026-03-11T23:49:04+00:00","breadcrumb":{"@id":"https:\/\/shrimataji.org\/test\/es\/la-culminacion\/#breadcrumb"},"inLanguage":"en-US","potentialAction":[{"@type":"ReadAction","target":["https:\/\/shrimataji.org\/test\/es\/la-culminacion\/"]}]},{"@type":"ImageObject","inLanguage":"en-US","@id":"https:\/\/shrimataji.org\/test\/es\/la-culminacion\/#primaryimage","url":"https:\/\/shrimataji.org\/test\/wp-content\/uploads\/2026\/03\/Banner-TheCulmination-3-1-1920x800-1.avif","contentUrl":"https:\/\/shrimataji.org\/test\/wp-content\/uploads\/2026\/03\/Banner-TheCulmination-3-1-1920x800-1.avif","width":1920,"height":800},{"@type":"BreadcrumbList","@id":"https:\/\/shrimataji.org\/test\/es\/la-culminacion\/#breadcrumb","itemListElement":[{"@type":"ListItem","position":1,"name":"Home","item":"https:\/\/shrimataji.org\/test\/uk\/home-en\/"},{"@type":"ListItem","position":2,"name":"La Culminaci\u00f3n"}]},{"@type":"WebSite","@id":"https:\/\/shrimataji.org\/test\/#website","url":"https:\/\/shrimataji.org\/test\/","name":"Shri Mataji Nirmala Devi","description":"A Life Dedicated to Humanity","publisher":{"@id":"https:\/\/shrimataji.org\/test\/#\/schema\/person\/a1b3419c6585f164aa96da1ff85715d1"},"potentialAction":[{"@type":"SearchAction","target":{"@type":"EntryPoint","urlTemplate":"https:\/\/shrimataji.org\/test\/?s={search_term_string}"},"query-input":{"@type":"PropertyValueSpecification","valueRequired":true,"valueName":"search_term_string"}}],"inLanguage":"en-US"},{"@type":["Person","Organization"],"@id":"https:\/\/shrimataji.org\/test\/#\/schema\/person\/a1b3419c6585f164aa96da1ff85715d1","name":"Nirmala Shrivastava","image":{"@type":"ImageObject","inLanguage":"en-US","@id":"https:\/\/shrimataji.org\/test\/wp-content\/uploads\/2023\/02\/SMO_LOGO-03.svg","url":"https:\/\/shrimataji.org\/test\/wp-content\/uploads\/2023\/02\/SMO_LOGO-03.svg","contentUrl":"https:\/\/shrimataji.org\/test\/wp-content\/uploads\/2023\/02\/SMO_LOGO-03.svg","width":"1024","height":"1024","caption":"Nirmala Shrivastava"},"logo":{"@id":"https:\/\/shrimataji.org\/test\/wp-content\/uploads\/2023\/02\/SMO_LOGO-03.svg"},"sameAs":["https:\/\/shrimataji.org\/test","https:\/\/www.facebook.com\/shrimataji","https:\/\/x.com\/shrimataji","https:\/\/www.youtube.com\/@Shri_Mataji_Nirmala_Devi\/featured"]}]}},"lang":"es","translations":{"es":10996,"ur":37519,"en":446,"am":18094,"th":20087,"hu":19585,"ar":16990,"sq":18495,"zh":17392,"tr":10221,"pt":10429,"de":10703,"fr":10801,"it":10899,"ja":11294,"ru":11482,"bn":11673,"te":11781,"sw":11904,"he":12052,"el":12344,"sk":12442,"fa":12540,"fi":12638,"bg":13449,"ro":14523,"cs":14716,"nl":16654,"ku":16814,"be":18702,"kn":18976,"mr":20451,"uk":20744,"ml":21039,"ta":22813,"sv":23082,"gu":28917,"pa":29077,"fil":29531,"da":37827,"pl":38037,"nn":38379},"pll_sync_post":[],"_links":{"self":[{"href":"https:\/\/shrimataji.org\/test\/wp-json\/wp\/v2\/pages\/10996","targetHints":{"allow":["GET"]}}],"collection":[{"href":"https:\/\/shrimataji.org\/test\/wp-json\/wp\/v2\/pages"}],"about":[{"href":"https:\/\/shrimataji.org\/test\/wp-json\/wp\/v2\/types\/page"}],"author":[{"embeddable":true,"href":"https:\/\/shrimataji.org\/test\/wp-json\/wp\/v2\/users\/63"}],"replies":[{"embeddable":true,"href":"https:\/\/shrimataji.org\/test\/wp-json\/wp\/v2\/comments?post=10996"}],"version-history":[{"count":0,"href":"https:\/\/shrimataji.org\/test\/wp-json\/wp\/v2\/pages\/10996\/revisions"}],"wp:featuredmedia":[{"embeddable":true,"href":"https:\/\/shrimataji.org\/test\/wp-json\/wp\/v2\/media\/37367"}],"wp:attachment":[{"href":"https:\/\/shrimataji.org\/test\/wp-json\/wp\/v2\/media?parent=10996"}],"curies":[{"name":"wp","href":"https:\/\/api.w.org\/{rel}","templated":true}]}}