{"id":10999,"date":"2018-07-10T06:54:50","date_gmt":"2018-07-10T06:54:50","guid":{"rendered":"http:\/\/testwordpress.nirmalnagari.org\/smnd\/index.php\/the-widening-circle\/"},"modified":"2026-03-11T23:49:02","modified_gmt":"2026-03-11T23:49:02","slug":"el-circulo-ampliado","status":"publish","type":"page","link":"https:\/\/shrimataji.org\/test\/es\/el-circulo-ampliado\/","title":{"rendered":"El C\u00edrculo Ampliado"},"content":{"rendered":"\n\n\t<h1>El C\u00edrculo Ampliado<\/h1>\n<h2>Los Vientos del Cambio<\/h2>\n\t<h4>El 27 de mayo de 1964, el primer ministro de India, Jawaharlal Nehru, falleci\u00f3. <a href=\"https:\/\/shrimataji.org\/test\/es\/sir-c-p-srivastava-es\/\" target=\"_blank\" rel=\"noopener\">Sir C.P.<\/a> estaba en el Reino Unido asistiendo a una conferencia sobre transporte mar\u00edtimo. El martes 2 de junio, lleg\u00f3 la noticia de que Lal Bahadur Shastri hab\u00eda sido elegido como nuevo l\u00edder del Partido del Congreso y que pronto ser\u00eda nombrado segundo primer ministro de la India.<\/h4>\n\t<p>Cuando Sir C.P. regres\u00f3 a Mumbai, los peri\u00f3dicos publicaban que el Sr. Shastri hab\u00eda estado enfermo. Shri Mataji inst\u00f3 a su esposo a que fuera a Nueva Delhi inmediatamente para ofrecer sus servicios al se\u00f1or Shastri. Ella sent\u00eda fuertemente que, como Lal Bahadur Shastri ten\u00eda confianza en su marido, era su deber asistirle de cualquier manera posible.<\/p>\n<p>Unos d\u00edas despu\u00e9s, mientras asist\u00eda a una reuni\u00f3n en Nueva Delhi, Sir C.P. pudo visitar al se\u00f1or Shastri, que se estaba recuperando. Fue durante esta reuni\u00f3n fortuita que Lal Bahadur Shastri pidi\u00f3 al marido de Shri Mataji que se convirtiera en secretario adjunto del primer ministro, trabajando a su lado al servicio de la naci\u00f3n india.<\/p>\n<figure itemscope itemtype=\"https:\/\/schema.org\/ImageObject\">\n\t\t\t\t<img decoding=\"async\" src=\"https:\/\/shrimataji.org\/test\/wp-content\/uploads\/2018\/07\/media_originals\/images\/shri-mataji-with-people\/shri-mataji-introducing-guests-to-lal-bahadur-shastri-in-mumbai.jpg\" alt=\"\u0160ri Matad\u017ei predstavuje Lal Bahadur \u0160astrimu host\u00ed, v Bombaji\" height=\"452\" width=\"674\" title=\"Shri Mataji introducing guests to Lal Bahadur Shastri in Mumbai\" onerror=\"this.style.display='none'\" loading=\"lazy\" \/>\n\t\t<figcaption>\u0160ri Matad\u017ei predstavuje Lal Bahadur \u0160astrimu host\u00ed, v Bombaji<\/figcaption>\n\t<\/figure>\n\t<p>En su biograf\u00eda Lal Bahadur Shastri. Una vida de verdad en la pol\u00edtica, Sir C.P. recordaba: &#8220;Cuando ambos visitamos al primer ministro Shastri, \u00e9l sol\u00eda hablarle de santos, sabios, religi\u00f3n y espiritualidad, campos en los que ella ten\u00eda un gran conocimiento, incluso anim\u00f3 a Nirmala a unirse al Partido del Congreso Indio. Sin embargo, Nirmala estaba m\u00e1s inclinada hacia la espiritualidad y no se inclinaba a la pol\u00edtica&#8221;.<\/p>\n<p>Con el paso de los a\u00f1os, mientras su esposo estaba ocupado en asuntos de estado, Shri Mataji era una trabajadora muy discreta. Ella recolect\u00f3 dinero para un sanatorio cerca de Chandrapur, en Maharashtra. Se convirti\u00f3 en presidenta de una sociedad llamada &#8220;Amigos de los Ciegos&#8221;. En Meerut, inici\u00f3 un hogar para refugiados, un hogar para inv\u00e1lidos y ayud\u00f3 con un hogar grande para leprosos.<\/p>\n\t<p>In October 1969, Shri Mataji&#8217;s first daughter, Kalpana, was married to Prabhat Shrivastav, in Mumbai.<\/p>\n<figure itemscope itemtype=\"https:\/\/schema.org\/ImageObject\">\n\t\t\t\t<img decoding=\"async\" src=\"https:\/\/shrimataji.org\/test\/wp-content\/uploads\/2025\/07\/Spa_shri-mataji-with-daughter-kalpana-upon-her-marriage-1.jpg\" alt=\"Shri Mataji con su hija Kalpana, en el momento de su matrimonio.\" height=\"1440\" width=\"1085\" title=\"Spa_shri-mataji-with-daughter-kalpana-upon-her-marriage\" onerror=\"this.style.display='none'\" loading=\"lazy\" \/>\n\t\t<figcaption>Shri Mataji con su hija Kalpana, en el momento de su matrimonio.<\/figcaption>\n\t<\/figure>\n<figure itemscope itemtype=\"https:\/\/schema.org\/ImageObject\">\n\t\t\t\t<img decoding=\"async\" src=\"https:\/\/shrimataji.org\/test\/wp-content\/uploads\/2025\/07\/Spa_shri-mataji-with-sir-cp-and-prabhat-at-daughter-kalpanas-wedding-1.jpg\" alt=\"Shri Mataji con Sir CP y su yerno Prabhat en la boda de su hija Kalpana\" height=\"817\" width=\"1105\" title=\"Spa_shri-mataji-with-sir-cp-and-prabhat-at-daughter-kalpanas-wedding\" onerror=\"this.style.display='none'\" loading=\"lazy\" \/>\n\t\t<figcaption>Shri Mataji con Sir CP y su yerno Prabhat en la boda de su hija Kalpana<\/figcaption>\n\t<\/figure>\n\t<p>A principios de octubre de 1970, la madre de Shri Mataji se enferm\u00f3 gravemente, aunque al regreso de un viaje al extranjero para ver a su madre, sorprendentemente la encontr\u00f3 de un humor alegre. Su madre le pregunt\u00f3 si hab\u00eda encontrado lo que su padre quer\u00eda que encontrara. As\u00ed que Shri Mataji le dijo que hab\u00eda encontrado el m\u00e9todo de Realizaci\u00f3n en masa. El domingo 11 de octubre de 1970, su madre, Cornelia Karuna Salve, falleci\u00f3 en Nagpur.<\/p>\n<p>Poco despu\u00e9s, Shri Mataji fue invitada a un vuelo inaugural de Air India hacia Par\u00eds, tras lo cual, viaj\u00f3 a Teher\u00e1n para visitar a su hermano menor, H.P. Salve, quien hab\u00eda sido enviado all\u00ed por la aerol\u00ednea. <a href=\"#citation-note-1\">[1]<\/a><\/p>\nMientras pasaba tiempo con ella, H.P., se dio cuenta gradualmente de que algo hab\u00eda cambiado dentro de su hermana mayor. De hecho, para entonces ten\u00eda alrededor de 12 seguidores en la India que se hab\u00edan<br \/>\ninteresado en Shri Mataji como maestra y gur\u00fa.\n<p>Despu\u00e9s de revelar a su hermano que el martes 5 de mayo de 1970 hab\u00eda experimentado una poderosa transformaci\u00f3n, Shri Mataji expres\u00f3 el deseo de dar la Realizaci\u00f3n del Ser a unos pocos amigos suyos inclinados hacia la espiritualidad. A su regreso a Teher\u00e1n, de una excursi\u00f3n tur\u00edstica a Shiraz, H.P. Salve llam\u00f3 a unos amigos y organiz\u00f3 una cena y reuni\u00f3n espiritual con Shri Mataji. Al d\u00eda siguiente, unos 20 amigos, algunos de la prensa, llegaron a su casa para la cena, pero m\u00e1s importante a\u00fan, para su despertar espiritual.<\/p>\n<p>H.P. Salve recordaba, &#8220;un caballero, el Dr. Divan, despu\u00e9s de recibir su Autorrealizaci\u00f3n, parec\u00eda estar emitiendo fragancia de s\u00e1ndalo desde la parte superior de su cabeza. Me sorprendi\u00f3 bastante c\u00f3mo Shri Mataji pod\u00eda transmitir tal fragancia al cuerpo de alguien sent\u00e1ndose a tal distancia. Mientras tanto, una mujer parsi que ven\u00eda s\u00f3lo en muletas, ya que ten\u00eda artritis aguda, despu\u00e9s de su Autorrealizaci\u00f3n, se fue sin muletas y fue vista conducir su coche al d\u00eda siguiente.&#8221;<\/p>\n<p>Al siguiente d\u00eda, importantes peri\u00f3dicos en ingl\u00e9s de Teher\u00e1n, publicaron el evento y dijeron que hab\u00eda testigos de lo que hab\u00eda sucedido, despu\u00e9s de eso, muchas personas acudieron a ver a Shri Mataji. Como dijo su hermano, &#8220;su popularidad era tanta que la primera vez que vino a Teher\u00e1n, la present\u00e9 como mi hermana, pero cuando se fue, yo era presentado como su hermano&#8221;. En poco tiempo, H.P. Salve llegar\u00eda a ser llamado Babamama, un t\u00e9rmino afectuoso para decir &#8220;hermano de la madre&#8221;.<\/p>\n\t<h5>LO M\u00c1S HERMOSO QUE PODEMOS EXPERIMENTAR ES LO M\u00cdSTICO. ES LA FUENTE DE TODO ARTE VERDADERO Y CIENCIA.<\/h5>\n<h5>Albert Einstein<\/h5>\n\t<hr \/>\n<h3>1. <a id=\"citation-note-1\">^ <\/a> H. P. Salve, &#8216;My Memoirs&#8217; New Delhi: Life Eternal Trust, 2000.<\/h3>\n\n","protected":false},"excerpt":{"rendered":"<p>El C\u00edrculo Ampliado Los Vientos del Cambio El 27 de mayo de 1964, el primer ministro de India, Jawaharlal Nehru, falleci\u00f3. Sir C.P. estaba en el Reino Unido asistiendo a una conferencia sobre transporte mar\u00edtimo. El martes 2 de junio, lleg\u00f3 la noticia de que Lal Bahadur Shastri hab\u00eda sido elegido como nuevo l\u00edder del&hellip; <br \/> <a class=\"read-more\" href=\"https:\/\/shrimataji.org\/test\/es\/el-circulo-ampliado\/\">Read more<\/a><\/p>\n","protected":false},"author":63,"featured_media":9515,"parent":0,"menu_order":0,"comment_status":"closed","ping_status":"closed","template":"","meta":{"inline_featured_image":false,"footnotes":""},"class_list":["post-10999","page","type-page","status-publish","has-post-thumbnail","hentry"],"yoast_head":"<!-- This site is optimized with the Yoast SEO plugin v27.4 - https:\/\/yoast.com\/product\/yoast-seo-wordpress\/ -->\n<title>El C\u00edrculo Ampliado - TEST - SMND<\/title>\n<meta name=\"robots\" content=\"noindex, follow, max-snippet:-1, max-image-preview:large, max-video-preview:-1\" \/>\n<meta property=\"og:locale\" content=\"en_US\" \/>\n<meta property=\"og:type\" content=\"article\" \/>\n<meta property=\"og:title\" content=\"El C\u00edrculo Ampliado - TEST - SMND\" \/>\n<meta property=\"og:description\" content=\"El C\u00edrculo Ampliado Los Vientos del Cambio El 27 de mayo de 1964, el primer ministro de India, Jawaharlal Nehru, falleci\u00f3. Sir C.P. estaba en el Reino Unido asistiendo a una conferencia sobre transporte mar\u00edtimo. El martes 2 de junio, lleg\u00f3 la noticia de que Lal Bahadur Shastri hab\u00eda sido elegido como nuevo l\u00edder del&hellip; Read more\" \/>\n<meta property=\"og:url\" content=\"https:\/\/shrimataji.org\/test\/es\/el-circulo-ampliado\/\" \/>\n<meta property=\"og:site_name\" content=\"TEST - SMND\" \/>\n<meta property=\"article:publisher\" content=\"https:\/\/www.facebook.com\/shrimataji\" \/>\n<meta property=\"article:modified_time\" content=\"2026-03-11T23:49:02+00:00\" \/>\n<meta property=\"og:image\" content=\"https:\/\/shrimataji.org\/test\/wp-content\/uploads\/2023\/03\/10_Banner-PublicLife-WideningCircle_2-scaled.jpg\" \/>\n\t<meta property=\"og:image:width\" content=\"2560\" \/>\n\t<meta property=\"og:image:height\" content=\"905\" \/>\n\t<meta property=\"og:image:type\" content=\"image\/jpeg\" \/>\n<meta name=\"twitter:card\" content=\"summary_large_image\" \/>\n<meta name=\"twitter:site\" content=\"@shrimataji\" \/>\n<meta name=\"twitter:label1\" content=\"Est. reading time\" \/>\n\t<meta name=\"twitter:data1\" content=\"4 minutes\" \/>\n<script type=\"application\/ld+json\" class=\"yoast-schema-graph\">{\"@context\":\"https:\\\/\\\/schema.org\",\"@graph\":[{\"@type\":\"WebPage\",\"@id\":\"https:\\\/\\\/shrimataji.org\\\/test\\\/es\\\/el-circulo-ampliado\\\/\",\"url\":\"https:\\\/\\\/shrimataji.org\\\/test\\\/es\\\/el-circulo-ampliado\\\/\",\"name\":\"El C\u00edrculo Ampliado - TEST - SMND\",\"isPartOf\":{\"@id\":\"https:\\\/\\\/shrimataji.org\\\/test\\\/#website\"},\"primaryImageOfPage\":{\"@id\":\"https:\\\/\\\/shrimataji.org\\\/test\\\/es\\\/el-circulo-ampliado\\\/#primaryimage\"},\"image\":{\"@id\":\"https:\\\/\\\/shrimataji.org\\\/test\\\/es\\\/el-circulo-ampliado\\\/#primaryimage\"},\"thumbnailUrl\":\"https:\\\/\\\/shrimataji.org\\\/test\\\/wp-content\\\/uploads\\\/2023\\\/03\\\/10_Banner-PublicLife-WideningCircle_2-scaled.jpg\",\"datePublished\":\"2018-07-10T06:54:50+00:00\",\"dateModified\":\"2026-03-11T23:49:02+00:00\",\"breadcrumb\":{\"@id\":\"https:\\\/\\\/shrimataji.org\\\/test\\\/es\\\/el-circulo-ampliado\\\/#breadcrumb\"},\"inLanguage\":\"en-US\",\"potentialAction\":[{\"@type\":\"ReadAction\",\"target\":[\"https:\\\/\\\/shrimataji.org\\\/test\\\/es\\\/el-circulo-ampliado\\\/\"]}]},{\"@type\":\"ImageObject\",\"inLanguage\":\"en-US\",\"@id\":\"https:\\\/\\\/shrimataji.org\\\/test\\\/es\\\/el-circulo-ampliado\\\/#primaryimage\",\"url\":\"https:\\\/\\\/shrimataji.org\\\/test\\\/wp-content\\\/uploads\\\/2023\\\/03\\\/10_Banner-PublicLife-WideningCircle_2-scaled.jpg\",\"contentUrl\":\"https:\\\/\\\/shrimataji.org\\\/test\\\/wp-content\\\/uploads\\\/2023\\\/03\\\/10_Banner-PublicLife-WideningCircle_2-scaled.jpg\",\"width\":2560,\"height\":905},{\"@type\":\"BreadcrumbList\",\"@id\":\"https:\\\/\\\/shrimataji.org\\\/test\\\/es\\\/el-circulo-ampliado\\\/#breadcrumb\",\"itemListElement\":[{\"@type\":\"ListItem\",\"position\":1,\"name\":\"Home\",\"item\":\"https:\\\/\\\/shrimataji.org\\\/test\\\/uk\\\/home-en\\\/\"},{\"@type\":\"ListItem\",\"position\":2,\"name\":\"El C\u00edrculo Ampliado\"}]},{\"@type\":\"WebSite\",\"@id\":\"https:\\\/\\\/shrimataji.org\\\/test\\\/#website\",\"url\":\"https:\\\/\\\/shrimataji.org\\\/test\\\/\",\"name\":\"Shri Mataji Nirmala Devi\",\"description\":\"A Life Dedicated to Humanity\",\"publisher\":{\"@id\":\"https:\\\/\\\/shrimataji.org\\\/test\\\/#\\\/schema\\\/person\\\/a1b3419c6585f164aa96da1ff85715d1\"},\"potentialAction\":[{\"@type\":\"SearchAction\",\"target\":{\"@type\":\"EntryPoint\",\"urlTemplate\":\"https:\\\/\\\/shrimataji.org\\\/test\\\/?s={search_term_string}\"},\"query-input\":{\"@type\":\"PropertyValueSpecification\",\"valueRequired\":true,\"valueName\":\"search_term_string\"}}],\"inLanguage\":\"en-US\"},{\"@type\":[\"Person\",\"Organization\"],\"@id\":\"https:\\\/\\\/shrimataji.org\\\/test\\\/#\\\/schema\\\/person\\\/a1b3419c6585f164aa96da1ff85715d1\",\"name\":\"Nirmala Shrivastava\",\"image\":{\"@type\":\"ImageObject\",\"inLanguage\":\"en-US\",\"@id\":\"https:\\\/\\\/shrimataji.org\\\/test\\\/wp-content\\\/uploads\\\/2023\\\/02\\\/SMO_LOGO-03.svg\",\"url\":\"https:\\\/\\\/shrimataji.org\\\/test\\\/wp-content\\\/uploads\\\/2023\\\/02\\\/SMO_LOGO-03.svg\",\"contentUrl\":\"https:\\\/\\\/shrimataji.org\\\/test\\\/wp-content\\\/uploads\\\/2023\\\/02\\\/SMO_LOGO-03.svg\",\"width\":\"1024\",\"height\":\"1024\",\"caption\":\"Nirmala Shrivastava\"},\"logo\":{\"@id\":\"https:\\\/\\\/shrimataji.org\\\/test\\\/wp-content\\\/uploads\\\/2023\\\/02\\\/SMO_LOGO-03.svg\"},\"sameAs\":[\"https:\\\/\\\/shrimataji.org\\\/test\",\"https:\\\/\\\/www.facebook.com\\\/shrimataji\",\"https:\\\/\\\/x.com\\\/shrimataji\",\"https:\\\/\\\/www.youtube.com\\\/@Shri_Mataji_Nirmala_Devi\\\/featured\"]}]}<\/script>\n<!-- \/ Yoast SEO plugin. -->","yoast_head_json":{"title":"El C\u00edrculo Ampliado - TEST - SMND","robots":{"index":"noindex","follow":"follow","max-snippet":"max-snippet:-1","max-image-preview":"max-image-preview:large","max-video-preview":"max-video-preview:-1"},"og_locale":"en_US","og_type":"article","og_title":"El C\u00edrculo Ampliado - TEST - SMND","og_description":"El C\u00edrculo Ampliado Los Vientos del Cambio El 27 de mayo de 1964, el primer ministro de India, Jawaharlal Nehru, falleci\u00f3. Sir C.P. estaba en el Reino Unido asistiendo a una conferencia sobre transporte mar\u00edtimo. El martes 2 de junio, lleg\u00f3 la noticia de que Lal Bahadur Shastri hab\u00eda sido elegido como nuevo l\u00edder del&hellip; Read more","og_url":"https:\/\/shrimataji.org\/test\/es\/el-circulo-ampliado\/","og_site_name":"TEST - SMND","article_publisher":"https:\/\/www.facebook.com\/shrimataji","article_modified_time":"2026-03-11T23:49:02+00:00","og_image":[{"width":2560,"height":905,"url":"https:\/\/shrimataji.org\/test\/wp-content\/uploads\/2023\/03\/10_Banner-PublicLife-WideningCircle_2-scaled.jpg","type":"image\/jpeg"}],"twitter_card":"summary_large_image","twitter_site":"@shrimataji","twitter_misc":{"Est. reading time":"4 minutes"},"schema":{"@context":"https:\/\/schema.org","@graph":[{"@type":"WebPage","@id":"https:\/\/shrimataji.org\/test\/es\/el-circulo-ampliado\/","url":"https:\/\/shrimataji.org\/test\/es\/el-circulo-ampliado\/","name":"El C\u00edrculo Ampliado - TEST - SMND","isPartOf":{"@id":"https:\/\/shrimataji.org\/test\/#website"},"primaryImageOfPage":{"@id":"https:\/\/shrimataji.org\/test\/es\/el-circulo-ampliado\/#primaryimage"},"image":{"@id":"https:\/\/shrimataji.org\/test\/es\/el-circulo-ampliado\/#primaryimage"},"thumbnailUrl":"https:\/\/shrimataji.org\/test\/wp-content\/uploads\/2023\/03\/10_Banner-PublicLife-WideningCircle_2-scaled.jpg","datePublished":"2018-07-10T06:54:50+00:00","dateModified":"2026-03-11T23:49:02+00:00","breadcrumb":{"@id":"https:\/\/shrimataji.org\/test\/es\/el-circulo-ampliado\/#breadcrumb"},"inLanguage":"en-US","potentialAction":[{"@type":"ReadAction","target":["https:\/\/shrimataji.org\/test\/es\/el-circulo-ampliado\/"]}]},{"@type":"ImageObject","inLanguage":"en-US","@id":"https:\/\/shrimataji.org\/test\/es\/el-circulo-ampliado\/#primaryimage","url":"https:\/\/shrimataji.org\/test\/wp-content\/uploads\/2023\/03\/10_Banner-PublicLife-WideningCircle_2-scaled.jpg","contentUrl":"https:\/\/shrimataji.org\/test\/wp-content\/uploads\/2023\/03\/10_Banner-PublicLife-WideningCircle_2-scaled.jpg","width":2560,"height":905},{"@type":"BreadcrumbList","@id":"https:\/\/shrimataji.org\/test\/es\/el-circulo-ampliado\/#breadcrumb","itemListElement":[{"@type":"ListItem","position":1,"name":"Home","item":"https:\/\/shrimataji.org\/test\/uk\/home-en\/"},{"@type":"ListItem","position":2,"name":"El C\u00edrculo Ampliado"}]},{"@type":"WebSite","@id":"https:\/\/shrimataji.org\/test\/#website","url":"https:\/\/shrimataji.org\/test\/","name":"Shri Mataji Nirmala Devi","description":"A Life Dedicated to Humanity","publisher":{"@id":"https:\/\/shrimataji.org\/test\/#\/schema\/person\/a1b3419c6585f164aa96da1ff85715d1"},"potentialAction":[{"@type":"SearchAction","target":{"@type":"EntryPoint","urlTemplate":"https:\/\/shrimataji.org\/test\/?s={search_term_string}"},"query-input":{"@type":"PropertyValueSpecification","valueRequired":true,"valueName":"search_term_string"}}],"inLanguage":"en-US"},{"@type":["Person","Organization"],"@id":"https:\/\/shrimataji.org\/test\/#\/schema\/person\/a1b3419c6585f164aa96da1ff85715d1","name":"Nirmala Shrivastava","image":{"@type":"ImageObject","inLanguage":"en-US","@id":"https:\/\/shrimataji.org\/test\/wp-content\/uploads\/2023\/02\/SMO_LOGO-03.svg","url":"https:\/\/shrimataji.org\/test\/wp-content\/uploads\/2023\/02\/SMO_LOGO-03.svg","contentUrl":"https:\/\/shrimataji.org\/test\/wp-content\/uploads\/2023\/02\/SMO_LOGO-03.svg","width":"1024","height":"1024","caption":"Nirmala Shrivastava"},"logo":{"@id":"https:\/\/shrimataji.org\/test\/wp-content\/uploads\/2023\/02\/SMO_LOGO-03.svg"},"sameAs":["https:\/\/shrimataji.org\/test","https:\/\/www.facebook.com\/shrimataji","https:\/\/x.com\/shrimataji","https:\/\/www.youtube.com\/@Shri_Mataji_Nirmala_Devi\/featured"]}]}},"lang":"es","translations":{"es":10999,"ur":37524,"en":37234,"hu":19593,"am":18099,"th":20095,"ar":16995,"sq":18500,"zh":17397,"hi":8269,"tr":10224,"pt":10432,"de":10706,"fr":10804,"it":10902,"ja":11297,"ru":11485,"bn":11676,"te":11784,"sw":11907,"he":12055,"el":12347,"sk":12445,"fa":12543,"fi":12641,"bg":13447,"ro":14521,"cs":14714,"nl":16659,"ku":16819,"be":18707,"kn":18981,"mr":20459,"uk":20752,"ml":21047,"ta":22818,"sv":23087,"gu":28922,"pa":29082,"fil":29536,"da":37831,"pl":38041,"nn":38383},"pll_sync_post":[],"_links":{"self":[{"href":"https:\/\/shrimataji.org\/test\/wp-json\/wp\/v2\/pages\/10999","targetHints":{"allow":["GET"]}}],"collection":[{"href":"https:\/\/shrimataji.org\/test\/wp-json\/wp\/v2\/pages"}],"about":[{"href":"https:\/\/shrimataji.org\/test\/wp-json\/wp\/v2\/types\/page"}],"author":[{"embeddable":true,"href":"https:\/\/shrimataji.org\/test\/wp-json\/wp\/v2\/users\/63"}],"replies":[{"embeddable":true,"href":"https:\/\/shrimataji.org\/test\/wp-json\/wp\/v2\/comments?post=10999"}],"version-history":[{"count":0,"href":"https:\/\/shrimataji.org\/test\/wp-json\/wp\/v2\/pages\/10999\/revisions"}],"wp:featuredmedia":[{"embeddable":true,"href":"https:\/\/shrimataji.org\/test\/wp-json\/wp\/v2\/media\/9515"}],"wp:attachment":[{"href":"https:\/\/shrimataji.org\/test\/wp-json\/wp\/v2\/media?parent=10999"}],"curies":[{"name":"wp","href":"https:\/\/api.w.org\/{rel}","templated":true}]}}