{"id":12362,"date":"2022-01-29T09:56:43","date_gmt":"2022-01-29T09:56:43","guid":{"rendered":"https:\/\/test.shrimataji.org\/?page_id=6391"},"modified":"2026-01-31T10:45:27","modified_gmt":"2026-01-31T10:45:27","slug":"vzostup","status":"publish","type":"page","link":"https:\/\/shrimataji.org\/test\/sk\/vzostup\/","title":{"rendered":"Vzostup"},"content":{"rendered":"\n\n\t<h1>Vzostup<\/h1>\n<h2>Prekonanie \u017eivotn\u00fdch il\u00fazi\u00ed<\/h2>\n<div class=\"su-quote su-quote-style-default\"><div class=\"su-quote-inner su-u-clearfix su-u-trim\"> Nadi\u0161iel \u010das v\u00e1\u0161ho vzostupu&#8230; Za\u010dnete c\u00edti\u0165 chladn\u00fd v\u00e1nok pr\u00fadiaci z va\u0161ej hlavy aj z r\u00fak.<\/div><\/div>\n<h4>Najhlavnej\u0161\u00edm cie\u013eom Sebarealiz\u00e1cie je dosiahnu\u0165 dokonal\u00fd stav rovnov\u00e1hy, v ktorom sa m\u00f4\u017eeme \u010falej vyv\u00edja\u0165 do vy\u0161\u0161ieho stavu vedomia. Medit\u00e1cia Sahad\u017ea jogy n\u00e1m pom\u00e1ha dosiahnu\u0165 ve\u013ek\u00fa h\u013abku a duchovn\u00e9 uvedomenie, ktor\u00e9 prin\u00e1\u0161aj\u00fa v\u00fdhody v ka\u017edodennom \u017eivote, v rodine, v pr\u00e1ci a v spolo\u010dnosti. Je to d\u00f4le\u017eit\u00fd medzn\u00edk, ktor\u00fd ke\u010f dosiahneme, zabezpe\u010d\u00edme pre na\u0161u plan\u00e9tu Zem a pre n\u00e1s udr\u017eate\u013en\u00fd \u017eivot.<\/h4>\n<p>Najv\u00e4\u010d\u0161ou v\u00fdzvou n\u00e1\u0161ho duchovn\u00e9ho v\u00fdvoja je prekona\u0165 il\u00fazie tohto pominute\u013en\u00e9ho \u017eivota, ktor\u00fd vn\u00edmame ako na\u0161u ka\u017edodenn\u00fa realitu. Starod\u00e1vne p\u00edsma hovoria o tom, \u017ee na\u0161e sk\u00fasenosti v tomto do\u010dasnom \u017eivote vychy\u013euj\u00fa na\u0161e vedomie z nad\u0161enia do depresie, z pote\u0161enia do bolesti, zo zisku do straty a s\u00fa pr\u00ed\u010dinou n\u00e1\u0161ho ne\u0161\u0165astia. Hovoria aj o tom, aby sme nasledovali cestu ask\u00e9zy, medit\u00e1cie, kedy za\u017eijeme pokoj, vy\u0161\u0161ie duchovn\u00e9 vedomie. Toto vysvet\u013euje, pre\u010do sa mnoh\u00ed h\u013eadaj\u00faci sna\u017eia unikn\u00fa\u0165 pred zm\u00e4tkom tak, \u017ee h\u013eadaj\u00fa \u00fato\u010disko na od\u013eahl\u00fdch miestach, ako Himal\u00e1je, veria \u017ee tam dosiahnu nirv\u00e1nu \u010di duchovn\u00e9 oslobodenie. Hoci h\u0155stka h\u013eadaj\u00facich dosiahne osvietenie pod veden\u00edm sebarealizovan\u00e9ho u\u010dite\u013ea, mnoh\u00ed sa vr\u00e1tia sklaman\u00ed, s pr\u00e1zdnymi rukami, dokonca aj po rokoch tvrd\u00e9ho asketick\u00e9ho \u017eivora a odriekania.<\/p>\n<p>Sahad\u017ea medit\u00e1cia nevy\u017eaduje pr\u00edsny asketick\u00fd sp\u00f4sob \u017eivota ani stiahnutie sa zo spolo\u010dnosti. Je vhodn\u00e1 pre oby\u010dajn\u00e9ho \u010dloveka v dom\u00e1cnosti, v be\u017enej spolo\u010dnosti. Vlastne samotn\u00e9 v\u00fdzvy be\u017en\u00e9ho \u017eivota n\u00e1m ukazuj\u00fa, na akej duchovnej \u00farovni sme, v\u010faka medit\u00e1cii Sahad\u017ea jogy.<\/p>\n<p>Medit\u00e1cia Sahad\u017ea jogy upev\u0148uje na\u0161u Sebarealiz\u00e1ciu, kedy si uvedom\u00edme svoju prav\u00fa podstatu &#8211; \u010dist\u00fa, univerz\u00e1lnu bytos\u0165. S t\u00fdmto vedom\u00edm, spolu s n\u00e1strojmi, ktor\u00e9 n\u00e1m d\u00e1va sahad\u017ea medit\u00e1cia, sme schopn\u00ed pozorova\u0165 strasti \u017eivota ako svedok, odp\u00fata\u0165 sa od probl\u00e9mov \u010di prek\u00e1\u017eok. To, \u010do pova\u017eujeme za &#8220;\u017eivot&#8221;, je len v\u00fdsledkom n\u00e1\u0161ho sp\u00f4sobu myslenia a o\u010dak\u00e1van\u00ed a je teda len nie\u010d\u00edm do\u010dasn\u00fdm.<\/p>\n<div class=\"epyt-video-wrapper\"><div  data-ep-a=\"fadeIn\"  style=\"display: block; margin: 0px auto;\"  id=\"_ytid_40063\"  width=\"3840\" height=\"2160\"  data-origwidth=\"3840\" data-origheight=\"2160\" data-facadesrc=\"https:\/\/www.youtube.com\/embed\/L9AKl8ypUcE?enablejsapi=1&autoplay=0&cc_load_policy=0&cc_lang_pref=&iv_load_policy=1&loop=0&rel=0&fs=1&playsinline=1&autohide=2&theme=dark&color=red&controls=1&disablekb=0&\" class=\"__youtube_prefs__ epyt-facade  no-lazyload\" data-epautoplay=\"1\" ><img decoding=\"async\" data-spai-excluded=\"true\" class=\"epyt-facade-poster skip-lazy\" loading=\"lazy\"  alt=\"YouTube player\"  src=\"https:\/\/i.ytimg.com\/vi\/L9AKl8ypUcE\/maxresdefault.jpg\"  \/><button class=\"epyt-facade-play\" aria-label=\"Play\"><svg data-no-lazy=\"1\" height=\"100%\" version=\"1.1\" viewBox=\"0 0 68 48\" width=\"100%\"><path class=\"ytp-large-play-button-bg\" d=\"M66.52,7.74c-0.78-2.93-2.49-5.41-5.42-6.19C55.79,.13,34,0,34,0S12.21,.13,6.9,1.55 C3.97,2.33,2.27,4.81,1.48,7.74C0.06,13.05,0,24,0,24s0.06,10.95,1.48,16.26c0.78,2.93,2.49,5.41,5.42,6.19 C12.21,47.87,34,48,34,48s21.79-0.13,27.1-1.55c2.93-0.78,4.64-3.26,5.42-6.19C67.94,34.95,68,24,68,24S67.94,13.05,66.52,7.74z\" fill=\"#f00\"><\/path><path d=\"M 45,24 27,14 27,34\" fill=\"#fff\"><\/path><\/svg><\/button><\/div><\/div><span itemprop=\"video\" itemscope itemtype=\"http:\/\/schema.org\/VideoObject\"><meta itemprop=\"embedUrl\" content=\"https:\/\/www.youtube.com\/embed\/L9AKl8ypUcE\"><meta itemprop=\"name\" content=\"Ascent\"><meta itemprop=\"description\" content=\"YouTube video\"><meta itemprop=\"thumbnailUrl\" content=\"https:\/\/i.ytimg.com\/vi\/L9AKl8ypUcE\/0.jpg\"><meta itemprop=\"duration\" content=\"PT49S\"><meta itemprop=\"uploadDate\" content=\"2022-11-12T03:28:05Z\"><\/span>\n<div class=\"su-quote su-quote-style-default\"><div class=\"su-quote-inner su-u-clearfix su-u-trim\"> Duchovn\u00fd v\u00fdvoj je cie\u013eom tvojho \u017eivota a tvojou \u00falohou je zdokona\u013eova\u0165 sa. <\/div><\/div>\n<p>V\u0161etky poklady skuto\u010dn\u00e9ho poznania Sahad\u017ea jogy m\u00f4\u017eeme n\u00e1js\u0165 v nespo\u010detn\u00fdch predn\u00e1\u0161kach Jej sv\u00e4tosti \u0160ri Matad\u017ei Nirmala Devi. Ka\u017ed\u00e1 jej predn\u00e1\u0161ka n\u00e1m pom\u00e1ha objavi\u0165 nov\u00fd rozmer na\u0161ej duchovnej existencie a n\u00e1js\u0165 spr\u00e1vne vedenie v na\u0161om duchovnom raste. Odpor\u00fa\u010dame \u010ditate\u013eom, aby si pozorne vypo\u010duli r\u00f4zne predn\u00e1\u0161ky, ktor\u00e9 n\u00e1jdu v sekcii Verejn\u00fd program a Kni\u017enica.<\/p>\n<p>Tu zdie\u013eame jednu tak\u00fa kr\u00e1snu predn\u00e1\u0161ku o <a href=\"https:\/\/shrimataji.org\/test\/sk\/nas-duchovny-vzostup\/\" target=\"_blank\" rel=\"noopener\">na\u0161om duchovnom v\u00fdvoji<\/a>, na preh\u013abenie na\u0161ich medit\u00e1ci\u00ed.<\/p>\n<p>&nbsp;<\/p>\n\n","protected":false},"excerpt":{"rendered":"<p>Vzostup Prekonanie \u017eivotn\u00fdch il\u00fazi\u00ed Najhlavnej\u0161\u00edm cie\u013eom Sebarealiz\u00e1cie je dosiahnu\u0165 dokonal\u00fd stav rovnov\u00e1hy, v ktorom sa m\u00f4\u017eeme \u010falej vyv\u00edja\u0165 do vy\u0161\u0161ieho stavu vedomia. Medit\u00e1cia Sahad\u017ea jogy n\u00e1m pom\u00e1ha dosiahnu\u0165 ve\u013ek\u00fa h\u013abku a duchovn\u00e9 uvedomenie, ktor\u00e9 prin\u00e1\u0161aj\u00fa v\u00fdhody v ka\u017edodennom \u017eivote, v rodine, v pr\u00e1ci a v spolo\u010dnosti. Je to d\u00f4le\u017eit\u00fd medzn\u00edk, ktor\u00fd ke\u010f dosiahneme, zabezpe\u010d\u00edme pre&hellip; <br \/> <a class=\"read-more\" href=\"https:\/\/shrimataji.org\/test\/sk\/vzostup\/\">Read more<\/a><\/p>\n","protected":false},"author":28,"featured_media":9262,"parent":0,"menu_order":0,"comment_status":"closed","ping_status":"closed","template":"","meta":{"inline_featured_image":false,"footnotes":""},"class_list":["post-12362","page","type-page","status-publish","has-post-thumbnail","hentry"],"yoast_head":"<!-- This site is optimized with the Yoast SEO plugin v27.4 - https:\/\/yoast.com\/product\/yoast-seo-wordpress\/ -->\n<title>Vzostup - TEST - SMND<\/title>\n<meta name=\"robots\" content=\"noindex, follow, max-snippet:-1, max-image-preview:large, max-video-preview:-1\" \/>\n<meta property=\"og:locale\" content=\"en_US\" \/>\n<meta property=\"og:type\" content=\"article\" \/>\n<meta property=\"og:title\" content=\"Vzostup - TEST - SMND\" \/>\n<meta property=\"og:description\" content=\"Vzostup Prekonanie \u017eivotn\u00fdch il\u00fazi\u00ed Najhlavnej\u0161\u00edm cie\u013eom Sebarealiz\u00e1cie je dosiahnu\u0165 dokonal\u00fd stav rovnov\u00e1hy, v ktorom sa m\u00f4\u017eeme \u010falej vyv\u00edja\u0165 do vy\u0161\u0161ieho stavu vedomia. Medit\u00e1cia Sahad\u017ea jogy n\u00e1m pom\u00e1ha dosiahnu\u0165 ve\u013ek\u00fa h\u013abku a duchovn\u00e9 uvedomenie, ktor\u00e9 prin\u00e1\u0161aj\u00fa v\u00fdhody v ka\u017edodennom \u017eivote, v rodine, v pr\u00e1ci a v spolo\u010dnosti. Je to d\u00f4le\u017eit\u00fd medzn\u00edk, ktor\u00fd ke\u010f dosiahneme, zabezpe\u010d\u00edme pre&hellip; Read more\" \/>\n<meta property=\"og:url\" content=\"https:\/\/shrimataji.org\/test\/sk\/vzostup\/\" \/>\n<meta property=\"og:site_name\" content=\"TEST - SMND\" \/>\n<meta property=\"article:publisher\" content=\"https:\/\/www.facebook.com\/shrimataji\" \/>\n<meta property=\"article:modified_time\" content=\"2026-01-31T10:45:27+00:00\" \/>\n<meta property=\"og:image\" content=\"https:\/\/shrimataji.org\/test\/wp-content\/uploads\/2023\/03\/27_Banner-SY-Ascent-scaled.jpg\" \/>\n\t<meta property=\"og:image:width\" content=\"2560\" \/>\n\t<meta property=\"og:image:height\" content=\"905\" \/>\n\t<meta property=\"og:image:type\" content=\"image\/jpeg\" \/>\n<meta name=\"twitter:card\" content=\"summary_large_image\" \/>\n<meta name=\"twitter:site\" content=\"@shrimataji\" \/>\n<meta name=\"twitter:label1\" content=\"Est. reading time\" \/>\n\t<meta name=\"twitter:data1\" content=\"3 minutes\" \/>\n<script type=\"application\/ld+json\" class=\"yoast-schema-graph\">{\"@context\":\"https:\\\/\\\/schema.org\",\"@graph\":[{\"@type\":\"WebPage\",\"@id\":\"https:\\\/\\\/shrimataji.org\\\/test\\\/sk\\\/vzostup\\\/\",\"url\":\"https:\\\/\\\/shrimataji.org\\\/test\\\/sk\\\/vzostup\\\/\",\"name\":\"Vzostup - TEST - SMND\",\"isPartOf\":{\"@id\":\"https:\\\/\\\/shrimataji.org\\\/test\\\/#website\"},\"primaryImageOfPage\":{\"@id\":\"https:\\\/\\\/shrimataji.org\\\/test\\\/sk\\\/vzostup\\\/#primaryimage\"},\"image\":{\"@id\":\"https:\\\/\\\/shrimataji.org\\\/test\\\/sk\\\/vzostup\\\/#primaryimage\"},\"thumbnailUrl\":\"https:\\\/\\\/shrimataji.org\\\/test\\\/wp-content\\\/uploads\\\/2023\\\/03\\\/27_Banner-SY-Ascent-scaled.jpg\",\"datePublished\":\"2022-01-29T09:56:43+00:00\",\"dateModified\":\"2026-01-31T10:45:27+00:00\",\"breadcrumb\":{\"@id\":\"https:\\\/\\\/shrimataji.org\\\/test\\\/sk\\\/vzostup\\\/#breadcrumb\"},\"inLanguage\":\"en-US\",\"potentialAction\":[{\"@type\":\"ReadAction\",\"target\":[\"https:\\\/\\\/shrimataji.org\\\/test\\\/sk\\\/vzostup\\\/\"]}]},{\"@type\":\"ImageObject\",\"inLanguage\":\"en-US\",\"@id\":\"https:\\\/\\\/shrimataji.org\\\/test\\\/sk\\\/vzostup\\\/#primaryimage\",\"url\":\"https:\\\/\\\/shrimataji.org\\\/test\\\/wp-content\\\/uploads\\\/2023\\\/03\\\/27_Banner-SY-Ascent-scaled.jpg\",\"contentUrl\":\"https:\\\/\\\/shrimataji.org\\\/test\\\/wp-content\\\/uploads\\\/2023\\\/03\\\/27_Banner-SY-Ascent-scaled.jpg\",\"width\":2560,\"height\":905},{\"@type\":\"BreadcrumbList\",\"@id\":\"https:\\\/\\\/shrimataji.org\\\/test\\\/sk\\\/vzostup\\\/#breadcrumb\",\"itemListElement\":[{\"@type\":\"ListItem\",\"position\":1,\"name\":\"Home\",\"item\":\"https:\\\/\\\/shrimataji.org\\\/test\\\/uk\\\/home-en\\\/\"},{\"@type\":\"ListItem\",\"position\":2,\"name\":\"Vzostup\"}]},{\"@type\":\"WebSite\",\"@id\":\"https:\\\/\\\/shrimataji.org\\\/test\\\/#website\",\"url\":\"https:\\\/\\\/shrimataji.org\\\/test\\\/\",\"name\":\"Shri Mataji Nirmala Devi\",\"description\":\"A Life Dedicated to Humanity\",\"publisher\":{\"@id\":\"https:\\\/\\\/shrimataji.org\\\/test\\\/#\\\/schema\\\/person\\\/a1b3419c6585f164aa96da1ff85715d1\"},\"potentialAction\":[{\"@type\":\"SearchAction\",\"target\":{\"@type\":\"EntryPoint\",\"urlTemplate\":\"https:\\\/\\\/shrimataji.org\\\/test\\\/?s={search_term_string}\"},\"query-input\":{\"@type\":\"PropertyValueSpecification\",\"valueRequired\":true,\"valueName\":\"search_term_string\"}}],\"inLanguage\":\"en-US\"},{\"@type\":[\"Person\",\"Organization\"],\"@id\":\"https:\\\/\\\/shrimataji.org\\\/test\\\/#\\\/schema\\\/person\\\/a1b3419c6585f164aa96da1ff85715d1\",\"name\":\"Nirmala Shrivastava\",\"image\":{\"@type\":\"ImageObject\",\"inLanguage\":\"en-US\",\"@id\":\"https:\\\/\\\/shrimataji.org\\\/test\\\/wp-content\\\/uploads\\\/2023\\\/02\\\/SMO_LOGO-03.svg\",\"url\":\"https:\\\/\\\/shrimataji.org\\\/test\\\/wp-content\\\/uploads\\\/2023\\\/02\\\/SMO_LOGO-03.svg\",\"contentUrl\":\"https:\\\/\\\/shrimataji.org\\\/test\\\/wp-content\\\/uploads\\\/2023\\\/02\\\/SMO_LOGO-03.svg\",\"width\":\"1024\",\"height\":\"1024\",\"caption\":\"Nirmala Shrivastava\"},\"logo\":{\"@id\":\"https:\\\/\\\/shrimataji.org\\\/test\\\/wp-content\\\/uploads\\\/2023\\\/02\\\/SMO_LOGO-03.svg\"},\"sameAs\":[\"https:\\\/\\\/shrimataji.org\\\/test\",\"https:\\\/\\\/www.facebook.com\\\/shrimataji\",\"https:\\\/\\\/x.com\\\/shrimataji\",\"https:\\\/\\\/www.youtube.com\\\/@Shri_Mataji_Nirmala_Devi\\\/featured\"]}]}<\/script>\n<!-- \/ Yoast SEO plugin. -->","yoast_head_json":{"title":"Vzostup - TEST - SMND","robots":{"index":"noindex","follow":"follow","max-snippet":"max-snippet:-1","max-image-preview":"max-image-preview:large","max-video-preview":"max-video-preview:-1"},"og_locale":"en_US","og_type":"article","og_title":"Vzostup - TEST - SMND","og_description":"Vzostup Prekonanie \u017eivotn\u00fdch il\u00fazi\u00ed Najhlavnej\u0161\u00edm cie\u013eom Sebarealiz\u00e1cie je dosiahnu\u0165 dokonal\u00fd stav rovnov\u00e1hy, v ktorom sa m\u00f4\u017eeme \u010falej vyv\u00edja\u0165 do vy\u0161\u0161ieho stavu vedomia. Medit\u00e1cia Sahad\u017ea jogy n\u00e1m pom\u00e1ha dosiahnu\u0165 ve\u013ek\u00fa h\u013abku a duchovn\u00e9 uvedomenie, ktor\u00e9 prin\u00e1\u0161aj\u00fa v\u00fdhody v ka\u017edodennom \u017eivote, v rodine, v pr\u00e1ci a v spolo\u010dnosti. Je to d\u00f4le\u017eit\u00fd medzn\u00edk, ktor\u00fd ke\u010f dosiahneme, zabezpe\u010d\u00edme pre&hellip; Read more","og_url":"https:\/\/shrimataji.org\/test\/sk\/vzostup\/","og_site_name":"TEST - SMND","article_publisher":"https:\/\/www.facebook.com\/shrimataji","article_modified_time":"2026-01-31T10:45:27+00:00","og_image":[{"width":2560,"height":905,"url":"https:\/\/shrimataji.org\/test\/wp-content\/uploads\/2023\/03\/27_Banner-SY-Ascent-scaled.jpg","type":"image\/jpeg"}],"twitter_card":"summary_large_image","twitter_site":"@shrimataji","twitter_misc":{"Est. reading time":"3 minutes"},"schema":{"@context":"https:\/\/schema.org","@graph":[{"@type":"WebPage","@id":"https:\/\/shrimataji.org\/test\/sk\/vzostup\/","url":"https:\/\/shrimataji.org\/test\/sk\/vzostup\/","name":"Vzostup - TEST - SMND","isPartOf":{"@id":"https:\/\/shrimataji.org\/test\/#website"},"primaryImageOfPage":{"@id":"https:\/\/shrimataji.org\/test\/sk\/vzostup\/#primaryimage"},"image":{"@id":"https:\/\/shrimataji.org\/test\/sk\/vzostup\/#primaryimage"},"thumbnailUrl":"https:\/\/shrimataji.org\/test\/wp-content\/uploads\/2023\/03\/27_Banner-SY-Ascent-scaled.jpg","datePublished":"2022-01-29T09:56:43+00:00","dateModified":"2026-01-31T10:45:27+00:00","breadcrumb":{"@id":"https:\/\/shrimataji.org\/test\/sk\/vzostup\/#breadcrumb"},"inLanguage":"en-US","potentialAction":[{"@type":"ReadAction","target":["https:\/\/shrimataji.org\/test\/sk\/vzostup\/"]}]},{"@type":"ImageObject","inLanguage":"en-US","@id":"https:\/\/shrimataji.org\/test\/sk\/vzostup\/#primaryimage","url":"https:\/\/shrimataji.org\/test\/wp-content\/uploads\/2023\/03\/27_Banner-SY-Ascent-scaled.jpg","contentUrl":"https:\/\/shrimataji.org\/test\/wp-content\/uploads\/2023\/03\/27_Banner-SY-Ascent-scaled.jpg","width":2560,"height":905},{"@type":"BreadcrumbList","@id":"https:\/\/shrimataji.org\/test\/sk\/vzostup\/#breadcrumb","itemListElement":[{"@type":"ListItem","position":1,"name":"Home","item":"https:\/\/shrimataji.org\/test\/uk\/home-en\/"},{"@type":"ListItem","position":2,"name":"Vzostup"}]},{"@type":"WebSite","@id":"https:\/\/shrimataji.org\/test\/#website","url":"https:\/\/shrimataji.org\/test\/","name":"Shri Mataji Nirmala Devi","description":"A Life Dedicated to Humanity","publisher":{"@id":"https:\/\/shrimataji.org\/test\/#\/schema\/person\/a1b3419c6585f164aa96da1ff85715d1"},"potentialAction":[{"@type":"SearchAction","target":{"@type":"EntryPoint","urlTemplate":"https:\/\/shrimataji.org\/test\/?s={search_term_string}"},"query-input":{"@type":"PropertyValueSpecification","valueRequired":true,"valueName":"search_term_string"}}],"inLanguage":"en-US"},{"@type":["Person","Organization"],"@id":"https:\/\/shrimataji.org\/test\/#\/schema\/person\/a1b3419c6585f164aa96da1ff85715d1","name":"Nirmala Shrivastava","image":{"@type":"ImageObject","inLanguage":"en-US","@id":"https:\/\/shrimataji.org\/test\/wp-content\/uploads\/2023\/02\/SMO_LOGO-03.svg","url":"https:\/\/shrimataji.org\/test\/wp-content\/uploads\/2023\/02\/SMO_LOGO-03.svg","contentUrl":"https:\/\/shrimataji.org\/test\/wp-content\/uploads\/2023\/02\/SMO_LOGO-03.svg","width":"1024","height":"1024","caption":"Nirmala Shrivastava"},"logo":{"@id":"https:\/\/shrimataji.org\/test\/wp-content\/uploads\/2023\/02\/SMO_LOGO-03.svg"},"sameAs":["https:\/\/shrimataji.org\/test","https:\/\/www.facebook.com\/shrimataji","https:\/\/x.com\/shrimataji","https:\/\/www.youtube.com\/@Shri_Mataji_Nirmala_Devi\/featured"]}]}},"lang":"sk","translations":{"sk":12362,"ur":37391,"en":6391,"am":17962,"th":19888,"hu":19437,"sq":18363,"zh":17260,"hi":7355,"tr":10133,"pt":10350,"de":10623,"fr":10721,"it":10819,"es":10917,"ja":11214,"ru":11402,"bn":11594,"te":11702,"sw":11825,"he":11973,"el":12264,"fa":12460,"fi":12558,"bg":13397,"ro":14471,"cs":14664,"nl":16523,"ku":16683,"ar":16859,"be":18570,"kn":18844,"mr":20252,"uk":20544,"ml":20843,"ta":22678,"sv":22951,"gu":28799,"pa":28957,"fil":29397,"da":37705,"pl":37922,"nn":38257},"pll_sync_post":[],"_links":{"self":[{"href":"https:\/\/shrimataji.org\/test\/wp-json\/wp\/v2\/pages\/12362","targetHints":{"allow":["GET"]}}],"collection":[{"href":"https:\/\/shrimataji.org\/test\/wp-json\/wp\/v2\/pages"}],"about":[{"href":"https:\/\/shrimataji.org\/test\/wp-json\/wp\/v2\/types\/page"}],"author":[{"embeddable":true,"href":"https:\/\/shrimataji.org\/test\/wp-json\/wp\/v2\/users\/28"}],"replies":[{"embeddable":true,"href":"https:\/\/shrimataji.org\/test\/wp-json\/wp\/v2\/comments?post=12362"}],"version-history":[{"count":0,"href":"https:\/\/shrimataji.org\/test\/wp-json\/wp\/v2\/pages\/12362\/revisions"}],"wp:featuredmedia":[{"embeddable":true,"href":"https:\/\/shrimataji.org\/test\/wp-json\/wp\/v2\/media\/9262"}],"wp:attachment":[{"href":"https:\/\/shrimataji.org\/test\/wp-json\/wp\/v2\/media?parent=12362"}],"curies":[{"name":"wp","href":"https:\/\/api.w.org\/{rel}","templated":true}]}}