{"id":12375,"date":"2018-07-10T06:54:42","date_gmt":"2018-07-10T06:54:42","guid":{"rendered":"http:\/\/testwordpress.nirmalnagari.org\/smnd\/index.php\/education-2\/"},"modified":"2026-02-19T15:37:12","modified_gmt":"2026-02-19T15:37:12","slug":"osvietene-vzdelavanie","status":"publish","type":"page","link":"https:\/\/shrimataji.org\/test\/sk\/osvietene-vzdelavanie\/","title":{"rendered":"Osvieten\u00e9 vzdel\u00e1vanie"},"content":{"rendered":"\n\n\t<h1>Osvieten\u00e9 vzdel\u00e1vanie<\/h1>\n<h2>Pestovanie duchovnej pohody<\/h2>\n\t<div class=\"su-quote su-quote-style-default\"><div class=\"su-quote-inner su-u-clearfix su-u-trim\">Vzdel\u00e1vanie by malo okrem podpory intelektu\u00e1lneho a emocion\u00e1lneho rastu zah\u0155\u0148a\u0165 aj duchovn\u00e9 blaho det\u00ed.<\/div><\/div>\n\t<h4>Deti potrebuj\u00fa vyv\u00e1\u017een\u00e9 vzdelanie, teraz viac ako kedyko\u013evek predt\u00fdm. Vzdel\u00e1vanie by nemalo podporova\u0165 len intelektu\u00e1lny a emocion\u00e1lny rast, ale malo by sa t\u00fdka\u0165 aj duchovn\u00e9ho blaha det\u00ed. Ke\u010f deti zistia, ak\u00e9 maj\u00fa vn\u00fatorn\u00e9 schopnosti a silu, m\u00f4\u017eu prekvita\u0165 v akomko\u013evek prostred\u00ed. S\u00fastreden\u00e1 pozornos\u0165 a glob\u00e1lna perspekt\u00edva s\u00fa dva \u010fal\u0161ie k\u013e\u00fa\u010de k osvieten\u00e9mu vzdel\u00e1vaniu.<\/h4>\n\t<p>\u0160ri Matad\u017ei kl\u00e1dla ve\u013ek\u00fd d\u00f4raz na vybudovanie pevn\u00fdch z\u00e1kladov vzdel\u00e1vania v ranom detstve, pri\u010dom verila, \u017ee by malo \u00eds\u0165 o kolekt\u00edvny proces zdie\u013ean\u00fd rodi\u010dmi a u\u010dite\u013emi. V\u00fdu\u010dbe napom\u00e1ha aj pr\u00edrodn\u00e9 prostredie. Ke\u010f sa deti u\u010dia o rastlin\u00e1ch, zvierat\u00e1ch a ochrane pr\u00edrody, z\u00edskaj\u00fa \u00factu k Matke Zemi a jej vz\u00e1cnym zdrojom.<\/p>\n\t<h5>&#8220;V\u00fdu\u010dba literat\u00fary nem\u00e1 cenu, ak nie je schopn\u00e1 vybudova\u0165 zdrav\u00fd charakter.&#8221;<\/h5>\n<h5>Mah\u00e1tma G\u00e1ndh\u00ed<\/h5>\n<figure itemscope itemtype=\"https:\/\/schema.org\/ImageObject\">\n\t\t\t\t<img decoding=\"async\" src=\"https:\/\/shrimataji.org\/test\/wp-content\/uploads\/2018\/07\/media_originals\/images\/shri-mataji-with-people\/shri-mataji-nirmala-devi-being-greeted-at-the-train-station-in-rome-italy.jpg\" alt=\"\" height=\"974\" width=\"1500\" onerror=\"this.style.display='none'\" loading=\"lazy\" \/>\n\t\t\n\t<\/figure>\n\t<p>Aby \u0160ri Matad\u017ei povzbudila pocit seba\u00facty a d\u00f4stojnosti, kl\u00e1dla ve\u013ek\u00fd d\u00f4raz na discipl\u00ednu &#8211; discipl\u00ednu zakorenen\u00fa v l\u00e1ske a re\u0161pekte. \u201eJe na\u0161ou povinnos\u0165ou dohliada\u0165 na to, aby z na\u0161ich det\u00ed vyr\u00e1stli skvel\u00ed \u013eudia. V\u00e4\u010d\u0161\u00ed ako my,&#8221; povedala \u0160ri Matad\u017ei. &#8220;Musia sa postara\u0165 o svet.&#8221;<\/p>\n<p>\u0160ri Matad\u017ei uviedla svoju v\u00edziu do praxe a vytvorila vzdel\u00e1vac\u00ed syst\u00e9m s integrovanou Sahad\u017ea jogou. Aby zvl\u00e1dli n\u00e1ro\u010dn\u00e9 akademick\u00e9 osnovy, \u0161tudenti pravidelne medituj\u00fa. Medit\u00e1cia im pom\u00e1ha zlep\u0161i\u0165 pozornos\u0165 a schopnos\u0165 s\u00fastredi\u0165 sa, ako aj zv\u00fd\u0161i\u0165 sebad\u00f4veru a sebach\u00e1panie. Mlad\u00ed \u013eudia z cel\u00e9ho sveta \u0161tuduj\u00fa na \u0161kol\u00e1ch \u0160ri Matad\u017ei v Indii, Taliansku, Kanade, Rak\u00fasku, Spojen\u00fdch \u0161t\u00e1toch, \u010ceskej republike, Rusku a v Austr\u00e1lii, kde si navz\u00e1jom buduj\u00fa aj hlbok\u00e9 vz\u0165ahy.<\/p>\n\t<div class=\"su-quote su-quote-style-default\"><div class=\"su-quote-inner su-u-clearfix su-u-trim\">Stretol som deti prich\u00e1dzaj\u00face z na\u0161ej \u0161koly v Dharamshale. Boli mimoriadne sebavedom\u00e9 a pokorn\u00e9. Sp\u00fdtal som sa ich: \u201a\u010co rob\u00edte?&#8217; Odpovedali: \u201a&#8230;Meditujeme ve\u010der a r\u00e1no a ve\u013emi n\u00e1m to pom\u00e1ha.&#8217;<\/div><\/div>\n\t<p>V s\u00favislosti s de\u0165mi autor Nobelovej ceny Rabindranath Tagore poznamenal: &#8220;S\u00fa to \u017eiv\u00e9 bytosti &#8211; \u017eiv\u0161ie ako dospel\u00ed \u013eudia, ktor\u00ed s\u00fa obalen\u00ed \u0161krupinami n\u00e1vykov. Preto je pre du\u0161evn\u00e9 zdravie a rozvoj det\u00ed absol\u00fatne nevyhnutn\u00e9, aby nemali len \u0161koly na vyu\u010dovanie, ale svet, kde vl\u00e1dne duch l\u00e1sky.&#8221;<\/p>\n<p>Dne\u0161n\u00e9 deti s\u00fa bud\u00facnos\u0165ou zajtraj\u0161ka a invest\u00edcia do dobr\u00e9ho vzdelania je synonymom invest\u00edcie do lep\u0161ieho sveta. Soci\u00e1lna a psychick\u00e1 pohoda det\u00ed je v\u0161ak v \u0161kol\u00e1ch \u010doraz viac ohrozen\u00e1. Najmenej jedno z piatich det\u00ed a z dospievaj\u00facich m\u00e1 naru\u0161en\u00e9 du\u0161evn\u00e9 zdravie a v Spojen\u00fdch \u0161t\u00e1toch sa odhaduje, \u017ee ka\u017ed\u00e9 desiate die\u0165a a dospievaj\u00faci trp\u00ed du\u0161evnou chorobou, ktor\u00e1 po\u0161kodzuje osobnos\u0165.<\/p>\n<p>Vedeck\u00fd v\u00fdskum dokazuje, \u017ee medit\u00e1cia<a href=\"https:\/\/shrimataji.org\/test\/sk\/osvietene-vzdelavanie\/#citation-note-1\" name=\"_ftnref1\">[1]<\/a> bio-spiritu\u00e1lne p\u00f4sob\u00ed proti stresu, a to aj prevent\u00edvne, aj na zvl\u00e1dnutie n\u00e1sledkov stresu sp\u00f4soben\u00e9ho rutinnou nerovnov\u00e1hou v \u017eivote &#8211; \u010di v \u0161kole, na pracovisku alebo doma. Medit\u00e1cia Sahad\u017ea jogy (SYM) uk\u00e1zala, \u017ee je jedine\u010dn\u00e1, preto\u017ee je spont\u00e1nna, jednoduch\u00e1 a bez n\u00e1mahy. V\u0161etky tieto atrib\u00faty robia medit\u00e1ciu SYM prijate\u013enou, pr\u00edjemnou a ob\u013e\u00fabenou medzi de\u0165mi aj u\u010dite\u013emi v \u0161kol\u00e1ch. Medit\u00e1cia tie\u017e pom\u00e1ha u\u010dite\u013eom z\u00edska\u0165 rovnov\u00e1hu medzi pracovn\u00fdm a s\u00fakromn\u00fdm \u017eivotom tak, aby sa dok\u00e1zali kvalitne vysporiada\u0165 a zvl\u00e1dnu\u0165 n\u00e1ro\u010dn\u00e9 u\u010debn\u00e9 osnovy v predp\u00edsanom \u010dasovom r\u00e1mci.<\/p>\n<p>R\u00f4zne iniciat\u00edvy, ako The Inner Peace Project\u00a0(<a href=\"http:\/\/www.innerpeaceday.org\/\" target=\"_blank\" rel=\"noopener\">www.innerpeaceday.org<\/a>) a Dhj\u00e1ndhara<a href=\"https:\/\/shrimataji.org\/test\/sk\/osvietene-vzdelavanie\/#citation-note-2\" name=\"_ftnref2\">[2]<\/a> (India) prin\u00e1\u0161aj\u00fa do be\u017en\u00fdch \u0161k\u00f4l benefity pre zlep\u0161enie zdravia a \u017eivota det\u00ed prostredn\u00edctvom medit\u00e1cie Sahad\u017ea jogy.<\/p>\n\t<hr \/>\n<a name=\"citation-note-1\"><\/a><br \/>\n [1]\u00a0https:\/\/researchingmeditation.org\/<br \/>\n<a name=\"citation-note-2\"><\/a><br \/>\n [2]\u00a0Dhyaandhara Study at LMP Intercollege Lucknow India \n\n","protected":false},"excerpt":{"rendered":"<p>Osvieten\u00e9 vzdel\u00e1vanie Pestovanie duchovnej pohody Deti potrebuj\u00fa vyv\u00e1\u017een\u00e9 vzdelanie, teraz viac ako kedyko\u013evek predt\u00fdm. Vzdel\u00e1vanie by nemalo podporova\u0165 len intelektu\u00e1lny a emocion\u00e1lny rast, ale malo by sa t\u00fdka\u0165 aj duchovn\u00e9ho blaha det\u00ed. Ke\u010f deti zistia, ak\u00e9 maj\u00fa vn\u00fatorn\u00e9 schopnosti a silu, m\u00f4\u017eu prekvita\u0165 v akomko\u013evek prostred\u00ed. S\u00fastreden\u00e1 pozornos\u0165 a glob\u00e1lna perspekt\u00edva s\u00fa dva \u010fal\u0161ie k\u013e\u00fa\u010de&hellip; <br \/> <a class=\"read-more\" href=\"https:\/\/shrimataji.org\/test\/sk\/osvietene-vzdelavanie\/\">Read more<\/a><\/p>\n","protected":false},"author":28,"featured_media":104,"parent":0,"menu_order":0,"comment_status":"closed","ping_status":"closed","template":"pro\/page-templates\/full-width-page.php","meta":{"inline_featured_image":false,"footnotes":""},"class_list":["post-12375","page","type-page","status-publish","has-post-thumbnail","hentry"],"yoast_head":"<!-- This site is optimized with the Yoast SEO plugin v27.4 - https:\/\/yoast.com\/product\/yoast-seo-wordpress\/ -->\n<title>Osvieten\u00e9 vzdel\u00e1vanie - TEST - SMND<\/title>\n<meta name=\"robots\" content=\"noindex, follow, max-snippet:-1, max-image-preview:large, max-video-preview:-1\" \/>\n<meta property=\"og:locale\" content=\"en_US\" \/>\n<meta property=\"og:type\" content=\"article\" \/>\n<meta property=\"og:title\" content=\"Osvieten\u00e9 vzdel\u00e1vanie - TEST - SMND\" \/>\n<meta property=\"og:description\" content=\"Osvieten\u00e9 vzdel\u00e1vanie Pestovanie duchovnej pohody Deti potrebuj\u00fa vyv\u00e1\u017een\u00e9 vzdelanie, teraz viac ako kedyko\u013evek predt\u00fdm. Vzdel\u00e1vanie by nemalo podporova\u0165 len intelektu\u00e1lny a emocion\u00e1lny rast, ale malo by sa t\u00fdka\u0165 aj duchovn\u00e9ho blaha det\u00ed. Ke\u010f deti zistia, ak\u00e9 maj\u00fa vn\u00fatorn\u00e9 schopnosti a silu, m\u00f4\u017eu prekvita\u0165 v akomko\u013evek prostred\u00ed. S\u00fastreden\u00e1 pozornos\u0165 a glob\u00e1lna perspekt\u00edva s\u00fa dva \u010fal\u0161ie k\u013e\u00fa\u010de&hellip; Read more\" \/>\n<meta property=\"og:url\" content=\"https:\/\/shrimataji.org\/test\/sk\/osvietene-vzdelavanie\/\" \/>\n<meta property=\"og:site_name\" content=\"TEST - SMND\" \/>\n<meta property=\"article:publisher\" content=\"https:\/\/www.facebook.com\/shrimataji\" \/>\n<meta property=\"article:modified_time\" content=\"2026-02-19T15:37:12+00:00\" \/>\n<meta property=\"og:image\" content=\"https:\/\/shrimataji.org\/test\/wp-content\/uploads\/2018\/07\/media_originals\/images\/headers-general\/students-cheering-in-rajasthan-india.jpg\" \/>\n\t<meta property=\"og:image:width\" content=\"990\" \/>\n\t<meta property=\"og:image:height\" content=\"350\" \/>\n\t<meta property=\"og:image:type\" content=\"image\/jpeg\" \/>\n<meta name=\"twitter:card\" content=\"summary_large_image\" \/>\n<meta name=\"twitter:site\" content=\"@shrimataji\" \/>\n<script type=\"application\/ld+json\" class=\"yoast-schema-graph\">{\"@context\":\"https:\\\/\\\/schema.org\",\"@graph\":[{\"@type\":\"WebPage\",\"@id\":\"https:\\\/\\\/shrimataji.org\\\/test\\\/sk\\\/osvietene-vzdelavanie\\\/\",\"url\":\"https:\\\/\\\/shrimataji.org\\\/test\\\/sk\\\/osvietene-vzdelavanie\\\/\",\"name\":\"Osvieten\u00e9 vzdel\u00e1vanie - TEST - SMND\",\"isPartOf\":{\"@id\":\"https:\\\/\\\/shrimataji.org\\\/test\\\/#website\"},\"primaryImageOfPage\":{\"@id\":\"https:\\\/\\\/shrimataji.org\\\/test\\\/sk\\\/osvietene-vzdelavanie\\\/#primaryimage\"},\"image\":{\"@id\":\"https:\\\/\\\/shrimataji.org\\\/test\\\/sk\\\/osvietene-vzdelavanie\\\/#primaryimage\"},\"thumbnailUrl\":\"https:\\\/\\\/shrimataji.org\\\/test\\\/wp-content\\\/uploads\\\/2018\\\/07\\\/media_originals\\\/images\\\/headers-general\\\/students-cheering-in-rajasthan-india.jpg\",\"datePublished\":\"2018-07-10T06:54:42+00:00\",\"dateModified\":\"2026-02-19T15:37:12+00:00\",\"breadcrumb\":{\"@id\":\"https:\\\/\\\/shrimataji.org\\\/test\\\/sk\\\/osvietene-vzdelavanie\\\/#breadcrumb\"},\"inLanguage\":\"en-US\",\"potentialAction\":[{\"@type\":\"ReadAction\",\"target\":[\"https:\\\/\\\/shrimataji.org\\\/test\\\/sk\\\/osvietene-vzdelavanie\\\/\"]}]},{\"@type\":\"ImageObject\",\"inLanguage\":\"en-US\",\"@id\":\"https:\\\/\\\/shrimataji.org\\\/test\\\/sk\\\/osvietene-vzdelavanie\\\/#primaryimage\",\"url\":\"https:\\\/\\\/shrimataji.org\\\/test\\\/wp-content\\\/uploads\\\/2018\\\/07\\\/media_originals\\\/images\\\/headers-general\\\/students-cheering-in-rajasthan-india.jpg\",\"contentUrl\":\"https:\\\/\\\/shrimataji.org\\\/test\\\/wp-content\\\/uploads\\\/2018\\\/07\\\/media_originals\\\/images\\\/headers-general\\\/students-cheering-in-rajasthan-india.jpg\",\"width\":990,\"height\":350},{\"@type\":\"BreadcrumbList\",\"@id\":\"https:\\\/\\\/shrimataji.org\\\/test\\\/sk\\\/osvietene-vzdelavanie\\\/#breadcrumb\",\"itemListElement\":[{\"@type\":\"ListItem\",\"position\":1,\"name\":\"Home\",\"item\":\"https:\\\/\\\/shrimataji.org\\\/test\\\/uk\\\/home-en\\\/\"},{\"@type\":\"ListItem\",\"position\":2,\"name\":\"Osvieten\u00e9 vzdel\u00e1vanie\"}]},{\"@type\":\"WebSite\",\"@id\":\"https:\\\/\\\/shrimataji.org\\\/test\\\/#website\",\"url\":\"https:\\\/\\\/shrimataji.org\\\/test\\\/\",\"name\":\"Shri Mataji Nirmala Devi\",\"description\":\"A Life Dedicated to Humanity\",\"publisher\":{\"@id\":\"https:\\\/\\\/shrimataji.org\\\/test\\\/#\\\/schema\\\/person\\\/a1b3419c6585f164aa96da1ff85715d1\"},\"potentialAction\":[{\"@type\":\"SearchAction\",\"target\":{\"@type\":\"EntryPoint\",\"urlTemplate\":\"https:\\\/\\\/shrimataji.org\\\/test\\\/?s={search_term_string}\"},\"query-input\":{\"@type\":\"PropertyValueSpecification\",\"valueRequired\":true,\"valueName\":\"search_term_string\"}}],\"inLanguage\":\"en-US\"},{\"@type\":[\"Person\",\"Organization\"],\"@id\":\"https:\\\/\\\/shrimataji.org\\\/test\\\/#\\\/schema\\\/person\\\/a1b3419c6585f164aa96da1ff85715d1\",\"name\":\"Nirmala Shrivastava\",\"image\":{\"@type\":\"ImageObject\",\"inLanguage\":\"en-US\",\"@id\":\"https:\\\/\\\/shrimataji.org\\\/test\\\/wp-content\\\/uploads\\\/2023\\\/02\\\/SMO_LOGO-03.svg\",\"url\":\"https:\\\/\\\/shrimataji.org\\\/test\\\/wp-content\\\/uploads\\\/2023\\\/02\\\/SMO_LOGO-03.svg\",\"contentUrl\":\"https:\\\/\\\/shrimataji.org\\\/test\\\/wp-content\\\/uploads\\\/2023\\\/02\\\/SMO_LOGO-03.svg\",\"width\":\"1024\",\"height\":\"1024\",\"caption\":\"Nirmala Shrivastava\"},\"logo\":{\"@id\":\"https:\\\/\\\/shrimataji.org\\\/test\\\/wp-content\\\/uploads\\\/2023\\\/02\\\/SMO_LOGO-03.svg\"},\"sameAs\":[\"https:\\\/\\\/shrimataji.org\\\/test\",\"https:\\\/\\\/www.facebook.com\\\/shrimataji\",\"https:\\\/\\\/x.com\\\/shrimataji\",\"https:\\\/\\\/www.youtube.com\\\/@Shri_Mataji_Nirmala_Devi\\\/featured\"]}]}<\/script>\n<!-- \/ Yoast SEO plugin. -->","yoast_head_json":{"title":"Osvieten\u00e9 vzdel\u00e1vanie - TEST - SMND","robots":{"index":"noindex","follow":"follow","max-snippet":"max-snippet:-1","max-image-preview":"max-image-preview:large","max-video-preview":"max-video-preview:-1"},"og_locale":"en_US","og_type":"article","og_title":"Osvieten\u00e9 vzdel\u00e1vanie - TEST - SMND","og_description":"Osvieten\u00e9 vzdel\u00e1vanie Pestovanie duchovnej pohody Deti potrebuj\u00fa vyv\u00e1\u017een\u00e9 vzdelanie, teraz viac ako kedyko\u013evek predt\u00fdm. Vzdel\u00e1vanie by nemalo podporova\u0165 len intelektu\u00e1lny a emocion\u00e1lny rast, ale malo by sa t\u00fdka\u0165 aj duchovn\u00e9ho blaha det\u00ed. Ke\u010f deti zistia, ak\u00e9 maj\u00fa vn\u00fatorn\u00e9 schopnosti a silu, m\u00f4\u017eu prekvita\u0165 v akomko\u013evek prostred\u00ed. S\u00fastreden\u00e1 pozornos\u0165 a glob\u00e1lna perspekt\u00edva s\u00fa dva \u010fal\u0161ie k\u013e\u00fa\u010de&hellip; Read more","og_url":"https:\/\/shrimataji.org\/test\/sk\/osvietene-vzdelavanie\/","og_site_name":"TEST - SMND","article_publisher":"https:\/\/www.facebook.com\/shrimataji","article_modified_time":"2026-02-19T15:37:12+00:00","og_image":[{"width":990,"height":350,"url":"https:\/\/shrimataji.org\/test\/wp-content\/uploads\/2018\/07\/media_originals\/images\/headers-general\/students-cheering-in-rajasthan-india.jpg","type":"image\/jpeg"}],"twitter_card":"summary_large_image","twitter_site":"@shrimataji","schema":{"@context":"https:\/\/schema.org","@graph":[{"@type":"WebPage","@id":"https:\/\/shrimataji.org\/test\/sk\/osvietene-vzdelavanie\/","url":"https:\/\/shrimataji.org\/test\/sk\/osvietene-vzdelavanie\/","name":"Osvieten\u00e9 vzdel\u00e1vanie - TEST - SMND","isPartOf":{"@id":"https:\/\/shrimataji.org\/test\/#website"},"primaryImageOfPage":{"@id":"https:\/\/shrimataji.org\/test\/sk\/osvietene-vzdelavanie\/#primaryimage"},"image":{"@id":"https:\/\/shrimataji.org\/test\/sk\/osvietene-vzdelavanie\/#primaryimage"},"thumbnailUrl":"https:\/\/shrimataji.org\/test\/wp-content\/uploads\/2018\/07\/media_originals\/images\/headers-general\/students-cheering-in-rajasthan-india.jpg","datePublished":"2018-07-10T06:54:42+00:00","dateModified":"2026-02-19T15:37:12+00:00","breadcrumb":{"@id":"https:\/\/shrimataji.org\/test\/sk\/osvietene-vzdelavanie\/#breadcrumb"},"inLanguage":"en-US","potentialAction":[{"@type":"ReadAction","target":["https:\/\/shrimataji.org\/test\/sk\/osvietene-vzdelavanie\/"]}]},{"@type":"ImageObject","inLanguage":"en-US","@id":"https:\/\/shrimataji.org\/test\/sk\/osvietene-vzdelavanie\/#primaryimage","url":"https:\/\/shrimataji.org\/test\/wp-content\/uploads\/2018\/07\/media_originals\/images\/headers-general\/students-cheering-in-rajasthan-india.jpg","contentUrl":"https:\/\/shrimataji.org\/test\/wp-content\/uploads\/2018\/07\/media_originals\/images\/headers-general\/students-cheering-in-rajasthan-india.jpg","width":990,"height":350},{"@type":"BreadcrumbList","@id":"https:\/\/shrimataji.org\/test\/sk\/osvietene-vzdelavanie\/#breadcrumb","itemListElement":[{"@type":"ListItem","position":1,"name":"Home","item":"https:\/\/shrimataji.org\/test\/uk\/home-en\/"},{"@type":"ListItem","position":2,"name":"Osvieten\u00e9 vzdel\u00e1vanie"}]},{"@type":"WebSite","@id":"https:\/\/shrimataji.org\/test\/#website","url":"https:\/\/shrimataji.org\/test\/","name":"Shri Mataji Nirmala Devi","description":"A Life Dedicated to Humanity","publisher":{"@id":"https:\/\/shrimataji.org\/test\/#\/schema\/person\/a1b3419c6585f164aa96da1ff85715d1"},"potentialAction":[{"@type":"SearchAction","target":{"@type":"EntryPoint","urlTemplate":"https:\/\/shrimataji.org\/test\/?s={search_term_string}"},"query-input":{"@type":"PropertyValueSpecification","valueRequired":true,"valueName":"search_term_string"}}],"inLanguage":"en-US"},{"@type":["Person","Organization"],"@id":"https:\/\/shrimataji.org\/test\/#\/schema\/person\/a1b3419c6585f164aa96da1ff85715d1","name":"Nirmala Shrivastava","image":{"@type":"ImageObject","inLanguage":"en-US","@id":"https:\/\/shrimataji.org\/test\/wp-content\/uploads\/2023\/02\/SMO_LOGO-03.svg","url":"https:\/\/shrimataji.org\/test\/wp-content\/uploads\/2023\/02\/SMO_LOGO-03.svg","contentUrl":"https:\/\/shrimataji.org\/test\/wp-content\/uploads\/2023\/02\/SMO_LOGO-03.svg","width":"1024","height":"1024","caption":"Nirmala Shrivastava"},"logo":{"@id":"https:\/\/shrimataji.org\/test\/wp-content\/uploads\/2023\/02\/SMO_LOGO-03.svg"},"sameAs":["https:\/\/shrimataji.org\/test","https:\/\/www.facebook.com\/shrimataji","https:\/\/x.com\/shrimataji","https:\/\/www.youtube.com\/@Shri_Mataji_Nirmala_Devi\/featured"]}]}},"lang":"sk","translations":{"sk":12375,"ur":37415,"en":398,"am":17986,"th":19923,"hu":19461,"sq":18387,"zh":17284,"hi":8488,"tr":10150,"pt":10363,"de":10637,"fr":10735,"it":10833,"es":10930,"ja":11227,"ru":11415,"bn":11607,"te":11715,"sw":11838,"he":11986,"el":12277,"fa":12473,"fi":12571,"bg":13472,"ro":14544,"cs":14737,"nl":16547,"ku":16707,"ar":16883,"be":18594,"kn":18868,"mr":20287,"uk":20579,"ml":20878,"ta":22702,"sv":22975,"gu":28823,"pa":28981,"fil":29421,"da":37729,"pl":37946,"nn":38281},"pll_sync_post":[],"_links":{"self":[{"href":"https:\/\/shrimataji.org\/test\/wp-json\/wp\/v2\/pages\/12375","targetHints":{"allow":["GET"]}}],"collection":[{"href":"https:\/\/shrimataji.org\/test\/wp-json\/wp\/v2\/pages"}],"about":[{"href":"https:\/\/shrimataji.org\/test\/wp-json\/wp\/v2\/types\/page"}],"author":[{"embeddable":true,"href":"https:\/\/shrimataji.org\/test\/wp-json\/wp\/v2\/users\/28"}],"replies":[{"embeddable":true,"href":"https:\/\/shrimataji.org\/test\/wp-json\/wp\/v2\/comments?post=12375"}],"version-history":[{"count":0,"href":"https:\/\/shrimataji.org\/test\/wp-json\/wp\/v2\/pages\/12375\/revisions"}],"wp:featuredmedia":[{"embeddable":true,"href":"https:\/\/shrimataji.org\/test\/wp-json\/wp\/v2\/media\/104"}],"wp:attachment":[{"href":"https:\/\/shrimataji.org\/test\/wp-json\/wp\/v2\/media?parent=12375"}],"curies":[{"name":"wp","href":"https:\/\/api.w.org\/{rel}","templated":true}]}}