{"id":12377,"date":"2017-09-02T04:00:00","date_gmt":"2017-09-02T04:00:00","guid":{"rendered":"http:\/\/testwordpress.nirmalnagari.org\/smnd\/index.php\/enlightening-encounters\/"},"modified":"2026-02-19T15:34:27","modified_gmt":"2026-02-19T15:34:27","slug":"osvietene-stretnutia","status":"publish","type":"page","link":"https:\/\/shrimataji.org\/test\/sk\/osvietene-stretnutia\/","title":{"rendered":"Osvieten\u00e9 stretnutia"},"content":{"rendered":"\n\n\t<h1>Osvieten\u00e9 stretnutia<\/h1>\n<h2>Jej nesmierna empatia a l\u00e1ska k \u013eudstvu<\/h2>\n\t<h4>Raz sa anglick\u00fd novin\u00e1r op\u00fdtal: \u201eZa\u017eili ste nejak\u00e9 sklamanie?&#8221; \u0160ri Matad\u017ei odpovedala: &#8220;Nemala som ani stretnutia ani sklamania!&#8221; Smiech, ktor\u00fd nasledoval, charakterizoval mnoh\u00e9 rozhovory so \u0160ri Matad\u017ei, ktor\u00e9 boli vtipn\u00e9, nezvy\u010dajn\u00e9 a \u010dasto nabrali prekvapiv\u00e9 smerovanie.<\/h4>\n<p>\u0160ri Matad\u017ei mala schopnos\u0165 odhali\u0165 s\u00favislosti medzi t\u00e9mami, ktor\u00e9 v\u00e4\u010d\u0161ina \u013eud\u00ed predt\u00fdm nevidela, a preto boli jej predn\u00e1\u0161ky a pr\u00edbehy p\u00fatav\u00e9, o\u010daruj\u00face a nezabudnute\u013en\u00e9. \u0160ri Matad\u017ei predniesla tis\u00edce predn\u00e1\u0161ok, v\u017edy pou\u010dn\u00fdch a osvieten\u00fdch. Jej pas s dodatkami bol ako palec hrub\u00fd a niesol pe\u010da\u0165 mnoh\u00fdch nav\u0161t\u00edven\u00fdch miest na celej zemeguli s jedin\u00fdm trval\u00fdm z\u00e1merom &#8211; oslovi\u0165 \u010do najviac \u013eud\u00ed a da\u0165 im Sebarealiz\u00e1ciu.<\/p>\n<p>Stret\u00e1vala sa s tis\u00edckami \u013eud\u00ed, ale nie v s\u00e9rii kr\u00e1tkych pozdravov a rozl\u00fa\u010dok. Ke\u010f sa \u0160ri Matad\u017ei naladila na osobu pred sebou, \u010di u\u017e bola svetsky m\u00fadra a vzdelan\u00e1 alebo skromn\u00e1 dedin\u010danka, ponorila sa hlboko do tej \u013eudskej bytosti, preto\u017ee jej na ka\u017edom z\u00e1le\u017ealo, ka\u017ed\u00fd mal potenci\u00e1l.<\/p>\n<p>Pr\u00e1ve potenci\u00e1l in\u0161piroval \u0160ri Matad\u017ei v jej pr\u00e1ci. Schopnos\u0165 ka\u017ed\u00e9ho \u010dloveka sta\u0165 sa Duchom, spoji\u0165 sa, z\u00edska\u0165 Sebarealiz\u00e1ciu. Niektor\u00ed \u013eudia rozpoznali \u0160ri Matad\u017ei, niektor\u00ed nie. Z\u00e1viselo to od stavu jednotlivca a jeho poznania seba sam\u00e9ho, nie od toho, k\u00fdm bol. Niektor\u00ed ju spoznali, vn\u00edmali, pribli\u017eovali sa, in\u00ed sa odvracali&#8230;<\/p>\n\tA kto bola \u0160ri Matad\u017ei? Ak\u00e1 bola \u0160ri Matad\u017ei?<br \/>\n\u0160ri Matad\u017ei bola guru. A kto je guru? &#8211; Slovo guru m\u00e1 ve\u013emi \u0161pecifick\u00fd v\u00fdznam: Gu = nevedomos\u0165. Ru = il\u00fazia. Guru by preto mal by\u0165 schopn\u00fd odstr\u00e1ni\u0165 duchovn\u00fa nevedomos\u0165 a il\u00fazie, ktor\u00e9 pohlcuj\u00fa \u010dloveka.\n<p>T\u00ed, ktor\u00ed sa pribl\u00ed\u017eili, mnoh\u00ed c\u00edtili, \u017ee \u0160ri Matad\u017ei bola skuto\u010dn\u00fd obchod, kompletn\u00fd bal\u00edk, axis mundi. Bo\u017esk\u00e1 Matka. Nejako mala schopnos\u0165, vroden\u00fa schopnos\u0165 pom\u00e1ha\u0165 \u013eu\u010fom vyprac\u00fava\u0165 a rie\u0161i\u0165 ich vlastn\u00e9 probl\u00e9my. Jej m\u00e1gia bola ako u miluj\u00faceho z\u00e1hradn\u00edka, ktor\u00fd kl\u00ed\u010dil semen\u00e1, ktor\u00e9 vy\u00fastili do kvitnutia a plodenia jednotlivca.<\/p>\n\t<h4>\u201eM\u00fadros\u0165 \u017eiari a nebledne.<\/h4>\n<h4>A \u013eahko ju rozpoznaj\u00fa t\u00ed, ktor\u00ed ju miluj\u00fa.<\/h4>\n<h4>A n\u00e1jdu ju t\u00ed, ktor\u00ed ju h\u013eadaj\u00fa.<\/h4>\n<h4>Pon\u00e1h\u013ea sa da\u0165 o sebe vedie\u0165 t\u00fdm, ktor\u00ed po nej t\u00fa\u017eia.<\/h4>\n<h4>&#8230;h\u013ead\u00e1 t\u00fdch, ktor\u00ed s\u00fa jej hodni.<\/h4>\n<h4>A ona sa im milostivo zjavuje na ich cest\u00e1ch.&#8221;<\/h4>\n<h4>\u0160alam\u00fanova m\u00fadros\u0165, kap. 6, v. 12 &#8211; 17<\/h4>\n\t<p>Jej posolstvo je trval\u00e9: \u201eSta\u0148 sa vlastn\u00fdm guruom, sta\u0148 sa Duchom,&#8221; a to sa d\u00e1 niekedy \u0165a\u017e\u0161ie dosiahnu\u0165. Chce to odhodlanie a discipl\u00ednu.<\/p>\n<p>Slab\u00e1 a roztrie\u0161ten\u00e1 pozornos\u0165, zm\u00e4tok, lenivos\u0165, n\u00edzke sebavedomie a mno\u017estvo \u010fal\u0161\u00edch probl\u00e9mov brzdia schopnos\u0165 a odhodlanie ka\u017ed\u00e9ho jednotlivca pracova\u0165 na sebe, stara\u0165 sa o seba a naplno realizova\u0165 svoj potenci\u00e1l.<\/p>\n<p>V tomto procese ako guru bola \u0160ri Matad\u017ei divok\u00e1 ako tiger, \u00fa\u017easn\u00e1 na poh\u013ead, a predsa ako matka bola jemn\u00e1, trpezliv\u00e1 a ute\u0161uj\u00faca. Matersk\u00fdm sp\u00f4sobom sa sna\u017eila in\u0161pirova\u0165 a povznies\u0165 jednotlivcov; a ke\u010f ich videla topi\u0165 sa, bola pripraven\u00e1 poda\u0165 ruku a znova ich nasmerova\u0165 na cestu.<\/p>\n<p>Ke\u010f ste boli v jej pozornosti, c\u00edtil ste sa ako na ruk\u00e1ch samotnej evol\u00facie. Jej \u00fasmev p\u00f4sobil ute\u0161uj\u00faco, d\u00e1val vyk\u00fapenie. Jej hlas pon\u00fakal pomoc a radu. Vo\u013eba v\u017edy zost\u00e1vala na srdci jednotlivca, \u010di bude, alebo nebude dba\u0165 na jej slov\u00e1. Ka\u017ed\u00fd mal jedine\u010dn\u00fd z\u00e1\u017eitok so \u0160ri Matad\u017ei pod\u013ea svojej \u00farovne porozumenia.<\/p>\n\t<p>Jej jemnos\u0165 v zaobch\u00e1dzan\u00ed s \u013eu\u010fmi bola \u00fa\u017easn\u00e1. S presnos\u0165ou ako britva sa okam\u017eite dok\u00e1zala v\u017ei\u0165 do situ\u00e1cie, jej prenikav\u00e1 pozornos\u0165 jej umo\u017enila, aby po\u010dula, \u010do sa hovor\u00ed, aj \u010do sa nehovor\u00ed.<\/p>\n\t<p>Jej smiech bol n\u00e1kazliv\u00fd, jej sila svedka \u00fa\u017easn\u00e1 a jej rados\u0165 zo \u017eivotn\u00fdch vzostupov a p\u00e1dov bola oslobodzuj\u00faca. Spomienky \u013eud\u00ed na \u0160ri Matad\u017ei odr\u00e1\u017eaj\u00fa spolo\u010dn\u00e9 pocity; pocit privil\u00e9gia, \u0161\u0165astia, a\u017e bo\u017esk\u00e9ho \u0161\u0165astia, \u017ee sa stretli so \u0160ri Matad\u017ei a jej u\u010den\u00edm.<\/p>\n<p>Posolstvo vh\u013eadu a m\u00fadrosti \u0160ri Matad\u017ei zost\u00e1va trval\u00e9 a st\u00e1le, ako hovorievala:<\/p>\n&#8220;Skl\u00e1\u0148am sa pred v\u0161etk\u00fdmi, ktor\u00ed h\u013eadaj\u00fa pravdu.&#8221;<br \/>\n&#8220;Ste Duchom.&#8221;<br \/>\n&#8220;Vo v\u00e1s s\u00eddli sila.&#8221;<br \/>\n&#8220;Sta\u0148te sa svoj\u00edm vlastn\u00fdm guruom.&#8221;<br \/>\n&#8220;Te\u0161te sa!&#8221;<br \/>\n&#8220;M\u00f4\u017eete z\u00edska\u0165 svoju Sebarealiz\u00e1ciu. M\u00f4\u017eete c\u00edti\u0165 chladn\u00fd v\u00e1nok na dlaniach a nad hlavou.&#8221;\n<p>Podstatn\u00e9 posolstvo sa nikdy nezmenilo. Jedinou ot\u00e1zkou ost\u00e1va, ko\u013ek\u00ed po\u010duli posolstvo a vyu\u017eili pr\u00edle\u017eitos\u0165 spozna\u0165 svoje prav\u00e9 ja?<\/p>\n<p>Odkaz \u0160ri Matad\u017ei zost\u00e1va v t\u00fdch, ktor\u00ed po\u010duli jej posolstvo, vzali si jej dar k srdcu a te\u0161ia sa a \u0161\u00edria Sahad\u017ea jogu.<\/p>\n<p>Jej podstatu c\u00edtime v chladnom v\u00e1nku na ruk\u00e1ch a nad hlavami. Jej milos\u0165 ne\u017ene obm\u00e4k\u010duje na\u0161e srdcia a bo\u017esk\u00e1 l\u00e1ska prenik\u00e1 na\u0161imi bytos\u0165ami.<\/p>\n<p>&nbsp;<\/p>\n\n","protected":false},"excerpt":{"rendered":"<p>Osvieten\u00e9 stretnutia Jej nesmierna empatia a l\u00e1ska k \u013eudstvu Raz sa anglick\u00fd novin\u00e1r op\u00fdtal: \u201eZa\u017eili ste nejak\u00e9 sklamanie?&#8221; \u0160ri Matad\u017ei odpovedala: &#8220;Nemala som ani stretnutia ani sklamania!&#8221; Smiech, ktor\u00fd nasledoval, charakterizoval mnoh\u00e9 rozhovory so \u0160ri Matad\u017ei, ktor\u00e9 boli vtipn\u00e9, nezvy\u010dajn\u00e9 a \u010dasto nabrali prekvapiv\u00e9 smerovanie. \u0160ri Matad\u017ei mala schopnos\u0165 odhali\u0165 s\u00favislosti medzi t\u00e9mami, ktor\u00e9 v\u00e4\u010d\u0161ina&hellip; <br \/> <a class=\"read-more\" href=\"https:\/\/shrimataji.org\/test\/sk\/osvietene-stretnutia\/\">Read more<\/a><\/p>\n","protected":false},"author":28,"featured_media":159,"parent":0,"menu_order":0,"comment_status":"closed","ping_status":"closed","template":"","meta":{"inline_featured_image":false,"footnotes":""},"class_list":["post-12377","page","type-page","status-publish","has-post-thumbnail","hentry"],"yoast_head":"<!-- This site is optimized with the Yoast SEO plugin v27.4 - https:\/\/yoast.com\/product\/yoast-seo-wordpress\/ -->\n<title>Osvieten\u00e9 stretnutia - TEST - SMND<\/title>\n<meta name=\"robots\" content=\"noindex, follow, max-snippet:-1, max-image-preview:large, max-video-preview:-1\" \/>\n<meta property=\"og:locale\" content=\"en_US\" \/>\n<meta property=\"og:type\" content=\"article\" \/>\n<meta property=\"og:title\" content=\"Osvieten\u00e9 stretnutia - TEST - SMND\" \/>\n<meta property=\"og:description\" content=\"Osvieten\u00e9 stretnutia Jej nesmierna empatia a l\u00e1ska k \u013eudstvu Raz sa anglick\u00fd novin\u00e1r op\u00fdtal: \u201eZa\u017eili ste nejak\u00e9 sklamanie?&#8221; \u0160ri Matad\u017ei odpovedala: &#8220;Nemala som ani stretnutia ani sklamania!&#8221; Smiech, ktor\u00fd nasledoval, charakterizoval mnoh\u00e9 rozhovory so \u0160ri Matad\u017ei, ktor\u00e9 boli vtipn\u00e9, nezvy\u010dajn\u00e9 a \u010dasto nabrali prekvapiv\u00e9 smerovanie. \u0160ri Matad\u017ei mala schopnos\u0165 odhali\u0165 s\u00favislosti medzi t\u00e9mami, ktor\u00e9 v\u00e4\u010d\u0161ina&hellip; Read more\" \/>\n<meta property=\"og:url\" content=\"https:\/\/shrimataji.org\/test\/sk\/osvietene-stretnutia\/\" \/>\n<meta property=\"og:site_name\" content=\"TEST - SMND\" \/>\n<meta property=\"article:publisher\" content=\"https:\/\/www.facebook.com\/shrimataji\" \/>\n<meta property=\"article:modified_time\" content=\"2026-02-19T15:34:27+00:00\" \/>\n<meta property=\"og:image\" content=\"https:\/\/shrimataji.org\/test\/wp-content\/uploads\/2018\/07\/media_originals\/images\/headers-people\/shri-mataji-nirmala-devi-with-village-people-in-india.jpg\" \/>\n\t<meta property=\"og:image:width\" content=\"990\" \/>\n\t<meta property=\"og:image:height\" content=\"350\" \/>\n\t<meta property=\"og:image:type\" content=\"image\/jpeg\" \/>\n<meta name=\"twitter:card\" content=\"summary_large_image\" \/>\n<meta name=\"twitter:site\" content=\"@shrimataji\" \/>\n<script type=\"application\/ld+json\" class=\"yoast-schema-graph\">{\"@context\":\"https:\\\/\\\/schema.org\",\"@graph\":[{\"@type\":\"WebPage\",\"@id\":\"https:\\\/\\\/shrimataji.org\\\/test\\\/sk\\\/osvietene-stretnutia\\\/\",\"url\":\"https:\\\/\\\/shrimataji.org\\\/test\\\/sk\\\/osvietene-stretnutia\\\/\",\"name\":\"Osvieten\u00e9 stretnutia - TEST - SMND\",\"isPartOf\":{\"@id\":\"https:\\\/\\\/shrimataji.org\\\/test\\\/#website\"},\"primaryImageOfPage\":{\"@id\":\"https:\\\/\\\/shrimataji.org\\\/test\\\/sk\\\/osvietene-stretnutia\\\/#primaryimage\"},\"image\":{\"@id\":\"https:\\\/\\\/shrimataji.org\\\/test\\\/sk\\\/osvietene-stretnutia\\\/#primaryimage\"},\"thumbnailUrl\":\"https:\\\/\\\/shrimataji.org\\\/test\\\/wp-content\\\/uploads\\\/2018\\\/07\\\/media_originals\\\/images\\\/headers-people\\\/shri-mataji-nirmala-devi-with-village-people-in-india.jpg\",\"datePublished\":\"2017-09-02T04:00:00+00:00\",\"dateModified\":\"2026-02-19T15:34:27+00:00\",\"breadcrumb\":{\"@id\":\"https:\\\/\\\/shrimataji.org\\\/test\\\/sk\\\/osvietene-stretnutia\\\/#breadcrumb\"},\"inLanguage\":\"en-US\",\"potentialAction\":[{\"@type\":\"ReadAction\",\"target\":[\"https:\\\/\\\/shrimataji.org\\\/test\\\/sk\\\/osvietene-stretnutia\\\/\"]}]},{\"@type\":\"ImageObject\",\"inLanguage\":\"en-US\",\"@id\":\"https:\\\/\\\/shrimataji.org\\\/test\\\/sk\\\/osvietene-stretnutia\\\/#primaryimage\",\"url\":\"https:\\\/\\\/shrimataji.org\\\/test\\\/wp-content\\\/uploads\\\/2018\\\/07\\\/media_originals\\\/images\\\/headers-people\\\/shri-mataji-nirmala-devi-with-village-people-in-india.jpg\",\"contentUrl\":\"https:\\\/\\\/shrimataji.org\\\/test\\\/wp-content\\\/uploads\\\/2018\\\/07\\\/media_originals\\\/images\\\/headers-people\\\/shri-mataji-nirmala-devi-with-village-people-in-india.jpg\",\"width\":990,\"height\":350},{\"@type\":\"BreadcrumbList\",\"@id\":\"https:\\\/\\\/shrimataji.org\\\/test\\\/sk\\\/osvietene-stretnutia\\\/#breadcrumb\",\"itemListElement\":[{\"@type\":\"ListItem\",\"position\":1,\"name\":\"Home\",\"item\":\"https:\\\/\\\/shrimataji.org\\\/test\\\/uk\\\/home-en\\\/\"},{\"@type\":\"ListItem\",\"position\":2,\"name\":\"Osvieten\u00e9 stretnutia\"}]},{\"@type\":\"WebSite\",\"@id\":\"https:\\\/\\\/shrimataji.org\\\/test\\\/#website\",\"url\":\"https:\\\/\\\/shrimataji.org\\\/test\\\/\",\"name\":\"Shri Mataji Nirmala Devi\",\"description\":\"A Life Dedicated to Humanity\",\"publisher\":{\"@id\":\"https:\\\/\\\/shrimataji.org\\\/test\\\/#\\\/schema\\\/person\\\/a1b3419c6585f164aa96da1ff85715d1\"},\"potentialAction\":[{\"@type\":\"SearchAction\",\"target\":{\"@type\":\"EntryPoint\",\"urlTemplate\":\"https:\\\/\\\/shrimataji.org\\\/test\\\/?s={search_term_string}\"},\"query-input\":{\"@type\":\"PropertyValueSpecification\",\"valueRequired\":true,\"valueName\":\"search_term_string\"}}],\"inLanguage\":\"en-US\"},{\"@type\":[\"Person\",\"Organization\"],\"@id\":\"https:\\\/\\\/shrimataji.org\\\/test\\\/#\\\/schema\\\/person\\\/a1b3419c6585f164aa96da1ff85715d1\",\"name\":\"Nirmala Shrivastava\",\"image\":{\"@type\":\"ImageObject\",\"inLanguage\":\"en-US\",\"@id\":\"https:\\\/\\\/shrimataji.org\\\/test\\\/wp-content\\\/uploads\\\/2023\\\/02\\\/SMO_LOGO-03.svg\",\"url\":\"https:\\\/\\\/shrimataji.org\\\/test\\\/wp-content\\\/uploads\\\/2023\\\/02\\\/SMO_LOGO-03.svg\",\"contentUrl\":\"https:\\\/\\\/shrimataji.org\\\/test\\\/wp-content\\\/uploads\\\/2023\\\/02\\\/SMO_LOGO-03.svg\",\"width\":\"1024\",\"height\":\"1024\",\"caption\":\"Nirmala Shrivastava\"},\"logo\":{\"@id\":\"https:\\\/\\\/shrimataji.org\\\/test\\\/wp-content\\\/uploads\\\/2023\\\/02\\\/SMO_LOGO-03.svg\"},\"sameAs\":[\"https:\\\/\\\/shrimataji.org\\\/test\",\"https:\\\/\\\/www.facebook.com\\\/shrimataji\",\"https:\\\/\\\/x.com\\\/shrimataji\",\"https:\\\/\\\/www.youtube.com\\\/@Shri_Mataji_Nirmala_Devi\\\/featured\"]}]}<\/script>\n<!-- \/ Yoast SEO plugin. -->","yoast_head_json":{"title":"Osvieten\u00e9 stretnutia - TEST - SMND","robots":{"index":"noindex","follow":"follow","max-snippet":"max-snippet:-1","max-image-preview":"max-image-preview:large","max-video-preview":"max-video-preview:-1"},"og_locale":"en_US","og_type":"article","og_title":"Osvieten\u00e9 stretnutia - TEST - SMND","og_description":"Osvieten\u00e9 stretnutia Jej nesmierna empatia a l\u00e1ska k \u013eudstvu Raz sa anglick\u00fd novin\u00e1r op\u00fdtal: \u201eZa\u017eili ste nejak\u00e9 sklamanie?&#8221; \u0160ri Matad\u017ei odpovedala: &#8220;Nemala som ani stretnutia ani sklamania!&#8221; Smiech, ktor\u00fd nasledoval, charakterizoval mnoh\u00e9 rozhovory so \u0160ri Matad\u017ei, ktor\u00e9 boli vtipn\u00e9, nezvy\u010dajn\u00e9 a \u010dasto nabrali prekvapiv\u00e9 smerovanie. \u0160ri Matad\u017ei mala schopnos\u0165 odhali\u0165 s\u00favislosti medzi t\u00e9mami, ktor\u00e9 v\u00e4\u010d\u0161ina&hellip; Read more","og_url":"https:\/\/shrimataji.org\/test\/sk\/osvietene-stretnutia\/","og_site_name":"TEST - SMND","article_publisher":"https:\/\/www.facebook.com\/shrimataji","article_modified_time":"2026-02-19T15:34:27+00:00","og_image":[{"width":990,"height":350,"url":"https:\/\/shrimataji.org\/test\/wp-content\/uploads\/2018\/07\/media_originals\/images\/headers-people\/shri-mataji-nirmala-devi-with-village-people-in-india.jpg","type":"image\/jpeg"}],"twitter_card":"summary_large_image","twitter_site":"@shrimataji","schema":{"@context":"https:\/\/schema.org","@graph":[{"@type":"WebPage","@id":"https:\/\/shrimataji.org\/test\/sk\/osvietene-stretnutia\/","url":"https:\/\/shrimataji.org\/test\/sk\/osvietene-stretnutia\/","name":"Osvieten\u00e9 stretnutia - TEST - SMND","isPartOf":{"@id":"https:\/\/shrimataji.org\/test\/#website"},"primaryImageOfPage":{"@id":"https:\/\/shrimataji.org\/test\/sk\/osvietene-stretnutia\/#primaryimage"},"image":{"@id":"https:\/\/shrimataji.org\/test\/sk\/osvietene-stretnutia\/#primaryimage"},"thumbnailUrl":"https:\/\/shrimataji.org\/test\/wp-content\/uploads\/2018\/07\/media_originals\/images\/headers-people\/shri-mataji-nirmala-devi-with-village-people-in-india.jpg","datePublished":"2017-09-02T04:00:00+00:00","dateModified":"2026-02-19T15:34:27+00:00","breadcrumb":{"@id":"https:\/\/shrimataji.org\/test\/sk\/osvietene-stretnutia\/#breadcrumb"},"inLanguage":"en-US","potentialAction":[{"@type":"ReadAction","target":["https:\/\/shrimataji.org\/test\/sk\/osvietene-stretnutia\/"]}]},{"@type":"ImageObject","inLanguage":"en-US","@id":"https:\/\/shrimataji.org\/test\/sk\/osvietene-stretnutia\/#primaryimage","url":"https:\/\/shrimataji.org\/test\/wp-content\/uploads\/2018\/07\/media_originals\/images\/headers-people\/shri-mataji-nirmala-devi-with-village-people-in-india.jpg","contentUrl":"https:\/\/shrimataji.org\/test\/wp-content\/uploads\/2018\/07\/media_originals\/images\/headers-people\/shri-mataji-nirmala-devi-with-village-people-in-india.jpg","width":990,"height":350},{"@type":"BreadcrumbList","@id":"https:\/\/shrimataji.org\/test\/sk\/osvietene-stretnutia\/#breadcrumb","itemListElement":[{"@type":"ListItem","position":1,"name":"Home","item":"https:\/\/shrimataji.org\/test\/uk\/home-en\/"},{"@type":"ListItem","position":2,"name":"Osvieten\u00e9 stretnutia"}]},{"@type":"WebSite","@id":"https:\/\/shrimataji.org\/test\/#website","url":"https:\/\/shrimataji.org\/test\/","name":"Shri Mataji Nirmala Devi","description":"A Life Dedicated to Humanity","publisher":{"@id":"https:\/\/shrimataji.org\/test\/#\/schema\/person\/a1b3419c6585f164aa96da1ff85715d1"},"potentialAction":[{"@type":"SearchAction","target":{"@type":"EntryPoint","urlTemplate":"https:\/\/shrimataji.org\/test\/?s={search_term_string}"},"query-input":{"@type":"PropertyValueSpecification","valueRequired":true,"valueName":"search_term_string"}}],"inLanguage":"en-US"},{"@type":["Person","Organization"],"@id":"https:\/\/shrimataji.org\/test\/#\/schema\/person\/a1b3419c6585f164aa96da1ff85715d1","name":"Nirmala Shrivastava","image":{"@type":"ImageObject","inLanguage":"en-US","@id":"https:\/\/shrimataji.org\/test\/wp-content\/uploads\/2023\/02\/SMO_LOGO-03.svg","url":"https:\/\/shrimataji.org\/test\/wp-content\/uploads\/2023\/02\/SMO_LOGO-03.svg","contentUrl":"https:\/\/shrimataji.org\/test\/wp-content\/uploads\/2023\/02\/SMO_LOGO-03.svg","width":"1024","height":"1024","caption":"Nirmala Shrivastava"},"logo":{"@id":"https:\/\/shrimataji.org\/test\/wp-content\/uploads\/2023\/02\/SMO_LOGO-03.svg"},"sameAs":["https:\/\/shrimataji.org\/test","https:\/\/www.facebook.com\/shrimataji","https:\/\/x.com\/shrimataji","https:\/\/www.youtube.com\/@Shri_Mataji_Nirmala_Devi\/featured"]}]}},"lang":"sk","translations":{"sk":12377,"ur":37419,"en":435,"am":17990,"th":19929,"hu":19465,"sq":18391,"zh":17288,"tr":10152,"pt":10365,"de":10639,"fr":10737,"it":10835,"es":10932,"ja":11229,"ru":11417,"bn":11609,"te":11717,"sw":11840,"he":11988,"el":12279,"fa":12475,"fi":12573,"bg":13485,"ro":14560,"cs":14753,"nl":16551,"ku":16711,"ar":16887,"be":18598,"kn":18872,"mr":20293,"uk":20585,"ml":20884,"ta":22706,"sv":22979,"gu":28827,"pa":28985,"fil":29425,"da":37733,"pl":37950,"nn":38285},"pll_sync_post":[],"_links":{"self":[{"href":"https:\/\/shrimataji.org\/test\/wp-json\/wp\/v2\/pages\/12377","targetHints":{"allow":["GET"]}}],"collection":[{"href":"https:\/\/shrimataji.org\/test\/wp-json\/wp\/v2\/pages"}],"about":[{"href":"https:\/\/shrimataji.org\/test\/wp-json\/wp\/v2\/types\/page"}],"author":[{"embeddable":true,"href":"https:\/\/shrimataji.org\/test\/wp-json\/wp\/v2\/users\/28"}],"replies":[{"embeddable":true,"href":"https:\/\/shrimataji.org\/test\/wp-json\/wp\/v2\/comments?post=12377"}],"version-history":[{"count":0,"href":"https:\/\/shrimataji.org\/test\/wp-json\/wp\/v2\/pages\/12377\/revisions"}],"wp:featuredmedia":[{"embeddable":true,"href":"https:\/\/shrimataji.org\/test\/wp-json\/wp\/v2\/media\/159"}],"wp:attachment":[{"href":"https:\/\/shrimataji.org\/test\/wp-json\/wp\/v2\/media?parent=12377"}],"curies":[{"name":"wp","href":"https:\/\/api.w.org\/{rel}","templated":true}]}}