{"id":12378,"date":"2022-01-29T09:41:42","date_gmt":"2022-01-29T09:41:42","guid":{"rendered":"https:\/\/test.shrimataji.org\/?page_id=6385"},"modified":"2026-01-31T06:05:35","modified_gmt":"2026-01-31T06:05:35","slug":"upevnenie-rovnovahy","status":"publish","type":"page","link":"https:\/\/shrimataji.org\/test\/sk\/upevnenie-rovnovahy\/","title":{"rendered":"Upevnenie rovnov\u00e1hy"},"content":{"rendered":"\n\n\t<h1>Upevnenie rovnov\u00e1hy<\/h1>\n<h2>Jin a jang \u017eivota<\/h2>\n<div class=\"su-quote su-quote-style-default\"><div class=\"su-quote-inner su-u-clearfix su-u-trim\"> Ekologick\u00e9 probl\u00e9my bud\u00fa vyrie\u0161en\u00e9, ke\u010f sa \u013eudsk\u00e9 bytosti transformuj\u00fa a dosiahnu rovnov\u00e1hu. Preto\u017ee nie sme v harm\u00f3nii, tak sa aj pr\u00edroda dostala do nerovnov\u00e1hy. <\/div><\/div>\n<h4>Dne\u0161n\u00fd r\u00fdchlo sa rozv\u00edjaj\u00faci svet predstavuje mnoho v\u00fdziev pre mierov\u00fa existenciu v n\u00e1s sam\u00fdch ako jednotlivcov, ako aj v r\u00e1mci glob\u00e1lnej spolo\u010dnosti, ktor\u00e1 \u010del\u00ed glob\u00e1lnym probl\u00e9mom. Klimatick\u00e9 zmeny, ekonomick\u00e1 a soci\u00e1lna nerovnov\u00e1ha, to v\u0161etko s\u00fa sympt\u00f3my hlbok\u00e9ho konfliktu v na\u0161om \u013eudskom vedom\u00ed, ktor\u00fd nedok\u00e1\u017eeme vyrovna\u0165 len h\u013eadan\u00edm vonkaj\u0161\u00edch rie\u0161en\u00ed. Bez toho, aby sme poznali skuto\u010dn\u00fd zmysel na\u0161ej existencie, paradoxne pokra\u010dujeme v externom h\u013eadan\u00ed rie\u0161en\u00ed probl\u00e9mov bez toho, aby sme sa hlboko pozreli do svojho vn\u00fatra. Ak sa dok\u00e1\u017eeme napoji\u0165 na na\u0161u vroden\u00fa povahu, m\u00f4\u017eeme sa napoji\u0165 na zdroj, ktor\u00fd n\u00e1m poskytne rie\u0161enia.<\/h4>\n<p>Pri h\u013eadan\u00ed strednej cesty si treba uvedomi\u0165, \u017ee m\u00e1me vlastn\u00fa jemn\u00fa vn\u00fatorn\u00fa rovnov\u00e1hu. \u017densk\u00fd (jin) a mu\u017esk\u00fd (jang), tieto archetypy formuj\u00fa na\u0161u osobnos\u0165 a vyjadruj\u00fa povahu na\u0161ich em\u00f3ci\u00ed, t\u00fa\u017eob a \u010dinov a tie ovplyv\u0148uj\u00fa jemn\u00fa rovnov\u00e1hu energie v na\u0161om \u013eavom a pravom kan\u00e1li. Extr\u00e9my v na\u0161om \u017eivotnom \u0161t\u00fdle nar\u00fa\u0161aj\u00fa prirodzen\u00fa rovnov\u00e1hu, a preto c\u00edtime fyzick\u00e9, du\u0161evn\u00e9 a emocion\u00e1lne probl\u00e9my.<\/p>\n<p>Medit\u00e1cia Sahad\u017ea jogy n\u00e1s uv\u00e1dza do nov\u00e9ho &#8211; bezmy\u0161lienkov\u00e9ho vedomia. V stave hlbok\u00e9ho ticha nach\u00e1dzame spr\u00e1vnu cestu pre seba, bl\u00edzkych aj spolo\u010dnos\u0165. V\u0161etko sa deje spont\u00e1nne a odha\u013euje sa \u00faplne nov\u00fd svet za hranicami na\u0161ej predstavivosti.<\/p>\n<h5>&#8220;My len odzrkad\u013eujeme svet. V\u0161etky tendencie pr\u00edtomn\u00e9 vo vonkaj\u0161om svete mo\u017eno n\u00e1js\u0165 vo svete n\u00e1\u0161ho tela. Ak dok\u00e1\u017eeme zmeni\u0165 seba, zmenia sa aj tendencie vo svete. Ako \u010dlovek men\u00ed svoju povahu, tak sa men\u00ed aj postoj sveta k nemu. To je najvy\u0161\u0161ie bo\u017esk\u00e9 tajomstvo. Je to \u00fa\u017easn\u00e1 vec a zdroj n\u00e1\u0161ho \u0161\u0165astia. Nemus\u00edme \u010daka\u0165, k\u00fdm uvid\u00edme, \u010do urobia ostatn\u00ed.&#8221;<\/h5>\n<h5>Mah\u00e1tma G\u00e1ndh\u00ed<\/h5>\n<p>Medit\u00e1cia Sahad\u017ea jogy n\u00e1m pon\u00faka jedine\u010dn\u00e9 chv\u00edle na preh\u013abenie duchovn\u00e9ho z\u00e1\u017eitku mimo na\u0161ej mysle. Je to \u010das pokoja, ke\u010f sa m\u00f4\u017eeme skuto\u010dne vzdiali\u0165 od chaosu myslenia. Mysl\u00edme na to, \u010do sa stane alebo \u010do sa u\u017e stalo. Bezmy\u0161lienkov\u00e9 vedomie n\u00e1m umo\u017e\u0148uje s\u00fastredi\u0165 sa na pr\u00edtomn\u00fd okamih, ktor\u00fd je nevyhnutn\u00fd pre pokojn\u00e9 rie\u0161enie akejko\u013evek \u017eivotnej situ\u00e1cie.<\/p>\n<div class=\"epyt-video-wrapper\"><div  data-ep-a=\"fadeIn\"  style=\"display: block; margin: 0px auto;\"  id=\"_ytid_45326\"  width=\"3840\" height=\"2160\"  data-origwidth=\"3840\" data-origheight=\"2160\" data-facadesrc=\"https:\/\/www.youtube.com\/embed\/vM4CGusCUAk?enablejsapi=1&autoplay=0&cc_load_policy=0&cc_lang_pref=&iv_load_policy=1&loop=0&rel=0&fs=1&playsinline=1&autohide=2&theme=dark&color=red&controls=1&disablekb=0&\" class=\"__youtube_prefs__ epyt-facade  no-lazyload\" data-epautoplay=\"1\" ><img decoding=\"async\" data-spai-excluded=\"true\" class=\"epyt-facade-poster skip-lazy\" loading=\"lazy\"  alt=\"YouTube player\"  src=\"https:\/\/i.ytimg.com\/vi\/vM4CGusCUAk\/maxresdefault.jpg\"  \/><button class=\"epyt-facade-play\" aria-label=\"Play\"><svg data-no-lazy=\"1\" height=\"100%\" version=\"1.1\" viewBox=\"0 0 68 48\" width=\"100%\"><path class=\"ytp-large-play-button-bg\" d=\"M66.52,7.74c-0.78-2.93-2.49-5.41-5.42-6.19C55.79,.13,34,0,34,0S12.21,.13,6.9,1.55 C3.97,2.33,2.27,4.81,1.48,7.74C0.06,13.05,0,24,0,24s0.06,10.95,1.48,16.26c0.78,2.93,2.49,5.41,5.42,6.19 C12.21,47.87,34,48,34,48s21.79-0.13,27.1-1.55c2.93-0.78,4.64-3.26,5.42-6.19C67.94,34.95,68,24,68,24S67.94,13.05,66.52,7.74z\" fill=\"#f00\"><\/path><path d=\"M 45,24 27,14 27,34\" fill=\"#fff\"><\/path><\/svg><\/button><\/div><\/div><span itemprop=\"video\" itemscope itemtype=\"http:\/\/schema.org\/VideoObject\"><meta itemprop=\"embedUrl\" content=\"https:\/\/www.youtube.com\/embed\/vM4CGusCUAk\"><meta itemprop=\"name\" content=\"Establishing balance\"><meta itemprop=\"description\" content=\"YouTube video\"><meta itemprop=\"thumbnailUrl\" content=\"https:\/\/i.ytimg.com\/vi\/vM4CGusCUAk\/0.jpg\"><meta itemprop=\"duration\" content=\"PT2M40S\"><meta itemprop=\"uploadDate\" content=\"2022-11-12T03:29:52Z\"><\/span>\n\t<div class=\"su-quote su-quote-style-default\"><div class=\"su-quote-inner su-u-clearfix su-u-trim\">\n<p>Upevnite sa, vyv\u00e1\u017ete sa a rastite! Vyrastite v skvel\u00fdch \u013eud\u00ed!<\/p>\n<\/div><\/div>\n\n","protected":false},"excerpt":{"rendered":"<p>Upevnenie rovnov\u00e1hy Jin a jang \u017eivota Dne\u0161n\u00fd r\u00fdchlo sa rozv\u00edjaj\u00faci svet predstavuje mnoho v\u00fdziev pre mierov\u00fa existenciu v n\u00e1s sam\u00fdch ako jednotlivcov, ako aj v r\u00e1mci glob\u00e1lnej spolo\u010dnosti, ktor\u00e1 \u010del\u00ed glob\u00e1lnym probl\u00e9mom. Klimatick\u00e9 zmeny, ekonomick\u00e1 a soci\u00e1lna nerovnov\u00e1ha, to v\u0161etko s\u00fa sympt\u00f3my hlbok\u00e9ho konfliktu v na\u0161om \u013eudskom vedom\u00ed, ktor\u00fd nedok\u00e1\u017eeme vyrovna\u0165 len h\u013eadan\u00edm vonkaj\u0161\u00edch rie\u0161en\u00ed.&hellip; <br \/> <a class=\"read-more\" href=\"https:\/\/shrimataji.org\/test\/sk\/upevnenie-rovnovahy\/\">Read more<\/a><\/p>\n","protected":false},"author":28,"featured_media":9260,"parent":0,"menu_order":0,"comment_status":"closed","ping_status":"closed","template":"","meta":{"inline_featured_image":false,"footnotes":""},"class_list":["post-12378","page","type-page","status-publish","has-post-thumbnail","hentry"],"yoast_head":"<!-- This site is optimized with the Yoast SEO plugin v27.4 - https:\/\/yoast.com\/product\/yoast-seo-wordpress\/ -->\n<title>Upevnenie rovnov\u00e1hy - TEST - SMND<\/title>\n<meta name=\"robots\" content=\"noindex, follow, max-snippet:-1, max-image-preview:large, max-video-preview:-1\" \/>\n<meta property=\"og:locale\" content=\"en_US\" \/>\n<meta property=\"og:type\" content=\"article\" \/>\n<meta property=\"og:title\" content=\"Upevnenie rovnov\u00e1hy - TEST - SMND\" \/>\n<meta property=\"og:description\" content=\"Upevnenie rovnov\u00e1hy Jin a jang \u017eivota Dne\u0161n\u00fd r\u00fdchlo sa rozv\u00edjaj\u00faci svet predstavuje mnoho v\u00fdziev pre mierov\u00fa existenciu v n\u00e1s sam\u00fdch ako jednotlivcov, ako aj v r\u00e1mci glob\u00e1lnej spolo\u010dnosti, ktor\u00e1 \u010del\u00ed glob\u00e1lnym probl\u00e9mom. Klimatick\u00e9 zmeny, ekonomick\u00e1 a soci\u00e1lna nerovnov\u00e1ha, to v\u0161etko s\u00fa sympt\u00f3my hlbok\u00e9ho konfliktu v na\u0161om \u013eudskom vedom\u00ed, ktor\u00fd nedok\u00e1\u017eeme vyrovna\u0165 len h\u013eadan\u00edm vonkaj\u0161\u00edch rie\u0161en\u00ed.&hellip; Read more\" \/>\n<meta property=\"og:url\" content=\"https:\/\/shrimataji.org\/test\/sk\/upevnenie-rovnovahy\/\" \/>\n<meta property=\"og:site_name\" content=\"TEST - SMND\" \/>\n<meta property=\"article:publisher\" content=\"https:\/\/www.facebook.com\/shrimataji\" \/>\n<meta property=\"article:modified_time\" content=\"2026-01-31T06:05:35+00:00\" \/>\n<meta property=\"og:image\" content=\"https:\/\/shrimataji.org\/test\/wp-content\/uploads\/2023\/03\/25_Banner-SY-Balance-scaled.jpg\" \/>\n\t<meta property=\"og:image:width\" content=\"2560\" \/>\n\t<meta property=\"og:image:height\" content=\"905\" \/>\n\t<meta property=\"og:image:type\" content=\"image\/jpeg\" \/>\n<meta name=\"twitter:card\" content=\"summary_large_image\" \/>\n<meta name=\"twitter:site\" content=\"@shrimataji\" \/>\n<meta name=\"twitter:label1\" content=\"Est. reading time\" \/>\n\t<meta name=\"twitter:data1\" content=\"2 minutes\" \/>\n<script type=\"application\/ld+json\" class=\"yoast-schema-graph\">{\"@context\":\"https:\\\/\\\/schema.org\",\"@graph\":[{\"@type\":\"WebPage\",\"@id\":\"https:\\\/\\\/shrimataji.org\\\/test\\\/sk\\\/upevnenie-rovnovahy\\\/\",\"url\":\"https:\\\/\\\/shrimataji.org\\\/test\\\/sk\\\/upevnenie-rovnovahy\\\/\",\"name\":\"Upevnenie rovnov\u00e1hy - TEST - SMND\",\"isPartOf\":{\"@id\":\"https:\\\/\\\/shrimataji.org\\\/test\\\/#website\"},\"primaryImageOfPage\":{\"@id\":\"https:\\\/\\\/shrimataji.org\\\/test\\\/sk\\\/upevnenie-rovnovahy\\\/#primaryimage\"},\"image\":{\"@id\":\"https:\\\/\\\/shrimataji.org\\\/test\\\/sk\\\/upevnenie-rovnovahy\\\/#primaryimage\"},\"thumbnailUrl\":\"https:\\\/\\\/shrimataji.org\\\/test\\\/wp-content\\\/uploads\\\/2023\\\/03\\\/25_Banner-SY-Balance-scaled.jpg\",\"datePublished\":\"2022-01-29T09:41:42+00:00\",\"dateModified\":\"2026-01-31T06:05:35+00:00\",\"breadcrumb\":{\"@id\":\"https:\\\/\\\/shrimataji.org\\\/test\\\/sk\\\/upevnenie-rovnovahy\\\/#breadcrumb\"},\"inLanguage\":\"en-US\",\"potentialAction\":[{\"@type\":\"ReadAction\",\"target\":[\"https:\\\/\\\/shrimataji.org\\\/test\\\/sk\\\/upevnenie-rovnovahy\\\/\"]}]},{\"@type\":\"ImageObject\",\"inLanguage\":\"en-US\",\"@id\":\"https:\\\/\\\/shrimataji.org\\\/test\\\/sk\\\/upevnenie-rovnovahy\\\/#primaryimage\",\"url\":\"https:\\\/\\\/shrimataji.org\\\/test\\\/wp-content\\\/uploads\\\/2023\\\/03\\\/25_Banner-SY-Balance-scaled.jpg\",\"contentUrl\":\"https:\\\/\\\/shrimataji.org\\\/test\\\/wp-content\\\/uploads\\\/2023\\\/03\\\/25_Banner-SY-Balance-scaled.jpg\",\"width\":2560,\"height\":905},{\"@type\":\"BreadcrumbList\",\"@id\":\"https:\\\/\\\/shrimataji.org\\\/test\\\/sk\\\/upevnenie-rovnovahy\\\/#breadcrumb\",\"itemListElement\":[{\"@type\":\"ListItem\",\"position\":1,\"name\":\"Home\",\"item\":\"https:\\\/\\\/shrimataji.org\\\/test\\\/uk\\\/home-en\\\/\"},{\"@type\":\"ListItem\",\"position\":2,\"name\":\"Upevnenie rovnov\u00e1hy\"}]},{\"@type\":\"WebSite\",\"@id\":\"https:\\\/\\\/shrimataji.org\\\/test\\\/#website\",\"url\":\"https:\\\/\\\/shrimataji.org\\\/test\\\/\",\"name\":\"Shri Mataji Nirmala Devi\",\"description\":\"A Life Dedicated to Humanity\",\"publisher\":{\"@id\":\"https:\\\/\\\/shrimataji.org\\\/test\\\/#\\\/schema\\\/person\\\/a1b3419c6585f164aa96da1ff85715d1\"},\"potentialAction\":[{\"@type\":\"SearchAction\",\"target\":{\"@type\":\"EntryPoint\",\"urlTemplate\":\"https:\\\/\\\/shrimataji.org\\\/test\\\/?s={search_term_string}\"},\"query-input\":{\"@type\":\"PropertyValueSpecification\",\"valueRequired\":true,\"valueName\":\"search_term_string\"}}],\"inLanguage\":\"en-US\"},{\"@type\":[\"Person\",\"Organization\"],\"@id\":\"https:\\\/\\\/shrimataji.org\\\/test\\\/#\\\/schema\\\/person\\\/a1b3419c6585f164aa96da1ff85715d1\",\"name\":\"Nirmala Shrivastava\",\"image\":{\"@type\":\"ImageObject\",\"inLanguage\":\"en-US\",\"@id\":\"https:\\\/\\\/shrimataji.org\\\/test\\\/wp-content\\\/uploads\\\/2023\\\/02\\\/SMO_LOGO-03.svg\",\"url\":\"https:\\\/\\\/shrimataji.org\\\/test\\\/wp-content\\\/uploads\\\/2023\\\/02\\\/SMO_LOGO-03.svg\",\"contentUrl\":\"https:\\\/\\\/shrimataji.org\\\/test\\\/wp-content\\\/uploads\\\/2023\\\/02\\\/SMO_LOGO-03.svg\",\"width\":\"1024\",\"height\":\"1024\",\"caption\":\"Nirmala Shrivastava\"},\"logo\":{\"@id\":\"https:\\\/\\\/shrimataji.org\\\/test\\\/wp-content\\\/uploads\\\/2023\\\/02\\\/SMO_LOGO-03.svg\"},\"sameAs\":[\"https:\\\/\\\/shrimataji.org\\\/test\",\"https:\\\/\\\/www.facebook.com\\\/shrimataji\",\"https:\\\/\\\/x.com\\\/shrimataji\",\"https:\\\/\\\/www.youtube.com\\\/@Shri_Mataji_Nirmala_Devi\\\/featured\"]}]}<\/script>\n<!-- \/ Yoast SEO plugin. -->","yoast_head_json":{"title":"Upevnenie rovnov\u00e1hy - TEST - SMND","robots":{"index":"noindex","follow":"follow","max-snippet":"max-snippet:-1","max-image-preview":"max-image-preview:large","max-video-preview":"max-video-preview:-1"},"og_locale":"en_US","og_type":"article","og_title":"Upevnenie rovnov\u00e1hy - TEST - SMND","og_description":"Upevnenie rovnov\u00e1hy Jin a jang \u017eivota Dne\u0161n\u00fd r\u00fdchlo sa rozv\u00edjaj\u00faci svet predstavuje mnoho v\u00fdziev pre mierov\u00fa existenciu v n\u00e1s sam\u00fdch ako jednotlivcov, ako aj v r\u00e1mci glob\u00e1lnej spolo\u010dnosti, ktor\u00e1 \u010del\u00ed glob\u00e1lnym probl\u00e9mom. Klimatick\u00e9 zmeny, ekonomick\u00e1 a soci\u00e1lna nerovnov\u00e1ha, to v\u0161etko s\u00fa sympt\u00f3my hlbok\u00e9ho konfliktu v na\u0161om \u013eudskom vedom\u00ed, ktor\u00fd nedok\u00e1\u017eeme vyrovna\u0165 len h\u013eadan\u00edm vonkaj\u0161\u00edch rie\u0161en\u00ed.&hellip; Read more","og_url":"https:\/\/shrimataji.org\/test\/sk\/upevnenie-rovnovahy\/","og_site_name":"TEST - SMND","article_publisher":"https:\/\/www.facebook.com\/shrimataji","article_modified_time":"2026-01-31T06:05:35+00:00","og_image":[{"width":2560,"height":905,"url":"https:\/\/shrimataji.org\/test\/wp-content\/uploads\/2023\/03\/25_Banner-SY-Balance-scaled.jpg","type":"image\/jpeg"}],"twitter_card":"summary_large_image","twitter_site":"@shrimataji","twitter_misc":{"Est. reading time":"2 minutes"},"schema":{"@context":"https:\/\/schema.org","@graph":[{"@type":"WebPage","@id":"https:\/\/shrimataji.org\/test\/sk\/upevnenie-rovnovahy\/","url":"https:\/\/shrimataji.org\/test\/sk\/upevnenie-rovnovahy\/","name":"Upevnenie rovnov\u00e1hy - TEST - SMND","isPartOf":{"@id":"https:\/\/shrimataji.org\/test\/#website"},"primaryImageOfPage":{"@id":"https:\/\/shrimataji.org\/test\/sk\/upevnenie-rovnovahy\/#primaryimage"},"image":{"@id":"https:\/\/shrimataji.org\/test\/sk\/upevnenie-rovnovahy\/#primaryimage"},"thumbnailUrl":"https:\/\/shrimataji.org\/test\/wp-content\/uploads\/2023\/03\/25_Banner-SY-Balance-scaled.jpg","datePublished":"2022-01-29T09:41:42+00:00","dateModified":"2026-01-31T06:05:35+00:00","breadcrumb":{"@id":"https:\/\/shrimataji.org\/test\/sk\/upevnenie-rovnovahy\/#breadcrumb"},"inLanguage":"en-US","potentialAction":[{"@type":"ReadAction","target":["https:\/\/shrimataji.org\/test\/sk\/upevnenie-rovnovahy\/"]}]},{"@type":"ImageObject","inLanguage":"en-US","@id":"https:\/\/shrimataji.org\/test\/sk\/upevnenie-rovnovahy\/#primaryimage","url":"https:\/\/shrimataji.org\/test\/wp-content\/uploads\/2023\/03\/25_Banner-SY-Balance-scaled.jpg","contentUrl":"https:\/\/shrimataji.org\/test\/wp-content\/uploads\/2023\/03\/25_Banner-SY-Balance-scaled.jpg","width":2560,"height":905},{"@type":"BreadcrumbList","@id":"https:\/\/shrimataji.org\/test\/sk\/upevnenie-rovnovahy\/#breadcrumb","itemListElement":[{"@type":"ListItem","position":1,"name":"Home","item":"https:\/\/shrimataji.org\/test\/uk\/home-en\/"},{"@type":"ListItem","position":2,"name":"Upevnenie rovnov\u00e1hy"}]},{"@type":"WebSite","@id":"https:\/\/shrimataji.org\/test\/#website","url":"https:\/\/shrimataji.org\/test\/","name":"Shri Mataji Nirmala Devi","description":"A Life Dedicated to Humanity","publisher":{"@id":"https:\/\/shrimataji.org\/test\/#\/schema\/person\/a1b3419c6585f164aa96da1ff85715d1"},"potentialAction":[{"@type":"SearchAction","target":{"@type":"EntryPoint","urlTemplate":"https:\/\/shrimataji.org\/test\/?s={search_term_string}"},"query-input":{"@type":"PropertyValueSpecification","valueRequired":true,"valueName":"search_term_string"}}],"inLanguage":"en-US"},{"@type":["Person","Organization"],"@id":"https:\/\/shrimataji.org\/test\/#\/schema\/person\/a1b3419c6585f164aa96da1ff85715d1","name":"Nirmala Shrivastava","image":{"@type":"ImageObject","inLanguage":"en-US","@id":"https:\/\/shrimataji.org\/test\/wp-content\/uploads\/2023\/02\/SMO_LOGO-03.svg","url":"https:\/\/shrimataji.org\/test\/wp-content\/uploads\/2023\/02\/SMO_LOGO-03.svg","contentUrl":"https:\/\/shrimataji.org\/test\/wp-content\/uploads\/2023\/02\/SMO_LOGO-03.svg","width":"1024","height":"1024","caption":"Nirmala Shrivastava"},"logo":{"@id":"https:\/\/shrimataji.org\/test\/wp-content\/uploads\/2023\/02\/SMO_LOGO-03.svg"},"sameAs":["https:\/\/shrimataji.org\/test","https:\/\/www.facebook.com\/shrimataji","https:\/\/x.com\/shrimataji","https:\/\/www.youtube.com\/@Shri_Mataji_Nirmala_Devi\/featured"]}]}},"lang":"sk","translations":{"sk":12378,"ur":37421,"en":6385,"am":17992,"th":19932,"hu":19467,"sq":18393,"zh":17290,"hi":8343,"tr":10153,"pt":10366,"de":10640,"fr":10738,"it":10836,"es":10933,"ja":11230,"ru":11418,"bn":11610,"te":11718,"sw":11841,"he":11989,"el":12280,"fa":12476,"fi":12574,"bg":13402,"ro":14476,"cs":14669,"nl":16553,"ku":16713,"ar":16889,"be":18600,"kn":18874,"mr":20296,"uk":20588,"ml":20887,"ta":22708,"sv":22981,"gu":28829,"pa":28987,"fil":29427,"da":37735,"pl":37952,"nn":38287},"pll_sync_post":[],"_links":{"self":[{"href":"https:\/\/shrimataji.org\/test\/wp-json\/wp\/v2\/pages\/12378","targetHints":{"allow":["GET"]}}],"collection":[{"href":"https:\/\/shrimataji.org\/test\/wp-json\/wp\/v2\/pages"}],"about":[{"href":"https:\/\/shrimataji.org\/test\/wp-json\/wp\/v2\/types\/page"}],"author":[{"embeddable":true,"href":"https:\/\/shrimataji.org\/test\/wp-json\/wp\/v2\/users\/28"}],"replies":[{"embeddable":true,"href":"https:\/\/shrimataji.org\/test\/wp-json\/wp\/v2\/comments?post=12378"}],"version-history":[{"count":0,"href":"https:\/\/shrimataji.org\/test\/wp-json\/wp\/v2\/pages\/12378\/revisions"}],"wp:featuredmedia":[{"embeddable":true,"href":"https:\/\/shrimataji.org\/test\/wp-json\/wp\/v2\/media\/9260"}],"wp:attachment":[{"href":"https:\/\/shrimataji.org\/test\/wp-json\/wp\/v2\/media?parent=12378"}],"curies":[{"name":"wp","href":"https:\/\/api.w.org\/{rel}","templated":true}]}}