{"id":12380,"date":"2022-01-23T02:49:35","date_gmt":"2022-01-23T02:49:35","guid":{"rendered":"https:\/\/test.shrimataji.org\/?page_id=6269"},"modified":"2026-01-31T11:21:48","modified_gmt":"2026-01-31T11:21:48","slug":"zazite-svoju-sebarealizaciu","status":"publish","type":"page","link":"https:\/\/shrimataji.org\/test\/sk\/zazite-svoju-sebarealizaciu\/","title":{"rendered":"Za\u017eite svoju Sebarealiz\u00e1ciu"},"content":{"rendered":"\n\n\t<h1>Za\u017eite svoju Sebarealiz\u00e1ciu (prebudenie, stav osvietenia)<\/h1>\n<h2>Sta\u010d\u00ed va\u0161e \u010dist\u00e9 prianie<\/h2>\n<div class=\"su-quote su-quote-style-default\"><div class=\"su-quote-inner su-u-clearfix su-u-trim\"> Ka\u017ed\u00fd m\u00e1 pr\u00e1vo dosiahnu\u0165 tento stav vo svojej evol\u00facii, v\u0161etko m\u00e1me u\u017e v sebe zabudovan\u00e9. Ale ke\u010f\u017ee je va\u0161a sloboda plne re\u0161pektovan\u00e1, mus\u00edte si tento stav \u017eela\u0165, nie je mo\u017en\u00e9 v\u00e1m ho nan\u00fati\u0165. <\/div><\/div>\n\t<h4>\u0160ri Matad\u017ei je jedin\u00fdm duchovn\u00fdm u\u010dite\u013eom v hist\u00f3rii \u013eudstva, ktor\u00fd poskytol masov\u00fa Sebarealiz\u00e1ciu. Tis\u00edce \u013eud\u00ed mohli za\u017ei\u0165 tento stav na jej verejn\u00fdch programoch po celom svete. Mili\u00f3ny \u013eud\u00ed poc\u00edtilo v\u00fdhody tejto jedine\u010dnej sk\u00fasenosti, ktor\u00e1 sa stala zlomov\u00fdm bodom v ich \u017eivote. H\u013eada\u010di, ktor\u00ed sa z\u00fa\u010dast\u0148uj\u00fa t\u00fdchto programov, za\u017e\u00edvaj\u00fa svoju Sebarealiz\u00e1ciu ako stav \u00fapln\u00e9ho vn\u00fatorn\u00e9ho ticha, uvo\u013enenia a \u010dasto ako tepl\u00fd alebo chladn\u00fd v\u00e1nok na dlaniach, \u010di v celom tele.<\/h4>\n<p>Nasleduj\u00faci postup v\u00e1m pom\u00f4\u017ee za\u017ei\u0165 svoju Sebarealiz\u00e1ciu. Pohodlne sa usa\u010fte s vystret\u00fdm chrb\u00e1tom, je vhodn\u00e9 vyzu\u0165 si top\u00e1nky, ke\u010f\u017ee Matka Zem vys\u00e1va v\u0161etky negat\u00edvne energie cez na\u0161e chodidl\u00e1.<\/p>\n<p>Polo\u017ete si obe ruky na kolen\u00e1 s dla\u0148ami otvoren\u00fdmi nahor. Aby ste ust\u00e1lili nepokojn\u00fa myse\u013e, m\u00f4\u017eete pozorova\u0165 obr\u00e1zok \u0160ri Matad\u017ei na obrazovke. Ke\u010f sa vn\u00fatorne st\u00ed\u0161ite, sk\u00faste sledova\u0165 svoje my\u0161lienky.<\/p>\n<p>Ak za\u017eijete \u00fapln\u00e9 vn\u00fatorn\u00e9 ticho a mo\u017eno poc\u00edtite jemn\u00fd chladn\u00fd v\u00e1nok pr\u00fadiaci z va\u0161ich dlan\u00ed a z hlavy, z fontanelovej oblasti, vedzte, \u017ee ste realizovan\u00e1 du\u0161a. Pr\u00e1ve ste z\u00edskali svoju Sebarealiz\u00e1ciu. Toto je ve\u013emi dobr\u00fd za\u010diatok a \u010fal\u0161ie kroky v\u00e1m pom\u00f4\u017eu preh\u013abi\u0165 va\u0161u medit\u00e1ciu.<\/p>\n<figure itemscope itemtype=\"https:\/\/schema.org\/ImageObject\">\n\t\t\t\t<img decoding=\"async\" src=\"https:\/\/shrimataji.org\/test\/wp-content\/uploads\/2023\/02\/ShriMataji_BW.webp\" alt=\"ShriMataji_BW\" height=\"960\" width=\"671\" title=\"ShriMataji_BW\" onerror=\"this.style.display='none'\" loading=\"lazy\" \/>\n\t<\/figure>\n\t<p>Hoci len p\u00e1r \u013eud\u00ed dosiahlo svoje \u00fapln\u00e9 prebudenie pred \u0160ri Matad\u017ei alebo pred jej fotografiou, je prospe\u0161n\u00e9 pou\u017ei\u0165 veden\u00fa medit\u00e1ciu, ktor\u00fa \u0160ri Matad\u017ei demon\u0161trovala viac ako tis\u00edckr\u00e1t po celom svete.<\/p>\n\t<p>Aby ste mohli nasledova\u0165 veden\u00fa medit\u00e1ciu so \u0160ri Matad\u017ei v sprievodnom videu, bolo by u\u017eito\u010dn\u00e9 obozn\u00e1mi\u0165 sa s jednotliv\u00fdmi krokmi, preto\u017ee cel\u00e9 cvi\u010denie budete robi\u0165 so zatvoren\u00fdmi o\u010dami. Zatvoren\u00e9 o\u010di n\u00e1m pom\u00e1haj\u00fa hlb\u0161ie prec\u00edti\u0165 na\u0161u Sebarealiz\u00e1ciu a medit\u00e1\u010dn\u00fd stav, ktor\u00fd bezprostredne nasleduje. M\u00f4\u017eete si pozorne pre\u0161tudova\u0165 postupnos\u0165 ilustr\u00e1ci\u00ed a textu ni\u017e\u0161ie, aby ste si d\u00e1vali ruku na spr\u00e1vne miesto na tele. \u0160ri Matad\u017ei v\u00e1s bude vies\u0165 cvi\u010den\u00edm s afirm\u00e1ciami pre ka\u017ed\u00fa poz\u00edciu.<\/p>\n<p>Po\u010das cel\u00e9ho sedenia budeme kl\u00e1s\u0165 <strong>prav\u00fa ruku na centr\u00e1<\/strong> (\u010dakry) pozd\u013a\u017e \u013eavej strany a <strong>\u013eav\u00fa dla\u0148 budeme ma\u0165 otvoren\u00fa na kolene<\/strong>, ako je to zn\u00e1zornen\u00e9 na nasleduj\u00facich n\u00e1\u010drtoch.<\/p>\n<figure itemscope itemtype=\"https:\/\/schema.org\/ImageObject\">\n\t\t\t\t<img decoding=\"async\" src=\"https:\/\/shrimataji.org\/test\/wp-content\/uploads\/2025\/05\/SK_1.png\" alt=\"SK_1\" height=\"762\" width=\"535\" title=\"SK_1\" onerror=\"this.style.display='none'\" loading=\"lazy\" \/>\n\t<\/figure>\n<figure itemscope itemtype=\"https:\/\/schema.org\/ImageObject\">\n\t\t\t\t<img decoding=\"async\" src=\"https:\/\/shrimataji.org\/test\/wp-content\/uploads\/2025\/05\/SK_2.png\" alt=\"SK_2\" height=\"754\" width=\"546\" title=\"SK_2\" onerror=\"this.style.display='none'\" loading=\"lazy\" \/>\n\t<\/figure>\n<figure itemscope itemtype=\"https:\/\/schema.org\/ImageObject\">\n\t\t\t\t<img decoding=\"async\" src=\"https:\/\/shrimataji.org\/test\/wp-content\/uploads\/2025\/05\/SK_3.png\" alt=\"SK_3\" height=\"763\" width=\"547\" title=\"SK_3\" onerror=\"this.style.display='none'\" loading=\"lazy\" \/>\n\t<\/figure>\n<figure itemscope itemtype=\"https:\/\/schema.org\/ImageObject\">\n\t\t\t\t<img decoding=\"async\" src=\"https:\/\/shrimataji.org\/test\/wp-content\/uploads\/2025\/05\/SK_4.png\" alt=\"SK_4\" height=\"753\" width=\"542\" title=\"SK_4\" onerror=\"this.style.display='none'\" loading=\"lazy\" \/>\n\t<\/figure>\n<figure itemscope itemtype=\"https:\/\/schema.org\/ImageObject\">\n\t\t\t\t<img decoding=\"async\" src=\"https:\/\/shrimataji.org\/test\/wp-content\/uploads\/2025\/05\/SK_5.png\" alt=\"SK_5\" height=\"758\" width=\"535\" title=\"SK_5\" onerror=\"this.style.display='none'\" loading=\"lazy\" \/>\n\t<\/figure>\n<figure itemscope itemtype=\"https:\/\/schema.org\/ImageObject\">\n\t\t\t\t<img decoding=\"async\" src=\"https:\/\/shrimataji.org\/test\/wp-content\/uploads\/2025\/05\/SK_6.png\" alt=\"SK_6\" height=\"717\" width=\"538\" title=\"SK_6\" onerror=\"this.style.display='none'\" loading=\"lazy\" \/>\n\t<\/figure>\n<figure itemscope itemtype=\"https:\/\/schema.org\/ImageObject\">\n\t\t\t\t<img decoding=\"async\" src=\"https:\/\/shrimataji.org\/test\/wp-content\/uploads\/2025\/05\/SK_7.png\" alt=\"SK_7\" height=\"724\" width=\"540\" title=\"SK_7\" onerror=\"this.style.display='none'\" loading=\"lazy\" \/>\n\t<\/figure>\n<figure itemscope itemtype=\"https:\/\/schema.org\/ImageObject\">\n\t\t\t\t<img decoding=\"async\" src=\"https:\/\/shrimataji.org\/test\/wp-content\/uploads\/2025\/05\/SK_8.png\" alt=\"SK_8\" height=\"754\" width=\"540\" title=\"SK_8\" onerror=\"this.style.display='none'\" loading=\"lazy\" \/>\n\t<\/figure>\n<figure itemscope itemtype=\"https:\/\/schema.org\/ImageObject\">\n\t\t\t\t<img decoding=\"async\" src=\"https:\/\/shrimataji.org\/test\/wp-content\/uploads\/2025\/05\/SK_9.png\" alt=\"SK_9\" height=\"754\" width=\"547\" title=\"SK_9\" onerror=\"this.style.display='none'\" loading=\"lazy\" \/>\n\t<\/figure>\n\t\t<img decoding=\"async\" data-spai-excluded=\"true\" loading=\"lazy\"  alt=\"YouTube player\"  src=\"https:\/\/i.ytimg.com\/vi\/16KZE6xkDYA\/maxresdefault.jpg\"  \/><button aria-label=\"Play\"><\/button><meta itemprop=\"embedUrl\" content=\"https:\/\/www.youtube.com\/embed\/16KZE6xkDYA\"\/><meta itemprop=\"name\" content=\"Shri Mataji gives Self Realization\"\/><meta itemprop=\"description\" content=\"YouTube video\"\/><meta itemprop=\"thumbnailUrl\" content=\"https:\/\/i.ytimg.com\/vi\/16KZE6xkDYA\/0.jpg\"\/><meta itemprop=\"duration\" content=\"PT9M43S\"\/><meta itemprop=\"uploadDate\" content=\"2022-11-12T03:23:50Z\"\/>\t\n\t<p>Teraz na konci vedenej medit\u00e1cie si v\u0161imnite, \u010di sa c\u00edtite uvo\u013enene a \u010di sa va\u0161e my\u0161lienky upokojili alebo postupne zmizli. Toto je prv\u00e9 \u0161t\u00e1dium medit\u00e1cie &#8211; bezmy\u0161lienkov\u00e9 vedomie. Je to stav \u010dist\u00e9ho a pokojn\u00e9ho uvedomovania si seba a svojho okolia.<\/p>\n<p>Teraz zistite, \u010di c\u00edtite jemn\u00fd chladiv\u00fd v\u00e1nok na dlaniach a nad hlavou &#8211; v oblasti fontanely. Spo\u010diatku m\u00f4\u017eete c\u00edti\u0165 teplo, \u010do je znakom toho, \u017ee va\u0161a energia <a href=\"https:\/\/shrimataji.org\/test\/sk\/kundaliny\/\" target=\"_blank\" rel=\"noopener\">Kundalini<\/a> \u010dist\u00ed v\u00e1\u0161 jemn\u00fd energetick\u00fd syst\u00e9m, ale nakoniec sa ochlad\u00ed. M\u00f4\u017eete si to overi\u0165 tak, \u017ee umiestnite prav\u00fa dla\u0148 nad vrchol hlavy, potom m\u00f4\u017eete sk\u00fasi\u0165 aj \u013eavou rukou.<\/p>\n<p>Ak sa v\u00e1m to nedar\u00ed c\u00edti\u0165, m\u00f4\u017ee to by\u0165 z viacer\u00fdch d\u00f4vodov. Jedn\u00fdm z najbe\u017enej\u0161\u00edch je, \u017ee nie sme schopn\u00ed odpusti\u0165. Pom\u00f4\u017ee v\u00e1m, ak nieko\u013ekokr\u00e1t zo srdca poviete: &#8220;Matka, odp\u00fa\u0161\u0165am v\u0161etk\u00fdm.&#8221; Znovu skontrolujete, \u010di c\u00edtite chladn\u00fd v\u00e1nok nad hlavou.<\/p>\n<p>Toto je za\u010diatok va\u0161ej duchovnej cesty do novej sf\u00e9ry ve\u010dnej existencie, ktor\u00fa teraz m\u00f4\u017eete presk\u00fama\u0165 v \u00faplnom pokoji a v harm\u00f3nii. Udr\u017eiavan\u00edm tohto nov\u00e9ho vedomia prostredn\u00edctvom pravidelnej medit\u00e1cie budete m\u00f4c\u0165 vn\u00edma\u0165 stav v\u00e1\u0161ho vlastn\u00e9ho subt\u00edlneho syst\u00e9mu, ako aj stav druh\u00fdch \u013eud\u00ed. Budete to vn\u00edma\u0165 na svojich prstoch a na dlaniach a budete m\u00f4c\u0165 korigova\u0165 svoj energetick\u00fd syst\u00e9m (aj syst\u00e9m druh\u00fdch) pomocou va\u0161ej vlastnej vrodenej duchovnej energii (Kundalini).<\/p>\n<p>Nasleduj\u00face sekcie v\u00e1m pom\u00f4\u017eu dozvedie\u0165 sa viac o <a href=\"https:\/\/shrimataji.org\/test\/sk\/meditacia-sahadza-jogy\/\" target=\"_blank\" rel=\"noopener\">medit\u00e1cii Sahad\u017ea jogy<\/a> a tie\u017e o tom, ako m\u00f4\u017eete bez n\u00e1mahy praktizova\u0165 t\u00fato jednoduch\u00fa medit\u00e1ciu v pohodl\u00ed v\u00e1\u0161ho domova.V sekcii o <a href=\"https:\/\/shrimataji.org\/test\/sk\/kolektivna-meditacia\/\" target=\"_blank\" rel=\"noopener\">kolekt\u00edvnej medit\u00e1cii<\/a> sa m\u00f4\u017eete obozn\u00e1mi\u0165 s aspektom skupinov\u00fdch medit\u00e1ci\u00ed pod\u013ea odpor\u00fa\u010dania \u0160ri Matad\u017ei a n\u00e1js\u0165 si medita\u010dn\u00e9 centrum kdeko\u013evek na svete.<\/p>\n\n","protected":false},"excerpt":{"rendered":"<p>Za\u017eite svoju Sebarealiz\u00e1ciu (prebudenie, stav osvietenia) Sta\u010d\u00ed va\u0161e \u010dist\u00e9 prianie \u0160ri Matad\u017ei je jedin\u00fdm duchovn\u00fdm u\u010dite\u013eom v hist\u00f3rii \u013eudstva, ktor\u00fd poskytol masov\u00fa Sebarealiz\u00e1ciu. Tis\u00edce \u013eud\u00ed mohli za\u017ei\u0165 tento stav na jej verejn\u00fdch programoch po celom svete. Mili\u00f3ny \u013eud\u00ed poc\u00edtilo v\u00fdhody tejto jedine\u010dnej sk\u00fasenosti, ktor\u00e1 sa stala zlomov\u00fdm bodom v ich \u017eivote. H\u013eada\u010di, ktor\u00ed sa z\u00fa\u010dast\u0148uj\u00fa&hellip; <br \/> <a class=\"read-more\" href=\"https:\/\/shrimataji.org\/test\/sk\/zazite-svoju-sebarealizaciu\/\">Read more<\/a><\/p>\n","protected":false},"author":28,"featured_media":9265,"parent":0,"menu_order":0,"comment_status":"closed","ping_status":"closed","template":"","meta":{"inline_featured_image":false,"footnotes":""},"class_list":["post-12380","page","type-page","status-publish","has-post-thumbnail","hentry"],"yoast_head":"<!-- This site is optimized with the Yoast SEO plugin v27.4 - https:\/\/yoast.com\/product\/yoast-seo-wordpress\/ -->\n<title>Za\u017eite svoju Sebarealiz\u00e1ciu - TEST - SMND<\/title>\n<meta name=\"robots\" content=\"noindex, follow, max-snippet:-1, max-image-preview:large, max-video-preview:-1\" \/>\n<meta property=\"og:locale\" content=\"en_US\" \/>\n<meta property=\"og:type\" content=\"article\" \/>\n<meta property=\"og:title\" content=\"Za\u017eite svoju Sebarealiz\u00e1ciu - TEST - SMND\" \/>\n<meta property=\"og:description\" content=\"Za\u017eite svoju Sebarealiz\u00e1ciu (prebudenie, stav osvietenia) Sta\u010d\u00ed va\u0161e \u010dist\u00e9 prianie \u0160ri Matad\u017ei je jedin\u00fdm duchovn\u00fdm u\u010dite\u013eom v hist\u00f3rii \u013eudstva, ktor\u00fd poskytol masov\u00fa Sebarealiz\u00e1ciu. Tis\u00edce \u013eud\u00ed mohli za\u017ei\u0165 tento stav na jej verejn\u00fdch programoch po celom svete. Mili\u00f3ny \u013eud\u00ed poc\u00edtilo v\u00fdhody tejto jedine\u010dnej sk\u00fasenosti, ktor\u00e1 sa stala zlomov\u00fdm bodom v ich \u017eivote. H\u013eada\u010di, ktor\u00ed sa z\u00fa\u010dast\u0148uj\u00fa&hellip; Read more\" \/>\n<meta property=\"og:url\" content=\"https:\/\/shrimataji.org\/test\/sk\/zazite-svoju-sebarealizaciu\/\" \/>\n<meta property=\"og:site_name\" content=\"TEST - SMND\" \/>\n<meta property=\"article:publisher\" content=\"https:\/\/www.facebook.com\/shrimataji\" \/>\n<meta property=\"article:modified_time\" content=\"2026-01-31T11:21:48+00:00\" \/>\n<meta property=\"og:image\" content=\"https:\/\/shrimataji.org\/test\/wp-content\/uploads\/2023\/03\/3_Banner-SY-Experience-2-scaled.jpg\" \/>\n\t<meta property=\"og:image:width\" content=\"2560\" \/>\n\t<meta property=\"og:image:height\" content=\"905\" \/>\n\t<meta property=\"og:image:type\" content=\"image\/jpeg\" \/>\n<meta name=\"twitter:card\" content=\"summary_large_image\" \/>\n<meta name=\"twitter:site\" content=\"@shrimataji\" \/>\n<meta name=\"twitter:label1\" content=\"Est. reading time\" \/>\n\t<meta name=\"twitter:data1\" content=\"5 minutes\" \/>\n<script type=\"application\/ld+json\" class=\"yoast-schema-graph\">{\"@context\":\"https:\\\/\\\/schema.org\",\"@graph\":[{\"@type\":\"WebPage\",\"@id\":\"https:\\\/\\\/shrimataji.org\\\/test\\\/sk\\\/zazite-svoju-sebarealizaciu\\\/\",\"url\":\"https:\\\/\\\/shrimataji.org\\\/test\\\/sk\\\/zazite-svoju-sebarealizaciu\\\/\",\"name\":\"Za\u017eite svoju Sebarealiz\u00e1ciu - TEST - SMND\",\"isPartOf\":{\"@id\":\"https:\\\/\\\/shrimataji.org\\\/test\\\/#website\"},\"primaryImageOfPage\":{\"@id\":\"https:\\\/\\\/shrimataji.org\\\/test\\\/sk\\\/zazite-svoju-sebarealizaciu\\\/#primaryimage\"},\"image\":{\"@id\":\"https:\\\/\\\/shrimataji.org\\\/test\\\/sk\\\/zazite-svoju-sebarealizaciu\\\/#primaryimage\"},\"thumbnailUrl\":\"https:\\\/\\\/shrimataji.org\\\/test\\\/wp-content\\\/uploads\\\/2023\\\/03\\\/3_Banner-SY-Experience-2-scaled.jpg\",\"datePublished\":\"2022-01-23T02:49:35+00:00\",\"dateModified\":\"2026-01-31T11:21:48+00:00\",\"breadcrumb\":{\"@id\":\"https:\\\/\\\/shrimataji.org\\\/test\\\/sk\\\/zazite-svoju-sebarealizaciu\\\/#breadcrumb\"},\"inLanguage\":\"en-US\",\"potentialAction\":[{\"@type\":\"ReadAction\",\"target\":[\"https:\\\/\\\/shrimataji.org\\\/test\\\/sk\\\/zazite-svoju-sebarealizaciu\\\/\"]}]},{\"@type\":\"ImageObject\",\"inLanguage\":\"en-US\",\"@id\":\"https:\\\/\\\/shrimataji.org\\\/test\\\/sk\\\/zazite-svoju-sebarealizaciu\\\/#primaryimage\",\"url\":\"https:\\\/\\\/shrimataji.org\\\/test\\\/wp-content\\\/uploads\\\/2023\\\/03\\\/3_Banner-SY-Experience-2-scaled.jpg\",\"contentUrl\":\"https:\\\/\\\/shrimataji.org\\\/test\\\/wp-content\\\/uploads\\\/2023\\\/03\\\/3_Banner-SY-Experience-2-scaled.jpg\",\"width\":2560,\"height\":905},{\"@type\":\"BreadcrumbList\",\"@id\":\"https:\\\/\\\/shrimataji.org\\\/test\\\/sk\\\/zazite-svoju-sebarealizaciu\\\/#breadcrumb\",\"itemListElement\":[{\"@type\":\"ListItem\",\"position\":1,\"name\":\"Home\",\"item\":\"https:\\\/\\\/shrimataji.org\\\/test\\\/uk\\\/home-en\\\/\"},{\"@type\":\"ListItem\",\"position\":2,\"name\":\"Za\u017eite svoju Sebarealiz\u00e1ciu\"}]},{\"@type\":\"WebSite\",\"@id\":\"https:\\\/\\\/shrimataji.org\\\/test\\\/#website\",\"url\":\"https:\\\/\\\/shrimataji.org\\\/test\\\/\",\"name\":\"Shri Mataji Nirmala Devi\",\"description\":\"A Life Dedicated to Humanity\",\"publisher\":{\"@id\":\"https:\\\/\\\/shrimataji.org\\\/test\\\/#\\\/schema\\\/person\\\/a1b3419c6585f164aa96da1ff85715d1\"},\"potentialAction\":[{\"@type\":\"SearchAction\",\"target\":{\"@type\":\"EntryPoint\",\"urlTemplate\":\"https:\\\/\\\/shrimataji.org\\\/test\\\/?s={search_term_string}\"},\"query-input\":{\"@type\":\"PropertyValueSpecification\",\"valueRequired\":true,\"valueName\":\"search_term_string\"}}],\"inLanguage\":\"en-US\"},{\"@type\":[\"Person\",\"Organization\"],\"@id\":\"https:\\\/\\\/shrimataji.org\\\/test\\\/#\\\/schema\\\/person\\\/a1b3419c6585f164aa96da1ff85715d1\",\"name\":\"Nirmala Shrivastava\",\"image\":{\"@type\":\"ImageObject\",\"inLanguage\":\"en-US\",\"@id\":\"https:\\\/\\\/shrimataji.org\\\/test\\\/wp-content\\\/uploads\\\/2023\\\/02\\\/SMO_LOGO-03.svg\",\"url\":\"https:\\\/\\\/shrimataji.org\\\/test\\\/wp-content\\\/uploads\\\/2023\\\/02\\\/SMO_LOGO-03.svg\",\"contentUrl\":\"https:\\\/\\\/shrimataji.org\\\/test\\\/wp-content\\\/uploads\\\/2023\\\/02\\\/SMO_LOGO-03.svg\",\"width\":\"1024\",\"height\":\"1024\",\"caption\":\"Nirmala Shrivastava\"},\"logo\":{\"@id\":\"https:\\\/\\\/shrimataji.org\\\/test\\\/wp-content\\\/uploads\\\/2023\\\/02\\\/SMO_LOGO-03.svg\"},\"sameAs\":[\"https:\\\/\\\/shrimataji.org\\\/test\",\"https:\\\/\\\/www.facebook.com\\\/shrimataji\",\"https:\\\/\\\/x.com\\\/shrimataji\",\"https:\\\/\\\/www.youtube.com\\\/@Shri_Mataji_Nirmala_Devi\\\/featured\"]}]}<\/script>\n<!-- \/ Yoast SEO plugin. -->","yoast_head_json":{"title":"Za\u017eite svoju Sebarealiz\u00e1ciu - TEST - SMND","robots":{"index":"noindex","follow":"follow","max-snippet":"max-snippet:-1","max-image-preview":"max-image-preview:large","max-video-preview":"max-video-preview:-1"},"og_locale":"en_US","og_type":"article","og_title":"Za\u017eite svoju Sebarealiz\u00e1ciu - TEST - SMND","og_description":"Za\u017eite svoju Sebarealiz\u00e1ciu (prebudenie, stav osvietenia) Sta\u010d\u00ed va\u0161e \u010dist\u00e9 prianie \u0160ri Matad\u017ei je jedin\u00fdm duchovn\u00fdm u\u010dite\u013eom v hist\u00f3rii \u013eudstva, ktor\u00fd poskytol masov\u00fa Sebarealiz\u00e1ciu. Tis\u00edce \u013eud\u00ed mohli za\u017ei\u0165 tento stav na jej verejn\u00fdch programoch po celom svete. Mili\u00f3ny \u013eud\u00ed poc\u00edtilo v\u00fdhody tejto jedine\u010dnej sk\u00fasenosti, ktor\u00e1 sa stala zlomov\u00fdm bodom v ich \u017eivote. H\u013eada\u010di, ktor\u00ed sa z\u00fa\u010dast\u0148uj\u00fa&hellip; Read more","og_url":"https:\/\/shrimataji.org\/test\/sk\/zazite-svoju-sebarealizaciu\/","og_site_name":"TEST - SMND","article_publisher":"https:\/\/www.facebook.com\/shrimataji","article_modified_time":"2026-01-31T11:21:48+00:00","og_image":[{"width":2560,"height":905,"url":"https:\/\/shrimataji.org\/test\/wp-content\/uploads\/2023\/03\/3_Banner-SY-Experience-2-scaled.jpg","type":"image\/jpeg"}],"twitter_card":"summary_large_image","twitter_site":"@shrimataji","twitter_misc":{"Est. reading time":"5 minutes"},"schema":{"@context":"https:\/\/schema.org","@graph":[{"@type":"WebPage","@id":"https:\/\/shrimataji.org\/test\/sk\/zazite-svoju-sebarealizaciu\/","url":"https:\/\/shrimataji.org\/test\/sk\/zazite-svoju-sebarealizaciu\/","name":"Za\u017eite svoju Sebarealiz\u00e1ciu - TEST - SMND","isPartOf":{"@id":"https:\/\/shrimataji.org\/test\/#website"},"primaryImageOfPage":{"@id":"https:\/\/shrimataji.org\/test\/sk\/zazite-svoju-sebarealizaciu\/#primaryimage"},"image":{"@id":"https:\/\/shrimataji.org\/test\/sk\/zazite-svoju-sebarealizaciu\/#primaryimage"},"thumbnailUrl":"https:\/\/shrimataji.org\/test\/wp-content\/uploads\/2023\/03\/3_Banner-SY-Experience-2-scaled.jpg","datePublished":"2022-01-23T02:49:35+00:00","dateModified":"2026-01-31T11:21:48+00:00","breadcrumb":{"@id":"https:\/\/shrimataji.org\/test\/sk\/zazite-svoju-sebarealizaciu\/#breadcrumb"},"inLanguage":"en-US","potentialAction":[{"@type":"ReadAction","target":["https:\/\/shrimataji.org\/test\/sk\/zazite-svoju-sebarealizaciu\/"]}]},{"@type":"ImageObject","inLanguage":"en-US","@id":"https:\/\/shrimataji.org\/test\/sk\/zazite-svoju-sebarealizaciu\/#primaryimage","url":"https:\/\/shrimataji.org\/test\/wp-content\/uploads\/2023\/03\/3_Banner-SY-Experience-2-scaled.jpg","contentUrl":"https:\/\/shrimataji.org\/test\/wp-content\/uploads\/2023\/03\/3_Banner-SY-Experience-2-scaled.jpg","width":2560,"height":905},{"@type":"BreadcrumbList","@id":"https:\/\/shrimataji.org\/test\/sk\/zazite-svoju-sebarealizaciu\/#breadcrumb","itemListElement":[{"@type":"ListItem","position":1,"name":"Home","item":"https:\/\/shrimataji.org\/test\/uk\/home-en\/"},{"@type":"ListItem","position":2,"name":"Za\u017eite svoju Sebarealiz\u00e1ciu"}]},{"@type":"WebSite","@id":"https:\/\/shrimataji.org\/test\/#website","url":"https:\/\/shrimataji.org\/test\/","name":"Shri Mataji Nirmala Devi","description":"A Life Dedicated to Humanity","publisher":{"@id":"https:\/\/shrimataji.org\/test\/#\/schema\/person\/a1b3419c6585f164aa96da1ff85715d1"},"potentialAction":[{"@type":"SearchAction","target":{"@type":"EntryPoint","urlTemplate":"https:\/\/shrimataji.org\/test\/?s={search_term_string}"},"query-input":{"@type":"PropertyValueSpecification","valueRequired":true,"valueName":"search_term_string"}}],"inLanguage":"en-US"},{"@type":["Person","Organization"],"@id":"https:\/\/shrimataji.org\/test\/#\/schema\/person\/a1b3419c6585f164aa96da1ff85715d1","name":"Nirmala Shrivastava","image":{"@type":"ImageObject","inLanguage":"en-US","@id":"https:\/\/shrimataji.org\/test\/wp-content\/uploads\/2023\/02\/SMO_LOGO-03.svg","url":"https:\/\/shrimataji.org\/test\/wp-content\/uploads\/2023\/02\/SMO_LOGO-03.svg","contentUrl":"https:\/\/shrimataji.org\/test\/wp-content\/uploads\/2023\/02\/SMO_LOGO-03.svg","width":"1024","height":"1024","caption":"Nirmala Shrivastava"},"logo":{"@id":"https:\/\/shrimataji.org\/test\/wp-content\/uploads\/2023\/02\/SMO_LOGO-03.svg"},"sameAs":["https:\/\/shrimataji.org\/test","https:\/\/www.facebook.com\/shrimataji","https:\/\/x.com\/shrimataji","https:\/\/www.youtube.com\/@Shri_Mataji_Nirmala_Devi\/featured"]}]}},"lang":"sk","translations":{"sk":12380,"ur":37424,"en":7043,"pa":25836,"gu":25439,"th":19936,"hu":19470,"sq":18396,"zh":17293,"hi":8277,"tr":10155,"pt":10368,"de":10642,"fr":10740,"it":10838,"es":10935,"ja":11232,"ru":11420,"bn":11612,"te":11720,"sw":11843,"he":11991,"el":12282,"fa":12478,"fi":12576,"bg":13413,"ro":14487,"cs":14680,"nl":16556,"ku":16716,"ar":16892,"be":18603,"kn":18877,"mr":20300,"uk":20592,"ml":20891,"ta":22711,"sv":22984,"bs":27284,"fil":29430,"sd":30998,"da":37738,"pl":37955,"nn":38290},"pll_sync_post":[],"_links":{"self":[{"href":"https:\/\/shrimataji.org\/test\/wp-json\/wp\/v2\/pages\/12380","targetHints":{"allow":["GET"]}}],"collection":[{"href":"https:\/\/shrimataji.org\/test\/wp-json\/wp\/v2\/pages"}],"about":[{"href":"https:\/\/shrimataji.org\/test\/wp-json\/wp\/v2\/types\/page"}],"author":[{"embeddable":true,"href":"https:\/\/shrimataji.org\/test\/wp-json\/wp\/v2\/users\/28"}],"replies":[{"embeddable":true,"href":"https:\/\/shrimataji.org\/test\/wp-json\/wp\/v2\/comments?post=12380"}],"version-history":[{"count":0,"href":"https:\/\/shrimataji.org\/test\/wp-json\/wp\/v2\/pages\/12380\/revisions"}],"wp:featuredmedia":[{"embeddable":true,"href":"https:\/\/shrimataji.org\/test\/wp-json\/wp\/v2\/media\/9265"}],"wp:attachment":[{"href":"https:\/\/shrimataji.org\/test\/wp-json\/wp\/v2\/media?parent=12380"}],"curies":[{"name":"wp","href":"https:\/\/api.w.org\/{rel}","templated":true}]}}