{"id":12388,"date":"2018-07-10T06:54:50","date_gmt":"2018-07-10T06:54:50","guid":{"rendered":"http:\/\/testwordpress.nirmalnagari.org\/smnd\/index.php\/glossary\/"},"modified":"2026-01-31T18:06:28","modified_gmt":"2026-01-31T18:06:28","slug":"slovnicek","status":"publish","type":"page","link":"https:\/\/shrimataji.org\/test\/sk\/slovnicek\/","title":{"rendered":"Slovn\u00ed\u010dek"},"content":{"rendered":"\n\n\t<h1>Glossary<\/h1>\n\t<p><a href=\"#Dharma\">Dharma<\/a><\/p>\n<p><a href=\"#Kundalini\">Kundalini<\/a><\/p>\n<p><a href=\"#SahajaYoga\"> Sahaja Yoga<\/a><\/p>\n<p><a href=\"#SahajaYogaMeditation\">Sahaja Yoga Meditation<\/a><\/p>\n<p><a href=\"#Sahasrara\">Sahasrara<\/a><\/p>\n<p><a href=\"#Self\">Self<\/a><\/p>\n<p><a href=\"#Self-Realization\"> Self-Realization<\/a><\/p>\n<p><a href=\"#Spirit\">Spirit<\/a><\/p>\n<p><a href=\"#SubtleSystem\"> Subtle System<\/a><\/p>\n<p><a href=\"#ThoughtlessAwareness\"> Thoughtless Awareness<\/a><\/p>\n<p><a href=\"#Vibrations\">Vibrations<\/a><\/p>\n<p><a href=\"#Yoga\">Yoga<\/a><\/p>\n\t<p><strong>Dharma<\/strong><\/p>\n<p>K\u00f3dex spr\u00e1vneho spr\u00e1vania a spravodlivosti, ktor\u00fd n\u00e1m pom\u00e1ha udr\u017eova\u0165 na\u0161u evol\u00faciu v rovnov\u00e1he.<\/p>\n<p><a name=\"Kundalini\"><\/a><\/p>\n<p><strong>Kundaliny<\/strong><\/p>\n<p>Latentn\u00e1 energia, ktor\u00e1 le\u017e\u00ed sto\u010den\u00e1 v spodnej \u010dasti chrbtice a po prebuden\u00ed t\u00e1to l\u00e1skav\u00e1, vy\u017eivuj\u00faca sila st\u00fapa smerom nahor cez nervov\u00e9 pletence tela a vych\u00e1dza von z fontanelovej oblasti na hlave. M\u00f4\u017eeme t\u00fato energiu c\u00edti\u0165 na dlaniach a nad hlavou ako chladn\u00fd v\u00e1nok.<\/p>\n<p><a name=\"SahajaYoga\"><\/a><\/p>\n<p><strong>Sahad\u017ea joga<\/strong><\/p>\n<p>Sahad\u017ea &#8211; znamen\u00e1 &#8220;vroden\u00fd&#8221; pri\u010dom saha &#8211; je &#8220;s&#8221; a d\u017ea &#8211; je &#8220;naroden\u00fd, vroden\u00fd&#8221;- \u0160ri Matad\u017ei objasnila : &#8220;Sahad\u017ea tie\u017e znamen\u00e1 spont\u00e1nny, preto\u017ee ide o \u017eiv\u00fa silu, ktor\u00e1 v\u0161etko rob\u00ed. Je aj v n\u00e1s &#8211; \u017eiv\u00e1 sila, ktor\u00e1 z n\u00e1s vytvorila \u013eudsk\u00e9 bytosti od \u0161t\u00e1dia am\u00e9by. Je tu e\u0161te zbytkov\u00e1 sila, ktor\u00e1 n\u00e1s mus\u00ed spoji\u0165 s Bohom. Toto je skuto\u010dn\u00fd v\u00fdznam slova joga a ka\u017ed\u00e1 \u013eudsk\u00e1 bytos\u0165 m\u00e1 pr\u00e1vo z\u00edska\u0165 s touto v\u0161etko-prenikaj\u00facou silou spojenie. Tak\u017ee toto je posledn\u00fd prelom v na\u0161ej evol\u00facii.&#8221;<\/p>\n<p><a name=\"SahajaYogaMeditation\"><\/a><\/p>\n<p><strong>Medit\u00e1cia Sahad\u017ea jogy<\/strong><\/p>\n<p>Ide o techniku, ktor\u00e1 umo\u017e\u0148uje za\u017ei\u0165 Sebarealiz\u00e1ciu (prebudenie Kundaliny). Prostredn\u00edctvom medit\u00e1cie Sahad\u017ea jogy sa \u010dlovek m\u00f4\u017ee spoji\u0165 so svoj\u00edm prav\u00fdm Ja, taktie\u017e dosiahnu\u0165 stav bezmy\u0161lienkov\u00e9ho vedomia- v oboch pr\u00edpadoch ide o aktualiz\u00e1ciu jogy, alebo stav zjednotenia. Pravideln\u00fdm praktizovan\u00edm je mo\u017en\u00e9 nastoli\u0165 stav bezmy\u0161lienkov\u00e9ho vedomia a dosiahnu\u0165 duchovn\u00fd rast.<\/p>\n<p><a name=\"Sahasrara\"><\/a><\/p>\n<p><strong>Sahasr\u00e1ra<\/strong><\/p>\n<p>Siedme energetick\u00e9 centrum umiestnen\u00e9 vo fontanelovej oblasti na hlave, kadia\u013e prech\u00e1dza Kundaliny a navodzuje stav bezmy\u0161lienkov\u00e9ho vedomia.<\/p>\n<p><a name=\"Self\"><\/a><\/p>\n<p><strong>Ja<\/strong><\/p>\n<p>Pod\u013ea duchovnej trad\u00edcie v ka\u017edom \u010dloveku preb\u00fdva sila, ktor\u00e1 n\u00e1m d\u00e1va Sebarealiz\u00e1ciu, na\u0161e prav\u00e9 Ja. \u0160ri Matad\u017ei vysvet\u013euje ak\u00e1 je pravda- nie sme toto telo, nie sme t\u00e1to myse\u013e, nie sme toto ego ani podmienenosti. Prav\u00e9 Ja je \u010dist\u00e1 du\u0161a v ka\u017edom z n\u00e1s. Toto Ja \u017eiari, d\u00e1va n\u00e1m sl\u00e1vu, v\u0161etky po\u017eehnania \u010distej l\u00e1sky, pocit bezpe\u010dia pomoc, ktor\u00fa si zasl\u00fa\u017ei ka\u017ed\u00fd \u010dlovek.<\/p>\n<p><a name=\"Self-Realization\"><\/a><\/p>\n<p><strong>Sebarealiz\u00e1cia<\/strong><\/p>\n<p>Skuto\u010dn\u00e9 spojenie individu\u00e1lneho vedomia so svojou \u010distou podstatou a s bo\u017esk\u00fdm. Nie je to kone\u010dn\u00fd bod v duchovnej evol\u00facii, ale sk\u00f4r skuto\u010dn\u00fd za\u010diatok. Sebarealiz\u00e1cia otv\u00e1ra cestu rozvoja t\u00fdm, \u017ee odstr\u00e1ni v\u0161etky falo\u0161n\u00e9 stoto\u017enenia, aby mohla Kundaliny vo\u013ene pr\u00fadi\u0165. Umo\u017e\u0148uje n\u00e1m prav\u00e9 spojenie s bo\u017eou silou, \u010d\u00edm preb\u00fadza v\u0161etky vroden\u00e9 sily a pom\u00e1ha jednotlivcovi napravi\u0165 seba.<\/p>\n<p><a name=\"Spirit\"><\/a><\/p>\n<p><strong>Du\u0161a<\/strong><\/p>\n<p>Odraz Boha vo vn\u00fatri ka\u017ed\u00e9ho, \u010dist\u00e9, prav\u00e9 Ja. Po Sebarealiz\u00e1cii m\u00f4\u017eeme svoju Du\u0161u vn\u00edma\u0165 a c\u00edti\u0165 na\u0161ou pozornos\u0165ou.<\/p>\n<p><a name=\"SubtleSystem\"><\/a><\/p>\n<p><strong>Subt\u00edlny, jemn\u00fd system<\/strong><\/p>\n<p>Subt\u00edlny syst\u00e9m je syst\u00e9mom energetick\u00fdch centier a kan\u00e1lov, cez ktor\u00e9 pr\u00fadi na\u0161a vn\u00fatorn\u00e1 energia. Medit\u00e1cia Sahad\u017ea jogy v\u00e1m pom\u00f4\u017ee nau\u010di\u0165 sa c\u00edti\u0165, vn\u00edma\u0165 a ch\u00e1pa\u0165 a potom aj pou\u017e\u00edva\u0165 tento jemn\u00fd syst\u00e9m na zlep\u0161enie zdravia, rovnov\u00e1hy a celkov\u00e9ho prospechu. Tento proces sa sp\u00fa\u0161\u0165a prebuden\u00edm vn\u00fatornej energie, naz\u00fdvanej Kundaliny.<\/p>\n<p><a name=\"ThoughtlessAwareness\"><\/a><\/p>\n<p><strong>Bezmy\u0161lienkov\u00e9 vedomie<\/strong><\/p>\n<p>Stav vy\u0161\u0161ieho vedomia, kedy je myse\u013e uvo\u013enen\u00e1, no bdel\u00e1. Ne\u017eiad\u00faca ment\u00e1lna aktivita ustane, \u010do n\u00e1m umo\u017e\u0148uje s\u00fastredi\u0165 sa na pr\u00edtomn\u00fd okamih. Stres a \u00fanava zvy\u010dajne pramen\u00ed z prem\u00fd\u0161\u013eania o minulosti, alebo bud\u00facnosti. Ke\u010f sa my\u0161lienky ut\u00ed\u0161ia, sp\u00fa\u0161\u0165a sa prirodzen\u00e1 lie\u010div\u00e1 sila nervov\u00e9ho syst\u00e9mu \u010dloveka, ktor\u00e1 obnovuje na\u0161u enenrgiu, rovnov\u00e1hu a zdravie.<\/p>\n<p><a name=\"Vibrations\"><\/a><\/p>\n<p><strong>Vibr\u00e1cie<\/strong><\/p>\n<p>V\u0161etky \u017eiv\u00e9 bytoti s\u00fa kombin\u00e1ciou \u010dast\u00edc a v\u013an, ktor\u00e9 vy\u017earuj\u00fa ur\u010dit\u00e9 vibr\u00e1cie, \u010di u\u017e pozit\u00edvne, alebo negat\u00edvne. Pozit\u00edvne vibr\u00e1cie s\u00fa blahod\u00e1rne a vy\u017eivuj\u00face. Po Sebarealiz\u00e1cii m\u00f4\u017eeme c\u00edti\u0165 na centr\u00e1lnom nervovom syst\u00e9me pozit\u00edvne vibr\u00e1cie ako chladn\u00fd v\u00e1nok na dlaniach a nad oblas\u0165ou fontanely. &#8220;Vibr\u00e1cie nie s\u00fa ni\u010d in\u00e9 ako Bo\u017eia l\u00e1ska.&#8221; Hovor\u00ed \u0160ri Matad\u017ei.<\/p>\n<p><a name=\"Yoga\"><\/a><\/p>\n<p><strong>Joga<\/strong><\/p>\n<p>Napriek be\u017en\u00e9mu n\u00e1zoru, \u017ee joga znamen\u00e1 syst\u00e9m cvi\u010den\u00ed a poz\u00edci\u00ed, skuto\u010dn\u00fd v\u00fdznam tohto slova je &#8220;spoji\u0165 sa, zjednoti\u0165 sa.&#8221; D\u00e1vny odkaz na jogu mo\u017eno n\u00e1js\u0165 v Patand\u017ealiho jogov\u00fdch s\u00fatr\u00e1ch, v kompil\u00e1cii aforizmov z 2. storo\u010dia pred Kristom v Indii.<\/p>\n\n","protected":false},"excerpt":{"rendered":"<p>Glossary Dharma Kundalini Sahaja Yoga Sahaja Yoga Meditation Sahasrara Self Self-Realization Spirit Subtle System Thoughtless Awareness Vibrations Yoga Dharma K\u00f3dex spr\u00e1vneho spr\u00e1vania a spravodlivosti, ktor\u00fd n\u00e1m pom\u00e1ha udr\u017eova\u0165 na\u0161u evol\u00faciu v rovnov\u00e1he. Kundaliny Latentn\u00e1 energia, ktor\u00e1 le\u017e\u00ed sto\u010den\u00e1 v spodnej \u010dasti chrbtice a po prebuden\u00ed t\u00e1to l\u00e1skav\u00e1, vy\u017eivuj\u00faca sila st\u00fapa smerom nahor cez nervov\u00e9 pletence&hellip; <br \/> <a class=\"read-more\" href=\"https:\/\/shrimataji.org\/test\/sk\/slovnicek\/\">Read more<\/a><\/p>\n","protected":false},"author":28,"featured_media":9552,"parent":0,"menu_order":0,"comment_status":"closed","ping_status":"closed","template":"","meta":{"inline_featured_image":false,"footnotes":""},"class_list":["post-12388","page","type-page","status-publish","has-post-thumbnail","hentry"],"yoast_head":"<!-- This site is optimized with the Yoast SEO plugin v27.4 - https:\/\/yoast.com\/product\/yoast-seo-wordpress\/ -->\n<title>Slovn\u00ed\u010dek - TEST - SMND<\/title>\n<meta name=\"robots\" content=\"noindex, follow, max-snippet:-1, max-image-preview:large, max-video-preview:-1\" \/>\n<meta property=\"og:locale\" content=\"en_US\" \/>\n<meta property=\"og:type\" content=\"article\" \/>\n<meta property=\"og:title\" content=\"Slovn\u00ed\u010dek - TEST - SMND\" \/>\n<meta property=\"og:description\" content=\"Glossary Dharma Kundalini Sahaja Yoga Sahaja Yoga Meditation Sahasrara Self Self-Realization Spirit Subtle System Thoughtless Awareness Vibrations Yoga Dharma K\u00f3dex spr\u00e1vneho spr\u00e1vania a spravodlivosti, ktor\u00fd n\u00e1m pom\u00e1ha udr\u017eova\u0165 na\u0161u evol\u00faciu v rovnov\u00e1he. Kundaliny Latentn\u00e1 energia, ktor\u00e1 le\u017e\u00ed sto\u010den\u00e1 v spodnej \u010dasti chrbtice a po prebuden\u00ed t\u00e1to l\u00e1skav\u00e1, vy\u017eivuj\u00faca sila st\u00fapa smerom nahor cez nervov\u00e9 pletence&hellip; Read more\" \/>\n<meta property=\"og:url\" content=\"https:\/\/shrimataji.org\/test\/sk\/slovnicek\/\" \/>\n<meta property=\"og:site_name\" content=\"TEST - SMND\" \/>\n<meta property=\"article:publisher\" content=\"https:\/\/www.facebook.com\/shrimataji\" \/>\n<meta property=\"article:modified_time\" content=\"2026-01-31T18:06:28+00:00\" \/>\n<meta property=\"og:image\" content=\"https:\/\/shrimataji.org\/test\/wp-content\/uploads\/2023\/03\/Banner-Footer-Castle-1-scaled.jpg\" \/>\n\t<meta property=\"og:image:width\" content=\"2560\" \/>\n\t<meta property=\"og:image:height\" content=\"905\" \/>\n\t<meta property=\"og:image:type\" content=\"image\/jpeg\" \/>\n<meta name=\"twitter:card\" content=\"summary_large_image\" \/>\n<meta name=\"twitter:site\" content=\"@shrimataji\" \/>\n<script type=\"application\/ld+json\" class=\"yoast-schema-graph\">{\"@context\":\"https:\\\/\\\/schema.org\",\"@graph\":[{\"@type\":\"WebPage\",\"@id\":\"https:\\\/\\\/shrimataji.org\\\/test\\\/sk\\\/slovnicek\\\/\",\"url\":\"https:\\\/\\\/shrimataji.org\\\/test\\\/sk\\\/slovnicek\\\/\",\"name\":\"Slovn\u00ed\u010dek - TEST - SMND\",\"isPartOf\":{\"@id\":\"https:\\\/\\\/shrimataji.org\\\/test\\\/#website\"},\"primaryImageOfPage\":{\"@id\":\"https:\\\/\\\/shrimataji.org\\\/test\\\/sk\\\/slovnicek\\\/#primaryimage\"},\"image\":{\"@id\":\"https:\\\/\\\/shrimataji.org\\\/test\\\/sk\\\/slovnicek\\\/#primaryimage\"},\"thumbnailUrl\":\"https:\\\/\\\/shrimataji.org\\\/test\\\/wp-content\\\/uploads\\\/2023\\\/03\\\/Banner-Footer-Castle-1-scaled.jpg\",\"datePublished\":\"2018-07-10T06:54:50+00:00\",\"dateModified\":\"2026-01-31T18:06:28+00:00\",\"breadcrumb\":{\"@id\":\"https:\\\/\\\/shrimataji.org\\\/test\\\/sk\\\/slovnicek\\\/#breadcrumb\"},\"inLanguage\":\"en-US\",\"potentialAction\":[{\"@type\":\"ReadAction\",\"target\":[\"https:\\\/\\\/shrimataji.org\\\/test\\\/sk\\\/slovnicek\\\/\"]}]},{\"@type\":\"ImageObject\",\"inLanguage\":\"en-US\",\"@id\":\"https:\\\/\\\/shrimataji.org\\\/test\\\/sk\\\/slovnicek\\\/#primaryimage\",\"url\":\"https:\\\/\\\/shrimataji.org\\\/test\\\/wp-content\\\/uploads\\\/2023\\\/03\\\/Banner-Footer-Castle-1-scaled.jpg\",\"contentUrl\":\"https:\\\/\\\/shrimataji.org\\\/test\\\/wp-content\\\/uploads\\\/2023\\\/03\\\/Banner-Footer-Castle-1-scaled.jpg\",\"width\":2560,\"height\":905},{\"@type\":\"BreadcrumbList\",\"@id\":\"https:\\\/\\\/shrimataji.org\\\/test\\\/sk\\\/slovnicek\\\/#breadcrumb\",\"itemListElement\":[{\"@type\":\"ListItem\",\"position\":1,\"name\":\"Home\",\"item\":\"https:\\\/\\\/shrimataji.org\\\/test\\\/uk\\\/home-en\\\/\"},{\"@type\":\"ListItem\",\"position\":2,\"name\":\"Slovn\u00ed\u010dek\"}]},{\"@type\":\"WebSite\",\"@id\":\"https:\\\/\\\/shrimataji.org\\\/test\\\/#website\",\"url\":\"https:\\\/\\\/shrimataji.org\\\/test\\\/\",\"name\":\"Shri Mataji Nirmala Devi\",\"description\":\"A Life Dedicated to Humanity\",\"publisher\":{\"@id\":\"https:\\\/\\\/shrimataji.org\\\/test\\\/#\\\/schema\\\/person\\\/a1b3419c6585f164aa96da1ff85715d1\"},\"potentialAction\":[{\"@type\":\"SearchAction\",\"target\":{\"@type\":\"EntryPoint\",\"urlTemplate\":\"https:\\\/\\\/shrimataji.org\\\/test\\\/?s={search_term_string}\"},\"query-input\":{\"@type\":\"PropertyValueSpecification\",\"valueRequired\":true,\"valueName\":\"search_term_string\"}}],\"inLanguage\":\"en-US\"},{\"@type\":[\"Person\",\"Organization\"],\"@id\":\"https:\\\/\\\/shrimataji.org\\\/test\\\/#\\\/schema\\\/person\\\/a1b3419c6585f164aa96da1ff85715d1\",\"name\":\"Nirmala Shrivastava\",\"image\":{\"@type\":\"ImageObject\",\"inLanguage\":\"en-US\",\"@id\":\"https:\\\/\\\/shrimataji.org\\\/test\\\/wp-content\\\/uploads\\\/2023\\\/02\\\/SMO_LOGO-03.svg\",\"url\":\"https:\\\/\\\/shrimataji.org\\\/test\\\/wp-content\\\/uploads\\\/2023\\\/02\\\/SMO_LOGO-03.svg\",\"contentUrl\":\"https:\\\/\\\/shrimataji.org\\\/test\\\/wp-content\\\/uploads\\\/2023\\\/02\\\/SMO_LOGO-03.svg\",\"width\":\"1024\",\"height\":\"1024\",\"caption\":\"Nirmala Shrivastava\"},\"logo\":{\"@id\":\"https:\\\/\\\/shrimataji.org\\\/test\\\/wp-content\\\/uploads\\\/2023\\\/02\\\/SMO_LOGO-03.svg\"},\"sameAs\":[\"https:\\\/\\\/shrimataji.org\\\/test\",\"https:\\\/\\\/www.facebook.com\\\/shrimataji\",\"https:\\\/\\\/x.com\\\/shrimataji\",\"https:\\\/\\\/www.youtube.com\\\/@Shri_Mataji_Nirmala_Devi\\\/featured\"]}]}<\/script>\n<!-- \/ Yoast SEO plugin. -->","yoast_head_json":{"title":"Slovn\u00ed\u010dek - TEST - SMND","robots":{"index":"noindex","follow":"follow","max-snippet":"max-snippet:-1","max-image-preview":"max-image-preview:large","max-video-preview":"max-video-preview:-1"},"og_locale":"en_US","og_type":"article","og_title":"Slovn\u00ed\u010dek - TEST - SMND","og_description":"Glossary Dharma Kundalini Sahaja Yoga Sahaja Yoga Meditation Sahasrara Self Self-Realization Spirit Subtle System Thoughtless Awareness Vibrations Yoga Dharma K\u00f3dex spr\u00e1vneho spr\u00e1vania a spravodlivosti, ktor\u00fd n\u00e1m pom\u00e1ha udr\u017eova\u0165 na\u0161u evol\u00faciu v rovnov\u00e1he. Kundaliny Latentn\u00e1 energia, ktor\u00e1 le\u017e\u00ed sto\u010den\u00e1 v spodnej \u010dasti chrbtice a po prebuden\u00ed t\u00e1to l\u00e1skav\u00e1, vy\u017eivuj\u00faca sila st\u00fapa smerom nahor cez nervov\u00e9 pletence&hellip; Read more","og_url":"https:\/\/shrimataji.org\/test\/sk\/slovnicek\/","og_site_name":"TEST - SMND","article_publisher":"https:\/\/www.facebook.com\/shrimataji","article_modified_time":"2026-01-31T18:06:28+00:00","og_image":[{"width":2560,"height":905,"url":"https:\/\/shrimataji.org\/test\/wp-content\/uploads\/2023\/03\/Banner-Footer-Castle-1-scaled.jpg","type":"image\/jpeg"}],"twitter_card":"summary_large_image","twitter_site":"@shrimataji","schema":{"@context":"https:\/\/schema.org","@graph":[{"@type":"WebPage","@id":"https:\/\/shrimataji.org\/test\/sk\/slovnicek\/","url":"https:\/\/shrimataji.org\/test\/sk\/slovnicek\/","name":"Slovn\u00ed\u010dek - TEST - SMND","isPartOf":{"@id":"https:\/\/shrimataji.org\/test\/#website"},"primaryImageOfPage":{"@id":"https:\/\/shrimataji.org\/test\/sk\/slovnicek\/#primaryimage"},"image":{"@id":"https:\/\/shrimataji.org\/test\/sk\/slovnicek\/#primaryimage"},"thumbnailUrl":"https:\/\/shrimataji.org\/test\/wp-content\/uploads\/2023\/03\/Banner-Footer-Castle-1-scaled.jpg","datePublished":"2018-07-10T06:54:50+00:00","dateModified":"2026-01-31T18:06:28+00:00","breadcrumb":{"@id":"https:\/\/shrimataji.org\/test\/sk\/slovnicek\/#breadcrumb"},"inLanguage":"en-US","potentialAction":[{"@type":"ReadAction","target":["https:\/\/shrimataji.org\/test\/sk\/slovnicek\/"]}]},{"@type":"ImageObject","inLanguage":"en-US","@id":"https:\/\/shrimataji.org\/test\/sk\/slovnicek\/#primaryimage","url":"https:\/\/shrimataji.org\/test\/wp-content\/uploads\/2023\/03\/Banner-Footer-Castle-1-scaled.jpg","contentUrl":"https:\/\/shrimataji.org\/test\/wp-content\/uploads\/2023\/03\/Banner-Footer-Castle-1-scaled.jpg","width":2560,"height":905},{"@type":"BreadcrumbList","@id":"https:\/\/shrimataji.org\/test\/sk\/slovnicek\/#breadcrumb","itemListElement":[{"@type":"ListItem","position":1,"name":"Home","item":"https:\/\/shrimataji.org\/test\/uk\/home-en\/"},{"@type":"ListItem","position":2,"name":"Slovn\u00ed\u010dek"}]},{"@type":"WebSite","@id":"https:\/\/shrimataji.org\/test\/#website","url":"https:\/\/shrimataji.org\/test\/","name":"Shri Mataji Nirmala Devi","description":"A Life Dedicated to Humanity","publisher":{"@id":"https:\/\/shrimataji.org\/test\/#\/schema\/person\/a1b3419c6585f164aa96da1ff85715d1"},"potentialAction":[{"@type":"SearchAction","target":{"@type":"EntryPoint","urlTemplate":"https:\/\/shrimataji.org\/test\/?s={search_term_string}"},"query-input":{"@type":"PropertyValueSpecification","valueRequired":true,"valueName":"search_term_string"}}],"inLanguage":"en-US"},{"@type":["Person","Organization"],"@id":"https:\/\/shrimataji.org\/test\/#\/schema\/person\/a1b3419c6585f164aa96da1ff85715d1","name":"Nirmala Shrivastava","image":{"@type":"ImageObject","inLanguage":"en-US","@id":"https:\/\/shrimataji.org\/test\/wp-content\/uploads\/2023\/02\/SMO_LOGO-03.svg","url":"https:\/\/shrimataji.org\/test\/wp-content\/uploads\/2023\/02\/SMO_LOGO-03.svg","contentUrl":"https:\/\/shrimataji.org\/test\/wp-content\/uploads\/2023\/02\/SMO_LOGO-03.svg","width":"1024","height":"1024","caption":"Nirmala Shrivastava"},"logo":{"@id":"https:\/\/shrimataji.org\/test\/wp-content\/uploads\/2023\/02\/SMO_LOGO-03.svg"},"sameAs":["https:\/\/shrimataji.org\/test","https:\/\/www.facebook.com\/shrimataji","https:\/\/x.com\/shrimataji","https:\/\/www.youtube.com\/@Shri_Mataji_Nirmala_Devi\/featured"]}]}},"lang":"sk","translations":{"sk":12388,"ur":38951,"en":448,"am":18007,"th":19953,"hu":19483,"sq":18408,"zh":17305,"tr":10164,"pt":10376,"de":10650,"fr":10748,"it":10846,"es":10943,"ja":11240,"ru":11428,"bn":11620,"te":11728,"sw":11851,"he":11999,"el":12290,"fa":12486,"fi":12584,"bg":13451,"ro":14525,"cs":14718,"nl":16568,"ku":16728,"ar":16904,"be":18615,"kn":18889,"mr":20317,"uk":20609,"ml":20905,"ta":22723,"sv":22996,"gu":28842,"pa":29000,"fil":29442,"da":38947,"nn":38949,"pl":39854},"pll_sync_post":[],"_links":{"self":[{"href":"https:\/\/shrimataji.org\/test\/wp-json\/wp\/v2\/pages\/12388","targetHints":{"allow":["GET"]}}],"collection":[{"href":"https:\/\/shrimataji.org\/test\/wp-json\/wp\/v2\/pages"}],"about":[{"href":"https:\/\/shrimataji.org\/test\/wp-json\/wp\/v2\/types\/page"}],"author":[{"embeddable":true,"href":"https:\/\/shrimataji.org\/test\/wp-json\/wp\/v2\/users\/28"}],"replies":[{"embeddable":true,"href":"https:\/\/shrimataji.org\/test\/wp-json\/wp\/v2\/comments?post=12388"}],"version-history":[{"count":0,"href":"https:\/\/shrimataji.org\/test\/wp-json\/wp\/v2\/pages\/12388\/revisions"}],"wp:featuredmedia":[{"embeddable":true,"href":"https:\/\/shrimataji.org\/test\/wp-json\/wp\/v2\/media\/9552"}],"wp:attachment":[{"href":"https:\/\/shrimataji.org\/test\/wp-json\/wp\/v2\/media?parent=12388"}],"curies":[{"name":"wp","href":"https:\/\/api.w.org\/{rel}","templated":true}]}}