{"id":12394,"date":"2022-01-29T10:31:30","date_gmt":"2022-01-29T10:31:30","guid":{"rendered":"https:\/\/test.shrimataji.org\/?page_id=6410"},"modified":"2026-03-11T17:09:57","modified_gmt":"2026-03-11T17:09:57","slug":"lavy-kanal","status":"publish","type":"page","link":"https:\/\/shrimataji.org\/test\/sk\/lavy-kanal\/","title":{"rendered":"\u013dav\u00fd kan\u00e1l ( Ida N\u00e1di)"},"content":{"rendered":"\n\n\t<h1>\u013dav\u00fd kan\u00e1l ( Ida N\u00e1di)<\/h1>\n<h2>T\u00fa\u017eby a em\u00f3cie<\/h2>\n\t<h4>N\u00e1\u0161 \u013eav\u00fd energetick\u00fd kan\u00e1l (v sanskrite naz\u00fdvan\u00fd Ida N\u00e1di) tie\u017e zn\u00e1my ako mesa\u010dn\u00fd kan\u00e1l, vych\u00e1dza z prv\u00e9ho centra, z Muladh\u00e1ra \u010dakry a tiahne sa po \u013eavej strane n\u00e1\u0161ho tela pri\u010dom kon\u010d\u00ed na pravej strane mozgu ako bal\u00f3n.<\/h4>\n<p>\u0160ri Matad\u017ei opisuje tento bal\u00f3n ako superego, ktor\u00e9 je z\u00e1sob\u00e1r\u0148ou spomienok, zvykov a podmienenost\u00ed. Tie\u017e riadi na\u0161e mor\u00e1lne spr\u00e1vanie, ktor\u00e9 si osvojujeme prostredn\u00edctvom kult\u00farnych trad\u00edci\u00ed, v\u00fdchovy na\u0161ich rodi\u010dov a rovesn\u00edkov.<\/p>\n<p>Pred Sebarealiz\u00e1ciou nar\u00e1\u017eame na prek\u00e1\u017eky, ktor\u00e9 vytv\u00e1ra na\u0161e superego a my bojujeme s na\u0161imi egoistick\u00fdmi t\u00fa\u017ebami po p\u00f4\u017eitkoch.<\/p>\n<figure itemscope itemtype=\"https:\/\/schema.org\/ImageObject\">\n\t\t\t\t<img decoding=\"async\" src=\"https:\/\/shrimataji.org\/test\/wp-content\/uploads\/2025\/12\/sk-Ida-Nadi-01-scaled.png\" alt=\"sk-Ida Nadi-01\" height=\"2560\" width=\"2414\" title=\"sk-Ida Nadi-01\" onerror=\"this.style.display='none'\" loading=\"lazy\" \/>\n\t<\/figure>\n\t\t<iframe loading=\"lazy\" title=\"Ida Nadi\" width=\"1920\" height=\"1080\" src=\"https:\/\/www.youtube.com\/embed\/8xQf2bxSHIk?feature=oembed\" frameborder=\"0\" allow=\"accelerometer; autoplay; clipboard-write; encrypted-media; gyroscope; picture-in-picture; web-share\" allowfullscreen><\/iframe>\t\n\t<p>Rados\u0165 je hlavn\u00e1 kvalita sp\u00e1jan\u00e1 s \u013eav\u00fdm energetick\u00fdm kan\u00e1lom, nie v\u0161ak rados\u0165 v zmysle te\u0161i\u0165 sa na nie\u010do, alebo nadchn\u00fa\u0165 sa pre nie\u010do, lebo t\u00e1to rados\u0165 je do\u010dasn\u00e1 a m\u00e1 negat\u00edvnu stranu &#8211; sm\u00fatok a sklamanie ke\u010f veci nefuguj\u00fa pod\u013ea na\u0161ich predst\u00e1v. Tak\u00e1to rados\u0165 je \u010dist\u00e1, a \u0160ri Matad\u017ei ju popisuje ako rados\u0165 na\u0161ej du\u0161e, ktor\u00e1 je spont\u00e1nna, prirodzen\u00e1 a nes\u00favis\u00ed s na\u0161im o\u010dak\u00e1van\u00edm \u010di vn\u00edman\u00edm. Je ve\u010dn\u00e1 a ni\u010d ju nem\u00f4\u017ee oslabi\u0165 \u010di posilni\u0165. T\u00e1to kvalita \u010distej radosti na\u0161ej du\u0161e prirodzene pr\u00edde do n\u00e1\u0161ho vedomia po Sebarealiz\u00e1cii a \u013eahko si ju udr\u017e\u00edme pravidelnou medit\u00e1ciou.<\/p>\n<p>\u0160ri Matad\u017ei odhalila mnoho probl\u00e9mov, ktor\u00e9 v \u017eivote prich\u00e1dzaj\u00fa ak je n\u00e1\u0161 \u013eav\u00fd energetick\u00fd kan\u00e1l zablokovan\u00fd. Vtedy m\u00f4\u017ee \u010dlovek za\u017e\u00edva\u0165 emocion\u00e1lnu nerovnov\u00e1hu a extr\u00e9my &#8211; r\u00fdchlo meniace sa n\u00e1lady, od euf\u00f3rie k depresii a naopak. Tie\u017e m\u00f4\u017ee za\u017e\u00edva\u0165 letargiu a extr\u00e9mnu pasivitu ozna\u010dovan\u00fa ako &#8220;domased, peciv\u00e1l&#8221;.<\/p>\n<p>Ke\u010f si to zhrnieme, \u013eav\u00fd energetick\u00fd kan\u00e1l ovplyv\u0148uje na\u0161e em\u00f3cie a t\u00fa\u017eby, tie\u017e je spojen\u00fd s na\u0161imi spomienkami a minul\u00fdmi z\u00e1\u017eitkami. Pokia\u013e s\u00fa na\u0161e em\u00f3cie v norme te\u0161\u00edme sa zdrav\u00e9mu a vyrovnan\u00e9mu \u017eivotu. Ak v\u0161ak pre\u017e\u00edvame emo\u010dn\u00e9 v\u00fdkyvy ako depresia, pochm\u00farnos\u0165, sk\u013e\u00fa\u010denos\u0165, mus\u00edme podnikn\u00fa\u0165 pr\u00edslu\u0161n\u00e9 kroky- medit\u00e1cia Sahad\u017ea jogy sa tu osved\u010dila a vykazuje dobr\u00e9 v\u00fdsledky, mnoh\u00e9 z nich boli \u00faspe\u0161ne presk\u00faman\u00e9 v klinick\u00fdch \u0161t\u00fadi\u00e1ch.<\/p>\n<p>\u0160ri Matad\u017ei odporu\u010dila ve\u013emi jednoduch\u00e9 techniky, ktor\u00e9 s\u00fa nen\u00e1ro\u010dn\u00e9 a bezpe\u010dn\u00e9, ktor\u00e9 zharmonizuj\u00fa n\u00e1\u0161 \u013eav\u00fd kan\u00e1l a napravia negat\u00edvne vplyvy em\u00f3c\u00ed\u00ed na na\u0161u duchovn\u00fa bytos\u0165. Pravideln\u00e1 medit\u00e1cia a introspekcia pomocou vibra\u010dn\u00e9ho vedomia, aplikovanie o\u010distn\u00fdch techn\u00edk \u013eavej strany, spustia nov\u00e9 pocity radosti a pozit\u00edvny \u017eivotn\u00fd postoj.<\/p>\n\n","protected":false},"excerpt":{"rendered":"<p>\u013dav\u00fd kan\u00e1l ( Ida N\u00e1di) T\u00fa\u017eby a em\u00f3cie N\u00e1\u0161 \u013eav\u00fd energetick\u00fd kan\u00e1l (v sanskrite naz\u00fdvan\u00fd Ida N\u00e1di) tie\u017e zn\u00e1my ako mesa\u010dn\u00fd kan\u00e1l, vych\u00e1dza z prv\u00e9ho centra, z Muladh\u00e1ra \u010dakry a tiahne sa po \u013eavej strane n\u00e1\u0161ho tela pri\u010dom kon\u010d\u00ed na pravej strane mozgu ako bal\u00f3n. \u0160ri Matad\u017ei opisuje tento bal\u00f3n ako superego, ktor\u00e9 je z\u00e1sob\u00e1r\u0148ou&hellip; <br \/> <a class=\"read-more\" href=\"https:\/\/shrimataji.org\/test\/sk\/lavy-kanal\/\">Read more<\/a><\/p>\n","protected":false},"author":28,"featured_media":9247,"parent":0,"menu_order":0,"comment_status":"closed","ping_status":"closed","template":"","meta":{"inline_featured_image":false,"footnotes":""},"class_list":["post-12394","page","type-page","status-publish","has-post-thumbnail","hentry"],"yoast_head":"<!-- This site is optimized with the Yoast SEO plugin v27.4 - https:\/\/yoast.com\/product\/yoast-seo-wordpress\/ -->\n<title>\u013dav\u00fd kan\u00e1l ( Ida N\u00e1di) - TEST - SMND<\/title>\n<meta name=\"robots\" content=\"noindex, follow, max-snippet:-1, max-image-preview:large, max-video-preview:-1\" \/>\n<meta property=\"og:locale\" content=\"en_US\" \/>\n<meta property=\"og:type\" content=\"article\" \/>\n<meta property=\"og:title\" content=\"\u013dav\u00fd kan\u00e1l ( Ida N\u00e1di) - TEST - SMND\" \/>\n<meta property=\"og:description\" content=\"\u013dav\u00fd kan\u00e1l ( Ida N\u00e1di) T\u00fa\u017eby a em\u00f3cie N\u00e1\u0161 \u013eav\u00fd energetick\u00fd kan\u00e1l (v sanskrite naz\u00fdvan\u00fd Ida N\u00e1di) tie\u017e zn\u00e1my ako mesa\u010dn\u00fd kan\u00e1l, vych\u00e1dza z prv\u00e9ho centra, z Muladh\u00e1ra \u010dakry a tiahne sa po \u013eavej strane n\u00e1\u0161ho tela pri\u010dom kon\u010d\u00ed na pravej strane mozgu ako bal\u00f3n. \u0160ri Matad\u017ei opisuje tento bal\u00f3n ako superego, ktor\u00e9 je z\u00e1sob\u00e1r\u0148ou&hellip; Read more\" \/>\n<meta property=\"og:url\" content=\"https:\/\/shrimataji.org\/test\/sk\/lavy-kanal\/\" \/>\n<meta property=\"og:site_name\" content=\"TEST - SMND\" \/>\n<meta property=\"article:publisher\" content=\"https:\/\/www.facebook.com\/shrimataji\" \/>\n<meta property=\"article:modified_time\" content=\"2026-03-11T17:09:57+00:00\" \/>\n<meta property=\"og:image\" content=\"https:\/\/shrimataji.org\/test\/wp-content\/uploads\/2023\/03\/12_Banner-SY-Ida-scaled.jpg\" \/>\n\t<meta property=\"og:image:width\" content=\"2560\" \/>\n\t<meta property=\"og:image:height\" content=\"905\" \/>\n\t<meta property=\"og:image:type\" content=\"image\/jpeg\" \/>\n<meta name=\"twitter:card\" content=\"summary_large_image\" \/>\n<meta name=\"twitter:site\" content=\"@shrimataji\" \/>\n<script type=\"application\/ld+json\" class=\"yoast-schema-graph\">{\"@context\":\"https:\\\/\\\/schema.org\",\"@graph\":[{\"@type\":\"WebPage\",\"@id\":\"https:\\\/\\\/shrimataji.org\\\/test\\\/sk\\\/lavy-kanal\\\/\",\"url\":\"https:\\\/\\\/shrimataji.org\\\/test\\\/sk\\\/lavy-kanal\\\/\",\"name\":\"\u013dav\u00fd kan\u00e1l ( Ida N\u00e1di) - TEST - SMND\",\"isPartOf\":{\"@id\":\"https:\\\/\\\/shrimataji.org\\\/test\\\/#website\"},\"primaryImageOfPage\":{\"@id\":\"https:\\\/\\\/shrimataji.org\\\/test\\\/sk\\\/lavy-kanal\\\/#primaryimage\"},\"image\":{\"@id\":\"https:\\\/\\\/shrimataji.org\\\/test\\\/sk\\\/lavy-kanal\\\/#primaryimage\"},\"thumbnailUrl\":\"https:\\\/\\\/shrimataji.org\\\/test\\\/wp-content\\\/uploads\\\/2023\\\/03\\\/12_Banner-SY-Ida-scaled.jpg\",\"datePublished\":\"2022-01-29T10:31:30+00:00\",\"dateModified\":\"2026-03-11T17:09:57+00:00\",\"breadcrumb\":{\"@id\":\"https:\\\/\\\/shrimataji.org\\\/test\\\/sk\\\/lavy-kanal\\\/#breadcrumb\"},\"inLanguage\":\"en-US\",\"potentialAction\":[{\"@type\":\"ReadAction\",\"target\":[\"https:\\\/\\\/shrimataji.org\\\/test\\\/sk\\\/lavy-kanal\\\/\"]}]},{\"@type\":\"ImageObject\",\"inLanguage\":\"en-US\",\"@id\":\"https:\\\/\\\/shrimataji.org\\\/test\\\/sk\\\/lavy-kanal\\\/#primaryimage\",\"url\":\"https:\\\/\\\/shrimataji.org\\\/test\\\/wp-content\\\/uploads\\\/2023\\\/03\\\/12_Banner-SY-Ida-scaled.jpg\",\"contentUrl\":\"https:\\\/\\\/shrimataji.org\\\/test\\\/wp-content\\\/uploads\\\/2023\\\/03\\\/12_Banner-SY-Ida-scaled.jpg\",\"width\":2560,\"height\":905},{\"@type\":\"BreadcrumbList\",\"@id\":\"https:\\\/\\\/shrimataji.org\\\/test\\\/sk\\\/lavy-kanal\\\/#breadcrumb\",\"itemListElement\":[{\"@type\":\"ListItem\",\"position\":1,\"name\":\"Home\",\"item\":\"https:\\\/\\\/shrimataji.org\\\/test\\\/uk\\\/home-en\\\/\"},{\"@type\":\"ListItem\",\"position\":2,\"name\":\"\u013dav\u00fd kan\u00e1l ( Ida N\u00e1di)\"}]},{\"@type\":\"WebSite\",\"@id\":\"https:\\\/\\\/shrimataji.org\\\/test\\\/#website\",\"url\":\"https:\\\/\\\/shrimataji.org\\\/test\\\/\",\"name\":\"Shri Mataji Nirmala Devi\",\"description\":\"A Life Dedicated to Humanity\",\"publisher\":{\"@id\":\"https:\\\/\\\/shrimataji.org\\\/test\\\/#\\\/schema\\\/person\\\/a1b3419c6585f164aa96da1ff85715d1\"},\"potentialAction\":[{\"@type\":\"SearchAction\",\"target\":{\"@type\":\"EntryPoint\",\"urlTemplate\":\"https:\\\/\\\/shrimataji.org\\\/test\\\/?s={search_term_string}\"},\"query-input\":{\"@type\":\"PropertyValueSpecification\",\"valueRequired\":true,\"valueName\":\"search_term_string\"}}],\"inLanguage\":\"en-US\"},{\"@type\":[\"Person\",\"Organization\"],\"@id\":\"https:\\\/\\\/shrimataji.org\\\/test\\\/#\\\/schema\\\/person\\\/a1b3419c6585f164aa96da1ff85715d1\",\"name\":\"Nirmala Shrivastava\",\"image\":{\"@type\":\"ImageObject\",\"inLanguage\":\"en-US\",\"@id\":\"https:\\\/\\\/shrimataji.org\\\/test\\\/wp-content\\\/uploads\\\/2023\\\/02\\\/SMO_LOGO-03.svg\",\"url\":\"https:\\\/\\\/shrimataji.org\\\/test\\\/wp-content\\\/uploads\\\/2023\\\/02\\\/SMO_LOGO-03.svg\",\"contentUrl\":\"https:\\\/\\\/shrimataji.org\\\/test\\\/wp-content\\\/uploads\\\/2023\\\/02\\\/SMO_LOGO-03.svg\",\"width\":\"1024\",\"height\":\"1024\",\"caption\":\"Nirmala Shrivastava\"},\"logo\":{\"@id\":\"https:\\\/\\\/shrimataji.org\\\/test\\\/wp-content\\\/uploads\\\/2023\\\/02\\\/SMO_LOGO-03.svg\"},\"sameAs\":[\"https:\\\/\\\/shrimataji.org\\\/test\",\"https:\\\/\\\/www.facebook.com\\\/shrimataji\",\"https:\\\/\\\/x.com\\\/shrimataji\",\"https:\\\/\\\/www.youtube.com\\\/@Shri_Mataji_Nirmala_Devi\\\/featured\"]}]}<\/script>\n<!-- \/ Yoast SEO plugin. -->","yoast_head_json":{"title":"\u013dav\u00fd kan\u00e1l ( Ida N\u00e1di) - TEST - SMND","robots":{"index":"noindex","follow":"follow","max-snippet":"max-snippet:-1","max-image-preview":"max-image-preview:large","max-video-preview":"max-video-preview:-1"},"og_locale":"en_US","og_type":"article","og_title":"\u013dav\u00fd kan\u00e1l ( Ida N\u00e1di) - TEST - SMND","og_description":"\u013dav\u00fd kan\u00e1l ( Ida N\u00e1di) T\u00fa\u017eby a em\u00f3cie N\u00e1\u0161 \u013eav\u00fd energetick\u00fd kan\u00e1l (v sanskrite naz\u00fdvan\u00fd Ida N\u00e1di) tie\u017e zn\u00e1my ako mesa\u010dn\u00fd kan\u00e1l, vych\u00e1dza z prv\u00e9ho centra, z Muladh\u00e1ra \u010dakry a tiahne sa po \u013eavej strane n\u00e1\u0161ho tela pri\u010dom kon\u010d\u00ed na pravej strane mozgu ako bal\u00f3n. \u0160ri Matad\u017ei opisuje tento bal\u00f3n ako superego, ktor\u00e9 je z\u00e1sob\u00e1r\u0148ou&hellip; Read more","og_url":"https:\/\/shrimataji.org\/test\/sk\/lavy-kanal\/","og_site_name":"TEST - SMND","article_publisher":"https:\/\/www.facebook.com\/shrimataji","article_modified_time":"2026-03-11T17:09:57+00:00","og_image":[{"width":2560,"height":905,"url":"https:\/\/shrimataji.org\/test\/wp-content\/uploads\/2023\/03\/12_Banner-SY-Ida-scaled.jpg","type":"image\/jpeg"}],"twitter_card":"summary_large_image","twitter_site":"@shrimataji","schema":{"@context":"https:\/\/schema.org","@graph":[{"@type":"WebPage","@id":"https:\/\/shrimataji.org\/test\/sk\/lavy-kanal\/","url":"https:\/\/shrimataji.org\/test\/sk\/lavy-kanal\/","name":"\u013dav\u00fd kan\u00e1l ( Ida N\u00e1di) - TEST - SMND","isPartOf":{"@id":"https:\/\/shrimataji.org\/test\/#website"},"primaryImageOfPage":{"@id":"https:\/\/shrimataji.org\/test\/sk\/lavy-kanal\/#primaryimage"},"image":{"@id":"https:\/\/shrimataji.org\/test\/sk\/lavy-kanal\/#primaryimage"},"thumbnailUrl":"https:\/\/shrimataji.org\/test\/wp-content\/uploads\/2023\/03\/12_Banner-SY-Ida-scaled.jpg","datePublished":"2022-01-29T10:31:30+00:00","dateModified":"2026-03-11T17:09:57+00:00","breadcrumb":{"@id":"https:\/\/shrimataji.org\/test\/sk\/lavy-kanal\/#breadcrumb"},"inLanguage":"en-US","potentialAction":[{"@type":"ReadAction","target":["https:\/\/shrimataji.org\/test\/sk\/lavy-kanal\/"]}]},{"@type":"ImageObject","inLanguage":"en-US","@id":"https:\/\/shrimataji.org\/test\/sk\/lavy-kanal\/#primaryimage","url":"https:\/\/shrimataji.org\/test\/wp-content\/uploads\/2023\/03\/12_Banner-SY-Ida-scaled.jpg","contentUrl":"https:\/\/shrimataji.org\/test\/wp-content\/uploads\/2023\/03\/12_Banner-SY-Ida-scaled.jpg","width":2560,"height":905},{"@type":"BreadcrumbList","@id":"https:\/\/shrimataji.org\/test\/sk\/lavy-kanal\/#breadcrumb","itemListElement":[{"@type":"ListItem","position":1,"name":"Home","item":"https:\/\/shrimataji.org\/test\/uk\/home-en\/"},{"@type":"ListItem","position":2,"name":"\u013dav\u00fd kan\u00e1l ( Ida N\u00e1di)"}]},{"@type":"WebSite","@id":"https:\/\/shrimataji.org\/test\/#website","url":"https:\/\/shrimataji.org\/test\/","name":"Shri Mataji Nirmala Devi","description":"A Life Dedicated to Humanity","publisher":{"@id":"https:\/\/shrimataji.org\/test\/#\/schema\/person\/a1b3419c6585f164aa96da1ff85715d1"},"potentialAction":[{"@type":"SearchAction","target":{"@type":"EntryPoint","urlTemplate":"https:\/\/shrimataji.org\/test\/?s={search_term_string}"},"query-input":{"@type":"PropertyValueSpecification","valueRequired":true,"valueName":"search_term_string"}}],"inLanguage":"en-US"},{"@type":["Person","Organization"],"@id":"https:\/\/shrimataji.org\/test\/#\/schema\/person\/a1b3419c6585f164aa96da1ff85715d1","name":"Nirmala Shrivastava","image":{"@type":"ImageObject","inLanguage":"en-US","@id":"https:\/\/shrimataji.org\/test\/wp-content\/uploads\/2023\/02\/SMO_LOGO-03.svg","url":"https:\/\/shrimataji.org\/test\/wp-content\/uploads\/2023\/02\/SMO_LOGO-03.svg","contentUrl":"https:\/\/shrimataji.org\/test\/wp-content\/uploads\/2023\/02\/SMO_LOGO-03.svg","width":"1024","height":"1024","caption":"Nirmala Shrivastava"},"logo":{"@id":"https:\/\/shrimataji.org\/test\/wp-content\/uploads\/2023\/02\/SMO_LOGO-03.svg"},"sameAs":["https:\/\/shrimataji.org\/test","https:\/\/www.facebook.com\/shrimataji","https:\/\/x.com\/shrimataji","https:\/\/www.youtube.com\/@Shri_Mataji_Nirmala_Devi\/featured"]}]}},"lang":"sk","translations":{"sk":12394,"ur":37443,"en":6410,"am":18017,"th":19968,"hu":19494,"sq":18418,"zh":17315,"hi":8307,"tr":10170,"pt":10382,"de":10656,"fr":10754,"it":10852,"es":10949,"ja":11246,"ru":11434,"bn":11626,"te":11734,"sw":11857,"he":12005,"el":12296,"fa":12492,"fi":12590,"bg":13384,"ro":14458,"cs":14651,"nl":16578,"ku":16738,"ar":16914,"be":18625,"kn":18899,"mr":20332,"uk":20624,"ml":20921,"ta":22733,"sv":23006,"gu":28850,"pa":29010,"fil":29452,"da":37757,"pl":37970,"nn":38309},"pll_sync_post":[],"_links":{"self":[{"href":"https:\/\/shrimataji.org\/test\/wp-json\/wp\/v2\/pages\/12394","targetHints":{"allow":["GET"]}}],"collection":[{"href":"https:\/\/shrimataji.org\/test\/wp-json\/wp\/v2\/pages"}],"about":[{"href":"https:\/\/shrimataji.org\/test\/wp-json\/wp\/v2\/types\/page"}],"author":[{"embeddable":true,"href":"https:\/\/shrimataji.org\/test\/wp-json\/wp\/v2\/users\/28"}],"replies":[{"embeddable":true,"href":"https:\/\/shrimataji.org\/test\/wp-json\/wp\/v2\/comments?post=12394"}],"version-history":[{"count":0,"href":"https:\/\/shrimataji.org\/test\/wp-json\/wp\/v2\/pages\/12394\/revisions"}],"wp:featuredmedia":[{"embeddable":true,"href":"https:\/\/shrimataji.org\/test\/wp-json\/wp\/v2\/media\/9247"}],"wp:attachment":[{"href":"https:\/\/shrimataji.org\/test\/wp-json\/wp\/v2\/media?parent=12394"}],"curies":[{"name":"wp","href":"https:\/\/api.w.org\/{rel}","templated":true}]}}