{"id":12409,"date":"2022-02-25T05:44:57","date_gmt":"2022-02-25T05:44:57","guid":{"rendered":"https:\/\/test.shrimataji.org\/?page_id=6480"},"modified":"2026-03-12T10:36:04","modified_gmt":"2026-03-12T10:36:04","slug":"muladhara-cakra","status":"publish","type":"page","link":"https:\/\/shrimataji.org\/test\/sk\/muladhara-cakra\/","title":{"rendered":"Muladh\u00e1ra \u010dakra"},"content":{"rendered":"\n\n\t<h1>Muladh\u00e1ra \u010dakra<\/h1>\n<h2>Nevinnos\u0165 a m\u00fadros\u0165<\/h2>\n<h2><div class=\"su-quote su-quote-style-default\"><div class=\"su-quote-inner su-u-clearfix su-u-trim\">Slovo muladh\u00e1ra poch\u00e1dza z dvoch sanskritsk\u00fdch slov &#8220;moola&#8221; znamen\u00e1 &#8220;kore\u0148&#8221; a &#8220;adhara&#8221; zna\u010d\u00ed &#8220;podpora&#8221;, tak\u017ee v\u00fdznam slova je: opora kore\u0148a &#8211; stvorenia.<\/div><\/div><\/h2>\n<h4>Na tento svet prich\u00e1dzame ako nevinn\u00e9 b\u00e1b\u00e4tk\u00e1, tak\u017ee m\u00f4\u017eeme poveda\u0165, \u017ee vlastnosti die\u0165a\u0165a s\u00fa v n\u00e1s vroden\u00e9. Nevinnos\u0165, spont\u00e1nnos\u0165 a m\u00fadros\u0165 s\u00fa kvalitami tohto centra. Predstavuj\u00fa v n\u00e1s ve\u010dn\u00e9 a nezni\u010dite\u013en\u00e9 vlastnosti, ktor\u00e9 sa naplno prejavia ke\u010f energia Kundaliny aktivuje t\u00fato \u010dakru. Na fyzickej \u00farovni t\u00e1to \u010dakra riadi vylu\u010dovac\u00ed a reproduk\u010dn\u00fd syst\u00e9m. Na duchovnej \u00farovni je na\u0161a Muladh\u00e1ra z\u00e1kladom cel\u00e9ho energetick\u00e9ho syst\u00e9mu.<\/h4>\n<p>Ako sa rozv\u00fdjame prostredn\u00edctvom medit\u00e1cie, za\u010dneme vn\u00edma\u0165 h\u013abku nevinnosti, re\u0161pekt k sebe a k druh\u00fdm. Uvedom\u00edme si. \u017ee aj na\u0161a pam\u00e4\u0165 sa v\u00fdrazne zlep\u0161uje, ke\u010f sa na\u0161a myse\u013e pre\u010dist\u00ed od zbyto\u010dn\u00fdch my\u0161lienok. Zdokona\u013eovan\u00edm Muladh\u00e1ry sa st\u00e1vame pr\u00ed\u0165a\u017elivou &#8211; charizmatickou osobou.<\/p>\n\t\t<iframe loading=\"lazy\" title=\"Mooladhara Chakra\" width=\"1920\" height=\"1080\" src=\"https:\/\/www.youtube.com\/embed\/k_tSck7QxHQ?feature=oembed\" frameborder=\"0\" allow=\"accelerometer; autoplay; clipboard-write; encrypted-media; gyroscope; picture-in-picture; web-share\" allowfullscreen><\/iframe>\t\n\t<p><strong>Umiestnenie:<\/strong><\/p>\n<p>Muladh\u00e1ra \u010dakra sa nach\u00e1dza v p\u00e1nvovom pletenci v spodnej \u010dasti chrbtice. Vibr\u00e1cie tejto kore\u0148ovej \u010dakry m\u00f4\u017eeme vn\u00edma\u0165 na dlaniach.<\/p>\n<p><strong>Farba:<\/strong><\/p>\n<p>T\u00e1to \u010dakra m\u00e1 koralovo \u010derven\u00fa farbu a je \u00fazko prepojen\u00e1 s elementom zeme.<\/p>\n<p><strong>Subt\u00edlne vlastnosti Muladh\u00e1ra \u010dakry zah\u0155\u0148aj\u00fa:<\/strong><\/p>\n<ul>\n<li>Nevinnos\u0165<\/li>\n<li>\u010distota<\/li>\n<li>jednoduchos\u0165<\/li>\n<li>detsk\u00e1 rados\u0165<\/li>\n<li>vn\u00fatorn\u00e1 m\u00fadros\u0165<\/li>\n<li>d\u00f4stojnos\u0165<\/li>\n<li>rovnov\u00e1ha<\/li>\n<li>\u00fa\u010del a smer<\/li>\n<li>prepojenie so Zemou<\/li>\n<li>harm\u00f3nia a zladenie sa s pr\u00edrodou<\/li>\n<\/ul>\n<figure itemscope itemtype=\"https:\/\/schema.org\/ImageObject\">\n\t\t\t\t<img decoding=\"async\" src=\"https:\/\/shrimataji.org\/test\/wp-content\/uploads\/2025\/12\/sk-1-Mooladhara-01-scaled.png\" alt=\"sk-1-Mooladhara-01\" height=\"2560\" width=\"2402\" title=\"sk-1-Mooladhara-01\" onerror=\"this.style.display='none'\" loading=\"lazy\" \/>\n\t<\/figure>\n\t<div class=\"su-quote su-quote-style-default\"><div class=\"su-quote-inner su-u-clearfix su-u-trim\">Toto najni\u017e\u0161ie centrum je \u010dakrou nevinnosti. Na\u0161a nevinnos\u0165 nem\u00f4\u017ee by\u0165 zni\u010den\u00e1, preto\u017ee je ve\u010dn\u00e1. No m\u00f4\u017ee by\u0165 prekryt\u00e1 nejak\u00fdmi ne\u010distotami. S prebuden\u00edm Kundaliny sa n\u00e1m vr\u00e1ti nevinnos\u0165, na\u0161a pozornos\u0165 je \u010dist\u00e1 bez \u017eiadostivosti a chamtivosti.\u00a0<\/div><\/div>\n\t<p><strong>Sk\u00fasenosti a prospech:<\/strong><\/p>\n<p>Vyv\u00e1\u017een\u00e1 Muladh\u00e1ra n\u00e1m pom\u00e1ha udr\u017ea\u0165 a rozv\u00edja\u0165 na\u0161u vn\u00fatorn\u00fa m\u00fadros\u0165. Z\u00edskame vroden\u00fa schopnos\u0165 rozli\u0161ova\u0165 medzi dobrom a zlom. Ke\u010f zv\u00ed\u0165az\u00ed skuto\u010dn\u00e1 m\u00fadros\u0165, \u010dlovek sa vyh\u00fdba skutkom, ktor\u00e9 \u0161kodia druh\u00fdm aj jemu.<\/p>\n<p>Vyv\u00e1\u017een\u00e1 M\u00fal\u00e1dh\u00e1ra \u010dakra vedie aj k zlep\u0161eniu pam\u00e4ti, pozornosti a s\u00fastredenia. \u010clovek je schopn\u00fd robi\u0165 intelektu\u00e1lne rozhodnutia efekt\u00edvne a \u00fa\u010dinne, pri\u010dom si z\u00e1rove\u0148 udr\u017eiava emocion\u00e1lnu rovnov\u00e1hu a stabilitu. Ke\u010f\u017ee M\u00fal\u00e1dh\u00e1ra \u010dakra je vytvoren\u00e1 z elementu zeme zohr\u00e1va d\u00f4le\u017eit\u00fa \u00falohu v prep\u00e1jan\u00ed n\u00e1\u0161ho vedomia s Matkou Pr\u00edrodou a umo\u017e\u0148uje n\u00e1m \u017ei\u0165 \u017eivot v \u00faplnej harm\u00f3nii s jej darmi. Pom\u00e1ha n\u00e1m tie\u017e vyh\u00fdba\u0165 sa neprirodzen\u00fdm alebo nezdrav\u00fdm \u017eivotn\u00fdm \u0161t\u00fdlom (t\u00fdm, ktor\u00e9 mo\u017eno pova\u017eova\u0165 za \u201ezvr\u00e1ten\u00e9&#8221; alebo \u201eproti pr\u00edrode&#8221;). Vyvinut\u00e1 M\u00fal\u00e1dh\u00e1ra \u010dakra n\u00e1m umo\u017e\u0148uje pochopi\u0165 a re\u0161pektova\u0165 vlastn\u00fa nevinnos\u0165 a \u010distotu, ako aj nevinnos\u0165 a \u010distotu druh\u00fdch. Ke\u010f d\u00f4jde k naru\u0161eniu M\u00fal\u00e1dh\u00e1ry, m\u00f4\u017ee to vies\u0165 k r\u00f4znym ochoreniam.<\/p>\n<p>Probl\u00e9mom s \u013eav\u00fdm kan\u00e1lom, ako je depresia, alebo letargia, sa d\u00e1 tie\u017e predch\u00e1dza\u0165 harmonizovan\u00edm Muladh\u00e1ra \u010dakry. Probl\u00e9my s prav\u00fdm kan\u00e1lom, ako je agres\u00edvne spr\u00e1vanie, nadmern\u00e9 prem\u00fd\u0161\u013eanie a pl\u00e1novanie, \u010di h\u00fd\u010dkanie svojho ega je tie\u017e mo\u017en\u00e9 odstr\u00e1ni\u0165 spr\u00e1vnou rovnov\u00e1hou Muladh\u00e1ry.<\/p>\n<p><strong>Sebahodnotenie:<\/strong><\/p>\n<p>Ak je va\u0161a Muladh\u00e1ra mimo rovnov\u00e1hu, m\u00f4\u017eete poci\u0165ova\u0165 slab\u00fd orienta\u010dn\u00fd zmysel, slab\u00fa pam\u00e4\u0165, alebo slab\u00fd zmysel rovnov\u00e1hu. Medzi \u010fal\u0161ie pr\u00edznaky naru\u0161enej Muladh\u00e1ry patria probl\u00e9my s vylu\u010dovan\u00edm, sexu\u00e1lne poruchy \u010di probl\u00e9my s plodnos\u0165ou.<\/p>\n<p><strong>Pr\u00ed\u010diny nerovnov\u00e1hy:<\/strong><\/p>\n<ul>\n<li>Prive\u013ea ment\u00e1lnej aktivity, pr\u00edli\u0161n\u00e9 odd\u00e1vanie sa p\u00f4\u017eitkom, zmyslom m\u00f4\u017ee zablokova\u0165 toto centrum.\u00a0Negat\u00edvny spolo\u010densk\u00fd vplyv m\u00f4\u017ee taktie\u017e po\u0161kodi\u0165 vroden\u00fa kvalitu nevinnosti a m\u00fadrosti, ktor\u00e1 je s\u00fa\u010das\u0165ou na\u0161ej Muladh\u00e1ra \u010dakry.<\/li>\n<\/ul>\n<p><strong>Ako da\u0165 do rovnov\u00e1hy:<\/strong><\/p>\n<p>Pravideln\u00e1 medit\u00e1cia Sahad\u017ea jogy pom\u00e1ha privies\u0165 na\u0161u Muladh\u00e1ru do rovnov\u00e1hy a posilni\u0165 jej kr\u00e1sne, vroden\u00e9 kvality v na\u0161om vedom\u00ed. Na za\u010diatok by sme mali sed\u00e1va\u0165 na Matke Zemi \u010do naj\u010dastej\u0161ie. Zatia\u013e \u010do si u\u017e\u00edvame pokojn\u00e9 chv\u00edle v pr\u00edrode, m\u00f4\u017eeme si vy\u010disti\u0165 \u013eav\u00fa muladh\u00e1ru seden\u00edm na zemi v lotosovom sede.\u00a0Obe ruky polo\u017ete na zem, dla\u0148ami smerom nadol.<\/p>\n<p>Ak nem\u00f4\u017eeme \u00eds\u0165 von do pr\u00edrody, je tu \u010fal\u0161ia mo\u017enos\u0165 &#8211; sadn\u00fa\u0165 si s <a href=\"https:\/\/shrimataji.org\/test\/wp-content\/uploads\/2026\/03\/SK_Footsoaking.pdf\" target=\"_blank\" rel=\"noopener\">nohami namo\u010den\u00fdmi v lav\u00f3riku so slanou vodou<\/a>. Je to u\u017eito\u010dn\u00e9 harmonizovanie tejto \u010dakry.<\/p>\n\n","protected":false},"excerpt":{"rendered":"<p>Muladh\u00e1ra \u010dakra Nevinnos\u0165 a m\u00fadros\u0165 Na tento svet prich\u00e1dzame ako nevinn\u00e9 b\u00e1b\u00e4tk\u00e1, tak\u017ee m\u00f4\u017eeme poveda\u0165, \u017ee vlastnosti die\u0165a\u0165a s\u00fa v n\u00e1s vroden\u00e9. Nevinnos\u0165, spont\u00e1nnos\u0165 a m\u00fadros\u0165 s\u00fa kvalitami tohto centra. Predstavuj\u00fa v n\u00e1s ve\u010dn\u00e9 a nezni\u010dite\u013en\u00e9 vlastnosti, ktor\u00e9 sa naplno prejavia ke\u010f energia Kundaliny aktivuje t\u00fato \u010dakru. Na fyzickej \u00farovni t\u00e1to \u010dakra riadi vylu\u010dovac\u00ed a&hellip; <br \/> <a class=\"read-more\" href=\"https:\/\/shrimataji.org\/test\/sk\/muladhara-cakra\/\">Read more<\/a><\/p>\n","protected":false},"author":28,"featured_media":9251,"parent":0,"menu_order":0,"comment_status":"closed","ping_status":"closed","template":"","meta":{"inline_featured_image":false,"footnotes":""},"class_list":["post-12409","page","type-page","status-publish","has-post-thumbnail","hentry"],"yoast_head":"<!-- This site is optimized with the Yoast SEO plugin v27.4 - https:\/\/yoast.com\/product\/yoast-seo-wordpress\/ -->\n<title>Muladh\u00e1ra \u010dakra - TEST - SMND<\/title>\n<meta name=\"robots\" content=\"noindex, follow, max-snippet:-1, max-image-preview:large, max-video-preview:-1\" \/>\n<meta property=\"og:locale\" content=\"en_US\" \/>\n<meta property=\"og:type\" content=\"article\" \/>\n<meta property=\"og:title\" content=\"Muladh\u00e1ra \u010dakra - TEST - SMND\" \/>\n<meta property=\"og:description\" content=\"Muladh\u00e1ra \u010dakra Nevinnos\u0165 a m\u00fadros\u0165 Na tento svet prich\u00e1dzame ako nevinn\u00e9 b\u00e1b\u00e4tk\u00e1, tak\u017ee m\u00f4\u017eeme poveda\u0165, \u017ee vlastnosti die\u0165a\u0165a s\u00fa v n\u00e1s vroden\u00e9. Nevinnos\u0165, spont\u00e1nnos\u0165 a m\u00fadros\u0165 s\u00fa kvalitami tohto centra. Predstavuj\u00fa v n\u00e1s ve\u010dn\u00e9 a nezni\u010dite\u013en\u00e9 vlastnosti, ktor\u00e9 sa naplno prejavia ke\u010f energia Kundaliny aktivuje t\u00fato \u010dakru. Na fyzickej \u00farovni t\u00e1to \u010dakra riadi vylu\u010dovac\u00ed a&hellip; Read more\" \/>\n<meta property=\"og:url\" content=\"https:\/\/shrimataji.org\/test\/sk\/muladhara-cakra\/\" \/>\n<meta property=\"og:site_name\" content=\"TEST - SMND\" \/>\n<meta property=\"article:publisher\" content=\"https:\/\/www.facebook.com\/shrimataji\" \/>\n<meta property=\"article:modified_time\" content=\"2026-03-12T10:36:04+00:00\" \/>\n<meta property=\"og:image\" content=\"https:\/\/shrimataji.org\/test\/wp-content\/uploads\/2023\/03\/16_Banner-SY-Chakra-mool-scaled.jpg\" \/>\n\t<meta property=\"og:image:width\" content=\"2560\" \/>\n\t<meta property=\"og:image:height\" content=\"905\" \/>\n\t<meta property=\"og:image:type\" content=\"image\/jpeg\" \/>\n<meta name=\"twitter:card\" content=\"summary_large_image\" \/>\n<meta name=\"twitter:site\" content=\"@shrimataji\" \/>\n<meta name=\"twitter:label1\" content=\"Est. reading time\" \/>\n\t<meta name=\"twitter:data1\" content=\"4 minutes\" \/>\n<script type=\"application\/ld+json\" class=\"yoast-schema-graph\">{\"@context\":\"https:\\\/\\\/schema.org\",\"@graph\":[{\"@type\":\"WebPage\",\"@id\":\"https:\\\/\\\/shrimataji.org\\\/test\\\/sk\\\/muladhara-cakra\\\/\",\"url\":\"https:\\\/\\\/shrimataji.org\\\/test\\\/sk\\\/muladhara-cakra\\\/\",\"name\":\"Muladh\u00e1ra \u010dakra - TEST - SMND\",\"isPartOf\":{\"@id\":\"https:\\\/\\\/shrimataji.org\\\/test\\\/#website\"},\"primaryImageOfPage\":{\"@id\":\"https:\\\/\\\/shrimataji.org\\\/test\\\/sk\\\/muladhara-cakra\\\/#primaryimage\"},\"image\":{\"@id\":\"https:\\\/\\\/shrimataji.org\\\/test\\\/sk\\\/muladhara-cakra\\\/#primaryimage\"},\"thumbnailUrl\":\"https:\\\/\\\/shrimataji.org\\\/test\\\/wp-content\\\/uploads\\\/2023\\\/03\\\/16_Banner-SY-Chakra-mool-scaled.jpg\",\"datePublished\":\"2022-02-25T05:44:57+00:00\",\"dateModified\":\"2026-03-12T10:36:04+00:00\",\"breadcrumb\":{\"@id\":\"https:\\\/\\\/shrimataji.org\\\/test\\\/sk\\\/muladhara-cakra\\\/#breadcrumb\"},\"inLanguage\":\"en-US\",\"potentialAction\":[{\"@type\":\"ReadAction\",\"target\":[\"https:\\\/\\\/shrimataji.org\\\/test\\\/sk\\\/muladhara-cakra\\\/\"]}]},{\"@type\":\"ImageObject\",\"inLanguage\":\"en-US\",\"@id\":\"https:\\\/\\\/shrimataji.org\\\/test\\\/sk\\\/muladhara-cakra\\\/#primaryimage\",\"url\":\"https:\\\/\\\/shrimataji.org\\\/test\\\/wp-content\\\/uploads\\\/2023\\\/03\\\/16_Banner-SY-Chakra-mool-scaled.jpg\",\"contentUrl\":\"https:\\\/\\\/shrimataji.org\\\/test\\\/wp-content\\\/uploads\\\/2023\\\/03\\\/16_Banner-SY-Chakra-mool-scaled.jpg\",\"width\":2560,\"height\":905},{\"@type\":\"BreadcrumbList\",\"@id\":\"https:\\\/\\\/shrimataji.org\\\/test\\\/sk\\\/muladhara-cakra\\\/#breadcrumb\",\"itemListElement\":[{\"@type\":\"ListItem\",\"position\":1,\"name\":\"Home\",\"item\":\"https:\\\/\\\/shrimataji.org\\\/test\\\/uk\\\/home-en\\\/\"},{\"@type\":\"ListItem\",\"position\":2,\"name\":\"Muladh\u00e1ra \u010dakra\"}]},{\"@type\":\"WebSite\",\"@id\":\"https:\\\/\\\/shrimataji.org\\\/test\\\/#website\",\"url\":\"https:\\\/\\\/shrimataji.org\\\/test\\\/\",\"name\":\"Shri Mataji Nirmala Devi\",\"description\":\"A Life Dedicated to Humanity\",\"publisher\":{\"@id\":\"https:\\\/\\\/shrimataji.org\\\/test\\\/#\\\/schema\\\/person\\\/a1b3419c6585f164aa96da1ff85715d1\"},\"potentialAction\":[{\"@type\":\"SearchAction\",\"target\":{\"@type\":\"EntryPoint\",\"urlTemplate\":\"https:\\\/\\\/shrimataji.org\\\/test\\\/?s={search_term_string}\"},\"query-input\":{\"@type\":\"PropertyValueSpecification\",\"valueRequired\":true,\"valueName\":\"search_term_string\"}}],\"inLanguage\":\"en-US\"},{\"@type\":[\"Person\",\"Organization\"],\"@id\":\"https:\\\/\\\/shrimataji.org\\\/test\\\/#\\\/schema\\\/person\\\/a1b3419c6585f164aa96da1ff85715d1\",\"name\":\"Nirmala Shrivastava\",\"image\":{\"@type\":\"ImageObject\",\"inLanguage\":\"en-US\",\"@id\":\"https:\\\/\\\/shrimataji.org\\\/test\\\/wp-content\\\/uploads\\\/2023\\\/02\\\/SMO_LOGO-03.svg\",\"url\":\"https:\\\/\\\/shrimataji.org\\\/test\\\/wp-content\\\/uploads\\\/2023\\\/02\\\/SMO_LOGO-03.svg\",\"contentUrl\":\"https:\\\/\\\/shrimataji.org\\\/test\\\/wp-content\\\/uploads\\\/2023\\\/02\\\/SMO_LOGO-03.svg\",\"width\":\"1024\",\"height\":\"1024\",\"caption\":\"Nirmala Shrivastava\"},\"logo\":{\"@id\":\"https:\\\/\\\/shrimataji.org\\\/test\\\/wp-content\\\/uploads\\\/2023\\\/02\\\/SMO_LOGO-03.svg\"},\"sameAs\":[\"https:\\\/\\\/shrimataji.org\\\/test\",\"https:\\\/\\\/www.facebook.com\\\/shrimataji\",\"https:\\\/\\\/x.com\\\/shrimataji\",\"https:\\\/\\\/www.youtube.com\\\/@Shri_Mataji_Nirmala_Devi\\\/featured\"]}]}<\/script>\n<!-- \/ Yoast SEO plugin. -->","yoast_head_json":{"title":"Muladh\u00e1ra \u010dakra - TEST - SMND","robots":{"index":"noindex","follow":"follow","max-snippet":"max-snippet:-1","max-image-preview":"max-image-preview:large","max-video-preview":"max-video-preview:-1"},"og_locale":"en_US","og_type":"article","og_title":"Muladh\u00e1ra \u010dakra - TEST - SMND","og_description":"Muladh\u00e1ra \u010dakra Nevinnos\u0165 a m\u00fadros\u0165 Na tento svet prich\u00e1dzame ako nevinn\u00e9 b\u00e1b\u00e4tk\u00e1, tak\u017ee m\u00f4\u017eeme poveda\u0165, \u017ee vlastnosti die\u0165a\u0165a s\u00fa v n\u00e1s vroden\u00e9. Nevinnos\u0165, spont\u00e1nnos\u0165 a m\u00fadros\u0165 s\u00fa kvalitami tohto centra. Predstavuj\u00fa v n\u00e1s ve\u010dn\u00e9 a nezni\u010dite\u013en\u00e9 vlastnosti, ktor\u00e9 sa naplno prejavia ke\u010f energia Kundaliny aktivuje t\u00fato \u010dakru. Na fyzickej \u00farovni t\u00e1to \u010dakra riadi vylu\u010dovac\u00ed a&hellip; Read more","og_url":"https:\/\/shrimataji.org\/test\/sk\/muladhara-cakra\/","og_site_name":"TEST - SMND","article_publisher":"https:\/\/www.facebook.com\/shrimataji","article_modified_time":"2026-03-12T10:36:04+00:00","og_image":[{"width":2560,"height":905,"url":"https:\/\/shrimataji.org\/test\/wp-content\/uploads\/2023\/03\/16_Banner-SY-Chakra-mool-scaled.jpg","type":"image\/jpeg"}],"twitter_card":"summary_large_image","twitter_site":"@shrimataji","twitter_misc":{"Est. reading time":"4 minutes"},"schema":{"@context":"https:\/\/schema.org","@graph":[{"@type":"WebPage","@id":"https:\/\/shrimataji.org\/test\/sk\/muladhara-cakra\/","url":"https:\/\/shrimataji.org\/test\/sk\/muladhara-cakra\/","name":"Muladh\u00e1ra \u010dakra - TEST - SMND","isPartOf":{"@id":"https:\/\/shrimataji.org\/test\/#website"},"primaryImageOfPage":{"@id":"https:\/\/shrimataji.org\/test\/sk\/muladhara-cakra\/#primaryimage"},"image":{"@id":"https:\/\/shrimataji.org\/test\/sk\/muladhara-cakra\/#primaryimage"},"thumbnailUrl":"https:\/\/shrimataji.org\/test\/wp-content\/uploads\/2023\/03\/16_Banner-SY-Chakra-mool-scaled.jpg","datePublished":"2022-02-25T05:44:57+00:00","dateModified":"2026-03-12T10:36:04+00:00","breadcrumb":{"@id":"https:\/\/shrimataji.org\/test\/sk\/muladhara-cakra\/#breadcrumb"},"inLanguage":"en-US","potentialAction":[{"@type":"ReadAction","target":["https:\/\/shrimataji.org\/test\/sk\/muladhara-cakra\/"]}]},{"@type":"ImageObject","inLanguage":"en-US","@id":"https:\/\/shrimataji.org\/test\/sk\/muladhara-cakra\/#primaryimage","url":"https:\/\/shrimataji.org\/test\/wp-content\/uploads\/2023\/03\/16_Banner-SY-Chakra-mool-scaled.jpg","contentUrl":"https:\/\/shrimataji.org\/test\/wp-content\/uploads\/2023\/03\/16_Banner-SY-Chakra-mool-scaled.jpg","width":2560,"height":905},{"@type":"BreadcrumbList","@id":"https:\/\/shrimataji.org\/test\/sk\/muladhara-cakra\/#breadcrumb","itemListElement":[{"@type":"ListItem","position":1,"name":"Home","item":"https:\/\/shrimataji.org\/test\/uk\/home-en\/"},{"@type":"ListItem","position":2,"name":"Muladh\u00e1ra \u010dakra"}]},{"@type":"WebSite","@id":"https:\/\/shrimataji.org\/test\/#website","url":"https:\/\/shrimataji.org\/test\/","name":"Shri Mataji Nirmala Devi","description":"A Life Dedicated to Humanity","publisher":{"@id":"https:\/\/shrimataji.org\/test\/#\/schema\/person\/a1b3419c6585f164aa96da1ff85715d1"},"potentialAction":[{"@type":"SearchAction","target":{"@type":"EntryPoint","urlTemplate":"https:\/\/shrimataji.org\/test\/?s={search_term_string}"},"query-input":{"@type":"PropertyValueSpecification","valueRequired":true,"valueName":"search_term_string"}}],"inLanguage":"en-US"},{"@type":["Person","Organization"],"@id":"https:\/\/shrimataji.org\/test\/#\/schema\/person\/a1b3419c6585f164aa96da1ff85715d1","name":"Nirmala Shrivastava","image":{"@type":"ImageObject","inLanguage":"en-US","@id":"https:\/\/shrimataji.org\/test\/wp-content\/uploads\/2023\/02\/SMO_LOGO-03.svg","url":"https:\/\/shrimataji.org\/test\/wp-content\/uploads\/2023\/02\/SMO_LOGO-03.svg","contentUrl":"https:\/\/shrimataji.org\/test\/wp-content\/uploads\/2023\/02\/SMO_LOGO-03.svg","width":"1024","height":"1024","caption":"Nirmala Shrivastava"},"logo":{"@id":"https:\/\/shrimataji.org\/test\/wp-content\/uploads\/2023\/02\/SMO_LOGO-03.svg"},"sameAs":["https:\/\/shrimataji.org\/test","https:\/\/www.facebook.com\/shrimataji","https:\/\/x.com\/shrimataji","https:\/\/www.youtube.com\/@Shri_Mataji_Nirmala_Devi\/featured"]}]}},"lang":"sk","translations":{"sk":12409,"ur":37466,"en":10186,"am":18038,"th":20000,"hu":19520,"sq":18439,"zh":17336,"ja":11260,"hi":8319,"pt":10396,"de":10670,"fr":10768,"it":10866,"es":10963,"ru":11448,"bn":11640,"te":11748,"sw":11871,"he":12019,"el":12311,"fa":12507,"fi":12605,"bg":13376,"ro":14450,"cs":14643,"nl":16599,"ku":16759,"ar":16935,"be":18646,"kn":18920,"mr":20364,"uk":20658,"ml":20953,"ta":22757,"sv":23028,"gu":28871,"pa":29031,"fil":29476,"da":37778,"pl":37990,"nn":38330},"pll_sync_post":[],"_links":{"self":[{"href":"https:\/\/shrimataji.org\/test\/wp-json\/wp\/v2\/pages\/12409","targetHints":{"allow":["GET"]}}],"collection":[{"href":"https:\/\/shrimataji.org\/test\/wp-json\/wp\/v2\/pages"}],"about":[{"href":"https:\/\/shrimataji.org\/test\/wp-json\/wp\/v2\/types\/page"}],"author":[{"embeddable":true,"href":"https:\/\/shrimataji.org\/test\/wp-json\/wp\/v2\/users\/28"}],"replies":[{"embeddable":true,"href":"https:\/\/shrimataji.org\/test\/wp-json\/wp\/v2\/comments?post=12409"}],"version-history":[{"count":0,"href":"https:\/\/shrimataji.org\/test\/wp-json\/wp\/v2\/pages\/12409\/revisions"}],"wp:featuredmedia":[{"embeddable":true,"href":"https:\/\/shrimataji.org\/test\/wp-json\/wp\/v2\/media\/9251"}],"wp:attachment":[{"href":"https:\/\/shrimataji.org\/test\/wp-json\/wp\/v2\/media?parent=12409"}],"curies":[{"name":"wp","href":"https:\/\/api.w.org\/{rel}","templated":true}]}}