{"id":12410,"date":"2022-03-05T07:37:21","date_gmt":"2022-03-05T07:37:21","guid":{"rendered":"https:\/\/test.shrimataji.org\/?page_id=6487"},"modified":"2026-03-14T00:46:35","modified_gmt":"2026-03-14T00:46:35","slug":"nabhi-cakra","status":"publish","type":"page","link":"https:\/\/shrimataji.org\/test\/sk\/nabhi-cakra\/","title":{"rendered":"N\u00e1bhi \u010dakra SK"},"content":{"rendered":"\n\n\t<h1>N\u00e1bhi \u010dakra<\/h1>\n<h2>Spokojnos\u0165, evol\u00facia, blahoby\u0165<\/h2>\n<h4>Ako dospievame, prech\u00e1dzame zo zn\u00e1mych podmienok n\u00e1\u0161ho detstva do reality \u017eivota a \u010del\u00edme v\u00fdzvam, ktor\u00e9 n\u00e1m hra \u017eivota predklad\u00e1. M\u00e1me v\u0161ak etick\u00e9 normy, ktor\u00e9 n\u00e1s pevne usmer\u0148uj\u00fa v na\u0161om spr\u00e1van\u00ed, v soci\u00e1lnej komunik\u00e1cii d\u00f4stojn\u00fdm a pozit\u00edvnym sp\u00f4sobom.<\/h4>\n<p>Tretie duchovn\u00e9 centrum &#8211; uvedomenia n\u00e1m d\u00e1va vroden\u00fd zmysel pre mor\u00e1lne spr\u00e1vanie. Tieto vroden\u00e9 pravidl\u00e1 spr\u00e1vania boli v priebehu vekov uk\u00e1zan\u00e9 v \u017eivotoch a dielach mnoh\u00fdch sv\u00e4tcov, vizion\u00e1rov a prorokov, ak\u00fdmi bol Moj\u017ei\u0161, Mohamed, Abraham Lincoln a mnoh\u00ed \u010fal\u0161\u00ed. T\u00e1to \u010dakra n\u00e1m tie\u017e d\u00e1va pocit spokojnosti v \u017eivote,aj schopnos\u0165 c\u00edti\u0165 rados\u0165 zo zdie\u013eanie s ostatn\u00fdmi.<\/p>\n<p>Okolo druhej a tretej \u010dakry je Void (pr\u00e1zdnota), ktor\u00e1 z duchovn\u00e9ho poh\u013eadu symbolizuje medzeru v \u013eudskom vedom\u00ed oddelenom od bo\u017eieho a predstavuje princ\u00edp majstrovstva v n\u00e1s. V Sahad\u017ea joge si rozvinieme schopnos\u0165 sta\u0165 sa vlastn\u00fdm majstrom, osvieten\u00edm duchovn\u00e9ho uvedomenia si n\u00e1\u0161ho subt\u00edlneho syst\u00e9mu, ktor\u00fd c\u00edtime vo svojom tele, aj na kon\u010dekoch prstov.<\/p>\n\t\t<iframe loading=\"lazy\" title=\"Nabhi Chakra\" width=\"1920\" height=\"1080\" src=\"https:\/\/www.youtube.com\/embed\/ZAdSAl2AKEw?feature=oembed\" frameborder=\"0\" allow=\"accelerometer; autoplay; clipboard-write; encrypted-media; gyroscope; picture-in-picture; web-share\" allowfullscreen><\/iframe>\t\n\t\t<iframe loading=\"lazy\" title=\"Void\" width=\"1920\" height=\"1080\" src=\"https:\/\/www.youtube.com\/embed\/Sa5uQpqfOrQ?feature=oembed\" frameborder=\"0\" allow=\"accelerometer; autoplay; clipboard-write; encrypted-media; gyroscope; picture-in-picture; web-share\" allowfullscreen><\/iframe>\t\n\t<strong>Umiestnenie:<br \/>\n<\/strong>Na\u0161a N\u00e1bhi \u010dakra sa nach\u00e1dza v chrbtici, pribli\u017ene na \u00farovni pupku. Na fyzickej \u00farovni ovplyv\u0148uje \u010dinnos\u0165 sol\u00e1rneho plexu (pletenca). Vibr\u00e1cie tejto \u010dakry m\u00f4\u017eeme c\u00edti\u0165 na prostredn\u00edkoch oboch r\u00fak. Funkciu na\u0161ich bru\u0161n\u00fdch org\u00e1nov (\u017eal\u00fadok, pe\u010de\u0148, obli\u010dky, \u010drev\u00e1) reguluj\u00fa N\u00e1bhi \u010dakra spolu so Swadi\u0161t\u00e1nou a Voidom. Tieto tri subt\u00edlne centr\u00e1 funguj\u00fa ako zjednoten\u00fd celok pre zabezpe\u010dovanie harmonick\u00e9ho fiziologick\u00e9ho prostredia v na\u0161om tele.\n<strong>Farba:<br \/>\n<\/strong>N\u00e1bhi \u010dakra je zn\u00e1zornen\u00e1 zelenou farbou a sp\u00e1ja sa so z\u00e1kladn\u00fdm elementom vody.\n<p><strong>lastnosti N\u00e1bhi \u010dakry s\u00fa:<\/strong><\/p>\n<ul>\n<li>Ve\u013ekorysos\u0165<\/li>\n<li>vy\u017eivovanie<\/li>\n<li>spokojnos\u0165<\/li>\n<li>mier<\/li>\n<li>rados\u0165<\/li>\n<li>rovnov\u00e1ha<\/li>\n<li>spravodlivos\u0165 (dharma)<\/li>\n<li>\u010destnos\u0165<\/li>\n<li>\u010dist\u00e1 pozornos\u0165<\/li>\n<li>d\u00f4stojnos\u0165<\/li>\n<li>evol\u00facia<\/li>\n<\/ul>\n<figure itemscope itemtype=\"https:\/\/schema.org\/ImageObject\">\n\t\t\t\t<img decoding=\"async\" src=\"https:\/\/shrimataji.org\/test\/wp-content\/uploads\/2025\/12\/sk-3-Nabhi-Void-01-scaled.png\" alt=\"sk-3-Nabhi Void-01\" height=\"2560\" width=\"2402\" title=\"sk-3-Nabhi Void-01\" onerror=\"this.style.display='none'\" loading=\"lazy\" \/>\n\t<\/figure>\n\t<p>N\u00e1bhi \u010dakra n\u00e1m d\u00e1va nieko\u013eko z\u00e1kladn\u00fdch vlastnost\u00ed, vr\u00e1tane \u0161tedrosti a schopnosti sa vyv\u00edja\u0165. Prostredn\u00edctvom na\u0161ej N\u00e1bhi poci\u0165ujeme t\u00fa\u017ebu duchovne r\u00e1s\u0165, zdokona\u013eova\u0165 sa a dosahova\u0165 vyt\u00fd\u010den\u00e9 ciele. Ovplyv\u0148uje ka\u017ed\u00fd n\u00e1\u0161 \u010din ako h\u013ead\u00e1me od jedla a vody a\u017e po mier a duchovno. V\u010faka tejto \u010dakre sa m\u00f4\u017eeme postupne vyv\u00edja\u0165 na vy\u0161\u0161iu duchovn\u00fa \u00farove\u0148.<\/p>\n<p>\u010eal\u0161ou hlavnou kvalitou tejto \u010dakry je spokojnos\u0165. V\u010faka N\u00e1bhi \u010dakre sme schopn\u00ed by\u0165 v ide\u00e1lnej rovnov\u00e1he vo v\u0161etk\u00fdch oblastiach \u017eivota (rodina, pr\u00e1ca, duchovno). \u0160ri Matad\u017ei prezradila, \u017ee mnohokr\u00e1t ten hlavn\u00fd aspekt N\u00e1bhi d\u00e1vaj\u00faci n\u00e1m starostlivo\u0165, n\u00e1klonos\u0165 a v\u00fd\u017eivu n\u00e1jdeme v miluj\u00facich man\u017eelk\u00e1ch a matk\u00e1ch , ktor\u00e9 sa staraj\u00fa o rodinu.<\/p>\n<strong>Sk\u00fasenosti a prospech<\/strong><br \/>\nNajd\u00f4le\u017eitej\u0161ou fyzickou funkciou N\u00e1bhi \u010dakry je regul\u00e1cia mnoh\u00fdch vn\u00fatorn\u00fdch org\u00e1nov &#8211; \u013eav\u00e9 N\u00e1bhi reguluje pankreas a slezinu, stredn\u00e9 N\u00e1bhi \u017eal\u00fadok a \u010drev\u00e1, prav\u00e9 N\u00e1bhi pe\u010de\u0148 a \u017el\u010dn\u00edk. Pe\u010de\u0148 m\u00e1 v medit\u00e1cii d\u00f4le\u017eit\u00fa \u00falohu, je nevyhnutn\u00e9 dosiahnu\u0165 stav dokonal\u00e9ho bezmy\u0161lienkov\u00e9ho vedomia a pozornosti. M\u00e1me toti\u017e sklon vies\u0165 hektick\u00fd \u017eivot a pe\u010de\u0148 je n\u00e1chyln\u00e1 na prehriatie a vy\u010derp\u00e1 sa. Praktizovanie Sahd\u017ea jogy pom\u00f4\u017ee udr\u017ea\u0165 si rovnov\u00e1hu a chr\u00e1ni\u0165 tento d\u00f4le\u017eit\u00fd org\u00e1n.\n<p>T\u00e1to \u010dakra hr\u00e1 d\u00f4le\u017eit\u00fa \u00falohu pri spr\u00e1vnom tr\u00e1ven\u00ed a metabolizme. Nedostatok discipl\u00edny v stravovan\u00ed negat\u00edvne ovplyn\u0148uje na\u0161u N\u00e1bhi. Dobr\u00e9, v\u00fd\u017eivn\u00e9 jedlo konzumovan\u00e9 v pravideln\u00fdch intervaloch pom\u00e1ha udr\u017eiava\u0165 N\u00e1bhi v rovnov\u00e1he.<\/p>\n<p>N\u00e1bhi \u010dakra je nevyhnutn\u00e1 pre n\u00e1\u0161 rodinn\u00fd \u017eivot, ke\u010f sa nabije energiou a d\u00e1 sa v medit\u00e1cii do rovnov\u00e1hy, m\u00f4\u017eete ziska\u0165 silu \u010deli\u0165 rodinn\u00fdm povinnostiam ba dokonca, \u017ee si u\u017e\u00edvate plni\u0165 si povinnosti, ktor\u00fdm ste sa predt\u00fdm vyh\u00fdbali.<\/p>\n<p>Je nevyhnutn\u00e9 dosiahnu\u0165 prosperitu v na\u0161om evolu\u010dnom v\u00fdvoji, N\u00e1bhi je jadrom materi\u00e1lneho blahobytu a pom\u00e1ha n\u00e1m naplni\u0165 si z\u00e1kladn\u00e9 potreby a t\u00fa\u017eby. Narodili sme sa s intelektu\u00e1lnymi a fyzick\u00fdmi schopnos\u0165ami, aby sme mohli zar\u00e1bat peniaze, ktor\u00e9 naplnia tieto potreby. Siln\u00e1 N\u00e1bhi znamen\u00e1 , \u017ee akon\u00e1hle s\u00fa va\u0161e materi\u00e1lne potreby naplnen\u00e9, za\u010dnete sa zameriava\u0165 na svoju duchovn\u00fa prosperitu.<\/p>\n<strong>Sebahodnotenie:<\/strong><br \/>\nAk sa va\u0161e \u013eav\u00e9 N\u00e1bhi zablokuje, alebo dostane mimo rovnov\u00e1hu, m\u00f4\u017eete si v\u0161imn\u00fa\u0165 n\u00e1rast \u0165a\u017ekost\u00ed v rodine a dom\u00e1cnosti. M\u00f4\u017eete sa ob\u00e1va\u0165 o peniaze. Ak m\u00e1te zablokovan\u00e9 stredn\u00e9 N\u00e1bi, m\u00f4\u017eete poci\u0165ova\u0165 mierne tr\u00e1viace, alebo metabolick\u00e9 probl\u00e9my. Ak je toto miesto v nerovnov\u00e1he, m\u00f4\u017eete sa viac ob\u00e1va\u0165 a strachova\u0165. Taktie\u017e sa m\u00f4\u017ee vyskytn\u00fa\u0165 nedostatok \u0161tedrosti a neochota deli\u0165 sa. Na\u0161\u0165astie praktizovanie Sahad\u017ea jogy pom\u00e1ha vyrovna\u0165 a obnovi\u0165 energiu tejto \u017eivotne d\u00f4le\u017eitej \u010dakry.\n<p><strong>Pr\u00ed\u010diny po\u0161kodenia:<\/strong><\/p>\n<ul>\n<li>Prive\u013ea starost\u00ed, stres a neharmonick\u00e9 vz\u0165ahy v rodine, posadnutos\u0165 pr\u00e1cou, u\u017e\u00edvanie drog a alkoholu, fanatizmus ak\u00e9hoko\u013evek druhu<\/li>\n<\/ul>\n<strong>Ako dosiahnu\u0165 rovnov\u00e1hu:<\/strong><br \/>\nDa\u0165 prav\u00fa N\u00e1bhi do rovnov\u00e1hy je pomerne jednoduch\u00e9: Len podr\u017ete prav\u00fa ruku smerom k pupku, ke\u010f poc\u00edtie pohyb energie, jej pr\u00fadenie ot\u00e1\u010dajte rukou v smere hodinov\u00fdch ru\u010di\u010diek okolo \u010dakry. Opakujte nieko\u013eko kr\u00e1t. Aj prikladanie n\u00e1dobky s \u013eadom pom\u00e1ha prav\u00e9mu N\u00e1bhi, pe\u010deni. Pre vyrovnanie \u013eavej strany \u010dakry robte <a href=\"https:\/\/shrimataji.org\/test\/wp-content\/uploads\/2026\/03\/SK_Footsoaking.pdf\" target=\"_blank\" rel=\"noopener\">k\u00fape\u013e n\u00f4h<\/a> v teplej vode po\u010das be\u017enej medit\u00e1cie.\n\n","protected":false},"excerpt":{"rendered":"<p>N\u00e1bhi \u010dakra Spokojnos\u0165, evol\u00facia, blahoby\u0165 Ako dospievame, prech\u00e1dzame zo zn\u00e1mych podmienok n\u00e1\u0161ho detstva do reality \u017eivota a \u010del\u00edme v\u00fdzvam, ktor\u00e9 n\u00e1m hra \u017eivota predklad\u00e1. M\u00e1me v\u0161ak etick\u00e9 normy, ktor\u00e9 n\u00e1s pevne usmer\u0148uj\u00fa v na\u0161om spr\u00e1van\u00ed, v soci\u00e1lnej komunik\u00e1cii d\u00f4stojn\u00fdm a pozit\u00edvnym sp\u00f4sobom. Tretie duchovn\u00e9 centrum &#8211; uvedomenia n\u00e1m d\u00e1va vroden\u00fd zmysel pre mor\u00e1lne spr\u00e1vanie. Tieto&hellip; <br \/> <a class=\"read-more\" href=\"https:\/\/shrimataji.org\/test\/sk\/nabhi-cakra\/\">Read more<\/a><\/p>\n","protected":false},"author":1,"featured_media":9253,"parent":0,"menu_order":0,"comment_status":"closed","ping_status":"closed","template":"","meta":{"inline_featured_image":false,"footnotes":""},"class_list":["post-12410","page","type-page","status-publish","has-post-thumbnail","hentry"],"yoast_head":"<!-- This site is optimized with the Yoast SEO plugin v27.4 - https:\/\/yoast.com\/product\/yoast-seo-wordpress\/ -->\n<title>N\u00e1bhi \u010dakra SK - TEST - SMND<\/title>\n<meta name=\"robots\" content=\"noindex, follow, max-snippet:-1, max-image-preview:large, max-video-preview:-1\" \/>\n<meta property=\"og:locale\" content=\"en_US\" \/>\n<meta property=\"og:type\" content=\"article\" \/>\n<meta property=\"og:title\" content=\"N\u00e1bhi \u010dakra SK - TEST - SMND\" \/>\n<meta property=\"og:description\" content=\"N\u00e1bhi \u010dakra Spokojnos\u0165, evol\u00facia, blahoby\u0165 Ako dospievame, prech\u00e1dzame zo zn\u00e1mych podmienok n\u00e1\u0161ho detstva do reality \u017eivota a \u010del\u00edme v\u00fdzvam, ktor\u00e9 n\u00e1m hra \u017eivota predklad\u00e1. M\u00e1me v\u0161ak etick\u00e9 normy, ktor\u00e9 n\u00e1s pevne usmer\u0148uj\u00fa v na\u0161om spr\u00e1van\u00ed, v soci\u00e1lnej komunik\u00e1cii d\u00f4stojn\u00fdm a pozit\u00edvnym sp\u00f4sobom. Tretie duchovn\u00e9 centrum &#8211; uvedomenia n\u00e1m d\u00e1va vroden\u00fd zmysel pre mor\u00e1lne spr\u00e1vanie. Tieto&hellip; Read more\" \/>\n<meta property=\"og:url\" content=\"https:\/\/shrimataji.org\/test\/sk\/nabhi-cakra\/\" \/>\n<meta property=\"og:site_name\" content=\"TEST - SMND\" \/>\n<meta property=\"article:publisher\" content=\"https:\/\/www.facebook.com\/shrimataji\" \/>\n<meta property=\"article:modified_time\" content=\"2026-03-14T00:46:35+00:00\" \/>\n<meta property=\"og:image\" content=\"https:\/\/shrimataji.org\/test\/wp-content\/uploads\/2023\/03\/18_Banner-SY-Chakra-nabhi-scaled.jpg\" \/>\n\t<meta property=\"og:image:width\" content=\"2560\" \/>\n\t<meta property=\"og:image:height\" content=\"905\" \/>\n\t<meta property=\"og:image:type\" content=\"image\/jpeg\" \/>\n<meta name=\"twitter:card\" content=\"summary_large_image\" \/>\n<meta name=\"twitter:site\" content=\"@shrimataji\" \/>\n<meta name=\"twitter:label1\" content=\"Est. reading time\" \/>\n\t<meta name=\"twitter:data1\" content=\"5 minutes\" \/>\n<script type=\"application\/ld+json\" class=\"yoast-schema-graph\">{\"@context\":\"https:\\\/\\\/schema.org\",\"@graph\":[{\"@type\":\"WebPage\",\"@id\":\"https:\\\/\\\/shrimataji.org\\\/test\\\/sk\\\/nabhi-cakra\\\/\",\"url\":\"https:\\\/\\\/shrimataji.org\\\/test\\\/sk\\\/nabhi-cakra\\\/\",\"name\":\"N\u00e1bhi \u010dakra SK - TEST - SMND\",\"isPartOf\":{\"@id\":\"https:\\\/\\\/shrimataji.org\\\/test\\\/#website\"},\"primaryImageOfPage\":{\"@id\":\"https:\\\/\\\/shrimataji.org\\\/test\\\/sk\\\/nabhi-cakra\\\/#primaryimage\"},\"image\":{\"@id\":\"https:\\\/\\\/shrimataji.org\\\/test\\\/sk\\\/nabhi-cakra\\\/#primaryimage\"},\"thumbnailUrl\":\"https:\\\/\\\/shrimataji.org\\\/test\\\/wp-content\\\/uploads\\\/2023\\\/03\\\/18_Banner-SY-Chakra-nabhi-scaled.jpg\",\"datePublished\":\"2022-03-05T07:37:21+00:00\",\"dateModified\":\"2026-03-14T00:46:35+00:00\",\"breadcrumb\":{\"@id\":\"https:\\\/\\\/shrimataji.org\\\/test\\\/sk\\\/nabhi-cakra\\\/#breadcrumb\"},\"inLanguage\":\"en-US\",\"potentialAction\":[{\"@type\":\"ReadAction\",\"target\":[\"https:\\\/\\\/shrimataji.org\\\/test\\\/sk\\\/nabhi-cakra\\\/\"]}]},{\"@type\":\"ImageObject\",\"inLanguage\":\"en-US\",\"@id\":\"https:\\\/\\\/shrimataji.org\\\/test\\\/sk\\\/nabhi-cakra\\\/#primaryimage\",\"url\":\"https:\\\/\\\/shrimataji.org\\\/test\\\/wp-content\\\/uploads\\\/2023\\\/03\\\/18_Banner-SY-Chakra-nabhi-scaled.jpg\",\"contentUrl\":\"https:\\\/\\\/shrimataji.org\\\/test\\\/wp-content\\\/uploads\\\/2023\\\/03\\\/18_Banner-SY-Chakra-nabhi-scaled.jpg\",\"width\":2560,\"height\":905},{\"@type\":\"BreadcrumbList\",\"@id\":\"https:\\\/\\\/shrimataji.org\\\/test\\\/sk\\\/nabhi-cakra\\\/#breadcrumb\",\"itemListElement\":[{\"@type\":\"ListItem\",\"position\":1,\"name\":\"Home\",\"item\":\"https:\\\/\\\/shrimataji.org\\\/test\\\/uk\\\/home-en\\\/\"},{\"@type\":\"ListItem\",\"position\":2,\"name\":\"N\u00e1bhi \u010dakra SK\"}]},{\"@type\":\"WebSite\",\"@id\":\"https:\\\/\\\/shrimataji.org\\\/test\\\/#website\",\"url\":\"https:\\\/\\\/shrimataji.org\\\/test\\\/\",\"name\":\"Shri Mataji Nirmala Devi\",\"description\":\"A Life Dedicated to Humanity\",\"publisher\":{\"@id\":\"https:\\\/\\\/shrimataji.org\\\/test\\\/#\\\/schema\\\/person\\\/a1b3419c6585f164aa96da1ff85715d1\"},\"potentialAction\":[{\"@type\":\"SearchAction\",\"target\":{\"@type\":\"EntryPoint\",\"urlTemplate\":\"https:\\\/\\\/shrimataji.org\\\/test\\\/?s={search_term_string}\"},\"query-input\":{\"@type\":\"PropertyValueSpecification\",\"valueRequired\":true,\"valueName\":\"search_term_string\"}}],\"inLanguage\":\"en-US\"},{\"@type\":[\"Person\",\"Organization\"],\"@id\":\"https:\\\/\\\/shrimataji.org\\\/test\\\/#\\\/schema\\\/person\\\/a1b3419c6585f164aa96da1ff85715d1\",\"name\":\"Nirmala Shrivastava\",\"image\":{\"@type\":\"ImageObject\",\"inLanguage\":\"en-US\",\"@id\":\"https:\\\/\\\/shrimataji.org\\\/test\\\/wp-content\\\/uploads\\\/2023\\\/02\\\/SMO_LOGO-03.svg\",\"url\":\"https:\\\/\\\/shrimataji.org\\\/test\\\/wp-content\\\/uploads\\\/2023\\\/02\\\/SMO_LOGO-03.svg\",\"contentUrl\":\"https:\\\/\\\/shrimataji.org\\\/test\\\/wp-content\\\/uploads\\\/2023\\\/02\\\/SMO_LOGO-03.svg\",\"width\":\"1024\",\"height\":\"1024\",\"caption\":\"Nirmala Shrivastava\"},\"logo\":{\"@id\":\"https:\\\/\\\/shrimataji.org\\\/test\\\/wp-content\\\/uploads\\\/2023\\\/02\\\/SMO_LOGO-03.svg\"},\"sameAs\":[\"https:\\\/\\\/shrimataji.org\\\/test\",\"https:\\\/\\\/www.facebook.com\\\/shrimataji\",\"https:\\\/\\\/x.com\\\/shrimataji\",\"https:\\\/\\\/www.youtube.com\\\/@Shri_Mataji_Nirmala_Devi\\\/featured\"]}]}<\/script>\n<!-- \/ Yoast SEO plugin. -->","yoast_head_json":{"title":"N\u00e1bhi \u010dakra SK - TEST - SMND","robots":{"index":"noindex","follow":"follow","max-snippet":"max-snippet:-1","max-image-preview":"max-image-preview:large","max-video-preview":"max-video-preview:-1"},"og_locale":"en_US","og_type":"article","og_title":"N\u00e1bhi \u010dakra SK - TEST - SMND","og_description":"N\u00e1bhi \u010dakra Spokojnos\u0165, evol\u00facia, blahoby\u0165 Ako dospievame, prech\u00e1dzame zo zn\u00e1mych podmienok n\u00e1\u0161ho detstva do reality \u017eivota a \u010del\u00edme v\u00fdzvam, ktor\u00e9 n\u00e1m hra \u017eivota predklad\u00e1. M\u00e1me v\u0161ak etick\u00e9 normy, ktor\u00e9 n\u00e1s pevne usmer\u0148uj\u00fa v na\u0161om spr\u00e1van\u00ed, v soci\u00e1lnej komunik\u00e1cii d\u00f4stojn\u00fdm a pozit\u00edvnym sp\u00f4sobom. Tretie duchovn\u00e9 centrum &#8211; uvedomenia n\u00e1m d\u00e1va vroden\u00fd zmysel pre mor\u00e1lne spr\u00e1vanie. Tieto&hellip; Read more","og_url":"https:\/\/shrimataji.org\/test\/sk\/nabhi-cakra\/","og_site_name":"TEST - SMND","article_publisher":"https:\/\/www.facebook.com\/shrimataji","article_modified_time":"2026-03-14T00:46:35+00:00","og_image":[{"width":2560,"height":905,"url":"https:\/\/shrimataji.org\/test\/wp-content\/uploads\/2023\/03\/18_Banner-SY-Chakra-nabhi-scaled.jpg","type":"image\/jpeg"}],"twitter_card":"summary_large_image","twitter_site":"@shrimataji","twitter_misc":{"Est. reading time":"5 minutes"},"schema":{"@context":"https:\/\/schema.org","@graph":[{"@type":"WebPage","@id":"https:\/\/shrimataji.org\/test\/sk\/nabhi-cakra\/","url":"https:\/\/shrimataji.org\/test\/sk\/nabhi-cakra\/","name":"N\u00e1bhi \u010dakra SK - TEST - SMND","isPartOf":{"@id":"https:\/\/shrimataji.org\/test\/#website"},"primaryImageOfPage":{"@id":"https:\/\/shrimataji.org\/test\/sk\/nabhi-cakra\/#primaryimage"},"image":{"@id":"https:\/\/shrimataji.org\/test\/sk\/nabhi-cakra\/#primaryimage"},"thumbnailUrl":"https:\/\/shrimataji.org\/test\/wp-content\/uploads\/2023\/03\/18_Banner-SY-Chakra-nabhi-scaled.jpg","datePublished":"2022-03-05T07:37:21+00:00","dateModified":"2026-03-14T00:46:35+00:00","breadcrumb":{"@id":"https:\/\/shrimataji.org\/test\/sk\/nabhi-cakra\/#breadcrumb"},"inLanguage":"en-US","potentialAction":[{"@type":"ReadAction","target":["https:\/\/shrimataji.org\/test\/sk\/nabhi-cakra\/"]}]},{"@type":"ImageObject","inLanguage":"en-US","@id":"https:\/\/shrimataji.org\/test\/sk\/nabhi-cakra\/#primaryimage","url":"https:\/\/shrimataji.org\/test\/wp-content\/uploads\/2023\/03\/18_Banner-SY-Chakra-nabhi-scaled.jpg","contentUrl":"https:\/\/shrimataji.org\/test\/wp-content\/uploads\/2023\/03\/18_Banner-SY-Chakra-nabhi-scaled.jpg","width":2560,"height":905},{"@type":"BreadcrumbList","@id":"https:\/\/shrimataji.org\/test\/sk\/nabhi-cakra\/#breadcrumb","itemListElement":[{"@type":"ListItem","position":1,"name":"Home","item":"https:\/\/shrimataji.org\/test\/uk\/home-en\/"},{"@type":"ListItem","position":2,"name":"N\u00e1bhi \u010dakra SK"}]},{"@type":"WebSite","@id":"https:\/\/shrimataji.org\/test\/#website","url":"https:\/\/shrimataji.org\/test\/","name":"Shri Mataji Nirmala Devi","description":"A Life Dedicated to Humanity","publisher":{"@id":"https:\/\/shrimataji.org\/test\/#\/schema\/person\/a1b3419c6585f164aa96da1ff85715d1"},"potentialAction":[{"@type":"SearchAction","target":{"@type":"EntryPoint","urlTemplate":"https:\/\/shrimataji.org\/test\/?s={search_term_string}"},"query-input":{"@type":"PropertyValueSpecification","valueRequired":true,"valueName":"search_term_string"}}],"inLanguage":"en-US"},{"@type":["Person","Organization"],"@id":"https:\/\/shrimataji.org\/test\/#\/schema\/person\/a1b3419c6585f164aa96da1ff85715d1","name":"Nirmala Shrivastava","image":{"@type":"ImageObject","inLanguage":"en-US","@id":"https:\/\/shrimataji.org\/test\/wp-content\/uploads\/2023\/02\/SMO_LOGO-03.svg","url":"https:\/\/shrimataji.org\/test\/wp-content\/uploads\/2023\/02\/SMO_LOGO-03.svg","contentUrl":"https:\/\/shrimataji.org\/test\/wp-content\/uploads\/2023\/02\/SMO_LOGO-03.svg","width":"1024","height":"1024","caption":"Nirmala Shrivastava"},"logo":{"@id":"https:\/\/shrimataji.org\/test\/wp-content\/uploads\/2023\/02\/SMO_LOGO-03.svg"},"sameAs":["https:\/\/shrimataji.org\/test","https:\/\/www.facebook.com\/shrimataji","https:\/\/x.com\/shrimataji","https:\/\/www.youtube.com\/@Shri_Mataji_Nirmala_Devi\/featured"]}]}},"lang":"sk","translations":{"sk":12410,"ur":37468,"en":6487,"am":18040,"th":20003,"hu":19522,"sq":18441,"zh":17338,"hi":8327,"tr":10187,"pt":10397,"de":10671,"fr":10769,"it":10867,"es":10964,"ja":11261,"ru":11449,"bn":11641,"te":11749,"sw":11872,"he":12020,"el":12312,"fa":12508,"fi":12606,"bg":13372,"ro":14446,"cs":14639,"nl":16601,"ku":16761,"ar":16937,"be":18648,"kn":18922,"mr":20367,"uk":20661,"ml":20956,"ta":22759,"sv":23030,"gu":28873,"pa":29033,"fil":29478,"da":37780,"pl":37992,"nn":38332},"pll_sync_post":[],"_links":{"self":[{"href":"https:\/\/shrimataji.org\/test\/wp-json\/wp\/v2\/pages\/12410","targetHints":{"allow":["GET"]}}],"collection":[{"href":"https:\/\/shrimataji.org\/test\/wp-json\/wp\/v2\/pages"}],"about":[{"href":"https:\/\/shrimataji.org\/test\/wp-json\/wp\/v2\/types\/page"}],"author":[{"embeddable":true,"href":"https:\/\/shrimataji.org\/test\/wp-json\/wp\/v2\/users\/1"}],"replies":[{"embeddable":true,"href":"https:\/\/shrimataji.org\/test\/wp-json\/wp\/v2\/comments?post=12410"}],"version-history":[{"count":0,"href":"https:\/\/shrimataji.org\/test\/wp-json\/wp\/v2\/pages\/12410\/revisions"}],"wp:featuredmedia":[{"embeddable":true,"href":"https:\/\/shrimataji.org\/test\/wp-json\/wp\/v2\/media\/9253"}],"wp:attachment":[{"href":"https:\/\/shrimataji.org\/test\/wp-json\/wp\/v2\/media?parent=12410"}],"curies":[{"name":"wp","href":"https:\/\/api.w.org\/{rel}","templated":true}]}}