{"id":12417,"date":"2015-02-02T03:00:00","date_gmt":"2015-02-02T03:00:00","guid":{"rendered":"http:\/\/testwordpress.nirmalnagari.org\/smnd\/index.php\/poems-by-shri-mataji\/"},"modified":"2026-01-31T07:40:03","modified_gmt":"2026-01-31T07:40:03","slug":"ako-ciastocka-prachu","status":"publish","type":"page","link":"https:\/\/shrimataji.org\/test\/sk\/ako-ciastocka-prachu\/","title":{"rendered":"Ako \u010diasto\u010dka prachu"},"content":{"rendered":"\n\n\t<h1>Ako \u010diasto\u010dka prachu<\/h1>\nChcem by\u0165 mali\u010dk\u00e1<br \/>\nako \u010diasto\u010dka prachu,<br \/>\nktor\u00fa vietor nesie<br \/>\nna v\u0161etky miesta.\nM\u00f4\u017ee zosta\u0165 na hlave kr\u00e1\u013ea<br \/>\nalebo m\u00f4\u017ee letie\u0165<br \/>\na spadn\u00fa\u0165 k niekoho noh\u00e1m.\n<p>A m\u00f4\u017ee letie\u0165 a usadi\u0165 sa kdeko\u013evek.<\/p>\nJa ale chcem by\u0165 \u010diasto\u010dkou prachu,<br \/>\nktor\u00e1 je vo\u0148av\u00e1,<br \/>\nktor\u00e1 vy\u017eivuje,<br \/>\nktor\u00e1 d\u00e1va osvietenie.\n<h4>\u0160ri Matad\u017ei Nirmala Devi,<br \/>\nvo veku sedem rokov, ako ju povedala v Dhulii, v Indii, 14. janu\u00e1ra 1993.<\/h4>\n\t<h1>Moj\u00edm kvetinov\u00fdm de\u0165om<\/h1>\nHnev\u00e1te sa na \u017eivot<br \/>\nako mal\u00e9 deti,<br \/>\nktor\u00fdch matka sa stratila v temnote.<br \/>\nVa\u0161a mrzutos\u0165 je odrazom z\u00fafalstva<br \/>\nna konci cesty, ktor\u00e1 v\u00e1m nepriniesla vyt\u00fa\u017een\u00e9 ovocie.\nNos\u00edte \u0161karedos\u0165, aby ste objavili kr\u00e1su.<br \/>\nV mene pravdy naz\u00fdvate v\u0161etko neprav\u00fdm.<br \/>\nVylievate svoje city, aby ste naplnili poh\u00e1r l\u00e1sky.<br \/>\nMoje mil\u00e9 deti, moje drah\u00e9 deti,<br \/>\nako m\u00f4\u017eete n\u00e1js\u0165 mier t\u00fdm, \u017ee vediete vojny<br \/>\nso sebou, so svojou bytos\u0165ou, so samotnou rados\u0165ou.\nU\u017e bolo dos\u0165 snahy o odriekanie,<br \/>\nfalo\u0161nej masky \u00fatechy.<br \/>\nTeraz si odd\u00fdchnite na lupienkoch lotosu<br \/>\nv lone va\u0161ej milosrdnej Matky.<br \/>\nOzdob\u00edm v\u00e1\u0161 \u017eivot n\u00e1dhern\u00fdmi kvetmi<br \/>\na napln\u00edm radostnou v\u00f4\u0148ou va\u0161e okamihy.<br \/>\nPosv\u00e4t\u00edm va\u0161e hlavy Bo\u017eskou l\u00e1skou,<br \/>\nlebo u\u017e viac neznesiem poh\u013ead na va\u0161e utrpenie.\nNechajte Ma pohlti\u0165 v\u00e1s oce\u00e1nom radosti,<br \/>\naby sa va\u0161a osobnos\u0165 rozplynula vo v\u00e4\u010d\u0161ej osobnosti Toho,<br \/>\nktor\u00fd sa usmieva tajne ukryt\u00fd<br \/>\nv kalichu v\u00e1\u0161ho Ja<br \/>\na pob\u00e1da V\u00e1s h\u013eada\u0165, a\u017e k\u00fdm<br \/>\nsi Ho neuvedom\u00edte a k\u00fdm Ho nen\u00e1jdete,<br \/>\nvibruj\u00fac ka\u017ed\u00e9 va\u0161e vl\u00e1kno bla\u017eenou rados\u0165ou,<br \/>\nzap\u013a\u0148aj\u00fac cel\u00fd Vesm\u00edr svetlom.\n<h4>\u0160ri Matad\u017ei NIrmala Devi, h\u013eada\u010dom pravdy v USA, na jej prvej n\u00e1v\u0161teve v roku 1972<\/h4>\n\t<h1>Vid\u00edm horu<\/h1>\n<p>Z m\u00f4jho okna vid\u00edm horu,<\/p>\n<p>t\u00fd\u010di sa ako starod\u00e1vny mudrc,<\/p>\n<p>bez \u017eelania a\u00a0pln\u00e1 l\u00e1sky.<\/p>\n<p>To\u013eko stromov, to\u013eko kvet\u00edn<\/p>\n<p>drancuje horu po cel\u00fa dobu.<\/p>\n<p>Jej k\u013eud to nenaru\u0161\u00ed.<\/p>\n<p>A ke\u010f d\u00e1\u017e\u010f leje<\/p>\n<p>akoby sa pretrhli d\u017eb\u00e1ny mrakov,<\/p>\n<p>hora sa nap\u013a\u0148a zele\u0148ou,<\/p>\n<p>sn\u00e1\u010f sa zdvihn\u00fa b\u00farky,<\/p>\n<p>ktor\u00e9 naplnia jazero s\u00facitu.<\/p>\n<p>A\u00a0rieky zur\u010dia z\u00a0h\u00f4r<\/p>\n<p>a\u00a0stekaj\u00fa ku volaj\u00facemu moru,<\/p>\n<p>slnko stvor\u00ed mraky<\/p>\n<p>a\u00a0vietor na svojich m\u00e4ku\u010dk\u00fdch kr\u00eddlach<\/p>\n<p>prinesie op\u00e4\u0165 d\u00e1\u017e\u010f na t\u00fa horu.<\/p>\n<p>Je to ve\u010dn\u00e1 hra.<\/p>\n<p>A\u00a0hora h\u013ead\u00ed bez \u017eelania.<\/p>\n<h4>\u0160ri Matad\u017ei Nirmala Devi 2002<\/h4>\n\n","protected":false},"excerpt":{"rendered":"<p>Ako \u010diasto\u010dka prachu Chcem by\u0165 mali\u010dk\u00e1 ako \u010diasto\u010dka prachu, ktor\u00fa vietor nesie na v\u0161etky miesta. M\u00f4\u017ee zosta\u0165 na hlave kr\u00e1\u013ea alebo m\u00f4\u017ee letie\u0165 a spadn\u00fa\u0165 k niekoho noh\u00e1m. A m\u00f4\u017ee letie\u0165 a usadi\u0165 sa kdeko\u013evek. Ja ale chcem by\u0165 \u010diasto\u010dkou prachu, ktor\u00e1 je vo\u0148av\u00e1, ktor\u00e1 vy\u017eivuje, ktor\u00e1 d\u00e1va osvietenie. \u0160ri Matad\u017ei Nirmala Devi, vo veku&hellip; <br \/> <a class=\"read-more\" href=\"https:\/\/shrimataji.org\/test\/sk\/ako-ciastocka-prachu\/\">Read more<\/a><\/p>\n","protected":false},"author":28,"featured_media":150,"parent":0,"menu_order":0,"comment_status":"closed","ping_status":"closed","template":"","meta":{"inline_featured_image":false,"footnotes":""},"class_list":["post-12417","page","type-page","status-publish","has-post-thumbnail","hentry"],"yoast_head":"<!-- This site is optimized with the Yoast SEO plugin v27.4 - https:\/\/yoast.com\/product\/yoast-seo-wordpress\/ -->\n<title>Ako \u010diasto\u010dka prachu - TEST - SMND<\/title>\n<meta name=\"robots\" content=\"noindex, follow, max-snippet:-1, max-image-preview:large, max-video-preview:-1\" \/>\n<meta property=\"og:locale\" content=\"en_US\" \/>\n<meta property=\"og:type\" content=\"article\" \/>\n<meta property=\"og:title\" content=\"Ako \u010diasto\u010dka prachu - TEST - SMND\" \/>\n<meta property=\"og:description\" content=\"Ako \u010diasto\u010dka prachu Chcem by\u0165 mali\u010dk\u00e1 ako \u010diasto\u010dka prachu, ktor\u00fa vietor nesie na v\u0161etky miesta. M\u00f4\u017ee zosta\u0165 na hlave kr\u00e1\u013ea alebo m\u00f4\u017ee letie\u0165 a spadn\u00fa\u0165 k niekoho noh\u00e1m. A m\u00f4\u017ee letie\u0165 a usadi\u0165 sa kdeko\u013evek. Ja ale chcem by\u0165 \u010diasto\u010dkou prachu, ktor\u00e1 je vo\u0148av\u00e1, ktor\u00e1 vy\u017eivuje, ktor\u00e1 d\u00e1va osvietenie. \u0160ri Matad\u017ei Nirmala Devi, vo veku&hellip; Read more\" \/>\n<meta property=\"og:url\" content=\"https:\/\/shrimataji.org\/test\/sk\/ako-ciastocka-prachu\/\" \/>\n<meta property=\"og:site_name\" content=\"TEST - SMND\" \/>\n<meta property=\"article:publisher\" content=\"https:\/\/www.facebook.com\/shrimataji\" \/>\n<meta property=\"article:modified_time\" content=\"2026-01-31T07:40:03+00:00\" \/>\n<meta property=\"og:image\" content=\"https:\/\/shrimataji.org\/test\/wp-content\/uploads\/2018\/07\/media_originals\/images\/headers-general\/artwork-by-meredith-cooper-australia.jpg\" \/>\n\t<meta property=\"og:image:width\" content=\"990\" \/>\n\t<meta property=\"og:image:height\" content=\"350\" \/>\n\t<meta property=\"og:image:type\" content=\"image\/jpeg\" \/>\n<meta name=\"twitter:card\" content=\"summary_large_image\" \/>\n<meta name=\"twitter:site\" content=\"@shrimataji\" \/>\n<meta name=\"twitter:label1\" content=\"Est. reading time\" \/>\n\t<meta name=\"twitter:data1\" content=\"2 minutes\" \/>\n<script type=\"application\/ld+json\" class=\"yoast-schema-graph\">{\"@context\":\"https:\\\/\\\/schema.org\",\"@graph\":[{\"@type\":\"WebPage\",\"@id\":\"https:\\\/\\\/shrimataji.org\\\/test\\\/sk\\\/ako-ciastocka-prachu\\\/\",\"url\":\"https:\\\/\\\/shrimataji.org\\\/test\\\/sk\\\/ako-ciastocka-prachu\\\/\",\"name\":\"Ako \u010diasto\u010dka prachu - TEST - SMND\",\"isPartOf\":{\"@id\":\"https:\\\/\\\/shrimataji.org\\\/test\\\/#website\"},\"primaryImageOfPage\":{\"@id\":\"https:\\\/\\\/shrimataji.org\\\/test\\\/sk\\\/ako-ciastocka-prachu\\\/#primaryimage\"},\"image\":{\"@id\":\"https:\\\/\\\/shrimataji.org\\\/test\\\/sk\\\/ako-ciastocka-prachu\\\/#primaryimage\"},\"thumbnailUrl\":\"https:\\\/\\\/shrimataji.org\\\/test\\\/wp-content\\\/uploads\\\/2018\\\/07\\\/media_originals\\\/images\\\/headers-general\\\/artwork-by-meredith-cooper-australia.jpg\",\"datePublished\":\"2015-02-02T03:00:00+00:00\",\"dateModified\":\"2026-01-31T07:40:03+00:00\",\"breadcrumb\":{\"@id\":\"https:\\\/\\\/shrimataji.org\\\/test\\\/sk\\\/ako-ciastocka-prachu\\\/#breadcrumb\"},\"inLanguage\":\"en-US\",\"potentialAction\":[{\"@type\":\"ReadAction\",\"target\":[\"https:\\\/\\\/shrimataji.org\\\/test\\\/sk\\\/ako-ciastocka-prachu\\\/\"]}]},{\"@type\":\"ImageObject\",\"inLanguage\":\"en-US\",\"@id\":\"https:\\\/\\\/shrimataji.org\\\/test\\\/sk\\\/ako-ciastocka-prachu\\\/#primaryimage\",\"url\":\"https:\\\/\\\/shrimataji.org\\\/test\\\/wp-content\\\/uploads\\\/2018\\\/07\\\/media_originals\\\/images\\\/headers-general\\\/artwork-by-meredith-cooper-australia.jpg\",\"contentUrl\":\"https:\\\/\\\/shrimataji.org\\\/test\\\/wp-content\\\/uploads\\\/2018\\\/07\\\/media_originals\\\/images\\\/headers-general\\\/artwork-by-meredith-cooper-australia.jpg\",\"width\":990,\"height\":350},{\"@type\":\"BreadcrumbList\",\"@id\":\"https:\\\/\\\/shrimataji.org\\\/test\\\/sk\\\/ako-ciastocka-prachu\\\/#breadcrumb\",\"itemListElement\":[{\"@type\":\"ListItem\",\"position\":1,\"name\":\"Home\",\"item\":\"https:\\\/\\\/shrimataji.org\\\/test\\\/uk\\\/home-en\\\/\"},{\"@type\":\"ListItem\",\"position\":2,\"name\":\"Ako \u010diasto\u010dka prachu\"}]},{\"@type\":\"WebSite\",\"@id\":\"https:\\\/\\\/shrimataji.org\\\/test\\\/#website\",\"url\":\"https:\\\/\\\/shrimataji.org\\\/test\\\/\",\"name\":\"Shri Mataji Nirmala Devi\",\"description\":\"A Life Dedicated to Humanity\",\"publisher\":{\"@id\":\"https:\\\/\\\/shrimataji.org\\\/test\\\/#\\\/schema\\\/person\\\/a1b3419c6585f164aa96da1ff85715d1\"},\"potentialAction\":[{\"@type\":\"SearchAction\",\"target\":{\"@type\":\"EntryPoint\",\"urlTemplate\":\"https:\\\/\\\/shrimataji.org\\\/test\\\/?s={search_term_string}\"},\"query-input\":{\"@type\":\"PropertyValueSpecification\",\"valueRequired\":true,\"valueName\":\"search_term_string\"}}],\"inLanguage\":\"en-US\"},{\"@type\":[\"Person\",\"Organization\"],\"@id\":\"https:\\\/\\\/shrimataji.org\\\/test\\\/#\\\/schema\\\/person\\\/a1b3419c6585f164aa96da1ff85715d1\",\"name\":\"Nirmala Shrivastava\",\"image\":{\"@type\":\"ImageObject\",\"inLanguage\":\"en-US\",\"@id\":\"https:\\\/\\\/shrimataji.org\\\/test\\\/wp-content\\\/uploads\\\/2023\\\/02\\\/SMO_LOGO-03.svg\",\"url\":\"https:\\\/\\\/shrimataji.org\\\/test\\\/wp-content\\\/uploads\\\/2023\\\/02\\\/SMO_LOGO-03.svg\",\"contentUrl\":\"https:\\\/\\\/shrimataji.org\\\/test\\\/wp-content\\\/uploads\\\/2023\\\/02\\\/SMO_LOGO-03.svg\",\"width\":\"1024\",\"height\":\"1024\",\"caption\":\"Nirmala Shrivastava\"},\"logo\":{\"@id\":\"https:\\\/\\\/shrimataji.org\\\/test\\\/wp-content\\\/uploads\\\/2023\\\/02\\\/SMO_LOGO-03.svg\"},\"sameAs\":[\"https:\\\/\\\/shrimataji.org\\\/test\",\"https:\\\/\\\/www.facebook.com\\\/shrimataji\",\"https:\\\/\\\/x.com\\\/shrimataji\",\"https:\\\/\\\/www.youtube.com\\\/@Shri_Mataji_Nirmala_Devi\\\/featured\"]}]}<\/script>\n<!-- \/ Yoast SEO plugin. -->","yoast_head_json":{"title":"Ako \u010diasto\u010dka prachu - TEST - SMND","robots":{"index":"noindex","follow":"follow","max-snippet":"max-snippet:-1","max-image-preview":"max-image-preview:large","max-video-preview":"max-video-preview:-1"},"og_locale":"en_US","og_type":"article","og_title":"Ako \u010diasto\u010dka prachu - TEST - SMND","og_description":"Ako \u010diasto\u010dka prachu Chcem by\u0165 mali\u010dk\u00e1 ako \u010diasto\u010dka prachu, ktor\u00fa vietor nesie na v\u0161etky miesta. M\u00f4\u017ee zosta\u0165 na hlave kr\u00e1\u013ea alebo m\u00f4\u017ee letie\u0165 a spadn\u00fa\u0165 k niekoho noh\u00e1m. A m\u00f4\u017ee letie\u0165 a usadi\u0165 sa kdeko\u013evek. Ja ale chcem by\u0165 \u010diasto\u010dkou prachu, ktor\u00e1 je vo\u0148av\u00e1, ktor\u00e1 vy\u017eivuje, ktor\u00e1 d\u00e1va osvietenie. \u0160ri Matad\u017ei Nirmala Devi, vo veku&hellip; Read more","og_url":"https:\/\/shrimataji.org\/test\/sk\/ako-ciastocka-prachu\/","og_site_name":"TEST - SMND","article_publisher":"https:\/\/www.facebook.com\/shrimataji","article_modified_time":"2026-01-31T07:40:03+00:00","og_image":[{"width":990,"height":350,"url":"https:\/\/shrimataji.org\/test\/wp-content\/uploads\/2018\/07\/media_originals\/images\/headers-general\/artwork-by-meredith-cooper-australia.jpg","type":"image\/jpeg"}],"twitter_card":"summary_large_image","twitter_site":"@shrimataji","twitter_misc":{"Est. reading time":"2 minutes"},"schema":{"@context":"https:\/\/schema.org","@graph":[{"@type":"WebPage","@id":"https:\/\/shrimataji.org\/test\/sk\/ako-ciastocka-prachu\/","url":"https:\/\/shrimataji.org\/test\/sk\/ako-ciastocka-prachu\/","name":"Ako \u010diasto\u010dka prachu - TEST - SMND","isPartOf":{"@id":"https:\/\/shrimataji.org\/test\/#website"},"primaryImageOfPage":{"@id":"https:\/\/shrimataji.org\/test\/sk\/ako-ciastocka-prachu\/#primaryimage"},"image":{"@id":"https:\/\/shrimataji.org\/test\/sk\/ako-ciastocka-prachu\/#primaryimage"},"thumbnailUrl":"https:\/\/shrimataji.org\/test\/wp-content\/uploads\/2018\/07\/media_originals\/images\/headers-general\/artwork-by-meredith-cooper-australia.jpg","datePublished":"2015-02-02T03:00:00+00:00","dateModified":"2026-01-31T07:40:03+00:00","breadcrumb":{"@id":"https:\/\/shrimataji.org\/test\/sk\/ako-ciastocka-prachu\/#breadcrumb"},"inLanguage":"en-US","potentialAction":[{"@type":"ReadAction","target":["https:\/\/shrimataji.org\/test\/sk\/ako-ciastocka-prachu\/"]}]},{"@type":"ImageObject","inLanguage":"en-US","@id":"https:\/\/shrimataji.org\/test\/sk\/ako-ciastocka-prachu\/#primaryimage","url":"https:\/\/shrimataji.org\/test\/wp-content\/uploads\/2018\/07\/media_originals\/images\/headers-general\/artwork-by-meredith-cooper-australia.jpg","contentUrl":"https:\/\/shrimataji.org\/test\/wp-content\/uploads\/2018\/07\/media_originals\/images\/headers-general\/artwork-by-meredith-cooper-australia.jpg","width":990,"height":350},{"@type":"BreadcrumbList","@id":"https:\/\/shrimataji.org\/test\/sk\/ako-ciastocka-prachu\/#breadcrumb","itemListElement":[{"@type":"ListItem","position":1,"name":"Home","item":"https:\/\/shrimataji.org\/test\/uk\/home-en\/"},{"@type":"ListItem","position":2,"name":"Ako \u010diasto\u010dka prachu"}]},{"@type":"WebSite","@id":"https:\/\/shrimataji.org\/test\/#website","url":"https:\/\/shrimataji.org\/test\/","name":"Shri Mataji Nirmala Devi","description":"A Life Dedicated to Humanity","publisher":{"@id":"https:\/\/shrimataji.org\/test\/#\/schema\/person\/a1b3419c6585f164aa96da1ff85715d1"},"potentialAction":[{"@type":"SearchAction","target":{"@type":"EntryPoint","urlTemplate":"https:\/\/shrimataji.org\/test\/?s={search_term_string}"},"query-input":{"@type":"PropertyValueSpecification","valueRequired":true,"valueName":"search_term_string"}}],"inLanguage":"en-US"},{"@type":["Person","Organization"],"@id":"https:\/\/shrimataji.org\/test\/#\/schema\/person\/a1b3419c6585f164aa96da1ff85715d1","name":"Nirmala Shrivastava","image":{"@type":"ImageObject","inLanguage":"en-US","@id":"https:\/\/shrimataji.org\/test\/wp-content\/uploads\/2023\/02\/SMO_LOGO-03.svg","url":"https:\/\/shrimataji.org\/test\/wp-content\/uploads\/2023\/02\/SMO_LOGO-03.svg","contentUrl":"https:\/\/shrimataji.org\/test\/wp-content\/uploads\/2023\/02\/SMO_LOGO-03.svg","width":"1024","height":"1024","caption":"Nirmala Shrivastava"},"logo":{"@id":"https:\/\/shrimataji.org\/test\/wp-content\/uploads\/2023\/02\/SMO_LOGO-03.svg"},"sameAs":["https:\/\/shrimataji.org\/test","https:\/\/www.facebook.com\/shrimataji","https:\/\/x.com\/shrimataji","https:\/\/www.youtube.com\/@Shri_Mataji_Nirmala_Devi\/featured"]}]}},"lang":"sk","translations":{"sk":12417,"ur":37479,"en":428,"am":18052,"th":20022,"hu":19536,"sq":18453,"zh":17350,"hi":7608,"tr":10194,"pt":10404,"de":10678,"fr":10776,"it":10874,"es":10971,"ja":11268,"ru":11456,"bn":11648,"te":11756,"sw":11879,"he":12027,"el":12319,"fa":12515,"fi":12613,"bg":13489,"ro":14564,"cs":14757,"nl":16613,"ku":16773,"ar":16949,"be":18660,"kn":18934,"mr":20386,"uk":20680,"ml":20975,"ta":22771,"sv":23041,"gu":28885,"pa":29045,"fil":29489,"da":37790,"pl":38002,"nn":38342},"pll_sync_post":[],"_links":{"self":[{"href":"https:\/\/shrimataji.org\/test\/wp-json\/wp\/v2\/pages\/12417","targetHints":{"allow":["GET"]}}],"collection":[{"href":"https:\/\/shrimataji.org\/test\/wp-json\/wp\/v2\/pages"}],"about":[{"href":"https:\/\/shrimataji.org\/test\/wp-json\/wp\/v2\/types\/page"}],"author":[{"embeddable":true,"href":"https:\/\/shrimataji.org\/test\/wp-json\/wp\/v2\/users\/28"}],"replies":[{"embeddable":true,"href":"https:\/\/shrimataji.org\/test\/wp-json\/wp\/v2\/comments?post=12417"}],"version-history":[{"count":0,"href":"https:\/\/shrimataji.org\/test\/wp-json\/wp\/v2\/pages\/12417\/revisions"}],"wp:featuredmedia":[{"embeddable":true,"href":"https:\/\/shrimataji.org\/test\/wp-json\/wp\/v2\/media\/150"}],"wp:attachment":[{"href":"https:\/\/shrimataji.org\/test\/wp-json\/wp\/v2\/media?parent=12417"}],"curies":[{"name":"wp","href":"https:\/\/api.w.org\/{rel}","templated":true}]}}