{"id":12420,"date":"2018-07-10T06:54:50","date_gmt":"2018-07-10T06:54:50","guid":{"rendered":"http:\/\/testwordpress.nirmalnagari.org\/smnd\/index.php\/public-life\/"},"modified":"2026-02-05T09:24:17","modified_gmt":"2026-02-05T09:24:17","slug":"verejny-zivot","status":"publish","type":"page","link":"https:\/\/shrimataji.org\/test\/sk\/verejny-zivot\/","title":{"rendered":"Verejn\u00fd \u017eivot"},"content":{"rendered":"\n\n\t<h1>Verejn\u00fd \u017eivot<\/h1>\n<h2>\u0160\u00edri\u0165 to do sveta<\/h2>\n\t<h4>Ke\u010f jej deti vyr\u00e1stli a usadili sa , mohla Nirmala \u0160rivastava zamera\u0165 svoju pozornos\u0165 a \u010das na verejnos\u0165. Zatia\u013e \u010do jej man\u017eel viedol Medzin\u00e1rodn\u00fa n\u00e1morn\u00fa organiz\u00e1ciu OSN v Lond\u00fdne, ona tam za\u010dala svoju duchovn\u00fa pr\u00e1cu s malou spkupinkou \u013eud\u00ed. Za\u010dala robi\u0165 aj turn\u00e9 po kraijne, predn\u00e1\u0161ky, ako aj d\u00e1va\u0165 Sebarealiz\u00e1ciu. Nirmala sa \u010doskoro stala zn\u00e1mou pod \u010destn\u00fdm titulom \u0160ri Matad\u017ei, \u010do znamen\u00e1 &#8220;Cten\u00e1 Matka&#8221;, ke\u010f\u017ee jej okolie za\u010dalo rozpozn\u00e1va\u0165 jej v\u00fdnimo\u010dn\u00e9 duchovn\u00e9 kvality a kvality matky.<\/h4>\n\t<p>Za svoje predn\u00e1\u0161ky, \u010di Sebarealiz\u00e1ciu nikdy ne\u00fa\u010dtovala peniaze, trvala na tom, \u017ee na prebudenie duchovnej energie driemaj\u00facej v ka\u017edej \u013eudskej bytosti m\u00e1 ka\u017ed\u00fd pr\u00e1vo a preto za to nem\u00f4\u017ee plati\u0165. T\u00e1to met\u00f3da medit\u00e1cie prostredn\u00edctvom Sebarealiz\u00e1cie, ktor\u00fa vyvinula \u0160ri Matad\u017ei, dostala n\u00e1zov <a href=\"https:\/\/shrimataji.org\/test\/sk\/sahadza-joga\/\" target=\"_blank\" rel=\"noopener\">Sahad\u017ea joga<\/a>. Svoje \u00fasilie najprv s\u00fastredila v Spojenom Kr\u00e1\u013eovstve a svoje posolstvo priniesla publiku v mal\u00fdch aj ve\u013ek\u00fdch mest\u00e1ch. Cestovala po krajine, poskytovala rozhovory pre rozhlas a telev\u00edziu, predn\u00e1\u0161ala vo verejn\u00fdch s\u00e1lach a tr\u00e1vila hodiny stretnut\u00edm s jednotlivcami z publika, trpezliv\u00fdm po\u010d\u00favan\u00edm ich probl\u00e9mov a pr\u00edbehov, aj poskytovan\u00edm r\u00e1d.<\/p>\n\t\t<iframe loading=\"lazy\" title=\"The Time For Realization Is Now\" width=\"1920\" height=\"1080\" src=\"https:\/\/www.youtube.com\/embed\/4X6QxLepxT0?feature=oembed\" frameborder=\"0\" allow=\"accelerometer; autoplay; clipboard-write; encrypted-media; gyroscope; picture-in-picture; web-share\" allowfullscreen><\/iframe>\t\n\t<p>Toto sl\u00fa\u017eilo ako vzor, ke\u010f \u0160ri Matad\u017ei za\u010dala cestova\u0165 po Eur\u00f3pe, Austr\u00e1lii a Severnej Amerike. Bezplatne vyu\u010dovala Sahad\u017ea jogu v\u0161etk\u00fdch, ktor\u00ed mali z\u00e1ujem a z\u00fa\u010dast\u0148ovala sa \u017eiv\u00fdch diskusi\u00ed o \u00falohe duchovna v modernej dobe.<\/p>\n<p>V 90. rokoch sa jej cesty roz\u0161\u00edrili do Ju\u017enej Ameriky, v\u00fdchodnej Eur\u00f3py, \u00c1zie a tichomoria.<\/p>\n<p>Boli jej udelen\u00e9 mnoh\u00e9 <a href=\"https:\/\/shrimataji.org\/test\/sk\/ocenenia\/\" target=\"_blank\" rel=\"noopener\">\u010destn\u00e9 ocenenia a doktor\u00e1ty<\/a> od in\u0161tit\u00faci\u00ed po celom svete. V roku 1995 vyst\u00fapila na <a href=\"https:\/\/shrimataji.org\/test\/sk\/stvrta-svetova-konferencia-zien-osn\/\" target=\"_blank\" rel=\"noopener\">\u0161tvrtej svetovej konferencii \u017eien v Pekingu<\/a>. O svetovom mieri hovorila aj na p\u00f4de OSN.<\/p>\n<figure itemscope itemtype=\"https:\/\/schema.org\/ImageObject\">\n\t\t\t\t<img decoding=\"async\" src=\"https:\/\/shrimataji.org\/test\/wp-content\/uploads\/2026\/01\/SK_shri-mataji-greeting-the-queen-2.jpg\" alt=\"\u0160ri Matad\u017ei s kr\u00e1\u013eovnou Al\u017ebetou II\" height=\"320\" width=\"460\" title=\"SK_shri-mataji-greeting-the-queen-2\" onerror=\"this.style.display='none'\" loading=\"lazy\" \/>\n\t\t<figcaption>\u0160ri Matad\u017ei s kr\u00e1\u013eovnou Al\u017ebetou II<\/figcaption>\n\t<\/figure>\n\t<p>V roku 1997 Claes Nobel vyjadril svoj obdiv \u0160ri Matad\u017ei a Sahad\u017ea joge, ktor\u00e9 op\u00edsal ako &#8220;krit\u00e9rium na rozli\u0161ovanie dobra a zla&#8221; a ako &#8220;zdroj n\u00e1deje pre \u013eudstvo.&#8221;<\/p>\n\t<div class=\"su-quote su-quote-style-default\"><div class=\"su-quote-inner su-u-clearfix su-u-trim\">Ziskom je mier, ktor\u00fd ste dosiahli, l\u00e1ska, ktor\u00fa ste si rozvinuli, s\u00facit, ktor\u00fd dok\u00e1\u017eete vy\u017earova\u0165 a prenika\u0165 do s\u0155dc druh\u00fdch.<\/div><\/div>\n\n","protected":false},"excerpt":{"rendered":"<p>Verejn\u00fd \u017eivot \u0160\u00edri\u0165 to do sveta Ke\u010f jej deti vyr\u00e1stli a usadili sa , mohla Nirmala \u0160rivastava zamera\u0165 svoju pozornos\u0165 a \u010das na verejnos\u0165. Zatia\u013e \u010do jej man\u017eel viedol Medzin\u00e1rodn\u00fa n\u00e1morn\u00fa organiz\u00e1ciu OSN v Lond\u00fdne, ona tam za\u010dala svoju duchovn\u00fa pr\u00e1cu s malou spkupinkou \u013eud\u00ed. Za\u010dala robi\u0165 aj turn\u00e9 po kraijne, predn\u00e1\u0161ky, ako aj d\u00e1va\u0165&hellip; <br \/> <a class=\"read-more\" href=\"https:\/\/shrimataji.org\/test\/sk\/verejny-zivot\/\">Read more<\/a><\/p>\n","protected":false},"author":28,"featured_media":9514,"parent":0,"menu_order":0,"comment_status":"closed","ping_status":"closed","template":"","meta":{"inline_featured_image":false,"footnotes":""},"class_list":["post-12420","page","type-page","status-publish","has-post-thumbnail","hentry"],"yoast_head":"<!-- This site is optimized with the Yoast SEO plugin v27.4 - https:\/\/yoast.com\/product\/yoast-seo-wordpress\/ -->\n<title>Verejn\u00fd \u017eivot - TEST - SMND<\/title>\n<meta name=\"robots\" content=\"noindex, follow, max-snippet:-1, max-image-preview:large, max-video-preview:-1\" \/>\n<meta property=\"og:locale\" content=\"en_US\" \/>\n<meta property=\"og:type\" content=\"article\" \/>\n<meta property=\"og:title\" content=\"Verejn\u00fd \u017eivot - TEST - SMND\" \/>\n<meta property=\"og:description\" content=\"Verejn\u00fd \u017eivot \u0160\u00edri\u0165 to do sveta Ke\u010f jej deti vyr\u00e1stli a usadili sa , mohla Nirmala \u0160rivastava zamera\u0165 svoju pozornos\u0165 a \u010das na verejnos\u0165. Zatia\u013e \u010do jej man\u017eel viedol Medzin\u00e1rodn\u00fa n\u00e1morn\u00fa organiz\u00e1ciu OSN v Lond\u00fdne, ona tam za\u010dala svoju duchovn\u00fa pr\u00e1cu s malou spkupinkou \u013eud\u00ed. Za\u010dala robi\u0165 aj turn\u00e9 po kraijne, predn\u00e1\u0161ky, ako aj d\u00e1va\u0165&hellip; Read more\" \/>\n<meta property=\"og:url\" content=\"https:\/\/shrimataji.org\/test\/sk\/verejny-zivot\/\" \/>\n<meta property=\"og:site_name\" content=\"TEST - SMND\" \/>\n<meta property=\"article:publisher\" content=\"https:\/\/www.facebook.com\/shrimataji\" \/>\n<meta property=\"article:modified_time\" content=\"2026-02-05T09:24:17+00:00\" \/>\n<meta property=\"og:image\" content=\"https:\/\/shrimataji.org\/test\/wp-content\/uploads\/2023\/03\/9_Banner-PublicLife-2-scaled.jpg\" \/>\n\t<meta property=\"og:image:width\" content=\"2560\" \/>\n\t<meta property=\"og:image:height\" content=\"905\" \/>\n\t<meta property=\"og:image:type\" content=\"image\/jpeg\" \/>\n<meta name=\"twitter:card\" content=\"summary_large_image\" \/>\n<meta name=\"twitter:site\" content=\"@shrimataji\" \/>\n<script type=\"application\/ld+json\" class=\"yoast-schema-graph\">{\"@context\":\"https:\\\/\\\/schema.org\",\"@graph\":[{\"@type\":\"WebPage\",\"@id\":\"https:\\\/\\\/shrimataji.org\\\/test\\\/sk\\\/verejny-zivot\\\/\",\"url\":\"https:\\\/\\\/shrimataji.org\\\/test\\\/sk\\\/verejny-zivot\\\/\",\"name\":\"Verejn\u00fd \u017eivot - TEST - SMND\",\"isPartOf\":{\"@id\":\"https:\\\/\\\/shrimataji.org\\\/test\\\/#website\"},\"primaryImageOfPage\":{\"@id\":\"https:\\\/\\\/shrimataji.org\\\/test\\\/sk\\\/verejny-zivot\\\/#primaryimage\"},\"image\":{\"@id\":\"https:\\\/\\\/shrimataji.org\\\/test\\\/sk\\\/verejny-zivot\\\/#primaryimage\"},\"thumbnailUrl\":\"https:\\\/\\\/shrimataji.org\\\/test\\\/wp-content\\\/uploads\\\/2023\\\/03\\\/9_Banner-PublicLife-2-scaled.jpg\",\"datePublished\":\"2018-07-10T06:54:50+00:00\",\"dateModified\":\"2026-02-05T09:24:17+00:00\",\"breadcrumb\":{\"@id\":\"https:\\\/\\\/shrimataji.org\\\/test\\\/sk\\\/verejny-zivot\\\/#breadcrumb\"},\"inLanguage\":\"en-US\",\"potentialAction\":[{\"@type\":\"ReadAction\",\"target\":[\"https:\\\/\\\/shrimataji.org\\\/test\\\/sk\\\/verejny-zivot\\\/\"]}]},{\"@type\":\"ImageObject\",\"inLanguage\":\"en-US\",\"@id\":\"https:\\\/\\\/shrimataji.org\\\/test\\\/sk\\\/verejny-zivot\\\/#primaryimage\",\"url\":\"https:\\\/\\\/shrimataji.org\\\/test\\\/wp-content\\\/uploads\\\/2023\\\/03\\\/9_Banner-PublicLife-2-scaled.jpg\",\"contentUrl\":\"https:\\\/\\\/shrimataji.org\\\/test\\\/wp-content\\\/uploads\\\/2023\\\/03\\\/9_Banner-PublicLife-2-scaled.jpg\",\"width\":2560,\"height\":905},{\"@type\":\"BreadcrumbList\",\"@id\":\"https:\\\/\\\/shrimataji.org\\\/test\\\/sk\\\/verejny-zivot\\\/#breadcrumb\",\"itemListElement\":[{\"@type\":\"ListItem\",\"position\":1,\"name\":\"Home\",\"item\":\"https:\\\/\\\/shrimataji.org\\\/test\\\/uk\\\/home-en\\\/\"},{\"@type\":\"ListItem\",\"position\":2,\"name\":\"Verejn\u00fd \u017eivot\"}]},{\"@type\":\"WebSite\",\"@id\":\"https:\\\/\\\/shrimataji.org\\\/test\\\/#website\",\"url\":\"https:\\\/\\\/shrimataji.org\\\/test\\\/\",\"name\":\"Shri Mataji Nirmala Devi\",\"description\":\"A Life Dedicated to Humanity\",\"publisher\":{\"@id\":\"https:\\\/\\\/shrimataji.org\\\/test\\\/#\\\/schema\\\/person\\\/a1b3419c6585f164aa96da1ff85715d1\"},\"potentialAction\":[{\"@type\":\"SearchAction\",\"target\":{\"@type\":\"EntryPoint\",\"urlTemplate\":\"https:\\\/\\\/shrimataji.org\\\/test\\\/?s={search_term_string}\"},\"query-input\":{\"@type\":\"PropertyValueSpecification\",\"valueRequired\":true,\"valueName\":\"search_term_string\"}}],\"inLanguage\":\"en-US\"},{\"@type\":[\"Person\",\"Organization\"],\"@id\":\"https:\\\/\\\/shrimataji.org\\\/test\\\/#\\\/schema\\\/person\\\/a1b3419c6585f164aa96da1ff85715d1\",\"name\":\"Nirmala Shrivastava\",\"image\":{\"@type\":\"ImageObject\",\"inLanguage\":\"en-US\",\"@id\":\"https:\\\/\\\/shrimataji.org\\\/test\\\/wp-content\\\/uploads\\\/2023\\\/02\\\/SMO_LOGO-03.svg\",\"url\":\"https:\\\/\\\/shrimataji.org\\\/test\\\/wp-content\\\/uploads\\\/2023\\\/02\\\/SMO_LOGO-03.svg\",\"contentUrl\":\"https:\\\/\\\/shrimataji.org\\\/test\\\/wp-content\\\/uploads\\\/2023\\\/02\\\/SMO_LOGO-03.svg\",\"width\":\"1024\",\"height\":\"1024\",\"caption\":\"Nirmala Shrivastava\"},\"logo\":{\"@id\":\"https:\\\/\\\/shrimataji.org\\\/test\\\/wp-content\\\/uploads\\\/2023\\\/02\\\/SMO_LOGO-03.svg\"},\"sameAs\":[\"https:\\\/\\\/shrimataji.org\\\/test\",\"https:\\\/\\\/www.facebook.com\\\/shrimataji\",\"https:\\\/\\\/x.com\\\/shrimataji\",\"https:\\\/\\\/www.youtube.com\\\/@Shri_Mataji_Nirmala_Devi\\\/featured\"]}]}<\/script>\n<!-- \/ Yoast SEO plugin. -->","yoast_head_json":{"title":"Verejn\u00fd \u017eivot - TEST - SMND","robots":{"index":"noindex","follow":"follow","max-snippet":"max-snippet:-1","max-image-preview":"max-image-preview:large","max-video-preview":"max-video-preview:-1"},"og_locale":"en_US","og_type":"article","og_title":"Verejn\u00fd \u017eivot - TEST - SMND","og_description":"Verejn\u00fd \u017eivot \u0160\u00edri\u0165 to do sveta Ke\u010f jej deti vyr\u00e1stli a usadili sa , mohla Nirmala \u0160rivastava zamera\u0165 svoju pozornos\u0165 a \u010das na verejnos\u0165. Zatia\u013e \u010do jej man\u017eel viedol Medzin\u00e1rodn\u00fa n\u00e1morn\u00fa organiz\u00e1ciu OSN v Lond\u00fdne, ona tam za\u010dala svoju duchovn\u00fa pr\u00e1cu s malou spkupinkou \u013eud\u00ed. Za\u010dala robi\u0165 aj turn\u00e9 po kraijne, predn\u00e1\u0161ky, ako aj d\u00e1va\u0165&hellip; Read more","og_url":"https:\/\/shrimataji.org\/test\/sk\/verejny-zivot\/","og_site_name":"TEST - SMND","article_publisher":"https:\/\/www.facebook.com\/shrimataji","article_modified_time":"2026-02-05T09:24:17+00:00","og_image":[{"width":2560,"height":905,"url":"https:\/\/shrimataji.org\/test\/wp-content\/uploads\/2023\/03\/9_Banner-PublicLife-2-scaled.jpg","type":"image\/jpeg"}],"twitter_card":"summary_large_image","twitter_site":"@shrimataji","schema":{"@context":"https:\/\/schema.org","@graph":[{"@type":"WebPage","@id":"https:\/\/shrimataji.org\/test\/sk\/verejny-zivot\/","url":"https:\/\/shrimataji.org\/test\/sk\/verejny-zivot\/","name":"Verejn\u00fd \u017eivot - TEST - SMND","isPartOf":{"@id":"https:\/\/shrimataji.org\/test\/#website"},"primaryImageOfPage":{"@id":"https:\/\/shrimataji.org\/test\/sk\/verejny-zivot\/#primaryimage"},"image":{"@id":"https:\/\/shrimataji.org\/test\/sk\/verejny-zivot\/#primaryimage"},"thumbnailUrl":"https:\/\/shrimataji.org\/test\/wp-content\/uploads\/2023\/03\/9_Banner-PublicLife-2-scaled.jpg","datePublished":"2018-07-10T06:54:50+00:00","dateModified":"2026-02-05T09:24:17+00:00","breadcrumb":{"@id":"https:\/\/shrimataji.org\/test\/sk\/verejny-zivot\/#breadcrumb"},"inLanguage":"en-US","potentialAction":[{"@type":"ReadAction","target":["https:\/\/shrimataji.org\/test\/sk\/verejny-zivot\/"]}]},{"@type":"ImageObject","inLanguage":"en-US","@id":"https:\/\/shrimataji.org\/test\/sk\/verejny-zivot\/#primaryimage","url":"https:\/\/shrimataji.org\/test\/wp-content\/uploads\/2023\/03\/9_Banner-PublicLife-2-scaled.jpg","contentUrl":"https:\/\/shrimataji.org\/test\/wp-content\/uploads\/2023\/03\/9_Banner-PublicLife-2-scaled.jpg","width":2560,"height":905},{"@type":"BreadcrumbList","@id":"https:\/\/shrimataji.org\/test\/sk\/verejny-zivot\/#breadcrumb","itemListElement":[{"@type":"ListItem","position":1,"name":"Home","item":"https:\/\/shrimataji.org\/test\/uk\/home-en\/"},{"@type":"ListItem","position":2,"name":"Verejn\u00fd \u017eivot"}]},{"@type":"WebSite","@id":"https:\/\/shrimataji.org\/test\/#website","url":"https:\/\/shrimataji.org\/test\/","name":"Shri Mataji Nirmala Devi","description":"A Life Dedicated to Humanity","publisher":{"@id":"https:\/\/shrimataji.org\/test\/#\/schema\/person\/a1b3419c6585f164aa96da1ff85715d1"},"potentialAction":[{"@type":"SearchAction","target":{"@type":"EntryPoint","urlTemplate":"https:\/\/shrimataji.org\/test\/?s={search_term_string}"},"query-input":{"@type":"PropertyValueSpecification","valueRequired":true,"valueName":"search_term_string"}}],"inLanguage":"en-US"},{"@type":["Person","Organization"],"@id":"https:\/\/shrimataji.org\/test\/#\/schema\/person\/a1b3419c6585f164aa96da1ff85715d1","name":"Nirmala Shrivastava","image":{"@type":"ImageObject","inLanguage":"en-US","@id":"https:\/\/shrimataji.org\/test\/wp-content\/uploads\/2023\/02\/SMO_LOGO-03.svg","url":"https:\/\/shrimataji.org\/test\/wp-content\/uploads\/2023\/02\/SMO_LOGO-03.svg","contentUrl":"https:\/\/shrimataji.org\/test\/wp-content\/uploads\/2023\/02\/SMO_LOGO-03.svg","width":"1024","height":"1024","caption":"Nirmala Shrivastava"},"logo":{"@id":"https:\/\/shrimataji.org\/test\/wp-content\/uploads\/2023\/02\/SMO_LOGO-03.svg"},"sameAs":["https:\/\/shrimataji.org\/test","https:\/\/www.facebook.com\/shrimataji","https:\/\/x.com\/shrimataji","https:\/\/www.youtube.com\/@Shri_Mataji_Nirmala_Devi\/featured"]}]}},"lang":"sk","translations":{"sk":12420,"ur":37481,"en":438,"am":18056,"th":20029,"hu":19542,"sq":18457,"zh":17354,"tr":10197,"pt":10407,"de":10681,"fr":10779,"it":10877,"es":10974,"ja":11271,"ru":11459,"bn":11651,"te":11759,"sw":11882,"he":12030,"el":12322,"fa":12518,"fi":12616,"bg":13440,"ro":14514,"cs":14707,"nl":16617,"ku":16777,"ar":16953,"be":18664,"kn":18938,"mr":20393,"uk":20687,"ml":20982,"ta":22775,"sv":23045,"gu":28889,"pa":29049,"fil":29493,"da":37792,"pl":38004,"nn":38344},"pll_sync_post":[],"_links":{"self":[{"href":"https:\/\/shrimataji.org\/test\/wp-json\/wp\/v2\/pages\/12420","targetHints":{"allow":["GET"]}}],"collection":[{"href":"https:\/\/shrimataji.org\/test\/wp-json\/wp\/v2\/pages"}],"about":[{"href":"https:\/\/shrimataji.org\/test\/wp-json\/wp\/v2\/types\/page"}],"author":[{"embeddable":true,"href":"https:\/\/shrimataji.org\/test\/wp-json\/wp\/v2\/users\/28"}],"replies":[{"embeddable":true,"href":"https:\/\/shrimataji.org\/test\/wp-json\/wp\/v2\/comments?post=12420"}],"version-history":[{"count":0,"href":"https:\/\/shrimataji.org\/test\/wp-json\/wp\/v2\/pages\/12420\/revisions"}],"wp:featuredmedia":[{"embeddable":true,"href":"https:\/\/shrimataji.org\/test\/wp-json\/wp\/v2\/media\/9514"}],"wp:attachment":[{"href":"https:\/\/shrimataji.org\/test\/wp-json\/wp\/v2\/media?parent=12420"}],"curies":[{"name":"wp","href":"https:\/\/api.w.org\/{rel}","templated":true}]}}