{"id":12427,"date":"2022-01-23T03:06:21","date_gmt":"2022-01-23T03:06:21","guid":{"rendered":"https:\/\/test.shrimataji.org\/?page_id=6275"},"modified":"2026-03-12T10:48:30","modified_gmt":"2026-03-12T10:48:30","slug":"meditacia-sahadza-jogy","status":"publish","type":"page","link":"https:\/\/shrimataji.org\/test\/sk\/meditacia-sahadza-jogy\/","title":{"rendered":"Medit\u00e1cia Sahad\u017ea jogy"},"content":{"rendered":"\n\n\t<h1>Medit\u00e1cia Sahad\u017ea jogy<\/h1>\n<h2>Sila vn\u00fatorn\u00e9ho ticha<\/h2>\n<div class=\"su-quote su-quote-style-default\"><div class=\"su-quote-inner su-u-clearfix su-u-trim\"> Nem\u00f4\u017eete robi\u0165 medit\u00e1ciu, mus\u00edte by\u0165 v medit\u00e1cii.Stanete sa meditat\u00edvni. Cel\u00fd \u010das ste v medit\u00e1cii. <\/div><\/div>\n\t<h4>Slovo medit\u00e1cia sa v r\u00f4znych krajin\u00e1ch preklad\u00e1 r\u00f4znym sp\u00f4sobom, od hlbok\u00e9ho rozj\u00edmania po sedenie v tichosti so zavret\u00fdmi o\u010dami so s\u00fastredenou pozornos\u0165ou.<\/h4>\n<p>Medit\u00e1cia v Sahad\u017ea joge je zalo\u017een\u00e1 na <a href=\"https:\/\/shrimataji.org\/test\/sk\/sebarealizacia-a-meditacia\/\" target=\"_blank\" rel=\"noopener\">Sebarealiz\u00e1cii<\/a>, pri ktorej sa prebud\u00ed <a href=\"https:\/\/shrimataji.org\/test\/kundaliny\/\" target=\"_blank\" rel=\"noopener\">Kundaliny<\/a> (jemn\u00e1, vn\u00fatorn\u00e1 energia) u praktizuj\u00faceho, \u010do vedie k stavu zn\u00e1memu ako Nirvi\u010d\u00e1ra Sam\u00e1dhi (bezmy\u0161lienkov\u00e9 vedomie). V tomto stave sa myse\u013e \u00faplne oslobod\u00ed od rozb\u00faren\u00fdch my\u0161lienkov\u00fdch v\u013an a od em\u00f3ci\u00ed a upokoj\u00ed sa ako pokojn\u00e9 jazero, pri plnom vedom\u00ed<a href=\"https:\/\/shrimataji.org\/test\/sk\/meditacia-sahadza-jogy\/#citation-note-1\"><sup>[1a]<\/sup><\/a> v bla\u017eenej vn\u00fatornej radosti ve\u010dnej, v\u0161etko-prenikaj\u00facej du\u0161e &#8211; <a href=\"https:\/\/shrimataji.org\/test\/sk\/atma-sk\/\" target=\"_blank\" rel=\"noopener\">Atma<\/a>.<\/p>\n<figure itemscope itemtype=\"https:\/\/schema.org\/ImageObject\">\n\t\t\t\t<img decoding=\"async\" src=\"https:\/\/shrimataji.org\/test\/wp-content\/uploads\/2025\/12\/sk-Subtle-System-01-scaled.png\" alt=\"sk-Subtle System-01\" height=\"2560\" width=\"2504\" title=\"sk-Subtle System-01\" onerror=\"this.style.display='none'\" loading=\"lazy\" \/>\n\t<\/figure>\n\t<p>Ako viac a viac vl\u00e1kien Kundaliny vyst\u00fapi chrbticou a osvieti <a href=\"https:\/\/shrimataji.org\/test\/sk\/cakry-a-ich-kvality\/\" target=\"_blank\" rel=\"noopener\">\u010dakry <\/a>(energetick\u00e9 centr\u00e1), a energetick\u00e9 <a href=\"https:\/\/shrimataji.org\/test\/sk\/kanaly-a-tri-typy-psychiky\/\" target=\"_blank\" rel=\"noopener\">kan\u00e1ly<\/a> (n\u00e1di), praktizuj\u00faci sa bez \u00fasilia st\u00e1va vedom\u00edm, uvedomuje si si svoj jemn\u00fd syst\u00e9m, chladn\u00fd v\u00e1nok, ktor\u00fd oblklopuje jeho telo, najm\u00e4 oblas\u0165 fontanely a dlan\u00ed. U\u017e po nieko\u013ek\u00fdch t\u00fd\u017ed\u0148och medita\u010dnej praxe sa \u010dlovek m\u00f4\u017ee sta\u0165 p\u00e1nom svojho vedomia, aj si rozvinie dostato\u010dn\u00fa citlivos\u0165 na vn\u00edmanie energi\u00ed svojho okolia a stavu jemn\u00e9ho syst\u00e9mu os\u00f4b nabl\u00edzku.<\/p>\n\t\t<img decoding=\"async\" data-spai-excluded=\"true\" loading=\"lazy\"  alt=\"YouTube player\"  src=\"https:\/\/i.ytimg.com\/vi\/RA3QEktjJ-Y\/maxresdefault.jpg\"  \/><button aria-label=\"Play\"><\/button><meta itemprop=\"embedUrl\" content=\"https:\/\/www.youtube.com\/embed\/RA3QEktjJ-Y\"\/><meta itemprop=\"name\" content=\"Sahaja Yoga\"\/><meta itemprop=\"description\" content=\"YouTube video\"\/><meta itemprop=\"thumbnailUrl\" content=\"https:\/\/i.ytimg.com\/vi\/RA3QEktjJ-Y\/0.jpg\"\/><meta itemprop=\"duration\" content=\"PT5M52S\"\/><meta itemprop=\"uploadDate\" content=\"2023-01-16T05:39:09Z\"\/>\t\n\t<p>Medit\u00e1cia Sahad\u017ea jogy je jednoduch\u00e1 a mo\u017eno ju vykon\u00e1va\u0165 ako doma tak v kancel\u00e1rii, osamote \u010di s ostatn\u00fdmi. \u0160ri Matad\u017ei zd\u00f4raznila, \u017ee opusti\u0165 spolo\u010dnos\u0165 za \u00fa\u010delom z\u00edskania duchovn\u00e9ho osvietenia nie je nevyhnutn\u00e9. Z\u00e1kladom tejto techniky je prebudenie vn\u00fatornej energie, ktor\u00e1 sa nach\u00e1dza v ka\u017edom z n\u00e1s, a je na ka\u017edom z n\u00e1s ako to pojme a ako \u010dasto to bude praktizova\u0165. Ide sk\u00f4r o z\u00e1\u017eitok <a href=\"https:\/\/shrimataji.org\/test\/sk\/meditacia-bez-usilia\/\" target=\"_blank\" rel=\"noopener\">medit\u00e1cie bez \u00fasila<\/a> ako o ak\u00e9ko\u013evek cvi\u010denie koncentr\u00e1cie, \u010di vedomej medit\u00e1cie (mindfullness). ;<\/p>\n\t<div class=\"su-quote su-quote-style-default\"><div class=\"su-quote-inner su-u-clearfix su-u-trim\">Ak neviv\u00edjate v\u00f4bec \u017eiadne \u00fasilie, medit\u00e1cia bude fungova\u0165 najlep\u0161ie. <\/div><\/div>\n\t<p>Lek\u00e1rske \u0161t\u00fadie uskuto\u010dnen\u00e9 v Austr\u00e1lii a Indii uk\u00e1zali, \u017ee lie\u010debn\u00e9 mechanizmy tela sa aktivuj\u00fa, ke\u010f sme v bezmy\u0161lienkvom vedom\u00ed, ale nie vtedy ak proste pou\u017e\u00edvame relaxa\u010dn\u00e9 met\u00f3dy, ako je vizualiz\u00e1cia \u010di hlbok\u00e9 d\u00fdchanie.<\/p>\n<p>Relaxa\u010dn\u00e9 met\u00f3dy s\u00fa \u00fa\u010dinn\u00e9 na zn\u00ed\u017eenie stresu, ale nepreuk\u00e1zali merate\u013en\u00e9 lek\u00e1rske v\u00fdsledky, zatia\u013e \u010do medit\u00e1cia Sahad\u017ea jogy \u00e1no.<a href=\"https:\/\/shrimataji.org\/test\/sk\/meditacia-sahadza-jogy\/#citation-note-1\"><sup>[1b]<\/sup><\/a><\/p>\n\t\t<iframe loading=\"lazy\" title=\"Meditation Study Finds Improvement\" width=\"1920\" height=\"1080\" src=\"https:\/\/www.youtube.com\/embed\/itvKZ5WxrFs?feature=oembed\" frameborder=\"0\" allow=\"accelerometer; autoplay; clipboard-write; encrypted-media; gyroscope; picture-in-picture; web-share\" allowfullscreen><\/iframe>\t\n\t<p>Jedine\u010dnou \u010drtou medit\u00e1cie Sahad\u017ea jogy je skuto\u010dnos\u0165, \u017ee nepon\u00faka jedin\u00fa predp\u00edsan\u00fa, duchovn\u00fa cestu . Neexistuj\u00fa \u017eiadne prik\u00e1zania, \u010di n\u00e1bo\u017eensk\u00e9 povinnosti. Ka\u017ed\u00fd praktizuj\u00faci m\u00e1 mo\u017enos\u0165 zvoli\u0165 si vlastn\u00fa cestu, tempo duchovn\u00e9ho rastu, ako aj svoje duchovn\u00e9 ciele. Nikto nie je n\u00faten\u00fd nasledova\u0165 konkr\u00e9tnu cestu, neexistuje \u017eiadny vstupn\u00fd bod a ka\u017ed\u00e1 individu\u00e1lne zvolen\u00e1 cesta je \u00faplne flexibiln\u00e1 &#8211; je to \u017eiv\u00fd proces, ktor\u00fd sa d\u00e1 prisp\u00f4sobi\u0165 konkr\u00e9tnym potreb\u00e1m a okolnostiam.<a href=\"https:\/\/shrimataji.org\/test\/sk\/meditacia-sahadza-jogy\/#citation-note-2\"><sup>[2]<\/sup><\/a><\/p>\n\t<p><a href=\"https:\/\/shrimataji.org\/test\/sk\/kolektivna-meditacia\/\" target=\"_blank\" rel=\"noopener\">Medita\u010dn\u00e9 centr\u00e1 Sahad\u017ea jogy<\/a> boli zriaden\u00e9 po celom svete,kde sa t\u00e1to technika zaveden\u00e1 \u0160ri Matad\u017ei vyu\u010duje bezplatne.<\/p>\n\t<hr \/>\n<a name=\"citation-note-1\"><\/a><br \/>\n\u00a01a. <a href=\"#citation-ref-1\">^<\/a> 1b. <a href=\"#citation-ref-1a\">^<\/a> \u00a0Dr, Rame\u0161 Manocha, &#8220;\u0160pecifick\u00e9 \u00fa\u010dinky medit\u00e1cie&#8221;. Systematick\u00e9, experiment\u00e1lne hodnotenie defin\u00edcie zameranej na du\u0161evn\u00e9 ticho. (Univerzita NSW, Austr\u00e1lia 2008), e-kniha &#8211; &#8220;<a href=\"https:\/\/www.sahajbooks.org\/collection\/silence-your-mind\" target=\"_blank\" rel=\"noopener\">St\u00ed\u0161te svoju myse\u013e<\/a>&#8221; vydala Hachette Austr\u00e1lia 2013, <a href=\"https:\/\/researchingmeditation.org\/\" target=\"_blank\" rel=\"noopener\">V\u00fdskum medit\u00e1cie &#8211; Vedeck\u00e9 \u0161t\u00fadium medit\u00e1cie<\/a>\n<a name=\"citation-note-2\"><\/a><br \/>\n2.<a href=\"#citation-ref-2\">^<\/a> Nigel T. Powell &#8220;<a href=\"https:\/\/www.sahajbooks.org\/collection\/SAHAJA-YOGA-MEDITATION\" target=\"_blank\" rel=\"noopener\">Medit\u00e1cia Sahad\u017ea jogy<\/a>.&#8221; Lond\u00fdn &#8211; Corvalis Vydanie 2005. \n\n","protected":false},"excerpt":{"rendered":"<p>Medit\u00e1cia Sahad\u017ea jogy Sila vn\u00fatorn\u00e9ho ticha Slovo medit\u00e1cia sa v r\u00f4znych krajin\u00e1ch preklad\u00e1 r\u00f4znym sp\u00f4sobom, od hlbok\u00e9ho rozj\u00edmania po sedenie v tichosti so zavret\u00fdmi o\u010dami so s\u00fastredenou pozornos\u0165ou. Medit\u00e1cia v Sahad\u017ea joge je zalo\u017een\u00e1 na Sebarealiz\u00e1cii, pri ktorej sa prebud\u00ed Kundaliny (jemn\u00e1, vn\u00fatorn\u00e1 energia) u praktizuj\u00faceho, \u010do vedie k stavu zn\u00e1memu ako Nirvi\u010d\u00e1ra Sam\u00e1dhi (bezmy\u0161lienkov\u00e9&hellip; <br \/> <a class=\"read-more\" href=\"https:\/\/shrimataji.org\/test\/sk\/meditacia-sahadza-jogy\/\">Read more<\/a><\/p>\n","protected":false},"author":28,"featured_media":9266,"parent":0,"menu_order":0,"comment_status":"closed","ping_status":"closed","template":"","meta":{"inline_featured_image":false,"footnotes":""},"class_list":["post-12427","page","type-page","status-publish","has-post-thumbnail","hentry"],"yoast_head":"<!-- This site is optimized with the Yoast SEO plugin v27.4 - https:\/\/yoast.com\/product\/yoast-seo-wordpress\/ -->\n<title>Medit\u00e1cia Sahad\u017ea jogy - TEST - SMND<\/title>\n<meta name=\"robots\" content=\"noindex, follow, max-snippet:-1, max-image-preview:large, max-video-preview:-1\" \/>\n<meta property=\"og:locale\" content=\"en_US\" \/>\n<meta property=\"og:type\" content=\"article\" \/>\n<meta property=\"og:title\" content=\"Medit\u00e1cia Sahad\u017ea jogy - TEST - SMND\" \/>\n<meta property=\"og:description\" content=\"Medit\u00e1cia Sahad\u017ea jogy Sila vn\u00fatorn\u00e9ho ticha Slovo medit\u00e1cia sa v r\u00f4znych krajin\u00e1ch preklad\u00e1 r\u00f4znym sp\u00f4sobom, od hlbok\u00e9ho rozj\u00edmania po sedenie v tichosti so zavret\u00fdmi o\u010dami so s\u00fastredenou pozornos\u0165ou. Medit\u00e1cia v Sahad\u017ea joge je zalo\u017een\u00e1 na Sebarealiz\u00e1cii, pri ktorej sa prebud\u00ed Kundaliny (jemn\u00e1, vn\u00fatorn\u00e1 energia) u praktizuj\u00faceho, \u010do vedie k stavu zn\u00e1memu ako Nirvi\u010d\u00e1ra Sam\u00e1dhi (bezmy\u0161lienkov\u00e9&hellip; Read more\" \/>\n<meta property=\"og:url\" content=\"https:\/\/shrimataji.org\/test\/sk\/meditacia-sahadza-jogy\/\" \/>\n<meta property=\"og:site_name\" content=\"TEST - SMND\" \/>\n<meta property=\"article:publisher\" content=\"https:\/\/www.facebook.com\/shrimataji\" \/>\n<meta property=\"article:modified_time\" content=\"2026-03-12T10:48:30+00:00\" \/>\n<meta property=\"og:image\" content=\"https:\/\/shrimataji.org\/test\/wp-content\/uploads\/2023\/03\/4_Banner-SY-SYMedit-scaled.jpg\" \/>\n\t<meta property=\"og:image:width\" content=\"2560\" \/>\n\t<meta property=\"og:image:height\" content=\"905\" \/>\n\t<meta property=\"og:image:type\" content=\"image\/jpeg\" \/>\n<meta name=\"twitter:card\" content=\"summary_large_image\" \/>\n<meta name=\"twitter:site\" content=\"@shrimataji\" \/>\n<meta name=\"twitter:label1\" content=\"Est. reading time\" \/>\n\t<meta name=\"twitter:data1\" content=\"3 minutes\" \/>\n<script type=\"application\/ld+json\" class=\"yoast-schema-graph\">{\"@context\":\"https:\\\/\\\/schema.org\",\"@graph\":[{\"@type\":\"WebPage\",\"@id\":\"https:\\\/\\\/shrimataji.org\\\/test\\\/sk\\\/meditacia-sahadza-jogy\\\/\",\"url\":\"https:\\\/\\\/shrimataji.org\\\/test\\\/sk\\\/meditacia-sahadza-jogy\\\/\",\"name\":\"Medit\u00e1cia Sahad\u017ea jogy - TEST - SMND\",\"isPartOf\":{\"@id\":\"https:\\\/\\\/shrimataji.org\\\/test\\\/#website\"},\"primaryImageOfPage\":{\"@id\":\"https:\\\/\\\/shrimataji.org\\\/test\\\/sk\\\/meditacia-sahadza-jogy\\\/#primaryimage\"},\"image\":{\"@id\":\"https:\\\/\\\/shrimataji.org\\\/test\\\/sk\\\/meditacia-sahadza-jogy\\\/#primaryimage\"},\"thumbnailUrl\":\"https:\\\/\\\/shrimataji.org\\\/test\\\/wp-content\\\/uploads\\\/2023\\\/03\\\/4_Banner-SY-SYMedit-scaled.jpg\",\"datePublished\":\"2022-01-23T03:06:21+00:00\",\"dateModified\":\"2026-03-12T10:48:30+00:00\",\"breadcrumb\":{\"@id\":\"https:\\\/\\\/shrimataji.org\\\/test\\\/sk\\\/meditacia-sahadza-jogy\\\/#breadcrumb\"},\"inLanguage\":\"en-US\",\"potentialAction\":[{\"@type\":\"ReadAction\",\"target\":[\"https:\\\/\\\/shrimataji.org\\\/test\\\/sk\\\/meditacia-sahadza-jogy\\\/\"]}]},{\"@type\":\"ImageObject\",\"inLanguage\":\"en-US\",\"@id\":\"https:\\\/\\\/shrimataji.org\\\/test\\\/sk\\\/meditacia-sahadza-jogy\\\/#primaryimage\",\"url\":\"https:\\\/\\\/shrimataji.org\\\/test\\\/wp-content\\\/uploads\\\/2023\\\/03\\\/4_Banner-SY-SYMedit-scaled.jpg\",\"contentUrl\":\"https:\\\/\\\/shrimataji.org\\\/test\\\/wp-content\\\/uploads\\\/2023\\\/03\\\/4_Banner-SY-SYMedit-scaled.jpg\",\"width\":2560,\"height\":905},{\"@type\":\"BreadcrumbList\",\"@id\":\"https:\\\/\\\/shrimataji.org\\\/test\\\/sk\\\/meditacia-sahadza-jogy\\\/#breadcrumb\",\"itemListElement\":[{\"@type\":\"ListItem\",\"position\":1,\"name\":\"Home\",\"item\":\"https:\\\/\\\/shrimataji.org\\\/test\\\/uk\\\/home-en\\\/\"},{\"@type\":\"ListItem\",\"position\":2,\"name\":\"Medit\u00e1cia Sahad\u017ea jogy\"}]},{\"@type\":\"WebSite\",\"@id\":\"https:\\\/\\\/shrimataji.org\\\/test\\\/#website\",\"url\":\"https:\\\/\\\/shrimataji.org\\\/test\\\/\",\"name\":\"Shri Mataji Nirmala Devi\",\"description\":\"A Life Dedicated to Humanity\",\"publisher\":{\"@id\":\"https:\\\/\\\/shrimataji.org\\\/test\\\/#\\\/schema\\\/person\\\/a1b3419c6585f164aa96da1ff85715d1\"},\"potentialAction\":[{\"@type\":\"SearchAction\",\"target\":{\"@type\":\"EntryPoint\",\"urlTemplate\":\"https:\\\/\\\/shrimataji.org\\\/test\\\/?s={search_term_string}\"},\"query-input\":{\"@type\":\"PropertyValueSpecification\",\"valueRequired\":true,\"valueName\":\"search_term_string\"}}],\"inLanguage\":\"en-US\"},{\"@type\":[\"Person\",\"Organization\"],\"@id\":\"https:\\\/\\\/shrimataji.org\\\/test\\\/#\\\/schema\\\/person\\\/a1b3419c6585f164aa96da1ff85715d1\",\"name\":\"Nirmala Shrivastava\",\"image\":{\"@type\":\"ImageObject\",\"inLanguage\":\"en-US\",\"@id\":\"https:\\\/\\\/shrimataji.org\\\/test\\\/wp-content\\\/uploads\\\/2023\\\/02\\\/SMO_LOGO-03.svg\",\"url\":\"https:\\\/\\\/shrimataji.org\\\/test\\\/wp-content\\\/uploads\\\/2023\\\/02\\\/SMO_LOGO-03.svg\",\"contentUrl\":\"https:\\\/\\\/shrimataji.org\\\/test\\\/wp-content\\\/uploads\\\/2023\\\/02\\\/SMO_LOGO-03.svg\",\"width\":\"1024\",\"height\":\"1024\",\"caption\":\"Nirmala Shrivastava\"},\"logo\":{\"@id\":\"https:\\\/\\\/shrimataji.org\\\/test\\\/wp-content\\\/uploads\\\/2023\\\/02\\\/SMO_LOGO-03.svg\"},\"sameAs\":[\"https:\\\/\\\/shrimataji.org\\\/test\",\"https:\\\/\\\/www.facebook.com\\\/shrimataji\",\"https:\\\/\\\/x.com\\\/shrimataji\",\"https:\\\/\\\/www.youtube.com\\\/@Shri_Mataji_Nirmala_Devi\\\/featured\"]}]}<\/script>\n<!-- \/ Yoast SEO plugin. -->","yoast_head_json":{"title":"Medit\u00e1cia Sahad\u017ea jogy - TEST - SMND","robots":{"index":"noindex","follow":"follow","max-snippet":"max-snippet:-1","max-image-preview":"max-image-preview:large","max-video-preview":"max-video-preview:-1"},"og_locale":"en_US","og_type":"article","og_title":"Medit\u00e1cia Sahad\u017ea jogy - TEST - SMND","og_description":"Medit\u00e1cia Sahad\u017ea jogy Sila vn\u00fatorn\u00e9ho ticha Slovo medit\u00e1cia sa v r\u00f4znych krajin\u00e1ch preklad\u00e1 r\u00f4znym sp\u00f4sobom, od hlbok\u00e9ho rozj\u00edmania po sedenie v tichosti so zavret\u00fdmi o\u010dami so s\u00fastredenou pozornos\u0165ou. Medit\u00e1cia v Sahad\u017ea joge je zalo\u017een\u00e1 na Sebarealiz\u00e1cii, pri ktorej sa prebud\u00ed Kundaliny (jemn\u00e1, vn\u00fatorn\u00e1 energia) u praktizuj\u00faceho, \u010do vedie k stavu zn\u00e1memu ako Nirvi\u010d\u00e1ra Sam\u00e1dhi (bezmy\u0161lienkov\u00e9&hellip; Read more","og_url":"https:\/\/shrimataji.org\/test\/sk\/meditacia-sahadza-jogy\/","og_site_name":"TEST - SMND","article_publisher":"https:\/\/www.facebook.com\/shrimataji","article_modified_time":"2026-03-12T10:48:30+00:00","og_image":[{"width":2560,"height":905,"url":"https:\/\/shrimataji.org\/test\/wp-content\/uploads\/2023\/03\/4_Banner-SY-SYMedit-scaled.jpg","type":"image\/jpeg"}],"twitter_card":"summary_large_image","twitter_site":"@shrimataji","twitter_misc":{"Est. reading time":"3 minutes"},"schema":{"@context":"https:\/\/schema.org","@graph":[{"@type":"WebPage","@id":"https:\/\/shrimataji.org\/test\/sk\/meditacia-sahadza-jogy\/","url":"https:\/\/shrimataji.org\/test\/sk\/meditacia-sahadza-jogy\/","name":"Medit\u00e1cia Sahad\u017ea jogy - TEST - SMND","isPartOf":{"@id":"https:\/\/shrimataji.org\/test\/#website"},"primaryImageOfPage":{"@id":"https:\/\/shrimataji.org\/test\/sk\/meditacia-sahadza-jogy\/#primaryimage"},"image":{"@id":"https:\/\/shrimataji.org\/test\/sk\/meditacia-sahadza-jogy\/#primaryimage"},"thumbnailUrl":"https:\/\/shrimataji.org\/test\/wp-content\/uploads\/2023\/03\/4_Banner-SY-SYMedit-scaled.jpg","datePublished":"2022-01-23T03:06:21+00:00","dateModified":"2026-03-12T10:48:30+00:00","breadcrumb":{"@id":"https:\/\/shrimataji.org\/test\/sk\/meditacia-sahadza-jogy\/#breadcrumb"},"inLanguage":"en-US","potentialAction":[{"@type":"ReadAction","target":["https:\/\/shrimataji.org\/test\/sk\/meditacia-sahadza-jogy\/"]}]},{"@type":"ImageObject","inLanguage":"en-US","@id":"https:\/\/shrimataji.org\/test\/sk\/meditacia-sahadza-jogy\/#primaryimage","url":"https:\/\/shrimataji.org\/test\/wp-content\/uploads\/2023\/03\/4_Banner-SY-SYMedit-scaled.jpg","contentUrl":"https:\/\/shrimataji.org\/test\/wp-content\/uploads\/2023\/03\/4_Banner-SY-SYMedit-scaled.jpg","width":2560,"height":905},{"@type":"BreadcrumbList","@id":"https:\/\/shrimataji.org\/test\/sk\/meditacia-sahadza-jogy\/#breadcrumb","itemListElement":[{"@type":"ListItem","position":1,"name":"Home","item":"https:\/\/shrimataji.org\/test\/uk\/home-en\/"},{"@type":"ListItem","position":2,"name":"Medit\u00e1cia Sahad\u017ea jogy"}]},{"@type":"WebSite","@id":"https:\/\/shrimataji.org\/test\/#website","url":"https:\/\/shrimataji.org\/test\/","name":"Shri Mataji Nirmala Devi","description":"A Life Dedicated to Humanity","publisher":{"@id":"https:\/\/shrimataji.org\/test\/#\/schema\/person\/a1b3419c6585f164aa96da1ff85715d1"},"potentialAction":[{"@type":"SearchAction","target":{"@type":"EntryPoint","urlTemplate":"https:\/\/shrimataji.org\/test\/?s={search_term_string}"},"query-input":{"@type":"PropertyValueSpecification","valueRequired":true,"valueName":"search_term_string"}}],"inLanguage":"en-US"},{"@type":["Person","Organization"],"@id":"https:\/\/shrimataji.org\/test\/#\/schema\/person\/a1b3419c6585f164aa96da1ff85715d1","name":"Nirmala Shrivastava","image":{"@type":"ImageObject","inLanguage":"en-US","@id":"https:\/\/shrimataji.org\/test\/wp-content\/uploads\/2023\/02\/SMO_LOGO-03.svg","url":"https:\/\/shrimataji.org\/test\/wp-content\/uploads\/2023\/02\/SMO_LOGO-03.svg","contentUrl":"https:\/\/shrimataji.org\/test\/wp-content\/uploads\/2023\/02\/SMO_LOGO-03.svg","width":"1024","height":"1024","caption":"Nirmala Shrivastava"},"logo":{"@id":"https:\/\/shrimataji.org\/test\/wp-content\/uploads\/2023\/02\/SMO_LOGO-03.svg"},"sameAs":["https:\/\/shrimataji.org\/test","https:\/\/www.facebook.com\/shrimataji","https:\/\/x.com\/shrimataji","https:\/\/www.youtube.com\/@Shri_Mataji_Nirmala_Devi\/featured"]}]}},"lang":"sk","translations":{"sk":12427,"ur":37492,"en":7044,"am":18067,"th":20046,"hu":19555,"sq":18468,"zh":17365,"hi":8368,"tr":10204,"pt":10414,"de":10688,"fr":10786,"it":10884,"es":10981,"ja":11279,"ru":11467,"bn":11658,"te":11766,"sw":11889,"he":12037,"el":12329,"fa":12525,"fi":12623,"bg":13411,"ro":14485,"cs":14678,"nl":16628,"ku":16788,"ar":16964,"be":18675,"kn":18949,"mr":20410,"uk":20704,"ml":20999,"ta":22786,"sv":23056,"gu":28896,"pa":29056,"fil":29504,"sd":31006,"da":37802,"pl":38012,"nn":38354},"pll_sync_post":[],"_links":{"self":[{"href":"https:\/\/shrimataji.org\/test\/wp-json\/wp\/v2\/pages\/12427","targetHints":{"allow":["GET"]}}],"collection":[{"href":"https:\/\/shrimataji.org\/test\/wp-json\/wp\/v2\/pages"}],"about":[{"href":"https:\/\/shrimataji.org\/test\/wp-json\/wp\/v2\/types\/page"}],"author":[{"embeddable":true,"href":"https:\/\/shrimataji.org\/test\/wp-json\/wp\/v2\/users\/28"}],"replies":[{"embeddable":true,"href":"https:\/\/shrimataji.org\/test\/wp-json\/wp\/v2\/comments?post=12427"}],"version-history":[{"count":0,"href":"https:\/\/shrimataji.org\/test\/wp-json\/wp\/v2\/pages\/12427\/revisions"}],"wp:featuredmedia":[{"embeddable":true,"href":"https:\/\/shrimataji.org\/test\/wp-json\/wp\/v2\/media\/9266"}],"wp:attachment":[{"href":"https:\/\/shrimataji.org\/test\/wp-json\/wp\/v2\/media?parent=12427"}],"curies":[{"name":"wp","href":"https:\/\/api.w.org\/{rel}","templated":true}]}}