{"id":12428,"date":"2022-03-05T08:01:33","date_gmt":"2022-03-05T08:01:33","guid":{"rendered":"https:\/\/test.shrimataji.org\/?page_id=6500"},"modified":"2026-03-14T00:46:35","modified_gmt":"2026-03-14T00:46:35","slug":"sahasrara-cakra","status":"publish","type":"page","link":"https:\/\/shrimataji.org\/test\/sk\/sahasrara-cakra\/","title":{"rendered":"Sahasr\u00e1ra \u010dakra SK"},"content":{"rendered":"\n\n\t<h1>Sahasr\u00e1ra \u010dakra<\/h1>\n<h2>vn\u00fatorn\u00e9 zjednotenie<\/h2>\n<h4>Sahasr\u00e1ra \u010dakra (\u010do znamen\u00e1 tis\u00edc) sa nach\u00e1dza na vrchole hlavy a symbolizuje vyvrcholenie na\u0161ej evolu\u010dnej cesty. ako Homo sapiens. \u013dudsk\u00fd druh, ktor\u00fd sa objavil pred 4.8 miliardy rokov na Zemi, vl\u00e1dne celej plan\u00e9te kv\u00f4li jednej v\u00fdhode &#8211; n\u00e1\u0161mu mozgu. Ak\u00fd je zmysel n\u00e1\u0161ho \u013eudsk\u00e9ho \u017eivota? Len aby sme pou\u017e\u00edvali tento mozog na dosiahnutie nejak\u00e9ho iluz\u00f3rneho zisku, moci, alebo pe\u0148az\u00ed? Alebo aby sme dosiahli uspokojenie na\u0161ej obmedzenej zvedavosti v oblasti vedy a pochopili tajomstv\u00e1 stvorenia, evol\u00facie? Alebo, aby sme premie\u0148ali ne\u017eiv\u00fa hmotu v nekone\u010dnom poli relat\u00edvneho \u010dasu a priestoru?<\/h4>\n<p>Prostredn\u00edctvom na\u0161ej Sebarealiz\u00e1cie, kedy <a href=\"https:\/\/shrimataji.org\/test\/sk\/kundaliny\/\" target=\"_blank\" rel=\"noopener\">Kundaliny <\/a>prenikne Brahmarandrou (v indick\u00fdch p\u00edsmach je to otvor na vrchole hlavy) v limbickej oblasti, ktor\u00fa obklopuje Sahasr\u00e1ra \u010dakra. Na\u0161e \u013eudsk\u00e9 vedomia vstupuje do novej sf\u00e9ry vn\u00edmania a uvedomovania, ktor\u00e9 s\u00fa mimo na\u0161ich my\u0161lienok a ment\u00e1lnych predst\u00e1v. T\u00e1to \u010dakra n\u00e1m d\u00e1va priame &#8211; absol\u00fatne vn\u00edmanie reality v na\u0161om centr\u00e1lnom nervovom syst\u00e9me. Takto sa bez n\u00e1mahy upevn\u00edme v stave vedomia bez pochybnost\u00ed, ktor\u00e9 je zn\u00e1me ako Nivikalpa Sam\u00e1dhi.<\/p>\n<p>Hlavnou kvalitou Sahasr\u00e1ry je integr\u00e1cia a pocit jednoty so v\u0161etk\u00fdmi elementami a s vesm\u00edrom. Cez Sahasr\u00e1ru za\u017e\u00edvame spojenie so V\u0161etkoprenikaj\u00facou duchovnou energiou, s absol\u00fatnou Pravdou. Sahasr\u00e1ra predstavuje n\u00e1\u0161 kone\u010dn\u00fd cie\u013e. Aby sme pochopili zmysel n\u00e1\u0161ho \u017eivota a na\u0161e poslanie, mus\u00edme presk\u00fama\u0165 vy\u0161\u0161ie sf\u00e9ry vedomia, ktor\u00e9 s\u00fa neoddelite\u013enou s\u00fa\u010das\u0165ou sily, ktor\u00e1 n\u00e1s vytvorila.<\/p>\n<p>Toto siedme energetick\u00e9 centrum integruje sily a kvality cel\u00e9ho subt\u00edlneho syst\u00e9mu pozost\u00e1vaj\u00faceho z tis\u00edc <a href=\"https:\/\/shrimataji.org\/test\/sk\/kanaly-a-tri-typy-psychiky\/\" target=\"_blank\" rel=\"noopener\">kan\u00e1lov<\/a> a \u010dakier. Fungovanie \u010dakier sa sp\u00fa\u0161\u0165a v mozgu- v Sahasr\u00e1re, ktor\u00e1 je riadiacou stanicou centr\u00e1lneho nervov\u00e9ho syst\u00e9mu, kde s\u00fa v\u0161etky inform\u00e1cie odosielan\u00e9 a spracov\u00e1van\u00e9 t\u00fdmto super po\u010d\u00edta\u010dom. Sahasr\u00e1ra \u010dakra takto komunikuje s cel\u00fdm subt\u00edlnym syst\u00e9mom.<\/p>\n\t\t<iframe loading=\"lazy\" title=\"Sahasrara Chakra\" width=\"1920\" height=\"1080\" src=\"https:\/\/www.youtube.com\/embed\/9L26slNEfCY?feature=oembed\" frameborder=\"0\" allow=\"accelerometer; autoplay; clipboard-write; encrypted-media; gyroscope; picture-in-picture; web-share\" allowfullscreen><\/iframe>\t\n<figure itemscope itemtype=\"https:\/\/schema.org\/ImageObject\">\n\t\t\t\t<img decoding=\"async\" src=\"https:\/\/shrimataji.org\/test\/wp-content\/uploads\/2026\/01\/SK_Sahasrara_Handsketch_1.jpg\" alt=\"P\u00f4vodn\u00e1 kresba \u0160ri Matad\u017ei\" height=\"589\" width=\"1001\" title=\"SK_Sahasrara_Handsketch_1\" onerror=\"this.style.display='none'\" loading=\"lazy\" \/>\n\t\t<figcaption>P\u00f4vodn\u00e1 kresba \u0160ri Matad\u017ei<\/figcaption>\n\t<\/figure>\n\t<strong>Umiestnenie:<\/strong><br \/>\nSahasr\u00e1ra \u010dakra sa nach\u00e1dza v limbickom syst\u00e9me mozgu. Vibr\u00e1cie Sahasr\u00e1ry m\u00f4\u017eete vn\u00edma\u0165 v strede svojich dlan\u00ed.\n<strong>Kvality:<br \/>\n<\/strong>Cez Sahasr\u00e1ru sa m\u00f4\u017eete spoji\u0165 so silou, ktor\u00e1 n\u00e1s vytvorila. Takto m\u00f4\u017eete objavi\u0165 zmysel svojho \u017eivota. Predstavuje n\u00e1\u0161 kone\u010dn\u00fd cie\u013e- prebudenie neba na zemi.\n<p><strong>\u010eal\u0161ie kvality Sahasr\u00e1ra \u010dakry:<\/strong><\/p>\n<ul>\n<li>pocit jednoty s vesm\u00edrom &#8211; zjednotenie.<\/li>\n<li>Bezmy\u0161lienkov\u00e9 vedomie, alebo ment\u00e1lne ticho.<\/li>\n<li>Vedomie bez pochybnost\u00ed, alebo uvedomenie si Bo\u017eej sily<\/li>\n<\/ul>\n<figure itemscope itemtype=\"https:\/\/schema.org\/ImageObject\">\n\t\t\t\t<img decoding=\"async\" src=\"https:\/\/shrimataji.org\/test\/wp-content\/uploads\/2025\/12\/sk-7-Sahasrara-01-scaled.png\" alt=\"sk-7-Sahasrara-01\" height=\"2560\" width=\"2402\" title=\"sk-7-Sahasrara-01\" onerror=\"this.style.display='none'\" loading=\"lazy\" \/>\n\t<\/figure>\n\t<p>Ka\u017ed\u00e1 z va\u0161ich \u0161iest\u00edch, hlavn\u00fdch \u010dakier od Muladh\u00e1ry po Agnya \u010dakru m\u00e1 korene vo va\u0161om mozgu. Ke\u010f praktizujeme Sahad\u017ea jogu, Kundaliny st\u00fapa, prech\u00e1dza ka\u017edou zo \u0161iestich \u010dakier a usad\u00ed sa v limbickej oblasti mozgu. Tento proces je tie\u017e zn\u00e1my ako duchovn\u00e9 osvietenie.<\/p>\n<p>Sahasr\u00e1ra \u010dakra sa nach\u00e1dza v uprostred pr\u00e1zdneho priestoru limbickej oblasti a obklopuje ju tis\u00edc nervov. Ke\u010f do tejto oblasti vyst\u00fapi Kundaliny po\u010das medit\u00e1cie, v\u0161etky tieto nervy sa aktivuj\u00fa s\u00fa\u010dasne. Energia Kundaliny sa prejav\u00ed na vrchole hlavy, kde n\u00e1s sp\u00e1ja s Bo\u017eou energiou vesm\u00edru.<\/p>\n<strong>Z\u00e1\u017eitky a v\u00fdhody:<\/strong><br \/>\nKe\u010f Kundaliny prenikne fontanelovou oblas\u0165ou na vrchole hlavy, sp\u00e1ja na\u0161e individu\u00e1lne vedomie- Atma s univerz\u00e1lnym vedom\u00edm &#8211; Paramatma. M\u00f4\u017eeme to c\u00edti\u0165 ako siln\u00e9 pulzovanie na vrchole hlavy, po ktorom m\u00f4\u017ee nasledova\u0165 pocit rozt\u00e1pania a ochladenia vibr\u00e1ci\u00ed. V d\u00f4sledku tejto sk\u00fasenosti z\u00edskavame nov\u00fd rozmer &#8211; vedomie, ktor\u00e9 n\u00e1m umo\u017e\u0148uje lep\u0161ie si uvedomova\u0165 pravdu. Z\u00edskame v\u0161etko, aby sme dok\u00e1zali rozl\u00ed\u0161i\u0165 dobr\u00e9 od zl\u00e9ho, pravdu od klamstva.\n<p>Akon\u00e1hle dosiahneme spojenie na\u0161ej Kundaliny s Bo\u017eou energiou vesm\u00edru,u\u017e n\u00e1s nebude pohlcova\u0165 minulos\u0165 \u010di bud\u00facnos\u0165. Za\u017e\u00edvame skuto\u010dn\u00fa, vn\u00fatorn\u00fa rados\u0165, ak\u00fa sme doteraz neza\u017eili. \u013dudsk\u00e9 vedomie sa tu zjednot\u00ed s Bo\u017e\u00edm a na\u0161e fyzick\u00e9, intelektu\u00e1lne, emocion\u00e1lne a duchovn\u00e9 ja sa zjednot\u00ed.<\/p>\n<p>M\u00f4\u017eeme kona\u0165 v dokonalej harm\u00f3nii, bez toho aby sme c\u00edtili zm\u00e4tok, alebo rozpor.Za\u017eijeme \u00fapln\u00fd vn\u00fatorn\u00fd pokoj a dokonal\u00fa rados\u0165. Intuit\u00edvne budeme vedie\u0165 ak\u00e9 konanie \u010di reagovanie je mor\u00e1lne spr\u00e1vne. Predt\u00fdm ne\u017e ste dosiahli spojenie s Kundaliny, mo\u017eno sme museli akceptova\u0165, \u017ee Boh existuje len na z\u00e1klade viery. Ale potom sa dostanete do stavu <strong>vedomia bez pochybnost\u00ed<\/strong>, kde si uvedom\u00edte existenciu Boha a ste bez pochynost\u00ed. Ako sa prehlbuj\u00fa va\u0161e medit\u00e1cie toto vedomie bez pochybnost\u00ed sa e\u0161te zosiln\u00ed.<\/p>\n<strong>Sebahodnotenie:<\/strong><br \/>\nAk je va\u0161a Sahasr\u00e1ra zablokovan\u00e1, alebo v nerovnov\u00e1he, m\u00f4\u017eete ma\u0165 probl\u00e9my s vn\u00edman\u00edm vibr\u00e1ci\u00ed ako tak\u00fdch. Taktie\u017e m\u00f4\u017eete poci\u0165ova\u0165 pochybnosti o duchovnej realite \u010di existencii Bo\u017esk\u00e9ho. Na\u0161\u0165astie \u010d\u00edm viac praktizujete medit\u00e1ciu Sahad\u017ea jogy, t\u00fdm bud\u00fa va\u0161e \u010dakry \u010distej\u0161ie. To nakoniec vedie k rovnov\u00e1he Sahasr\u00e1ta \u010dakry. Jedin\u00e9 \u010do je potrebn\u00e9, je otvoren\u00e1 myse\u013e a chu\u0165 meditova\u0165. Nakoniec dosiahnete a budete za\u017e\u00edva\u0165 spojenie va\u0161ej Kunaliny s Bo\u017eou v\u0161etkoprenikaj\u00facou energiou vesm\u00edru.\n<p><strong>Pr\u00ed\u010diny po\u0161kodenia:<\/strong><\/p>\n<ul>\n<li>Sebaspochyb\u0148ovanie,<\/li>\n<li>extr\u00e9mny ateizmus,<\/li>\n<li>zach\u00e1dzanie do extr\u00e9mov<\/li>\n<\/ul>\n<strong>Ako z\u00edskame rovnov\u00e1hu:<\/strong><br \/>\nAby sme dosiahli rovnov\u00e1hu Sahasr\u00e1ra \u010dakry, polo\u017e\u00edme si na vrchol hlavy prav\u00fa ruku a pritla\u010d\u00edme. Pomaly kr\u00fa\u017eime dla\u0148ou v smere hodinov\u00fdch ru\u010di\u010diek a povieme: &#8220;Dovo\u013e mi za\u017ei\u0165 stav medit\u00e1cie.&#8221;\n<p>Ak spo\u010diatku nie sme schopn\u00ed c\u00edti\u0165 vibr\u00e1cie, neprepadnime pochybnostiam. Mnoho \u013eud\u00ed, ktor\u00ed medituj\u00fa pod\u013ea Sahad\u017ea jogy potrebuj\u00fa dlh\u0161\u00ed \u010das, k\u00fdm s\u00fa schopn\u00ed c\u00edti\u0165 vibr\u00e1cie, alebo si by\u0165 ist\u00fd svoj\u00edm vlastn\u00fdm spojen\u00edm s Kundaliny. Bu\u010fte so sebou trpezliv\u00fd a vyd\u017ete, dostanete sa tam tie\u017e. Toto je d\u00f4le\u017eit\u00fd krok k udr\u017eaniu otvorenej Sahasr\u00e1ry &#8211; bez prek\u00e1\u017eok.<\/p>\n\n","protected":false},"excerpt":{"rendered":"<p>Sahasr\u00e1ra \u010dakra vn\u00fatorn\u00e9 zjednotenie Sahasr\u00e1ra \u010dakra (\u010do znamen\u00e1 tis\u00edc) sa nach\u00e1dza na vrchole hlavy a symbolizuje vyvrcholenie na\u0161ej evolu\u010dnej cesty. ako Homo sapiens. \u013dudsk\u00fd druh, ktor\u00fd sa objavil pred 4.8 miliardy rokov na Zemi, vl\u00e1dne celej plan\u00e9te kv\u00f4li jednej v\u00fdhode &#8211; n\u00e1\u0161mu mozgu. Ak\u00fd je zmysel n\u00e1\u0161ho \u013eudsk\u00e9ho \u017eivota? Len aby sme pou\u017e\u00edvali tento mozog&hellip; <br \/> <a class=\"read-more\" href=\"https:\/\/shrimataji.org\/test\/sk\/sahasrara-cakra\/\">Read more<\/a><\/p>\n","protected":false},"author":1,"featured_media":9257,"parent":0,"menu_order":0,"comment_status":"closed","ping_status":"closed","template":"","meta":{"inline_featured_image":false,"footnotes":""},"class_list":["post-12428","page","type-page","status-publish","has-post-thumbnail","hentry"],"yoast_head":"<!-- This site is optimized with the Yoast SEO plugin v27.4 - https:\/\/yoast.com\/product\/yoast-seo-wordpress\/ -->\n<title>Sahasr\u00e1ra \u010dakra SK - TEST - SMND<\/title>\n<meta name=\"robots\" content=\"noindex, follow, max-snippet:-1, max-image-preview:large, max-video-preview:-1\" \/>\n<meta property=\"og:locale\" content=\"en_US\" \/>\n<meta property=\"og:type\" content=\"article\" \/>\n<meta property=\"og:title\" content=\"Sahasr\u00e1ra \u010dakra SK - TEST - SMND\" \/>\n<meta property=\"og:description\" content=\"Sahasr\u00e1ra \u010dakra vn\u00fatorn\u00e9 zjednotenie Sahasr\u00e1ra \u010dakra (\u010do znamen\u00e1 tis\u00edc) sa nach\u00e1dza na vrchole hlavy a symbolizuje vyvrcholenie na\u0161ej evolu\u010dnej cesty. ako Homo sapiens. \u013dudsk\u00fd druh, ktor\u00fd sa objavil pred 4.8 miliardy rokov na Zemi, vl\u00e1dne celej plan\u00e9te kv\u00f4li jednej v\u00fdhode &#8211; n\u00e1\u0161mu mozgu. Ak\u00fd je zmysel n\u00e1\u0161ho \u013eudsk\u00e9ho \u017eivota? Len aby sme pou\u017e\u00edvali tento mozog&hellip; Read more\" \/>\n<meta property=\"og:url\" content=\"https:\/\/shrimataji.org\/test\/sk\/sahasrara-cakra\/\" \/>\n<meta property=\"og:site_name\" content=\"TEST - SMND\" \/>\n<meta property=\"article:publisher\" content=\"https:\/\/www.facebook.com\/shrimataji\" \/>\n<meta property=\"article:modified_time\" content=\"2026-03-14T00:46:35+00:00\" \/>\n<meta property=\"og:image\" content=\"https:\/\/shrimataji.org\/test\/wp-content\/uploads\/2023\/03\/22_Banner-SY-Chakra-sahas-scaled.jpg\" \/>\n\t<meta property=\"og:image:width\" content=\"2560\" \/>\n\t<meta property=\"og:image:height\" content=\"905\" \/>\n\t<meta property=\"og:image:type\" content=\"image\/jpeg\" \/>\n<meta name=\"twitter:card\" content=\"summary_large_image\" \/>\n<meta name=\"twitter:site\" content=\"@shrimataji\" \/>\n<script type=\"application\/ld+json\" class=\"yoast-schema-graph\">{\"@context\":\"https:\\\/\\\/schema.org\",\"@graph\":[{\"@type\":\"WebPage\",\"@id\":\"https:\\\/\\\/shrimataji.org\\\/test\\\/sk\\\/sahasrara-cakra\\\/\",\"url\":\"https:\\\/\\\/shrimataji.org\\\/test\\\/sk\\\/sahasrara-cakra\\\/\",\"name\":\"Sahasr\u00e1ra \u010dakra SK - TEST - SMND\",\"isPartOf\":{\"@id\":\"https:\\\/\\\/shrimataji.org\\\/test\\\/#website\"},\"primaryImageOfPage\":{\"@id\":\"https:\\\/\\\/shrimataji.org\\\/test\\\/sk\\\/sahasrara-cakra\\\/#primaryimage\"},\"image\":{\"@id\":\"https:\\\/\\\/shrimataji.org\\\/test\\\/sk\\\/sahasrara-cakra\\\/#primaryimage\"},\"thumbnailUrl\":\"https:\\\/\\\/shrimataji.org\\\/test\\\/wp-content\\\/uploads\\\/2023\\\/03\\\/22_Banner-SY-Chakra-sahas-scaled.jpg\",\"datePublished\":\"2022-03-05T08:01:33+00:00\",\"dateModified\":\"2026-03-14T00:46:35+00:00\",\"breadcrumb\":{\"@id\":\"https:\\\/\\\/shrimataji.org\\\/test\\\/sk\\\/sahasrara-cakra\\\/#breadcrumb\"},\"inLanguage\":\"en-US\",\"potentialAction\":[{\"@type\":\"ReadAction\",\"target\":[\"https:\\\/\\\/shrimataji.org\\\/test\\\/sk\\\/sahasrara-cakra\\\/\"]}]},{\"@type\":\"ImageObject\",\"inLanguage\":\"en-US\",\"@id\":\"https:\\\/\\\/shrimataji.org\\\/test\\\/sk\\\/sahasrara-cakra\\\/#primaryimage\",\"url\":\"https:\\\/\\\/shrimataji.org\\\/test\\\/wp-content\\\/uploads\\\/2023\\\/03\\\/22_Banner-SY-Chakra-sahas-scaled.jpg\",\"contentUrl\":\"https:\\\/\\\/shrimataji.org\\\/test\\\/wp-content\\\/uploads\\\/2023\\\/03\\\/22_Banner-SY-Chakra-sahas-scaled.jpg\",\"width\":2560,\"height\":905},{\"@type\":\"BreadcrumbList\",\"@id\":\"https:\\\/\\\/shrimataji.org\\\/test\\\/sk\\\/sahasrara-cakra\\\/#breadcrumb\",\"itemListElement\":[{\"@type\":\"ListItem\",\"position\":1,\"name\":\"Home\",\"item\":\"https:\\\/\\\/shrimataji.org\\\/test\\\/uk\\\/home-en\\\/\"},{\"@type\":\"ListItem\",\"position\":2,\"name\":\"Sahasr\u00e1ra \u010dakra SK\"}]},{\"@type\":\"WebSite\",\"@id\":\"https:\\\/\\\/shrimataji.org\\\/test\\\/#website\",\"url\":\"https:\\\/\\\/shrimataji.org\\\/test\\\/\",\"name\":\"Shri Mataji Nirmala Devi\",\"description\":\"A Life Dedicated to Humanity\",\"publisher\":{\"@id\":\"https:\\\/\\\/shrimataji.org\\\/test\\\/#\\\/schema\\\/person\\\/a1b3419c6585f164aa96da1ff85715d1\"},\"potentialAction\":[{\"@type\":\"SearchAction\",\"target\":{\"@type\":\"EntryPoint\",\"urlTemplate\":\"https:\\\/\\\/shrimataji.org\\\/test\\\/?s={search_term_string}\"},\"query-input\":{\"@type\":\"PropertyValueSpecification\",\"valueRequired\":true,\"valueName\":\"search_term_string\"}}],\"inLanguage\":\"en-US\"},{\"@type\":[\"Person\",\"Organization\"],\"@id\":\"https:\\\/\\\/shrimataji.org\\\/test\\\/#\\\/schema\\\/person\\\/a1b3419c6585f164aa96da1ff85715d1\",\"name\":\"Nirmala Shrivastava\",\"image\":{\"@type\":\"ImageObject\",\"inLanguage\":\"en-US\",\"@id\":\"https:\\\/\\\/shrimataji.org\\\/test\\\/wp-content\\\/uploads\\\/2023\\\/02\\\/SMO_LOGO-03.svg\",\"url\":\"https:\\\/\\\/shrimataji.org\\\/test\\\/wp-content\\\/uploads\\\/2023\\\/02\\\/SMO_LOGO-03.svg\",\"contentUrl\":\"https:\\\/\\\/shrimataji.org\\\/test\\\/wp-content\\\/uploads\\\/2023\\\/02\\\/SMO_LOGO-03.svg\",\"width\":\"1024\",\"height\":\"1024\",\"caption\":\"Nirmala Shrivastava\"},\"logo\":{\"@id\":\"https:\\\/\\\/shrimataji.org\\\/test\\\/wp-content\\\/uploads\\\/2023\\\/02\\\/SMO_LOGO-03.svg\"},\"sameAs\":[\"https:\\\/\\\/shrimataji.org\\\/test\",\"https:\\\/\\\/www.facebook.com\\\/shrimataji\",\"https:\\\/\\\/x.com\\\/shrimataji\",\"https:\\\/\\\/www.youtube.com\\\/@Shri_Mataji_Nirmala_Devi\\\/featured\"]}]}<\/script>\n<!-- \/ Yoast SEO plugin. -->","yoast_head_json":{"title":"Sahasr\u00e1ra \u010dakra SK - TEST - SMND","robots":{"index":"noindex","follow":"follow","max-snippet":"max-snippet:-1","max-image-preview":"max-image-preview:large","max-video-preview":"max-video-preview:-1"},"og_locale":"en_US","og_type":"article","og_title":"Sahasr\u00e1ra \u010dakra SK - TEST - SMND","og_description":"Sahasr\u00e1ra \u010dakra vn\u00fatorn\u00e9 zjednotenie Sahasr\u00e1ra \u010dakra (\u010do znamen\u00e1 tis\u00edc) sa nach\u00e1dza na vrchole hlavy a symbolizuje vyvrcholenie na\u0161ej evolu\u010dnej cesty. ako Homo sapiens. \u013dudsk\u00fd druh, ktor\u00fd sa objavil pred 4.8 miliardy rokov na Zemi, vl\u00e1dne celej plan\u00e9te kv\u00f4li jednej v\u00fdhode &#8211; n\u00e1\u0161mu mozgu. Ak\u00fd je zmysel n\u00e1\u0161ho \u013eudsk\u00e9ho \u017eivota? Len aby sme pou\u017e\u00edvali tento mozog&hellip; Read more","og_url":"https:\/\/shrimataji.org\/test\/sk\/sahasrara-cakra\/","og_site_name":"TEST - SMND","article_publisher":"https:\/\/www.facebook.com\/shrimataji","article_modified_time":"2026-03-14T00:46:35+00:00","og_image":[{"width":2560,"height":905,"url":"https:\/\/shrimataji.org\/test\/wp-content\/uploads\/2023\/03\/22_Banner-SY-Chakra-sahas-scaled.jpg","type":"image\/jpeg"}],"twitter_card":"summary_large_image","twitter_site":"@shrimataji","schema":{"@context":"https:\/\/schema.org","@graph":[{"@type":"WebPage","@id":"https:\/\/shrimataji.org\/test\/sk\/sahasrara-cakra\/","url":"https:\/\/shrimataji.org\/test\/sk\/sahasrara-cakra\/","name":"Sahasr\u00e1ra \u010dakra SK - TEST - SMND","isPartOf":{"@id":"https:\/\/shrimataji.org\/test\/#website"},"primaryImageOfPage":{"@id":"https:\/\/shrimataji.org\/test\/sk\/sahasrara-cakra\/#primaryimage"},"image":{"@id":"https:\/\/shrimataji.org\/test\/sk\/sahasrara-cakra\/#primaryimage"},"thumbnailUrl":"https:\/\/shrimataji.org\/test\/wp-content\/uploads\/2023\/03\/22_Banner-SY-Chakra-sahas-scaled.jpg","datePublished":"2022-03-05T08:01:33+00:00","dateModified":"2026-03-14T00:46:35+00:00","breadcrumb":{"@id":"https:\/\/shrimataji.org\/test\/sk\/sahasrara-cakra\/#breadcrumb"},"inLanguage":"en-US","potentialAction":[{"@type":"ReadAction","target":["https:\/\/shrimataji.org\/test\/sk\/sahasrara-cakra\/"]}]},{"@type":"ImageObject","inLanguage":"en-US","@id":"https:\/\/shrimataji.org\/test\/sk\/sahasrara-cakra\/#primaryimage","url":"https:\/\/shrimataji.org\/test\/wp-content\/uploads\/2023\/03\/22_Banner-SY-Chakra-sahas-scaled.jpg","contentUrl":"https:\/\/shrimataji.org\/test\/wp-content\/uploads\/2023\/03\/22_Banner-SY-Chakra-sahas-scaled.jpg","width":2560,"height":905},{"@type":"BreadcrumbList","@id":"https:\/\/shrimataji.org\/test\/sk\/sahasrara-cakra\/#breadcrumb","itemListElement":[{"@type":"ListItem","position":1,"name":"Home","item":"https:\/\/shrimataji.org\/test\/uk\/home-en\/"},{"@type":"ListItem","position":2,"name":"Sahasr\u00e1ra \u010dakra SK"}]},{"@type":"WebSite","@id":"https:\/\/shrimataji.org\/test\/#website","url":"https:\/\/shrimataji.org\/test\/","name":"Shri Mataji Nirmala Devi","description":"A Life Dedicated to Humanity","publisher":{"@id":"https:\/\/shrimataji.org\/test\/#\/schema\/person\/a1b3419c6585f164aa96da1ff85715d1"},"potentialAction":[{"@type":"SearchAction","target":{"@type":"EntryPoint","urlTemplate":"https:\/\/shrimataji.org\/test\/?s={search_term_string}"},"query-input":{"@type":"PropertyValueSpecification","valueRequired":true,"valueName":"search_term_string"}}],"inLanguage":"en-US"},{"@type":["Person","Organization"],"@id":"https:\/\/shrimataji.org\/test\/#\/schema\/person\/a1b3419c6585f164aa96da1ff85715d1","name":"Nirmala Shrivastava","image":{"@type":"ImageObject","inLanguage":"en-US","@id":"https:\/\/shrimataji.org\/test\/wp-content\/uploads\/2023\/02\/SMO_LOGO-03.svg","url":"https:\/\/shrimataji.org\/test\/wp-content\/uploads\/2023\/02\/SMO_LOGO-03.svg","contentUrl":"https:\/\/shrimataji.org\/test\/wp-content\/uploads\/2023\/02\/SMO_LOGO-03.svg","width":"1024","height":"1024","caption":"Nirmala Shrivastava"},"logo":{"@id":"https:\/\/shrimataji.org\/test\/wp-content\/uploads\/2023\/02\/SMO_LOGO-03.svg"},"sameAs":["https:\/\/shrimataji.org\/test","https:\/\/www.facebook.com\/shrimataji","https:\/\/x.com\/shrimataji","https:\/\/www.youtube.com\/@Shri_Mataji_Nirmala_Devi\/featured"]}]}},"lang":"sk","translations":{"sk":12428,"ur":37494,"en":6500,"am":18069,"th":20049,"hu":19557,"sq":18470,"zh":17367,"hi":8335,"tr":10205,"pt":10415,"de":10689,"fr":10787,"it":10885,"es":10982,"ja":11280,"ru":11468,"bn":11659,"te":11767,"sw":11890,"he":12038,"el":12330,"fa":12526,"fi":12624,"bg":13364,"ro":14438,"cs":14631,"nl":16630,"ku":16790,"ar":16966,"be":18677,"kn":18951,"mr":20413,"uk":20707,"ml":21002,"ta":22788,"sv":23058,"gu":28898,"pa":29058,"fil":29506,"da":37804,"pl":38014,"nn":38356},"pll_sync_post":[],"_links":{"self":[{"href":"https:\/\/shrimataji.org\/test\/wp-json\/wp\/v2\/pages\/12428","targetHints":{"allow":["GET"]}}],"collection":[{"href":"https:\/\/shrimataji.org\/test\/wp-json\/wp\/v2\/pages"}],"about":[{"href":"https:\/\/shrimataji.org\/test\/wp-json\/wp\/v2\/types\/page"}],"author":[{"embeddable":true,"href":"https:\/\/shrimataji.org\/test\/wp-json\/wp\/v2\/users\/1"}],"replies":[{"embeddable":true,"href":"https:\/\/shrimataji.org\/test\/wp-json\/wp\/v2\/comments?post=12428"}],"version-history":[{"count":0,"href":"https:\/\/shrimataji.org\/test\/wp-json\/wp\/v2\/pages\/12428\/revisions"}],"wp:featuredmedia":[{"embeddable":true,"href":"https:\/\/shrimataji.org\/test\/wp-json\/wp\/v2\/media\/9257"}],"wp:attachment":[{"href":"https:\/\/shrimataji.org\/test\/wp-json\/wp\/v2\/media?parent=12428"}],"curies":[{"name":"wp","href":"https:\/\/api.w.org\/{rel}","templated":true}]}}