{"id":12432,"date":"2018-07-10T06:54:46","date_gmt":"2018-07-10T06:54:46","guid":{"rendered":"http:\/\/testwordpress.nirmalnagari.org\/smnd\/index.php\/self-realization\/"},"modified":"2026-03-12T10:57:43","modified_gmt":"2026-03-12T10:57:43","slug":"sebarealizacia-a-meditacia","status":"publish","type":"page","link":"https:\/\/shrimataji.org\/test\/sk\/sebarealizacia-a-meditacia\/","title":{"rendered":"Sebarealiz\u00e1cia (osvietenie, prebudenie) a medit\u00e1cia"},"content":{"rendered":"\n\n\t<h1>Sebarealiz\u00e1cia (osvietenie, prebudenie) a medit\u00e1cia<\/h1>\n<h2>Jedine\u010dn\u00e9 a spont\u00e1nne uskuto\u010dnenie n\u00e1\u0161ho prav\u00e9ho Ja<\/h2>\n\t<div class=\"su-quote su-quote-style-default\"><div class=\"su-quote-inner su-u-clearfix su-u-trim\"> Sebarealiz\u00e1cia je prv\u00fd krok do reality <\/div><\/div>\n\t<h4>\u0160ri Matad\u017ei pou\u017e\u00edvala starod\u00e1vnu met\u00f3du na prebudenie <a href=\"https:\/\/shrimataji.org\/test\/sk\/kundaliny\/\" target=\"_blank\" rel=\"noopener\">Kundalini<\/a> (v sanskrite znamen\u00e1 sto\u010den\u00e1 v z\u00e1vite) ako z\u00e1klad <a href=\"https:\/\/shrimataji.org\/test\/sk\/meditacia-sahadza-jogy\/\" target=\"_blank\" rel=\"noopener\">medit\u00e1cie Sahad\u017ea jogy<\/a>. Prebudenie tejto vn\u00fatornej duchovnej energie sa v minulosti podarilo len nieko\u013ek\u00fdm \u013eu\u010fom v\u010faka ve\u013ek\u00e9mu \u00fasiliu dosiahnu\u0165 o\u010distu a v\u010faka asketick\u00e9mu sp\u00f4sobu \u017eivota.<\/h4>\n<p>\u0160ri Matad\u017ei objavila spont\u00e1nnu met\u00f3du prebudenia tejto energie na masovej \u00farovni, ktor\u00e1 si nevy\u017eaduje \u017eiadne znalosti ani sk\u00fasenosti. Toto spont\u00e1nne prebudenie sa naz\u00fdva Sebarealiz\u00e1cia a mo\u017eno ju \u013eahko sprostredkova\u0165 druh\u00fdm &#8211; zadarmo, bez \u0161t\u00fadia \u010di nutnosti sta\u0165 sa \u017eiakom. Tento jav sa d\u00e1 prirovna\u0165 ku svie\u010dke, ktor\u00e1 bola zap\u00e1len\u00e1 a m\u00f4\u017ee zap\u00e1li\u0165 \u010fa\u013e\u0161iu svie\u010dku.<\/p>\n<p>\u0160ri Matad\u017ei vysvet\u013euje, \u017ee medit\u00e1cia bez Sebarealiz\u00e1cie je ako \u0161of\u00e9rovanie auta bez na\u0161tartovania. Len ot\u00e1\u010dan\u00edm volantu alebo stl\u00e1\u010dan\u00edm plynu sa nikam nedostaneme. Rovnako tak s\u00fa v\u0161etky snahy meditova\u0165 neplodn\u00e9, pokia\u013e si \u010dlovek neuvedom\u00ed svoje prav\u00e9 Ja prostredn\u00edctvom prebudenia Kundalini a neza\u017eije stav svojho vlastn\u00e9ho <a href=\"https:\/\/shrimataji.org\/test\/sk\/poznanie-korenov-subtilny-system\/\" target=\"_blank\" rel=\"noopener\">jemn\u00e9ho vn\u00fatorn\u00e9ho syst\u00e9mu<\/a>.<\/p>\n\t\t<iframe loading=\"lazy\" title=\"What is Self Realization\" width=\"1920\" height=\"1080\" src=\"https:\/\/www.youtube.com\/embed\/tqh9lhTVoTQ?feature=oembed\" frameborder=\"0\" allow=\"accelerometer; autoplay; clipboard-write; encrypted-media; gyroscope; picture-in-picture; web-share\" allowfullscreen><\/iframe>\t\n<p>Po\u010das Sebarealiz\u00e1cie si \u010dlovek uvedom\u00ed Kundalini, jemn\u00fa vn\u00fatorn\u00fa enegrgiu, ktor\u00e1 s\u00eddli v ka\u017edej \u013eudskej bytosti v spodnej \u010dasti chrbtice. T\u00e1to jemn\u00e1 energia bola zn\u00e1ma v mnoh\u00fdch starovek\u00fdch kult\u00farach pod r\u00f4znymi n\u00e1zvami. Star\u00ed Gr\u00e9ci dali tejto kosti \u0161peci\u00e1lne meno &#8220;os sacrum&#8221; (znamen\u00e1 sv\u00e4t\u00e1 kos\u0165), ktor\u00e1 sl\u00fa\u017ei ako n\u00e1doba, obal pre t\u00fato sv\u00e4t\u00fa energiu. Po brebuden\u00ed t\u00e1to l\u00e1skav\u00e1 vy\u017eivuj\u00faca sila st\u00fapa jemn\u00fdm syst\u00e9mom, dot\u00fdka sa a osvecuje na\u0161e prav\u00e9 Ja (<a href=\"https:\/\/shrimataji.org\/test\/sk\/atma-sk\/\" target=\"_blank\" rel=\"noopener\">\u00c1tma<\/a>), ktor\u00e9 s\u00eddli v srdci. Napokon vyst\u00fapi na vrchol hlavy do fontanelovej oblasti, \u010d\u00edm pozdvihne na\u0161u pozornos\u0165 do vzne\u0161en\u00e9ho stavu tichej medit\u00e1cie &#8211; bez n\u00e1mahy.<\/p>\n<p>\u010clovek m\u00f4\u017ee skuto\u010dne c\u00edti\u0165 energiu Kundalini, ktor\u00e1 sa prejavuje ako chladn\u00fd v\u00e1nok nad hlavou, ako aj na dlaniach. T\u00fato energiu posil\u0148uje medit\u00e1cia Sahad\u017ea jogy, ktor\u00e1 m\u00e1 lie\u010div\u00fd a harmonizuj\u00faci \u00fa\u010dinok na n\u00e1\u0161 syst\u00e9m. Napom\u00e1ha <a href=\"https:\/\/shrimataji.org\/test\/sk\/slovnicek\/#ThoughtlessAwareness\" target=\"_blank\" rel=\"noopener\">bezmy\u0161lienkov\u00e9mu stavu<\/a>\u00a0<a href=\"https:\/\/shrimataji.org\/test\/sk\/sebarealizacia-a-meditacia\/#citation-note-1\" rel=\"noopener\">[1]<\/a>, ktor\u00fd n\u00e1s regeneruje a v ktorom je myse\u013e v pokoji, no \u010dlovek si dokonale uvedomuje svoje okolie. To, \u010do odli\u0161uje medit\u00e1ciu Sahad\u017ea jogy od in\u00fdch foriem prastarej jogovej medita\u010dnej praxe, je to, \u017ee predt\u00fdm museli h\u013eada\u010di str\u00e1vi\u0165 roky \u010disten\u00edm svojho jemn\u00e9ho syst\u00e9mu pod veden\u00edm majstra, aby kone\u010dne dosiahli Sebarealiz\u00e1ciu. \u0160ri Matad\u017ei to obr\u00e1tila a dala n\u00e1m najprv sk\u00fasenos\u0165 osvietenia a a\u017e potom mo\u017enos\u0165 \u00faplne sa ponori\u0165 do medit\u00e1cie.<\/p>\n<p>V\u010faka jednoduchosti a dostupnosti z\u00edskali st\u00e1tis\u00edce \u013eud\u00ed svoju Sebarealiz\u00e1ciu prostredn\u00edctvom Sahad\u017ea jogy, pri\u010dom medita\u010dn\u00e9 centr\u00e1 vo viac ako 100 krajin\u00e1ch pon\u00fakaj\u00fa nepretr\u017eite bezplatn\u00e9 kurzy a komunitn\u00fa podporu pre \u013eud\u00ed, ktor\u00ed praktizuj\u00fa t\u00fato jednoduch\u00fa, no efekt\u00edvnu medit\u00e1ciu. Bola zaveden\u00e1 aj v korpor\u00e1ci\u00e1ch, \u0161kol\u00e1ch, nemocniciach, v\u00e4zniciach a mnoh\u00fdch in\u0161tit\u00faci\u00e1ch &#8211; s pozit\u00edvnymi v\u00fdsledkami.<\/p>\n<p>Sk\u00fasenos\u0165 Sebarealiz\u00e1cie prostredn\u00edctvom Sahad\u017ea jogy pon\u00faka v\u00fdznamn\u00e9 v\u00fdhody t\u00fdm, ktor\u00ed venuj\u00fa \u010do i len mal\u00e9 mno\u017estvo \u010dasu ka\u017edodennej medit\u00e1cii. Zni\u017euje stres a \u00fanavu, obnovuje emocion\u00e1lnu rovnov\u00e1hu a d\u00e1va \u010dloveku pocit pokoja a spokojnosti aj v t\u00fdch najturbulentnej\u0161\u00edch podmienkach.<\/p>\n<p>V skuto\u010dnosti je sk\u00fasenos\u0165 Sebarealiz\u00e1cie tak\u00e1 jednoduch\u00e1 a nen\u00e1ro\u010dn\u00e1, \u017ee ju m\u00f4\u017eete z\u00edska\u0165 aj z pohodlia vlastn\u00e9ho domova alebo z kancel\u00e1rie, kdeko\u013evek m\u00e1te online pr\u00edstup na internet.<\/p>\n<p>Poz\u00fdvame na\u0161ich \u010ditate\u013eov <a href=\"https:\/\/shrimataji.org\/test\/sk\/zazite-svoju-sebarealizaciu\/\" target=\"_blank\" rel=\"noopener\">za\u017ei\u0165 Sebarealiz\u00e1ciu<\/a> a za\u010da\u0165 nov\u00fa vn\u00fatorn\u00fa cestu pokoja, harm\u00f3nie a rovnov\u00e1hy.<\/p>\n<p>&nbsp;<\/p>\n<div class=\"su-quote su-quote-style-default\"><div class=\"su-quote-inner su-u-clearfix su-u-trim\"> Teraz sa vyn\u00e1ra ot\u00e1zka, ktor\u00fa mi ve\u013ea \u013eud\u00ed kladie: &#8220;Matka, ak je to tak\u00e9 jednoduch\u00e9, pre\u010do to bolo predt\u00fdm ta\u017ek\u00e9?&#8221; Nikdy to nebolo ta\u017ek\u00e9. Niekto sa sp\u00fdtal Shivad\u017eiho gurua &#8211; Ramdasa Swamiho: &#8220;Ko\u013eko \u010dasu trv\u00e1 Kundalini, k\u00fdm sa prebud\u00ed?&#8221; Odpovedal: &#8220;Tat k\u0161an.&#8221; \u010co znamen\u00e1: &#8220;Len t\u00fa sekundu.&#8221; Ale mal by existova\u0165 \u010dlovek, ktor\u00fd d\u00e1va, a tie\u017e \u010dlovek, ktor\u00fd dost\u00e1va. Predt\u00fdm mohlo by\u0165 ve\u013ea \u013eud\u00ed, ktor\u00ed d\u00e1vali, ale len m\u00e1lo, ktor\u00ed prij\u00edmali. Dnes m\u00f4\u017eu prij\u00edma\u0165 tis\u00edce \u013eud\u00ed, preto je to jednoduch\u0161ie. <\/div><\/div>\n\t<hr \/>\n<a name=\"citation-note-1\"><\/a><br \/>\n [1] Dr. Ramesh Manocha, &#8220;M\u00e1 medit\u00e1cia \u0161pecifick\u00fd \u00fa\u010dinok?&#8221; Systematick\u00e9 experiment\u00e1lne hodnotenie defin\u00edcie Ment\u00e1lne ticho, (University of NSW, Austr\u00e1lia, 2008), e-kniha, &#8220;<a href=\"https:\/\/www.beyondthemind.com\/\">Silence your Mind<\/a>&#8220;, vydan\u00e9 Hachette, Austr\u00e1lia, 2013.\n\n","protected":false},"excerpt":{"rendered":"<p>Sebarealiz\u00e1cia (osvietenie, prebudenie) a medit\u00e1cia Jedine\u010dn\u00e9 a spont\u00e1nne uskuto\u010dnenie n\u00e1\u0161ho prav\u00e9ho Ja \u0160ri Matad\u017ei pou\u017e\u00edvala starod\u00e1vnu met\u00f3du na prebudenie Kundalini (v sanskrite znamen\u00e1 sto\u010den\u00e1 v z\u00e1vite) ako z\u00e1klad medit\u00e1cie Sahad\u017ea jogy. Prebudenie tejto vn\u00fatornej duchovnej energie sa v minulosti podarilo len nieko\u013ek\u00fdm \u013eu\u010fom v\u010faka ve\u013ek\u00e9mu \u00fasiliu dosiahnu\u0165 o\u010distu a v\u010faka asketick\u00e9mu sp\u00f4sobu \u017eivota. \u0160ri Matad\u017ei&hellip; <br \/> <a class=\"read-more\" href=\"https:\/\/shrimataji.org\/test\/sk\/sebarealizacia-a-meditacia\/\">Read more<\/a><\/p>\n","protected":false},"author":28,"featured_media":9264,"parent":0,"menu_order":0,"comment_status":"closed","ping_status":"closed","template":"","meta":{"inline_featured_image":false,"footnotes":""},"class_list":["post-12432","page","type-page","status-publish","has-post-thumbnail","hentry"],"yoast_head":"<!-- This site is optimized with the Yoast SEO plugin v27.4 - https:\/\/yoast.com\/product\/yoast-seo-wordpress\/ -->\n<title>Sebarealiz\u00e1cia (osvietenie, prebudenie) a medit\u00e1cia - TEST - SMND<\/title>\n<meta name=\"robots\" content=\"noindex, follow, max-snippet:-1, max-image-preview:large, max-video-preview:-1\" \/>\n<meta property=\"og:locale\" content=\"en_US\" \/>\n<meta property=\"og:type\" content=\"article\" \/>\n<meta property=\"og:title\" content=\"Sebarealiz\u00e1cia (osvietenie, prebudenie) a medit\u00e1cia - TEST - SMND\" \/>\n<meta property=\"og:description\" content=\"Sebarealiz\u00e1cia (osvietenie, prebudenie) a medit\u00e1cia Jedine\u010dn\u00e9 a spont\u00e1nne uskuto\u010dnenie n\u00e1\u0161ho prav\u00e9ho Ja \u0160ri Matad\u017ei pou\u017e\u00edvala starod\u00e1vnu met\u00f3du na prebudenie Kundalini (v sanskrite znamen\u00e1 sto\u010den\u00e1 v z\u00e1vite) ako z\u00e1klad medit\u00e1cie Sahad\u017ea jogy. Prebudenie tejto vn\u00fatornej duchovnej energie sa v minulosti podarilo len nieko\u013ek\u00fdm \u013eu\u010fom v\u010faka ve\u013ek\u00e9mu \u00fasiliu dosiahnu\u0165 o\u010distu a v\u010faka asketick\u00e9mu sp\u00f4sobu \u017eivota. \u0160ri Matad\u017ei&hellip; Read more\" \/>\n<meta property=\"og:url\" content=\"https:\/\/shrimataji.org\/test\/sk\/sebarealizacia-a-meditacia\/\" \/>\n<meta property=\"og:site_name\" content=\"TEST - SMND\" \/>\n<meta property=\"article:publisher\" content=\"https:\/\/www.facebook.com\/shrimataji\" \/>\n<meta property=\"article:modified_time\" content=\"2026-03-12T10:57:43+00:00\" \/>\n<meta property=\"og:image\" content=\"https:\/\/shrimataji.org\/test\/wp-content\/uploads\/2023\/03\/2_Banner-SelfRealisation-scaled.jpg\" \/>\n\t<meta property=\"og:image:width\" content=\"2560\" \/>\n\t<meta property=\"og:image:height\" content=\"905\" \/>\n\t<meta property=\"og:image:type\" content=\"image\/jpeg\" \/>\n<meta name=\"twitter:card\" content=\"summary_large_image\" \/>\n<meta name=\"twitter:site\" content=\"@shrimataji\" \/>\n<script type=\"application\/ld+json\" class=\"yoast-schema-graph\">{\"@context\":\"https:\\\/\\\/schema.org\",\"@graph\":[{\"@type\":\"WebPage\",\"@id\":\"https:\\\/\\\/shrimataji.org\\\/test\\\/sk\\\/sebarealizacia-a-meditacia\\\/\",\"url\":\"https:\\\/\\\/shrimataji.org\\\/test\\\/sk\\\/sebarealizacia-a-meditacia\\\/\",\"name\":\"Sebarealiz\u00e1cia (osvietenie, prebudenie) a medit\u00e1cia - TEST - SMND\",\"isPartOf\":{\"@id\":\"https:\\\/\\\/shrimataji.org\\\/test\\\/#website\"},\"primaryImageOfPage\":{\"@id\":\"https:\\\/\\\/shrimataji.org\\\/test\\\/sk\\\/sebarealizacia-a-meditacia\\\/#primaryimage\"},\"image\":{\"@id\":\"https:\\\/\\\/shrimataji.org\\\/test\\\/sk\\\/sebarealizacia-a-meditacia\\\/#primaryimage\"},\"thumbnailUrl\":\"https:\\\/\\\/shrimataji.org\\\/test\\\/wp-content\\\/uploads\\\/2023\\\/03\\\/2_Banner-SelfRealisation-scaled.jpg\",\"datePublished\":\"2018-07-10T06:54:46+00:00\",\"dateModified\":\"2026-03-12T10:57:43+00:00\",\"breadcrumb\":{\"@id\":\"https:\\\/\\\/shrimataji.org\\\/test\\\/sk\\\/sebarealizacia-a-meditacia\\\/#breadcrumb\"},\"inLanguage\":\"en-US\",\"potentialAction\":[{\"@type\":\"ReadAction\",\"target\":[\"https:\\\/\\\/shrimataji.org\\\/test\\\/sk\\\/sebarealizacia-a-meditacia\\\/\"]}]},{\"@type\":\"ImageObject\",\"inLanguage\":\"en-US\",\"@id\":\"https:\\\/\\\/shrimataji.org\\\/test\\\/sk\\\/sebarealizacia-a-meditacia\\\/#primaryimage\",\"url\":\"https:\\\/\\\/shrimataji.org\\\/test\\\/wp-content\\\/uploads\\\/2023\\\/03\\\/2_Banner-SelfRealisation-scaled.jpg\",\"contentUrl\":\"https:\\\/\\\/shrimataji.org\\\/test\\\/wp-content\\\/uploads\\\/2023\\\/03\\\/2_Banner-SelfRealisation-scaled.jpg\",\"width\":2560,\"height\":905},{\"@type\":\"BreadcrumbList\",\"@id\":\"https:\\\/\\\/shrimataji.org\\\/test\\\/sk\\\/sebarealizacia-a-meditacia\\\/#breadcrumb\",\"itemListElement\":[{\"@type\":\"ListItem\",\"position\":1,\"name\":\"Home\",\"item\":\"https:\\\/\\\/shrimataji.org\\\/test\\\/uk\\\/home-en\\\/\"},{\"@type\":\"ListItem\",\"position\":2,\"name\":\"Sebarealiz\u00e1cia (osvietenie, prebudenie) a medit\u00e1cia\"}]},{\"@type\":\"WebSite\",\"@id\":\"https:\\\/\\\/shrimataji.org\\\/test\\\/#website\",\"url\":\"https:\\\/\\\/shrimataji.org\\\/test\\\/\",\"name\":\"Shri Mataji Nirmala Devi\",\"description\":\"A Life Dedicated to Humanity\",\"publisher\":{\"@id\":\"https:\\\/\\\/shrimataji.org\\\/test\\\/#\\\/schema\\\/person\\\/a1b3419c6585f164aa96da1ff85715d1\"},\"potentialAction\":[{\"@type\":\"SearchAction\",\"target\":{\"@type\":\"EntryPoint\",\"urlTemplate\":\"https:\\\/\\\/shrimataji.org\\\/test\\\/?s={search_term_string}\"},\"query-input\":{\"@type\":\"PropertyValueSpecification\",\"valueRequired\":true,\"valueName\":\"search_term_string\"}}],\"inLanguage\":\"en-US\"},{\"@type\":[\"Person\",\"Organization\"],\"@id\":\"https:\\\/\\\/shrimataji.org\\\/test\\\/#\\\/schema\\\/person\\\/a1b3419c6585f164aa96da1ff85715d1\",\"name\":\"Nirmala Shrivastava\",\"image\":{\"@type\":\"ImageObject\",\"inLanguage\":\"en-US\",\"@id\":\"https:\\\/\\\/shrimataji.org\\\/test\\\/wp-content\\\/uploads\\\/2023\\\/02\\\/SMO_LOGO-03.svg\",\"url\":\"https:\\\/\\\/shrimataji.org\\\/test\\\/wp-content\\\/uploads\\\/2023\\\/02\\\/SMO_LOGO-03.svg\",\"contentUrl\":\"https:\\\/\\\/shrimataji.org\\\/test\\\/wp-content\\\/uploads\\\/2023\\\/02\\\/SMO_LOGO-03.svg\",\"width\":\"1024\",\"height\":\"1024\",\"caption\":\"Nirmala Shrivastava\"},\"logo\":{\"@id\":\"https:\\\/\\\/shrimataji.org\\\/test\\\/wp-content\\\/uploads\\\/2023\\\/02\\\/SMO_LOGO-03.svg\"},\"sameAs\":[\"https:\\\/\\\/shrimataji.org\\\/test\",\"https:\\\/\\\/www.facebook.com\\\/shrimataji\",\"https:\\\/\\\/x.com\\\/shrimataji\",\"https:\\\/\\\/www.youtube.com\\\/@Shri_Mataji_Nirmala_Devi\\\/featured\"]}]}<\/script>\n<!-- \/ Yoast SEO plugin. -->","yoast_head_json":{"title":"Sebarealiz\u00e1cia (osvietenie, prebudenie) a medit\u00e1cia - TEST - SMND","robots":{"index":"noindex","follow":"follow","max-snippet":"max-snippet:-1","max-image-preview":"max-image-preview:large","max-video-preview":"max-video-preview:-1"},"og_locale":"en_US","og_type":"article","og_title":"Sebarealiz\u00e1cia (osvietenie, prebudenie) a medit\u00e1cia - TEST - SMND","og_description":"Sebarealiz\u00e1cia (osvietenie, prebudenie) a medit\u00e1cia Jedine\u010dn\u00e9 a spont\u00e1nne uskuto\u010dnenie n\u00e1\u0161ho prav\u00e9ho Ja \u0160ri Matad\u017ei pou\u017e\u00edvala starod\u00e1vnu met\u00f3du na prebudenie Kundalini (v sanskrite znamen\u00e1 sto\u010den\u00e1 v z\u00e1vite) ako z\u00e1klad medit\u00e1cie Sahad\u017ea jogy. Prebudenie tejto vn\u00fatornej duchovnej energie sa v minulosti podarilo len nieko\u013ek\u00fdm \u013eu\u010fom v\u010faka ve\u013ek\u00e9mu \u00fasiliu dosiahnu\u0165 o\u010distu a v\u010faka asketick\u00e9mu sp\u00f4sobu \u017eivota. \u0160ri Matad\u017ei&hellip; Read more","og_url":"https:\/\/shrimataji.org\/test\/sk\/sebarealizacia-a-meditacia\/","og_site_name":"TEST - SMND","article_publisher":"https:\/\/www.facebook.com\/shrimataji","article_modified_time":"2026-03-12T10:57:43+00:00","og_image":[{"width":2560,"height":905,"url":"https:\/\/shrimataji.org\/test\/wp-content\/uploads\/2023\/03\/2_Banner-SelfRealisation-scaled.jpg","type":"image\/jpeg"}],"twitter_card":"summary_large_image","twitter_site":"@shrimataji","schema":{"@context":"https:\/\/schema.org","@graph":[{"@type":"WebPage","@id":"https:\/\/shrimataji.org\/test\/sk\/sebarealizacia-a-meditacia\/","url":"https:\/\/shrimataji.org\/test\/sk\/sebarealizacia-a-meditacia\/","name":"Sebarealiz\u00e1cia (osvietenie, prebudenie) a medit\u00e1cia - TEST - SMND","isPartOf":{"@id":"https:\/\/shrimataji.org\/test\/#website"},"primaryImageOfPage":{"@id":"https:\/\/shrimataji.org\/test\/sk\/sebarealizacia-a-meditacia\/#primaryimage"},"image":{"@id":"https:\/\/shrimataji.org\/test\/sk\/sebarealizacia-a-meditacia\/#primaryimage"},"thumbnailUrl":"https:\/\/shrimataji.org\/test\/wp-content\/uploads\/2023\/03\/2_Banner-SelfRealisation-scaled.jpg","datePublished":"2018-07-10T06:54:46+00:00","dateModified":"2026-03-12T10:57:43+00:00","breadcrumb":{"@id":"https:\/\/shrimataji.org\/test\/sk\/sebarealizacia-a-meditacia\/#breadcrumb"},"inLanguage":"en-US","potentialAction":[{"@type":"ReadAction","target":["https:\/\/shrimataji.org\/test\/sk\/sebarealizacia-a-meditacia\/"]}]},{"@type":"ImageObject","inLanguage":"en-US","@id":"https:\/\/shrimataji.org\/test\/sk\/sebarealizacia-a-meditacia\/#primaryimage","url":"https:\/\/shrimataji.org\/test\/wp-content\/uploads\/2023\/03\/2_Banner-SelfRealisation-scaled.jpg","contentUrl":"https:\/\/shrimataji.org\/test\/wp-content\/uploads\/2023\/03\/2_Banner-SelfRealisation-scaled.jpg","width":2560,"height":905},{"@type":"BreadcrumbList","@id":"https:\/\/shrimataji.org\/test\/sk\/sebarealizacia-a-meditacia\/#breadcrumb","itemListElement":[{"@type":"ListItem","position":1,"name":"Home","item":"https:\/\/shrimataji.org\/test\/uk\/home-en\/"},{"@type":"ListItem","position":2,"name":"Sebarealiz\u00e1cia (osvietenie, prebudenie) a medit\u00e1cia"}]},{"@type":"WebSite","@id":"https:\/\/shrimataji.org\/test\/#website","url":"https:\/\/shrimataji.org\/test\/","name":"Shri Mataji Nirmala Devi","description":"A Life Dedicated to Humanity","publisher":{"@id":"https:\/\/shrimataji.org\/test\/#\/schema\/person\/a1b3419c6585f164aa96da1ff85715d1"},"potentialAction":[{"@type":"SearchAction","target":{"@type":"EntryPoint","urlTemplate":"https:\/\/shrimataji.org\/test\/?s={search_term_string}"},"query-input":{"@type":"PropertyValueSpecification","valueRequired":true,"valueName":"search_term_string"}}],"inLanguage":"en-US"},{"@type":["Person","Organization"],"@id":"https:\/\/shrimataji.org\/test\/#\/schema\/person\/a1b3419c6585f164aa96da1ff85715d1","name":"Nirmala Shrivastava","image":{"@type":"ImageObject","inLanguage":"en-US","@id":"https:\/\/shrimataji.org\/test\/wp-content\/uploads\/2023\/02\/SMO_LOGO-03.svg","url":"https:\/\/shrimataji.org\/test\/wp-content\/uploads\/2023\/02\/SMO_LOGO-03.svg","contentUrl":"https:\/\/shrimataji.org\/test\/wp-content\/uploads\/2023\/02\/SMO_LOGO-03.svg","width":"1024","height":"1024","caption":"Nirmala Shrivastava"},"logo":{"@id":"https:\/\/shrimataji.org\/test\/wp-content\/uploads\/2023\/02\/SMO_LOGO-03.svg"},"sameAs":["https:\/\/shrimataji.org\/test","https:\/\/www.facebook.com\/shrimataji","https:\/\/x.com\/shrimataji","https:\/\/www.youtube.com\/@Shri_Mataji_Nirmala_Devi\/featured"]}]}},"lang":"sk","translations":{"sk":12432,"ur":37500,"en":410,"pa":25916,"gu":25519,"th":20058,"hu":19564,"sq":18476,"zh":17373,"hi":8373,"tr":10209,"pt":10419,"de":10693,"fr":10791,"it":10889,"es":10986,"ja":11284,"ru":11472,"bn":11663,"te":11771,"sw":11894,"he":12042,"el":12334,"fa":12530,"fi":12628,"bg":13461,"ro":14533,"cs":14726,"nl":16636,"ku":16796,"ar":16972,"be":18683,"kn":18957,"mr":20422,"uk":20716,"ml":21011,"ta":22794,"sv":23064,"bs":27294,"fil":29512,"sd":31008,"da":37810,"pl":38020,"nn":38362},"pll_sync_post":[],"_links":{"self":[{"href":"https:\/\/shrimataji.org\/test\/wp-json\/wp\/v2\/pages\/12432","targetHints":{"allow":["GET"]}}],"collection":[{"href":"https:\/\/shrimataji.org\/test\/wp-json\/wp\/v2\/pages"}],"about":[{"href":"https:\/\/shrimataji.org\/test\/wp-json\/wp\/v2\/types\/page"}],"author":[{"embeddable":true,"href":"https:\/\/shrimataji.org\/test\/wp-json\/wp\/v2\/users\/28"}],"replies":[{"embeddable":true,"href":"https:\/\/shrimataji.org\/test\/wp-json\/wp\/v2\/comments?post=12432"}],"version-history":[{"count":0,"href":"https:\/\/shrimataji.org\/test\/wp-json\/wp\/v2\/pages\/12432\/revisions"}],"wp:featuredmedia":[{"embeddable":true,"href":"https:\/\/shrimataji.org\/test\/wp-json\/wp\/v2\/media\/9264"}],"wp:attachment":[{"href":"https:\/\/shrimataji.org\/test\/wp-json\/wp\/v2\/media?parent=12432"}],"curies":[{"name":"wp","href":"https:\/\/api.w.org\/{rel}","templated":true}]}}