{"id":12435,"date":"2018-07-10T06:54:42","date_gmt":"2018-07-10T06:54:42","guid":{"rendered":"http:\/\/testwordpress.nirmalnagari.org\/smnd\/index.php\/work\/"},"modified":"2026-02-19T16:58:36","modified_gmt":"2026-02-19T16:58:36","slug":"transformacia-spolocnosti","status":"publish","type":"page","link":"https:\/\/shrimataji.org\/test\/sk\/transformacia-spolocnosti\/","title":{"rendered":"Transform\u00e1cia spolo\u010dnosti"},"content":{"rendered":"\n\n\t<h1>Transform\u00e1cia spolo\u010dnosti<\/h1>\n<h2>Nezi\u0161tn\u00e1 pr\u00e1ca<\/h2>\n\t<h4>\u0160ri Matad\u017ei, vychovan\u00e1 v rodine, ktor\u00e1 pova\u017eovala sebaobetovanie za \u010des\u0165, zasv\u00e4tila svoj \u017eivot nepretr\u017eitej \u010dinnosti &#8211; verejnej a duchovnej obrode.<\/h4>\n\t<p>Od \u00fatleho veku sa dynamicky z\u00fa\u010dast\u0148ovala na boji za oslobodenie Indie. Nesk\u00f4r dokonca aj po\u010das svojho ru\u0161n\u00e9ho \u017eivota man\u017eelky v\u00fdznamn\u00e9ho indick\u00e9ho diplomata a matky dvoch dc\u00e9r pokra\u010dovala vo svojej pr\u00e1ci v emancip\u00e1cii sveta. V roku 1961 zalo\u017eila &#8220;Ml\u00e1de\u017en\u00edcku filmov\u00fa spolo\u010dnos\u0165 &#8221; na podporu n\u00e1rodn\u00fdch, soci\u00e1lnych a mor\u00e1lnych hodn\u00f4t u mlad\u00fdch \u013eud\u00ed. Taktie\u017e bola \u010dlenkou Filmovej rady pre cenz\u00faru v Bombaji.<\/p>\n<p>Ako zakladate\u013eka medit\u00e1cie Sahad\u017ea jogy \u010dasto cestovala po celom svete a st\u00fdkala sa so \u0161irok\u00fdm spektrom \u013eud\u00ed z r\u00f4znych kraj\u00edn, kult\u00far, z\u00e1ujmov a z r\u00f4znych soci\u00e1lnych vrstiev. \u00daprimne sa o nich a o ich probl\u00e9my zauj\u00edmala. Uvedomila si, \u017ee v\u0161etky \u013eudsk\u00e9 probl\u00e9my pramenia z neznalosti ich skuto\u010dnej duchovnej podstaty a \u017ee tento potenci\u00e1l sa d\u00e1 u nich \u013eahko prebudi\u0165 prostredn\u00edctvom Sebarealiz\u00e1cie. Vn\u00fatorn\u00e1 premena, ktor\u00e1 je k\u013e\u00fa\u010dom k spolo\u010denskej premene, sl\u00fa\u017eila ako z\u00e1kladn\u00fd kame\u0148 pre v\u0161etky glob\u00e1lne mimovl\u00e1dne organiz\u00e1cie, ktor\u00e9 zalo\u017eila.<\/p>\n<p>\u0160ri Matad\u017ei zalo\u017eila charitat\u00edvne organiz\u00e1cie ako <a href=\"https:\/\/www.nirmalprem.org\/\" target=\"_blank\" rel=\"noopener\">Vishwa Nirmala Prem Ashram<\/a> pre chudobn\u00e9 \u017eeny a siroty, zalo\u017eila medzin\u00e1rodn\u00e9 \u0161koly na podporu osvieten\u00e9ho vzdel\u00e1vania, ako aj holistick\u00e9 zdravotn\u00e9 stredisk\u00e1. Vytvorila medzin\u00e1rodn\u00fa akad\u00e9miu na podporu klasickej hudby a v\u00fdtvarn\u00e9ho umenia a mnoho in\u00fdch. V\u0161etko toto \u00fasilie zapadalo do jej glob\u00e1lneho diela duchovnej transform\u00e1cie \u013eudstva.<\/p>\n<p>21. storo\u010die prin\u00e1\u0161a mnoh\u00e9 v\u00fdzvy, ktor\u00e9 sa bud\u00fa definova\u0165 a formova\u0165 v novej spolo\u010dnosti zajtraj\u0161ka. \u013dudia po celom svete na\u010falej h\u013eadaj\u00fa rie\u0161enia na tieto v\u00fdzvy, \u010di u\u017e ide o glob\u00e1lne pand\u00e9mie, klimatick\u00e9 zmeny, soci\u00e1lno-ekonomick\u00e9 probl\u00e9my, kult\u00farne konflikty, n\u00e1bo\u017eensk\u00fd fanatizmus, ktor\u00e9 bud\u00fa definova\u0165 na\u0161u \u013eudsk\u00fa stopu na tejto plan\u00e9te Zem.<\/p>\n<p>Mnoh\u00e9 soci\u00e1lne a ekonomick\u00e9 probl\u00e9my, ktor\u00fdm dnes spolo\u010dnos\u0165 \u010del\u00ed, s\u00fa sp\u00f4soben\u00e9 chamtivos\u0165ou a materializmom. \u0160ri Matad\u017ei zd\u00f4raznila, \u017ee materializmus je nespr\u00e1vny postoj k hmote a \u017ee hmota m\u00e1 svoj vlastn\u00fd \u00fa\u010del, ktor\u00fdm je da\u0165 n\u00e1m rados\u0165. Ak napr\u00edklad vid\u00edme kr\u00e1sne umeleck\u00e9 dielo, m\u00f4\u017eeme ho obdivova\u0165, ale nemus\u00edme ho vlastni\u0165. Alebo ak niekoho obdarujeme ako prejav na\u0161ej l\u00e1sky, vyu\u017e\u00edvame hmotu primeran\u00fdm sp\u00f4sobom, pri\u010dom poci\u0165ujeme skuto\u010dn\u00e9 uspokojenie, ktor\u00e9 presahuje prchav\u00e9 pote\u0161enie z vlastnenia hmoty.<\/p>\n<p>Ke\u010f po na\u0161ej <a href=\"https:\/\/shrimataji.org\/test\/sk\/sebarealizacia-a-meditacia\/\" target=\"_blank\" rel=\"noopener\">Sebarealiz\u00e1cii<\/a> prostredn\u00edctvom prebudenia <a href=\"https:\/\/shrimataji.org\/test\/sk\/kundaliny\/\" target=\"_blank\" rel=\"noopener\">Kundalini<\/a> d\u00f4jde k osvieteniu n\u00e1\u0161ho tretieho jemn\u00e9ho centra zvan\u00e9ho <a href=\"https:\/\/shrimataji.org\/test\/sk\/nabhi-cakra\/\" target=\"_blank\" rel=\"noopener\">Nabhi \u010dakra<\/a>, c\u00edtime sa \u00faplne spokojn\u00ed, osloboden\u00ed od negat\u00edvnych sklonov, ako je chamtivos\u0165 a majetn\u00edctvo. V hmote vid\u00edme duchovn\u00fa hodnotu, vn\u00edmame ju ako pozit\u00edvnu energiu vy\u017earuj\u00facu z predmetov, ktor\u00e9 s\u00fa vyroben\u00e9 z pr\u00edrodn\u00e9ho materi\u00e1lu, dokonca aj z kr\u00e1snych ru\u010dne vyroben\u00fdch predmetov \u010di v\u00fdtvarn\u00e9ho diela. \u0160ri Matad\u017ei pripisovala tak\u00e9to javy duchovnej potencii hmoty, ktor\u00fa m\u00f4\u017eeme vn\u00edma\u0165 po na\u0161ej Sebarealiz\u00e1cii.<\/p>\n<p>Je zauj\u00edmav\u00e9, \u017ee ke\u010f d\u00f4jde k osvieteniu druh\u00e9ho centra &#8211; zvan\u00e9ho <a href=\"https:\/\/shrimataji.org\/test\/sk\/swadistana-cakra\/\" target=\"_blank\" rel=\"noopener\">Svadi\u0161t\u00e1na \u010dakra<\/a> &#8211; v r\u00e1mci n\u00e1\u0161ho subt\u00edlneho syst\u00e9mu, zv\u00fd\u0161i sa na\u0161a kreativita. To n\u00e1m umo\u017e\u0148uje oceni\u0165 kreat\u00edvne diela in\u00fdch, ale aj objavi\u0165 svoj vlastn\u00fd potenci\u00e1l. Mnoh\u00ed praktizuj\u00faci medit\u00e1ciu Sahad\u017ea jogy s\u00fa prekvapen\u00ed svoj\u00edm vlastn\u00fdm talentom, ktor\u00fd sa prebud\u00ed spont\u00e1nne, ako \u010dist\u00e1 in\u0161pir\u00e1cia a intu\u00edcia.<\/p>\n<p>\u0160ri Matad\u017ei predpovedala prejav tak\u00fdchto kr\u00e1snych jemn\u00fdch vlastnost\u00ed nielen u jednotlivcov, ale aj v kolekt\u00edve ako silu, ktor\u00e1 by sa mohla prejavi\u0165 v spolo\u010dnosti a zmeni\u0165 smerovanie \u013eudstva &#8211; od sebazni\u010denia, k trvalo udr\u017eate\u013en\u00e9mu \u017eivotu na plan\u00e9te Zem.<\/p>\n<p>S\u00facit a z\u00e1ujem \u0160ri Matad\u017ei o \u013eudstvo boli pohonom pre v\u0161etky jej aktivity. Nikdy nehovorila o tom, \u010do robila, ako o pr\u00e1ci, ale ako o nezi\u0161tnej \u010dinnosti z l\u00e1sky, ktor\u00fa si naplno u\u017e\u00edvala.<\/p>\n\n","protected":false},"excerpt":{"rendered":"<p>Transform\u00e1cia spolo\u010dnosti Nezi\u0161tn\u00e1 pr\u00e1ca \u0160ri Matad\u017ei, vychovan\u00e1 v rodine, ktor\u00e1 pova\u017eovala sebaobetovanie za \u010des\u0165, zasv\u00e4tila svoj \u017eivot nepretr\u017eitej \u010dinnosti &#8211; verejnej a duchovnej obrode. Od \u00fatleho veku sa dynamicky z\u00fa\u010dast\u0148ovala na boji za oslobodenie Indie. Nesk\u00f4r dokonca aj po\u010das svojho ru\u0161n\u00e9ho \u017eivota man\u017eelky v\u00fdznamn\u00e9ho indick\u00e9ho diplomata a matky dvoch dc\u00e9r pokra\u010dovala vo svojej pr\u00e1ci v&hellip; <br \/> <a class=\"read-more\" href=\"https:\/\/shrimataji.org\/test\/sk\/transformacia-spolocnosti\/\">Read more<\/a><\/p>\n","protected":false},"author":28,"featured_media":127,"parent":0,"menu_order":0,"comment_status":"closed","ping_status":"closed","template":"","meta":{"inline_featured_image":false,"footnotes":""},"class_list":["post-12435","page","type-page","status-publish","has-post-thumbnail","hentry"],"yoast_head":"<!-- This site is optimized with the Yoast SEO plugin v27.4 - https:\/\/yoast.com\/product\/yoast-seo-wordpress\/ -->\n<title>Transform\u00e1cia spolo\u010dnosti - TEST - SMND<\/title>\n<meta name=\"robots\" content=\"noindex, follow, max-snippet:-1, max-image-preview:large, max-video-preview:-1\" \/>\n<meta property=\"og:locale\" content=\"en_US\" \/>\n<meta property=\"og:type\" content=\"article\" \/>\n<meta property=\"og:title\" content=\"Transform\u00e1cia spolo\u010dnosti - TEST - SMND\" \/>\n<meta property=\"og:description\" content=\"Transform\u00e1cia spolo\u010dnosti Nezi\u0161tn\u00e1 pr\u00e1ca \u0160ri Matad\u017ei, vychovan\u00e1 v rodine, ktor\u00e1 pova\u017eovala sebaobetovanie za \u010des\u0165, zasv\u00e4tila svoj \u017eivot nepretr\u017eitej \u010dinnosti &#8211; verejnej a duchovnej obrode. Od \u00fatleho veku sa dynamicky z\u00fa\u010dast\u0148ovala na boji za oslobodenie Indie. Nesk\u00f4r dokonca aj po\u010das svojho ru\u0161n\u00e9ho \u017eivota man\u017eelky v\u00fdznamn\u00e9ho indick\u00e9ho diplomata a matky dvoch dc\u00e9r pokra\u010dovala vo svojej pr\u00e1ci v&hellip; Read more\" \/>\n<meta property=\"og:url\" content=\"https:\/\/shrimataji.org\/test\/sk\/transformacia-spolocnosti\/\" \/>\n<meta property=\"og:site_name\" content=\"TEST - SMND\" \/>\n<meta property=\"article:publisher\" content=\"https:\/\/www.facebook.com\/shrimataji\" \/>\n<meta property=\"article:modified_time\" content=\"2026-02-19T16:58:36+00:00\" \/>\n<meta property=\"og:image\" content=\"https:\/\/shrimataji.org\/test\/wp-content\/uploads\/2018\/07\/media_originals\/images\/headers-general\/shri-mataji-arrival-in-rome-may-1985.jpg\" \/>\n\t<meta property=\"og:image:width\" content=\"990\" \/>\n\t<meta property=\"og:image:height\" content=\"350\" \/>\n\t<meta property=\"og:image:type\" content=\"image\/jpeg\" \/>\n<meta name=\"twitter:card\" content=\"summary_large_image\" \/>\n<meta name=\"twitter:site\" content=\"@shrimataji\" \/>\n<meta name=\"twitter:label1\" content=\"Est. reading time\" \/>\n\t<meta name=\"twitter:data1\" content=\"3 minutes\" \/>\n<script type=\"application\/ld+json\" class=\"yoast-schema-graph\">{\"@context\":\"https:\\\/\\\/schema.org\",\"@graph\":[{\"@type\":\"WebPage\",\"@id\":\"https:\\\/\\\/shrimataji.org\\\/test\\\/sk\\\/transformacia-spolocnosti\\\/\",\"url\":\"https:\\\/\\\/shrimataji.org\\\/test\\\/sk\\\/transformacia-spolocnosti\\\/\",\"name\":\"Transform\u00e1cia spolo\u010dnosti - TEST - SMND\",\"isPartOf\":{\"@id\":\"https:\\\/\\\/shrimataji.org\\\/test\\\/#website\"},\"primaryImageOfPage\":{\"@id\":\"https:\\\/\\\/shrimataji.org\\\/test\\\/sk\\\/transformacia-spolocnosti\\\/#primaryimage\"},\"image\":{\"@id\":\"https:\\\/\\\/shrimataji.org\\\/test\\\/sk\\\/transformacia-spolocnosti\\\/#primaryimage\"},\"thumbnailUrl\":\"https:\\\/\\\/shrimataji.org\\\/test\\\/wp-content\\\/uploads\\\/2018\\\/07\\\/media_originals\\\/images\\\/headers-general\\\/shri-mataji-arrival-in-rome-may-1985.jpg\",\"datePublished\":\"2018-07-10T06:54:42+00:00\",\"dateModified\":\"2026-02-19T16:58:36+00:00\",\"breadcrumb\":{\"@id\":\"https:\\\/\\\/shrimataji.org\\\/test\\\/sk\\\/transformacia-spolocnosti\\\/#breadcrumb\"},\"inLanguage\":\"en-US\",\"potentialAction\":[{\"@type\":\"ReadAction\",\"target\":[\"https:\\\/\\\/shrimataji.org\\\/test\\\/sk\\\/transformacia-spolocnosti\\\/\"]}]},{\"@type\":\"ImageObject\",\"inLanguage\":\"en-US\",\"@id\":\"https:\\\/\\\/shrimataji.org\\\/test\\\/sk\\\/transformacia-spolocnosti\\\/#primaryimage\",\"url\":\"https:\\\/\\\/shrimataji.org\\\/test\\\/wp-content\\\/uploads\\\/2018\\\/07\\\/media_originals\\\/images\\\/headers-general\\\/shri-mataji-arrival-in-rome-may-1985.jpg\",\"contentUrl\":\"https:\\\/\\\/shrimataji.org\\\/test\\\/wp-content\\\/uploads\\\/2018\\\/07\\\/media_originals\\\/images\\\/headers-general\\\/shri-mataji-arrival-in-rome-may-1985.jpg\",\"width\":990,\"height\":350},{\"@type\":\"BreadcrumbList\",\"@id\":\"https:\\\/\\\/shrimataji.org\\\/test\\\/sk\\\/transformacia-spolocnosti\\\/#breadcrumb\",\"itemListElement\":[{\"@type\":\"ListItem\",\"position\":1,\"name\":\"Home\",\"item\":\"https:\\\/\\\/shrimataji.org\\\/test\\\/uk\\\/home-en\\\/\"},{\"@type\":\"ListItem\",\"position\":2,\"name\":\"Transform\u00e1cia spolo\u010dnosti\"}]},{\"@type\":\"WebSite\",\"@id\":\"https:\\\/\\\/shrimataji.org\\\/test\\\/#website\",\"url\":\"https:\\\/\\\/shrimataji.org\\\/test\\\/\",\"name\":\"Shri Mataji Nirmala Devi\",\"description\":\"A Life Dedicated to Humanity\",\"publisher\":{\"@id\":\"https:\\\/\\\/shrimataji.org\\\/test\\\/#\\\/schema\\\/person\\\/a1b3419c6585f164aa96da1ff85715d1\"},\"potentialAction\":[{\"@type\":\"SearchAction\",\"target\":{\"@type\":\"EntryPoint\",\"urlTemplate\":\"https:\\\/\\\/shrimataji.org\\\/test\\\/?s={search_term_string}\"},\"query-input\":{\"@type\":\"PropertyValueSpecification\",\"valueRequired\":true,\"valueName\":\"search_term_string\"}}],\"inLanguage\":\"en-US\"},{\"@type\":[\"Person\",\"Organization\"],\"@id\":\"https:\\\/\\\/shrimataji.org\\\/test\\\/#\\\/schema\\\/person\\\/a1b3419c6585f164aa96da1ff85715d1\",\"name\":\"Nirmala Shrivastava\",\"image\":{\"@type\":\"ImageObject\",\"inLanguage\":\"en-US\",\"@id\":\"https:\\\/\\\/shrimataji.org\\\/test\\\/wp-content\\\/uploads\\\/2023\\\/02\\\/SMO_LOGO-03.svg\",\"url\":\"https:\\\/\\\/shrimataji.org\\\/test\\\/wp-content\\\/uploads\\\/2023\\\/02\\\/SMO_LOGO-03.svg\",\"contentUrl\":\"https:\\\/\\\/shrimataji.org\\\/test\\\/wp-content\\\/uploads\\\/2023\\\/02\\\/SMO_LOGO-03.svg\",\"width\":\"1024\",\"height\":\"1024\",\"caption\":\"Nirmala Shrivastava\"},\"logo\":{\"@id\":\"https:\\\/\\\/shrimataji.org\\\/test\\\/wp-content\\\/uploads\\\/2023\\\/02\\\/SMO_LOGO-03.svg\"},\"sameAs\":[\"https:\\\/\\\/shrimataji.org\\\/test\",\"https:\\\/\\\/www.facebook.com\\\/shrimataji\",\"https:\\\/\\\/x.com\\\/shrimataji\",\"https:\\\/\\\/www.youtube.com\\\/@Shri_Mataji_Nirmala_Devi\\\/featured\"]}]}<\/script>\n<!-- \/ Yoast SEO plugin. -->","yoast_head_json":{"title":"Transform\u00e1cia spolo\u010dnosti - TEST - SMND","robots":{"index":"noindex","follow":"follow","max-snippet":"max-snippet:-1","max-image-preview":"max-image-preview:large","max-video-preview":"max-video-preview:-1"},"og_locale":"en_US","og_type":"article","og_title":"Transform\u00e1cia spolo\u010dnosti - TEST - SMND","og_description":"Transform\u00e1cia spolo\u010dnosti Nezi\u0161tn\u00e1 pr\u00e1ca \u0160ri Matad\u017ei, vychovan\u00e1 v rodine, ktor\u00e1 pova\u017eovala sebaobetovanie za \u010des\u0165, zasv\u00e4tila svoj \u017eivot nepretr\u017eitej \u010dinnosti &#8211; verejnej a duchovnej obrode. Od \u00fatleho veku sa dynamicky z\u00fa\u010dast\u0148ovala na boji za oslobodenie Indie. Nesk\u00f4r dokonca aj po\u010das svojho ru\u0161n\u00e9ho \u017eivota man\u017eelky v\u00fdznamn\u00e9ho indick\u00e9ho diplomata a matky dvoch dc\u00e9r pokra\u010dovala vo svojej pr\u00e1ci v&hellip; Read more","og_url":"https:\/\/shrimataji.org\/test\/sk\/transformacia-spolocnosti\/","og_site_name":"TEST - SMND","article_publisher":"https:\/\/www.facebook.com\/shrimataji","article_modified_time":"2026-02-19T16:58:36+00:00","og_image":[{"width":990,"height":350,"url":"https:\/\/shrimataji.org\/test\/wp-content\/uploads\/2018\/07\/media_originals\/images\/headers-general\/shri-mataji-arrival-in-rome-may-1985.jpg","type":"image\/jpeg"}],"twitter_card":"summary_large_image","twitter_site":"@shrimataji","twitter_misc":{"Est. reading time":"3 minutes"},"schema":{"@context":"https:\/\/schema.org","@graph":[{"@type":"WebPage","@id":"https:\/\/shrimataji.org\/test\/sk\/transformacia-spolocnosti\/","url":"https:\/\/shrimataji.org\/test\/sk\/transformacia-spolocnosti\/","name":"Transform\u00e1cia spolo\u010dnosti - TEST - SMND","isPartOf":{"@id":"https:\/\/shrimataji.org\/test\/#website"},"primaryImageOfPage":{"@id":"https:\/\/shrimataji.org\/test\/sk\/transformacia-spolocnosti\/#primaryimage"},"image":{"@id":"https:\/\/shrimataji.org\/test\/sk\/transformacia-spolocnosti\/#primaryimage"},"thumbnailUrl":"https:\/\/shrimataji.org\/test\/wp-content\/uploads\/2018\/07\/media_originals\/images\/headers-general\/shri-mataji-arrival-in-rome-may-1985.jpg","datePublished":"2018-07-10T06:54:42+00:00","dateModified":"2026-02-19T16:58:36+00:00","breadcrumb":{"@id":"https:\/\/shrimataji.org\/test\/sk\/transformacia-spolocnosti\/#breadcrumb"},"inLanguage":"en-US","potentialAction":[{"@type":"ReadAction","target":["https:\/\/shrimataji.org\/test\/sk\/transformacia-spolocnosti\/"]}]},{"@type":"ImageObject","inLanguage":"en-US","@id":"https:\/\/shrimataji.org\/test\/sk\/transformacia-spolocnosti\/#primaryimage","url":"https:\/\/shrimataji.org\/test\/wp-content\/uploads\/2018\/07\/media_originals\/images\/headers-general\/shri-mataji-arrival-in-rome-may-1985.jpg","contentUrl":"https:\/\/shrimataji.org\/test\/wp-content\/uploads\/2018\/07\/media_originals\/images\/headers-general\/shri-mataji-arrival-in-rome-may-1985.jpg","width":990,"height":350},{"@type":"BreadcrumbList","@id":"https:\/\/shrimataji.org\/test\/sk\/transformacia-spolocnosti\/#breadcrumb","itemListElement":[{"@type":"ListItem","position":1,"name":"Home","item":"https:\/\/shrimataji.org\/test\/uk\/home-en\/"},{"@type":"ListItem","position":2,"name":"Transform\u00e1cia spolo\u010dnosti"}]},{"@type":"WebSite","@id":"https:\/\/shrimataji.org\/test\/#website","url":"https:\/\/shrimataji.org\/test\/","name":"Shri Mataji Nirmala Devi","description":"A Life Dedicated to Humanity","publisher":{"@id":"https:\/\/shrimataji.org\/test\/#\/schema\/person\/a1b3419c6585f164aa96da1ff85715d1"},"potentialAction":[{"@type":"SearchAction","target":{"@type":"EntryPoint","urlTemplate":"https:\/\/shrimataji.org\/test\/?s={search_term_string}"},"query-input":{"@type":"PropertyValueSpecification","valueRequired":true,"valueName":"search_term_string"}}],"inLanguage":"en-US"},{"@type":["Person","Organization"],"@id":"https:\/\/shrimataji.org\/test\/#\/schema\/person\/a1b3419c6585f164aa96da1ff85715d1","name":"Nirmala Shrivastava","image":{"@type":"ImageObject","inLanguage":"en-US","@id":"https:\/\/shrimataji.org\/test\/wp-content\/uploads\/2023\/02\/SMO_LOGO-03.svg","url":"https:\/\/shrimataji.org\/test\/wp-content\/uploads\/2023\/02\/SMO_LOGO-03.svg","contentUrl":"https:\/\/shrimataji.org\/test\/wp-content\/uploads\/2023\/02\/SMO_LOGO-03.svg","width":"1024","height":"1024","caption":"Nirmala Shrivastava"},"logo":{"@id":"https:\/\/shrimataji.org\/test\/wp-content\/uploads\/2023\/02\/SMO_LOGO-03.svg"},"sameAs":["https:\/\/shrimataji.org\/test","https:\/\/www.facebook.com\/shrimataji","https:\/\/x.com\/shrimataji","https:\/\/www.youtube.com\/@Shri_Mataji_Nirmala_Devi\/featured"]}]}},"lang":"sk","translations":{"sk":12435,"ur":37508,"en":392,"pa":25922,"gu":25525,"th":20067,"hu":19570,"sq":18482,"zh":17379,"tr":10214,"pt":10422,"de":10696,"fr":10794,"it":10892,"es":10989,"ja":11287,"ru":11475,"bn":11666,"te":11774,"sw":11897,"he":12045,"el":12337,"fa":12533,"fi":12631,"bg":13465,"ro":14537,"cs":14730,"nl":16642,"ku":16802,"ar":16978,"be":18689,"kn":18963,"mr":20431,"uk":20725,"ml":21020,"ta":22801,"sv":23070,"bs":27298,"fil":29519,"sd":31012,"da":37816,"pl":38026,"nn":38368},"pll_sync_post":[],"_links":{"self":[{"href":"https:\/\/shrimataji.org\/test\/wp-json\/wp\/v2\/pages\/12435","targetHints":{"allow":["GET"]}}],"collection":[{"href":"https:\/\/shrimataji.org\/test\/wp-json\/wp\/v2\/pages"}],"about":[{"href":"https:\/\/shrimataji.org\/test\/wp-json\/wp\/v2\/types\/page"}],"author":[{"embeddable":true,"href":"https:\/\/shrimataji.org\/test\/wp-json\/wp\/v2\/users\/28"}],"replies":[{"embeddable":true,"href":"https:\/\/shrimataji.org\/test\/wp-json\/wp\/v2\/comments?post=12435"}],"version-history":[{"count":0,"href":"https:\/\/shrimataji.org\/test\/wp-json\/wp\/v2\/pages\/12435\/revisions"}],"wp:featuredmedia":[{"embeddable":true,"href":"https:\/\/shrimataji.org\/test\/wp-json\/wp\/v2\/media\/127"}],"wp:attachment":[{"href":"https:\/\/shrimataji.org\/test\/wp-json\/wp\/v2\/media?parent=12435"}],"curies":[{"name":"wp","href":"https:\/\/api.w.org\/{rel}","templated":true}]}}