{"id":12507,"date":"2022-02-25T05:44:57","date_gmt":"2022-02-25T05:44:57","guid":{"rendered":"https:\/\/test.shrimataji.org\/?page_id=6480"},"modified":"2024-01-29T17:59:30","modified_gmt":"2024-01-29T17:59:30","slug":"mooladhara-chakra","status":"publish","type":"page","link":"https:\/\/shrimataji.org\/test\/fa\/mooladhara-chakra\/","title":{"rendered":"Mooladhara Chakra"},"content":{"rendered":"\n\n\t<h1>Mooladhara \u00c7akra<\/h1>\n<h2>Masumiyet ve Bilgelik <\/h2>\n<h2><div class=\"su-quote su-quote-style-default\"><div class=\"su-quote-inner su-u-clearfix su-u-trim\">Mooladhara iki Sanskrit\u00e7e kelimeden olu\u015fur: &#8220;K\u00f6k, temel&#8221; anlam\u0131na gelen &#8220;moola&#8221; ve &#8220;destek&#8221; anlam\u0131na gelen &#8220;adhara&#8221;, b\u00f6ylelikle yarad\u0131l\u0131\u015f\u0131n temelinin deste\u011fi anlam\u0131na gelir.<\/div><\/div><\/h2>\n<h4>D\u00fcnyaya masum bebekler olarak geliriz ve bu nedenle \u00e7ocuklara has \u00f6zelli\u011fin, i\u00e7imizde do\u011fu\u015ftan var olan bir ki\u015filik \u00f6zelli\u011fi oldu\u011funu s\u00f6yleyebiliriz. Masumiyet, do\u011fall\u0131k ve bilgelik bu merkezin tezah\u00fcrleridir. \u0130\u00e7imizdeki ebedi ve yok edilemez nitelikleri temsil eder. Bu nitelikler, Kundalini enerjimiz Mooladhara \u00c7akray\u0131 aktive etti\u011finde t\u00fcm g\u00fc\u00e7leriyle ortaya \u00e7\u0131kar. Bu \u00c7akram\u0131z, fiziksel olarak bo\u015falt\u0131m ve \u00fcreme sistemlerini y\u00f6netir. Ruhani d\u00fczeyde ise Mooladhara \u00c7akra, t\u00fcm s\u00fcbtil sistemin temelini olu\u015fturur.<\/h4>\n<p>Meditasyon yoluyla geli\u015ftik\u00e7e, kendimiz ve ba\u015fkalar\u0131 i\u00e7in derin bir masumiyet, sayg\u0131 ve sevgi duygusu deneyimlemeye ba\u015flar\u0131z. Ayr\u0131ca zihnimiz dikkatimizi da\u011f\u0131tan \u015feylerden ar\u0131nd\u0131k\u00e7a haf\u0131zam\u0131z\u0131n da muazzam bir \u015fekilde geli\u015fti\u011fini fark ederiz. Bu merkez, i\u00e7imizde geli\u015ftik\u00e7e m\u0131knat\u0131s gibi \u00e7eken bir ki\u015filik olu\u015ftururuz.<\/p>\n\t<iframe loading=\"lazy\" title=\"Mooladhara Chakra\" width=\"1920\" height=\"1080\" src=\"https:\/\/www.youtube.com\/embed\/k_tSck7QxHQ?feature=oembed\" frameborder=\"0\" allow=\"accelerometer; autoplay; clipboard-write; encrypted-media; gyroscope; picture-in-picture; web-share\" allowfullscreen><\/iframe>\n\t<p><strong>Yeri<\/strong>:<\/p>\n<p>Mooladhara \u00c7akra, omurgam\u0131z\u0131n ba\u015flad\u0131\u011f\u0131 yerdeki pelvik pleksusta yer al\u0131r. Bu k\u00f6k \u00e7akran\u0131n titre\u015fimleri, avucumuzun i\u00e7inde hissedilebilir.<\/p>\n<strong>Rengi<\/strong>:<strong><br \/>\n<\/strong>\n<p>Bu \u00e7akra, mercan k\u0131rm\u0131z\u0131s\u0131 rengiyle temsil edilir. Toprak elementiyle de yak\u0131ndan uyumludur.<\/p>\n<p><b>Mooladhara \u00c7akra&#8217;n\u0131n s\u00fcbtil\u00a0 kaliteleri \u015funlard\u0131r:<\/b><\/p>\n\u2022 Masumiyet<br \/>\n\u2022 Safl\u0131k<br \/>\n\u2022 Sadelik<br \/>\n\u2022 \u00c7ocuksu Ne\u015fe<br \/>\n\u2022 \u0130\u00e7sel Bilgelik<br \/>\n\u2022 \u0130tibar<br \/>\n\u2022 Denge<br \/>\n\u2022 Ama\u00e7 ve y\u00f6n<br \/>\n\u2022 Toprak ile ba\u011flant\u0131<br \/>\n\u2022 Tabiat ile uyum\n\t\t\t\t<a href=\"https:\/\/shrimataji.org\/test\/wp-content\/uploads\/2023\/02\/1-Mooladhara-01.png\" target=\"_blank\" rel=\"noopener\" itemprop=\"url\">\n\t\t\t\t<img loading=\"lazy\" decoding=\"async\" src=\"https:\/\/shrimataji.org\/test\/wp-content\/uploads\/2023\/02\/1-Mooladhara-01.png\" alt=\"1-Mooladhara-01\" itemprop=\"image\" height=\"3426\" width=\"3214\" title=\"1-Mooladhara-01\" onerror=\"this.style.display='none'\"  \/>\n\t\t\t\t<\/a>\n\t<div class=\"su-quote su-quote-style-default\"><div class=\"su-quote-inner su-u-clearfix su-u-trim\">En alttaki merkez masumiyetimiz i\u00e7indir. Masumiyetimiz asla yok edilemez \u00e7\u00fcnk\u00fc o ebedidir. Sadece baz\u0131 bulutlarla \u00fczeri \u00f6rt\u00fclebilir, ama Kundalini&#8217;nin uyan\u0131\u015f\u0131 ile masumiyet bize geri d\u00f6ner. Dikkatimiz, tamamen saf hale gelir. \u015eehvet ve a\u00e7g\u00f6zl\u00fcl\u00fck dikkatimizden kaybolur. <\/div><\/div>\n\t<strong>Deneyim ve Faydalar\u0131:<br \/>\n<\/strong>Dengeli bir Mooladhara \u00c7akra, i\u00e7sel bilgeli\u011finizi koruman\u0131za ve geli\u015ftirmenize yard\u0131mc\u0131 olur. Do\u011fru ile yanl\u0131\u015f\u0131 ay\u0131rt etme konusunda do\u011fu\u015ftan gelen bir yetenek geli\u015ftirirsiniz. Ger\u00e7ek bilgelik hakim oldu\u011funda, ki\u015fi kendine veya ba\u015fkalar\u0131na zarar veren eylemlerden (veya eylemsizliklerden) ka\u00e7\u0131n\u0131r.\n<p>Dengeli bir Mooladhara \u00c7akra, ayn\u0131 zamanda geli\u015fmi\u015f haf\u0131za, dikkat ve odaklanma sa\u011flar. Ki\u015fi, duygusal dengeyi ve istikrar\u0131 korurken, zihinsel olarak etkili ve verimli kararlar alabilir. Mooladhara \u00c7akra, toprak elementinden olu\u015ftu\u011fu i\u00e7in Tabiat Ana ile fark\u0131ndal\u0131\u011f\u0131m\u0131z\u0131n ili\u015fkisinde \u00f6nemli bir rol oynar ve onun nimetleriyle tamamen uyumlu bir ya\u015fam s\u00fcrmekten keyif al\u0131r\u0131z. Ayr\u0131ca do\u011fal olmayan veya sa\u011fl\u0131ks\u0131z ya\u015fam tarzlar\u0131ndan (&#8220;sapk\u0131n&#8221; veya &#8220;do\u011faya ayk\u0131r\u0131&#8221; olarak de\u011ferlendirilebilecek) ka\u00e7\u0131nmam\u0131za yard\u0131mc\u0131 olur. Geli\u015fmi\u015f bir Mooladhara \u00c7akra, ba\u015fkalar\u0131n\u0131n oldu\u011fu kadar kendi masumiyetimizi ve safl\u0131\u011f\u0131m\u0131z\u0131 da anlamam\u0131z\u0131 ve sayg\u0131 duymam\u0131z\u0131 sa\u011flar. Mooladhara \u00c7akram\u0131zda, bir rahats\u0131zl\u0131k oldu\u011funda bir\u00e7ok hastal\u0131k ortaya \u00e7\u0131kabilir.<\/p>\n<p>Depresyon veya uyu\u015fukluk gibi sol kanal sorunlar\u0131 da Mooladhara \u00c7akran\u0131n dengelenmesiyle \u00f6nlenebilir. Agresif davran\u0131\u015flar, a\u015f\u0131r\u0131 d\u00fc\u015f\u00fcnme, a\u015f\u0131r\u0131 planlama ve a\u015f\u0131r\u0131 d\u00fc\u015fk\u00fcnl\u00fck gibi sa\u011f kanal sorunlar\u0131 da Mooladhara \u00c7akran\u0131n uygun bir \u015fekilde dengelenmesiyle ortadan kald\u0131r\u0131labilir.<\/p>\n<strong>Ki\u015fisel De\u011ferlendirme:<br \/>\n<\/strong>\n<p>Mooladhara \u00c7akran\u0131z dengede de\u011filse, zay\u0131f y\u00f6n duygusu, zay\u0131f haf\u0131za veya hafif dengesizlik (yer\u00e7ekimi ile ilgili) hissi ya\u015fayabilirsiniz. Bu \u00e7akradaki bozulman\u0131n di\u011fer belirtileri aras\u0131nda bo\u015falt\u0131m sorunlar\u0131, cinsel bozukluklar ve \u00fcreme g\u00fc\u00e7l\u00fckleri yer al\u0131r.<\/p>\n<p><strong><b>Dengeden \u00c7\u0131kmas\u0131n\u0131n Sebepleri<\/b>: <\/strong><\/p>\n<ul>\n<li>A\u015f\u0131r\u0131 \u00f6l\u00e7\u00fcde zihinsel faaliyet ve haz duygusuna a\u015f\u0131r\u0131 d\u00fc\u015fk\u00fcnl\u00fck bu merkezde bir t\u0131kan\u0131kl\u0131k yaratabilir\u00a0<\/li>\n<li>Sosyal \u00e7evreden kaynaklanan olumsuz etkiler de Mooladhara \u00c7akram\u0131z\u0131n bir par\u00e7as\u0131 olan do\u011fu\u015ftan gelen masumiyet ve bilgelik niteliklerine zarar verebilir.<\/li>\n<\/ul>\n<strong>Nas\u0131l Dengelenir<\/strong>:<strong><br \/>\n<\/strong>\n<p>D\u00fczenli Sahaja Yoga meditasyonu uygulamas\u0131, Mooladhara \u00c7akram\u0131z\u0131 dengelemeye ve fark\u0131ndal\u0131\u011f\u0131m\u0131z i\u00e7inde bu merkezin do\u011fu\u015ftan gelen g\u00fczel niteliklerini g\u00fc\u00e7lendirmeye yard\u0131mc\u0131 olur. Ba\u015flang\u0131\u00e7ta, m\u00fcmk\u00fcn oldu\u011fu kadar s\u0131kl\u0131kla do\u011frudan toprak \u00fczerinde oturmal\u0131s\u0131n\u0131z. A\u00e7\u0131k havada huzurlu bir an\u0131n tad\u0131n\u0131 \u00e7\u0131kar\u0131rken, ba\u011fda\u015f kurup yerde oturarak sol Mooladhara \u00c7akran\u0131z\u0131 temizleyebilirsiniz. Her iki elinizi de kal\u00e7alar\u0131n\u0131z\u0131n yan\u0131na, avu\u00e7 i\u00e7leriniz a\u015fa\u011f\u0131ya do\u011fru bakacak \u015fekilde yere koyun.<\/p>\n<p>D\u0131\u015far\u0131da vakit ge\u00e7iremiyorsan\u0131z, ba\u015fka bir se\u00e7enek daha var. Ayaklar\u0131n\u0131z\u0131 bir le\u011fenin i\u00e7inde \u0131l\u0131k tuzlu suda bekletmek de Mooladhara \u00c7akray\u0131 dengelemeye yard\u0131mc\u0131 olur.<\/p>\n\n","protected":false},"excerpt":{"rendered":"<p>Mooladhara \u00c7akra Masumiyet ve Bilgelik D\u00fcnyaya masum bebekler olarak geliriz ve bu nedenle \u00e7ocuklara has \u00f6zelli\u011fin, i\u00e7imizde do\u011fu\u015ftan var olan bir ki\u015filik \u00f6zelli\u011fi oldu\u011funu s\u00f6yleyebiliriz. Masumiyet, do\u011fall\u0131k ve bilgelik bu merkezin tezah\u00fcrleridir. \u0130\u00e7imizdeki ebedi ve yok edilemez nitelikleri temsil eder. Bu nitelikler, Kundalini enerjimiz Mooladhara \u00c7akray\u0131 aktive etti\u011finde t\u00fcm g\u00fc\u00e7leriyle ortaya \u00e7\u0131kar. Bu \u00c7akram\u0131z, fiziksel&hellip; <br \/> <a class=\"read-more\" href=\"https:\/\/shrimataji.org\/test\/fa\/mooladhara-chakra\/\">Read more<\/a><\/p>\n","protected":false},"author":1,"featured_media":9251,"parent":0,"menu_order":0,"comment_status":"closed","ping_status":"closed","template":"","meta":{"inline_featured_image":false,"footnotes":""},"class_list":["post-12507","page","type-page","status-publish","has-post-thumbnail","hentry"],"yoast_head":"<!-- This site is optimized with the Yoast SEO plugin v27.4 - https:\/\/yoast.com\/product\/yoast-seo-wordpress\/ -->\n<title>Mooladhara Chakra - TEST - SMND<\/title>\n<meta name=\"robots\" content=\"noindex, follow, max-snippet:-1, max-image-preview:large, max-video-preview:-1\" \/>\n<meta property=\"og:locale\" content=\"en_US\" \/>\n<meta property=\"og:type\" content=\"article\" \/>\n<meta property=\"og:title\" content=\"Mooladhara Chakra - TEST - SMND\" \/>\n<meta property=\"og:description\" content=\"Mooladhara \u00c7akra Masumiyet ve Bilgelik D\u00fcnyaya masum bebekler olarak geliriz ve bu nedenle \u00e7ocuklara has \u00f6zelli\u011fin, i\u00e7imizde do\u011fu\u015ftan var olan bir ki\u015filik \u00f6zelli\u011fi oldu\u011funu s\u00f6yleyebiliriz. Masumiyet, do\u011fall\u0131k ve bilgelik bu merkezin tezah\u00fcrleridir. \u0130\u00e7imizdeki ebedi ve yok edilemez nitelikleri temsil eder. Bu nitelikler, Kundalini enerjimiz Mooladhara \u00c7akray\u0131 aktive etti\u011finde t\u00fcm g\u00fc\u00e7leriyle ortaya \u00e7\u0131kar. Bu \u00c7akram\u0131z, fiziksel&hellip; Read more\" \/>\n<meta property=\"og:url\" content=\"https:\/\/shrimataji.org\/test\/fa\/mooladhara-chakra\/\" \/>\n<meta property=\"og:site_name\" content=\"TEST - SMND\" \/>\n<meta property=\"article:publisher\" content=\"https:\/\/www.facebook.com\/shrimataji\" \/>\n<meta property=\"article:modified_time\" content=\"2024-01-29T17:59:30+00:00\" \/>\n<meta property=\"og:image\" content=\"https:\/\/shrimataji.org\/test\/wp-content\/uploads\/2023\/03\/16_Banner-SY-Chakra-mool-scaled.jpg\" \/>\n\t<meta property=\"og:image:width\" content=\"2560\" \/>\n\t<meta property=\"og:image:height\" content=\"905\" \/>\n\t<meta property=\"og:image:type\" content=\"image\/jpeg\" \/>\n<meta name=\"twitter:card\" content=\"summary_large_image\" \/>\n<meta name=\"twitter:site\" content=\"@shrimataji\" \/>\n<meta name=\"twitter:label1\" content=\"Est. reading time\" \/>\n\t<meta name=\"twitter:data1\" content=\"4 minutes\" \/>\n<script type=\"application\/ld+json\" class=\"yoast-schema-graph\">{\"@context\":\"https:\\\/\\\/schema.org\",\"@graph\":[{\"@type\":\"WebPage\",\"@id\":\"https:\\\/\\\/shrimataji.org\\\/test\\\/fa\\\/mooladhara-chakra\\\/\",\"url\":\"https:\\\/\\\/shrimataji.org\\\/test\\\/fa\\\/mooladhara-chakra\\\/\",\"name\":\"Mooladhara Chakra - TEST - SMND\",\"isPartOf\":{\"@id\":\"https:\\\/\\\/shrimataji.org\\\/test\\\/#website\"},\"primaryImageOfPage\":{\"@id\":\"https:\\\/\\\/shrimataji.org\\\/test\\\/fa\\\/mooladhara-chakra\\\/#primaryimage\"},\"image\":{\"@id\":\"https:\\\/\\\/shrimataji.org\\\/test\\\/fa\\\/mooladhara-chakra\\\/#primaryimage\"},\"thumbnailUrl\":\"https:\\\/\\\/shrimataji.org\\\/test\\\/wp-content\\\/uploads\\\/2023\\\/03\\\/16_Banner-SY-Chakra-mool-scaled.jpg\",\"datePublished\":\"2022-02-25T05:44:57+00:00\",\"dateModified\":\"2024-01-29T17:59:30+00:00\",\"breadcrumb\":{\"@id\":\"https:\\\/\\\/shrimataji.org\\\/test\\\/fa\\\/mooladhara-chakra\\\/#breadcrumb\"},\"inLanguage\":\"en-US\",\"potentialAction\":[{\"@type\":\"ReadAction\",\"target\":[\"https:\\\/\\\/shrimataji.org\\\/test\\\/fa\\\/mooladhara-chakra\\\/\"]}]},{\"@type\":\"ImageObject\",\"inLanguage\":\"en-US\",\"@id\":\"https:\\\/\\\/shrimataji.org\\\/test\\\/fa\\\/mooladhara-chakra\\\/#primaryimage\",\"url\":\"https:\\\/\\\/shrimataji.org\\\/test\\\/wp-content\\\/uploads\\\/2023\\\/03\\\/16_Banner-SY-Chakra-mool-scaled.jpg\",\"contentUrl\":\"https:\\\/\\\/shrimataji.org\\\/test\\\/wp-content\\\/uploads\\\/2023\\\/03\\\/16_Banner-SY-Chakra-mool-scaled.jpg\",\"width\":2560,\"height\":905},{\"@type\":\"BreadcrumbList\",\"@id\":\"https:\\\/\\\/shrimataji.org\\\/test\\\/fa\\\/mooladhara-chakra\\\/#breadcrumb\",\"itemListElement\":[{\"@type\":\"ListItem\",\"position\":1,\"name\":\"Home\",\"item\":\"https:\\\/\\\/shrimataji.org\\\/test\\\/uk\\\/home-en\\\/\"},{\"@type\":\"ListItem\",\"position\":2,\"name\":\"Mooladhara Chakra\"}]},{\"@type\":\"WebSite\",\"@id\":\"https:\\\/\\\/shrimataji.org\\\/test\\\/#website\",\"url\":\"https:\\\/\\\/shrimataji.org\\\/test\\\/\",\"name\":\"Shri Mataji Nirmala Devi\",\"description\":\"A Life Dedicated to Humanity\",\"publisher\":{\"@id\":\"https:\\\/\\\/shrimataji.org\\\/test\\\/#\\\/schema\\\/person\\\/a1b3419c6585f164aa96da1ff85715d1\"},\"potentialAction\":[{\"@type\":\"SearchAction\",\"target\":{\"@type\":\"EntryPoint\",\"urlTemplate\":\"https:\\\/\\\/shrimataji.org\\\/test\\\/?s={search_term_string}\"},\"query-input\":{\"@type\":\"PropertyValueSpecification\",\"valueRequired\":true,\"valueName\":\"search_term_string\"}}],\"inLanguage\":\"en-US\"},{\"@type\":[\"Person\",\"Organization\"],\"@id\":\"https:\\\/\\\/shrimataji.org\\\/test\\\/#\\\/schema\\\/person\\\/a1b3419c6585f164aa96da1ff85715d1\",\"name\":\"Nirmala Shrivastava\",\"image\":{\"@type\":\"ImageObject\",\"inLanguage\":\"en-US\",\"@id\":\"https:\\\/\\\/shrimataji.org\\\/test\\\/wp-content\\\/uploads\\\/2023\\\/02\\\/SMO_LOGO-03.svg\",\"url\":\"https:\\\/\\\/shrimataji.org\\\/test\\\/wp-content\\\/uploads\\\/2023\\\/02\\\/SMO_LOGO-03.svg\",\"contentUrl\":\"https:\\\/\\\/shrimataji.org\\\/test\\\/wp-content\\\/uploads\\\/2023\\\/02\\\/SMO_LOGO-03.svg\",\"width\":\"1024\",\"height\":\"1024\",\"caption\":\"Nirmala Shrivastava\"},\"logo\":{\"@id\":\"https:\\\/\\\/shrimataji.org\\\/test\\\/wp-content\\\/uploads\\\/2023\\\/02\\\/SMO_LOGO-03.svg\"},\"sameAs\":[\"https:\\\/\\\/shrimataji.org\\\/test\",\"https:\\\/\\\/www.facebook.com\\\/shrimataji\",\"https:\\\/\\\/x.com\\\/shrimataji\",\"https:\\\/\\\/www.youtube.com\\\/@Shri_Mataji_Nirmala_Devi\\\/featured\"]}]}<\/script>\n<!-- \/ Yoast SEO plugin. -->","yoast_head_json":{"title":"Mooladhara Chakra - TEST - SMND","robots":{"index":"noindex","follow":"follow","max-snippet":"max-snippet:-1","max-image-preview":"max-image-preview:large","max-video-preview":"max-video-preview:-1"},"og_locale":"en_US","og_type":"article","og_title":"Mooladhara Chakra - TEST - SMND","og_description":"Mooladhara \u00c7akra Masumiyet ve Bilgelik D\u00fcnyaya masum bebekler olarak geliriz ve bu nedenle \u00e7ocuklara has \u00f6zelli\u011fin, i\u00e7imizde do\u011fu\u015ftan var olan bir ki\u015filik \u00f6zelli\u011fi oldu\u011funu s\u00f6yleyebiliriz. Masumiyet, do\u011fall\u0131k ve bilgelik bu merkezin tezah\u00fcrleridir. \u0130\u00e7imizdeki ebedi ve yok edilemez nitelikleri temsil eder. Bu nitelikler, Kundalini enerjimiz Mooladhara \u00c7akray\u0131 aktive etti\u011finde t\u00fcm g\u00fc\u00e7leriyle ortaya \u00e7\u0131kar. Bu \u00c7akram\u0131z, fiziksel&hellip; Read more","og_url":"https:\/\/shrimataji.org\/test\/fa\/mooladhara-chakra\/","og_site_name":"TEST - SMND","article_publisher":"https:\/\/www.facebook.com\/shrimataji","article_modified_time":"2024-01-29T17:59:30+00:00","og_image":[{"width":2560,"height":905,"url":"https:\/\/shrimataji.org\/test\/wp-content\/uploads\/2023\/03\/16_Banner-SY-Chakra-mool-scaled.jpg","type":"image\/jpeg"}],"twitter_card":"summary_large_image","twitter_site":"@shrimataji","twitter_misc":{"Est. reading time":"4 minutes"},"schema":{"@context":"https:\/\/schema.org","@graph":[{"@type":"WebPage","@id":"https:\/\/shrimataji.org\/test\/fa\/mooladhara-chakra\/","url":"https:\/\/shrimataji.org\/test\/fa\/mooladhara-chakra\/","name":"Mooladhara Chakra - TEST - SMND","isPartOf":{"@id":"https:\/\/shrimataji.org\/test\/#website"},"primaryImageOfPage":{"@id":"https:\/\/shrimataji.org\/test\/fa\/mooladhara-chakra\/#primaryimage"},"image":{"@id":"https:\/\/shrimataji.org\/test\/fa\/mooladhara-chakra\/#primaryimage"},"thumbnailUrl":"https:\/\/shrimataji.org\/test\/wp-content\/uploads\/2023\/03\/16_Banner-SY-Chakra-mool-scaled.jpg","datePublished":"2022-02-25T05:44:57+00:00","dateModified":"2024-01-29T17:59:30+00:00","breadcrumb":{"@id":"https:\/\/shrimataji.org\/test\/fa\/mooladhara-chakra\/#breadcrumb"},"inLanguage":"en-US","potentialAction":[{"@type":"ReadAction","target":["https:\/\/shrimataji.org\/test\/fa\/mooladhara-chakra\/"]}]},{"@type":"ImageObject","inLanguage":"en-US","@id":"https:\/\/shrimataji.org\/test\/fa\/mooladhara-chakra\/#primaryimage","url":"https:\/\/shrimataji.org\/test\/wp-content\/uploads\/2023\/03\/16_Banner-SY-Chakra-mool-scaled.jpg","contentUrl":"https:\/\/shrimataji.org\/test\/wp-content\/uploads\/2023\/03\/16_Banner-SY-Chakra-mool-scaled.jpg","width":2560,"height":905},{"@type":"BreadcrumbList","@id":"https:\/\/shrimataji.org\/test\/fa\/mooladhara-chakra\/#breadcrumb","itemListElement":[{"@type":"ListItem","position":1,"name":"Home","item":"https:\/\/shrimataji.org\/test\/uk\/home-en\/"},{"@type":"ListItem","position":2,"name":"Mooladhara Chakra"}]},{"@type":"WebSite","@id":"https:\/\/shrimataji.org\/test\/#website","url":"https:\/\/shrimataji.org\/test\/","name":"Shri Mataji Nirmala Devi","description":"A Life Dedicated to Humanity","publisher":{"@id":"https:\/\/shrimataji.org\/test\/#\/schema\/person\/a1b3419c6585f164aa96da1ff85715d1"},"potentialAction":[{"@type":"SearchAction","target":{"@type":"EntryPoint","urlTemplate":"https:\/\/shrimataji.org\/test\/?s={search_term_string}"},"query-input":{"@type":"PropertyValueSpecification","valueRequired":true,"valueName":"search_term_string"}}],"inLanguage":"en-US"},{"@type":["Person","Organization"],"@id":"https:\/\/shrimataji.org\/test\/#\/schema\/person\/a1b3419c6585f164aa96da1ff85715d1","name":"Nirmala Shrivastava","image":{"@type":"ImageObject","inLanguage":"en-US","@id":"https:\/\/shrimataji.org\/test\/wp-content\/uploads\/2023\/02\/SMO_LOGO-03.svg","url":"https:\/\/shrimataji.org\/test\/wp-content\/uploads\/2023\/02\/SMO_LOGO-03.svg","contentUrl":"https:\/\/shrimataji.org\/test\/wp-content\/uploads\/2023\/02\/SMO_LOGO-03.svg","width":"1024","height":"1024","caption":"Nirmala Shrivastava"},"logo":{"@id":"https:\/\/shrimataji.org\/test\/wp-content\/uploads\/2023\/02\/SMO_LOGO-03.svg"},"sameAs":["https:\/\/shrimataji.org\/test","https:\/\/www.facebook.com\/shrimataji","https:\/\/x.com\/shrimataji","https:\/\/www.youtube.com\/@Shri_Mataji_Nirmala_Devi\/featured"]}]}},"lang":"fa","translations":{"fa":12507,"ur":37466,"en":10186,"am":18038,"th":20000,"hu":19520,"sq":18439,"zh":17336,"ja":11260,"hi":8319,"pt":10396,"de":10670,"fr":10768,"it":10866,"es":10963,"ru":11448,"bn":11640,"te":11748,"sw":11871,"he":12019,"el":12311,"sk":12409,"fi":12605,"bg":13376,"ro":14450,"cs":14643,"nl":16599,"ku":16759,"ar":16935,"be":18646,"kn":18920,"mr":20364,"uk":20658,"ml":20953,"ta":22757,"sv":23028,"gu":28871,"pa":29031,"fil":29476,"da":37778,"pl":37990,"nn":38330},"pll_sync_post":[],"_links":{"self":[{"href":"https:\/\/shrimataji.org\/test\/wp-json\/wp\/v2\/pages\/12507","targetHints":{"allow":["GET"]}}],"collection":[{"href":"https:\/\/shrimataji.org\/test\/wp-json\/wp\/v2\/pages"}],"about":[{"href":"https:\/\/shrimataji.org\/test\/wp-json\/wp\/v2\/types\/page"}],"author":[{"embeddable":true,"href":"https:\/\/shrimataji.org\/test\/wp-json\/wp\/v2\/users\/1"}],"replies":[{"embeddable":true,"href":"https:\/\/shrimataji.org\/test\/wp-json\/wp\/v2\/comments?post=12507"}],"version-history":[{"count":0,"href":"https:\/\/shrimataji.org\/test\/wp-json\/wp\/v2\/pages\/12507\/revisions"}],"wp:featuredmedia":[{"embeddable":true,"href":"https:\/\/shrimataji.org\/test\/wp-json\/wp\/v2\/media\/9251"}],"wp:attachment":[{"href":"https:\/\/shrimataji.org\/test\/wp-json\/wp\/v2\/media?parent=12507"}],"curies":[{"name":"wp","href":"https:\/\/api.w.org\/{rel}","templated":true}]}}