{"id":12552,"date":"2011-10-02T03:00:00","date_gmt":"2011-10-02T03:00:00","guid":{"rendered":"http:\/\/testwordpress.nirmalnagari.org\/smnd\/index.php\/a-noble-inheritance\/"},"modified":"2025-06-30T15:23:11","modified_gmt":"2025-06-30T15:23:11","slug":"jalo-perinto","status":"publish","type":"page","link":"https:\/\/shrimataji.org\/test\/fi\/jalo-perinto\/","title":{"rendered":"Jalo perint\u00f6"},"content":{"rendered":"\n\n\t<h1>Jalo perint\u00f6<\/h1>\n<h2>Shalivahana-dynastista polveutuva suku<\/h2>\n\t<h4>Tasan kello kaksitoista kev\u00e4tp\u00e4iv\u00e4ntasauksen p\u00e4iv\u00e4n\u00e4, 21. maaliskuuta 1923, Nirmala Salve syntyi Chhindwarassa, Intian maantieteellisess\u00e4 keskipisteess\u00e4 sijaitsevassa kaupungissa. H\u00e4nen esi-isiens\u00e4 jalot ominaisuudet n\u00e4kyiv\u00e4t jo varhain Nirmalan luonteessa.<\/h4>\n\t\t<img decoding=\"async\" data-spai-excluded=\"true\" loading=\"lazy\"  alt=\"YouTube player\"  src=\"https:\/\/i.ytimg.com\/vi\/PWHnhJCTwLA\/maxresdefault.jpg\"  \/><button aria-label=\"Play\"><\/button><meta itemprop=\"embedUrl\" content=\"https:\/\/www.youtube.com\/embed\/PWHnhJCTwLA\"\/><meta itemprop=\"name\" content=\"Family, Birth And Education\"\/><meta itemprop=\"description\" content=\"Shri Mataji&#039;s parents were educated and enlightened people. She speaks about their encounter with a tiger just before her birth. Shri Mataji&#039;s mother felt great compassion towards this animal. The ease and purity of the birth gave them cause to call their child Nirmala, meaning &#039;immaculate.&#039; They felt she was certain to do something great. Her father guided her to an understanding of humans and encouraged her to give Realization. More videos at: http:\/\/ShriMataji.org ~ A Life Dedicated to Humanity ~\"\/><meta itemprop=\"thumbnailUrl\" content=\"https:\/\/i.ytimg.com\/vi\/PWHnhJCTwLA\/0.jpg\"\/><meta itemprop=\"duration\" content=\"PT5M31S\"\/><meta itemprop=\"uploadDate\" content=\"2020-07-20T00:16:36Z\"\/>\t\n\t<p>H\u00e4nen iso\u00e4itins\u00e4, Sakhubai Salve, osoitti rohkeutta ja hyveellisyytt\u00e4, jotka olivat seuranneet suvun dynastiaa l\u00e4pi vuosisatojen. Vuonna 1883 Sakhubai menetti miehens\u00e4 traagisissa olosuhteissa raskauden loppuvaiheessa. Miehen sukulaisten uhatessa h\u00e4nt\u00e4 (he eiv\u00e4t siet\u00e4neet sit\u00e4, ett\u00e4 h\u00e4n ja h\u00e4nen perheens\u00e4 olivat kristittyj\u00e4) h\u00e4n otti nelj\u00e4 lastaan ja l\u00e4hti my\u00f6h\u00e4\u00e4n er\u00e4\u00e4n\u00e4 monsuunisateisena y\u00f6n\u00e4, kun l\u00e4heinen joki oli tulvillaan.<\/p>\nSakhubailla oli niin vahva usko, ett\u00e4 fyysisest\u00e4 kunnostaan, 9-metrisest\u00e4 saristaan, kaatosateesta ja tulvivasta joesta huolimatta h\u00e4n onnistui ylitt\u00e4m\u00e4\u00e4n joen lastensa kanssa, mink\u00e4 j\u00e4lkeen h\u00e4n k\u00e4veli 8 kilometrin matkan l\u00e4himm\u00e4lle rautatieasemalle. Aamunkoitteessa he nousivat junaan m\u00e4\u00e4r\u00e4np\u00e4\u00e4n\u00e4 Ujjain, Sakhubain veljen kotipaikka. N\u00e4iss\u00e4 vaikeissa olosuhteissa syntyi Prasad Rao Salve, Shri Matajin is\u00e4.\n\t<p>Sakhubain ja h\u00e4nen lastensa oli sopeuduttava rikkaasta ja helposta el\u00e4m\u00e4st\u00e4 \u00e4\u00e4rimm\u00e4isen s\u00e4\u00e4st\u00e4v\u00e4isyyteen. Sakhubai piti kuitenkin lastensa koulutusta t\u00e4rke\u00e4n\u00e4, ja h\u00e4n opetti heille uhrautuvaisuutta ja sitoutumista. Lapset opiskelivat katulamppujen alla, kun kotona ei ollut en\u00e4\u00e4 valopetroolia.<\/p>\n<p>Prasad Rao, perheen nuorin, oli erityisen lahjakas oppilas, ja h\u00e4n sai stipendej\u00e4 koko opiskelu-uransa ajan. H\u00e4n opiskeli lakia ja aloitti ty\u00f6t Chhindwaran kaupungissa sijaitsevassa tunnetussa yrityksess\u00e4. H\u00e4n meni pian naimisiin, mutta j\u00e4i valitettavasti leskeksi 37-vuotiaana viiden lapsen kanssa. Sukulaiset suostuttelivat h\u00e4net lopulta uudelleen naimisiin lasten hyvinvoinnin vuoksi, vaikka h\u00e4n oli vastahakoinen.<\/p>\n<p>Nagpurista kotoisin oleva nuori nainen nimelt\u00e4 Cornelia Karuna Jadhav oli Intian ensimm\u00e4inen nainen, joka suoritti tutkinnon matematiikasta erinomaisin arvosanoin. H\u00e4n oli my\u00f6s sanskritin tutkija ja hyvin perehtynyt muinaiseen intialaiseen kulttuuriin. Koska h\u00e4n oli niin korkeasti koulutettu, h\u00e4nen is\u00e4ns\u00e4 oli vaikea l\u00f6yt\u00e4\u00e4 h\u00e4nelle kumppania, jolla olisi v\u00e4hint\u00e4\u00e4n yht\u00e4 hyv\u00e4, ellei jopa korkeampi akateeminen p\u00e4tevyys.<\/p>\n<p>Yhteisten yst\u00e4vien kautta Prasad Rao l\u00e4hetti Cornelialle ja h\u00e4nen is\u00e4lleen kosintapyynn\u00f6n. Ei ollut helppo p\u00e4\u00e4t\u00f6s hyv\u00e4ksy\u00e4 kosintaa leskimiehelt\u00e4, jolla oli viisi lasta. H\u00e4neen teki kuitenkin vaikutuksen miehen \u00e4lykkyys ja usko Jumalaan, ja h\u00e4n tunsi syv\u00e4\u00e4 my\u00f6t\u00e4tuntoa miehen lapsia kohtaan, jotka j\u00e4iv\u00e4t nuorena \u00e4iditt\u00f6miksi. He meniv\u00e4t naimisiin 21. kes\u00e4kuuta 1920.<\/p>\n\t<div class=\"su-quote su-quote-style-default\"><div class=\"su-quote-inner su-u-clearfix su-u-trim\"> Esi-is\u00e4ni hallitsivat t\u00e4t\u00e4 paikkaa, ja t\u00e4m\u00e4 oli Shalivanan p\u00e4\u00e4kaupunki, jota kutsuttiin nimell\u00e4 Prathishthan, ja he kutsuivat sit\u00e4 my\u00f6s nimell\u00e4 Paithan. He ovat hallinneet paikkaa tuhansia vuosia.<\/p>\n<p>He aloittivat t\u00e4m\u00e4n Shalivahan-dynastian, itse asiassa he kutsuivat itse\u00e4\u00e4n nimell\u00e4 Sathvahan, joka tarkoittaa seitsem\u00e4\u00e4 vahanaa (kulkuneuvoa). He edustivat seitsem\u00e4n chakran seitsem\u00e4\u00e4 vahanaa. On yll\u00e4tt\u00e4v\u00e4\u00e4 miten sahaj asia se oli.<\/div><\/div>\n\t<p>Prasad Rao ja Cornelia jakoivat syv\u00e4n rakkauden kotimaataan ja sen suuria henkisi\u00e4 perinteit\u00e4 ja arvoja kohtaan. Heid\u00e4n tytt\u00e4rens\u00e4 Nirmala oli vain kaksivuotias vuonna 1925, kun he tapasivat Mahatma Gandhin ensimm\u00e4isen kerran, ja t\u00e4ll\u00e4 tapaamisella oli valtava vaikutus heihin. He ymm\u00e4rsiv\u00e4t ja jakoivat h\u00e4nen visionsa vapaasta Intiasta, joka saavutettaisiin v\u00e4kivallattomalla toiminnalla.<\/p>\n<p>Siit\u00e4 huolimatta, ett\u00e4 Prasad Rao oli saanut arvonimens\u00e4 briteilt\u00e4 ja ett\u00e4 he olivat kristittyj\u00e4 (mik\u00e4 merkitsi monia etuoikeuksia Britannian valtakauden aikana), h\u00e4n ja h\u00e4nen vaimonsa eiv\u00e4t ep\u00e4r\u00f6ineet liitty\u00e4 liikkeeseen ja tekiv\u00e4t kantansa selv\u00e4ksi &#8211; he jopa polttivat ulkomailla valmistetut vaatteensa Nagpurin toriaukiolla. Vapaustaisteluun osallistumisensa vuoksi he joutuivat molemmat useita kertoja vankilaan, ja he tekiv\u00e4t perhes\u00e4\u00e4nn\u00f6n siit\u00e4, ett\u00e4 kukaan ei saanut vuodattaa kyyneli\u00e4 heid\u00e4n puolestaan. Intian vapaus oli t\u00e4rkeint\u00e4, ja uhrautuvaisuus oli s\u00e4\u00e4nt\u00f6, ei poikkeus.<\/p>\n\t<div class=\"epyt-video-wrapper\"><div  data-ep-a=\"fadeIn\"  style=\"display: block; margin: 0px auto;\"  id=\"_ytid_70052\"  width=\"3840\" height=\"2160\"  data-origwidth=\"3840\" data-origheight=\"2160\" data-facadesrc=\"https:\/\/www.youtube.com\/embed\/WOPg1lrL1ps?enablejsapi=1&autoplay=0&cc_load_policy=0&cc_lang_pref=&iv_load_policy=1&loop=0&rel=0&fs=1&playsinline=1&autohide=2&theme=dark&color=red&controls=1&disablekb=0&\" class=\"__youtube_prefs__ epyt-facade  no-lazyload\" data-epautoplay=\"1\" ><img decoding=\"async\" data-spai-excluded=\"true\" class=\"epyt-facade-poster skip-lazy\" loading=\"lazy\"  alt=\"YouTube player\"  src=\"https:\/\/i.ytimg.com\/vi\/WOPg1lrL1ps\/maxresdefault.jpg\"  \/><button class=\"epyt-facade-play\" aria-label=\"Play\"><svg data-no-lazy=\"1\" height=\"100%\" version=\"1.1\" viewBox=\"0 0 68 48\" width=\"100%\"><path class=\"ytp-large-play-button-bg\" d=\"M66.52,7.74c-0.78-2.93-2.49-5.41-5.42-6.19C55.79,.13,34,0,34,0S12.21,.13,6.9,1.55 C3.97,2.33,2.27,4.81,1.48,7.74C0.06,13.05,0,24,0,24s0.06,10.95,1.48,16.26c0.78,2.93,2.49,5.41,5.42,6.19 C12.21,47.87,34,48,34,48s21.79-0.13,27.1-1.55c2.93-0.78,4.64-3.26,5.42-6.19C67.94,34.95,68,24,68,24S67.94,13.05,66.52,7.74z\" fill=\"#f00\"><\/path><path d=\"M 45,24 27,14 27,34\" fill=\"#fff\"><\/path><\/svg><\/button><\/div><\/div><span itemprop=\"video\" itemscope itemtype=\"http:\/\/schema.org\/VideoObject\"><meta itemprop=\"embedUrl\" content=\"https:\/\/www.youtube.com\/embed\/WOPg1lrL1ps\"><meta itemprop=\"name\" content=\"An Ideal Father And Leader\"><meta itemprop=\"description\" content=\"A learned man who fought for his people, Shri Mataji remembers her own father, Prasad Rao Salve. She describes a brilliant man of principle and ideals. He was a leader in the fight for Indian independence, willing to go to jail for a just cause -- once for more than three years. The immense sacrifices he made, inspired Shri Mataji forward in her life&#039;s work, giving her a sense of right and wrong. More videos at: http:\/\/ShriMataji.org ~ A Life Dedicated to Humanity ~\"><meta itemprop=\"thumbnailUrl\" content=\"https:\/\/i.ytimg.com\/vi\/WOPg1lrL1ps\/0.jpg\"><meta itemprop=\"duration\" content=\"PT2M31S\"><meta itemprop=\"uploadDate\" content=\"2020-07-20T00:13:01Z\"><\/span>\n\t<p>Vanhempiensa ollessa usein poissa tai vankilassa Shri Mataji otti kotitalouden hoitamisen omalle vastuulleen, jotta h\u00e4nen vanhemmat sisaruksensa voisivat jatkaa opintojaan keskeytyksett\u00e4. H\u00e4n oli tuolloin kahdeksanvuotias.<\/p>\n<p>Joitakin vuosia my\u00f6hemmin Shri Mataji oli tarpeeksi vanha liitty\u00e4kseen vapaustaisteluun ja rohkaisi opiskelutovereitaan tekem\u00e4\u00e4n samoin. Britit vangitsivat H\u00e4netkin ja jopa kiduttivat H\u00e4nt\u00e4. Kokemus ei kuitenkaan heikent\u00e4nyt H\u00e4nen sisint\u00e4\u00e4n. Koko el\u00e4m\u00e4ns\u00e4 ajan H\u00e4n jatkoi jalojen esi-isiens\u00e4 ikuisten arvojen edustamista: rohkeutta, uhrautuvaisuutta ja my\u00f6t\u00e4tuntoa.<\/p>\n\t\t\t\t<img decoding=\"async\" src=\"https:\/\/shrimataji.org\/test\/wp-content\/uploads\/2018\/07\/media_originals\/images\/shri-mataji-and-family\/shri-mataji-nirmala-devi-and-family.jpg\" alt=\"shri-mataji-nirmala-devi-and-family\" itemprop=\"image\" height=\"1045\" width=\"1500\" title=\"shri-mataji-nirmala-devi-and-family\" onerror=\"this.style.display='none'\" loading='lazy' \/>\n\t<hr \/>\n<h3>1. <a href=\"#citation-ref-1\">^<\/a> <a name=\"citation-note-1\"><\/a>H. P. Salve, &#8216;My Memoirs&#8217; New Delhi: Life Eternal Trust, 2000.<\/h3>\n\n","protected":false},"excerpt":{"rendered":"<p>Jalo perint\u00f6 Shalivahana-dynastista polveutuva suku Tasan kello kaksitoista kev\u00e4tp\u00e4iv\u00e4ntasauksen p\u00e4iv\u00e4n\u00e4, 21. maaliskuuta 1923, Nirmala Salve syntyi Chhindwarassa, Intian maantieteellisess\u00e4 keskipisteess\u00e4 sijaitsevassa kaupungissa. H\u00e4nen esi-isiens\u00e4 jalot ominaisuudet n\u00e4kyiv\u00e4t jo varhain Nirmalan luonteessa. H\u00e4nen iso\u00e4itins\u00e4, Sakhubai Salve, osoitti rohkeutta ja hyveellisyytt\u00e4, jotka olivat seuranneet suvun dynastiaa l\u00e4pi vuosisatojen. Vuonna 1883 Sakhubai menetti miehens\u00e4 traagisissa olosuhteissa raskauden loppuvaiheessa.&hellip; <br \/> <a class=\"read-more\" href=\"https:\/\/shrimataji.org\/test\/fi\/jalo-perinto\/\">Read more<\/a><\/p>\n","protected":false},"author":29,"featured_media":9512,"parent":0,"menu_order":0,"comment_status":"closed","ping_status":"closed","template":"pro\/page-templates\/full-width-page.php","meta":{"inline_featured_image":false,"footnotes":""},"class_list":["post-12552","page","type-page","status-publish","has-post-thumbnail","hentry"],"yoast_head":"<!-- This site is optimized with the Yoast SEO plugin v27.4 - https:\/\/yoast.com\/product\/yoast-seo-wordpress\/ -->\n<title>Jalo perint\u00f6 - TEST - SMND<\/title>\n<meta name=\"robots\" content=\"noindex, follow, max-snippet:-1, max-image-preview:large, max-video-preview:-1\" \/>\n<meta property=\"og:locale\" content=\"en_US\" \/>\n<meta property=\"og:type\" content=\"article\" \/>\n<meta property=\"og:title\" content=\"Jalo perint\u00f6 - TEST - SMND\" \/>\n<meta property=\"og:description\" content=\"Jalo perint\u00f6 Shalivahana-dynastista polveutuva suku Tasan kello kaksitoista kev\u00e4tp\u00e4iv\u00e4ntasauksen p\u00e4iv\u00e4n\u00e4, 21. maaliskuuta 1923, Nirmala Salve syntyi Chhindwarassa, Intian maantieteellisess\u00e4 keskipisteess\u00e4 sijaitsevassa kaupungissa. H\u00e4nen esi-isiens\u00e4 jalot ominaisuudet n\u00e4kyiv\u00e4t jo varhain Nirmalan luonteessa. H\u00e4nen iso\u00e4itins\u00e4, Sakhubai Salve, osoitti rohkeutta ja hyveellisyytt\u00e4, jotka olivat seuranneet suvun dynastiaa l\u00e4pi vuosisatojen. Vuonna 1883 Sakhubai menetti miehens\u00e4 traagisissa olosuhteissa raskauden loppuvaiheessa.&hellip; Read more\" \/>\n<meta property=\"og:url\" content=\"https:\/\/shrimataji.org\/test\/fi\/jalo-perinto\/\" \/>\n<meta property=\"og:site_name\" content=\"TEST - SMND\" \/>\n<meta property=\"article:publisher\" content=\"https:\/\/www.facebook.com\/shrimataji\" \/>\n<meta property=\"article:modified_time\" content=\"2025-06-30T15:23:11+00:00\" \/>\n<meta property=\"og:image\" content=\"https:\/\/shrimataji.org\/test\/wp-content\/uploads\/2023\/03\/7_Banner-Family_NobleInheritance-scaled.jpg\" \/>\n\t<meta property=\"og:image:width\" content=\"2560\" \/>\n\t<meta property=\"og:image:height\" content=\"905\" \/>\n\t<meta property=\"og:image:type\" content=\"image\/jpeg\" \/>\n<meta name=\"twitter:card\" content=\"summary_large_image\" \/>\n<meta name=\"twitter:site\" content=\"@shrimataji\" \/>\n<meta name=\"twitter:label1\" content=\"Est. reading time\" \/>\n\t<meta name=\"twitter:data1\" content=\"3 minutes\" \/>\n<script type=\"application\/ld+json\" class=\"yoast-schema-graph\">{\"@context\":\"https:\\\/\\\/schema.org\",\"@graph\":[{\"@type\":\"WebPage\",\"@id\":\"https:\\\/\\\/shrimataji.org\\\/test\\\/fi\\\/jalo-perinto\\\/\",\"url\":\"https:\\\/\\\/shrimataji.org\\\/test\\\/fi\\\/jalo-perinto\\\/\",\"name\":\"Jalo perint\u00f6 - TEST - SMND\",\"isPartOf\":{\"@id\":\"https:\\\/\\\/shrimataji.org\\\/test\\\/#website\"},\"primaryImageOfPage\":{\"@id\":\"https:\\\/\\\/shrimataji.org\\\/test\\\/fi\\\/jalo-perinto\\\/#primaryimage\"},\"image\":{\"@id\":\"https:\\\/\\\/shrimataji.org\\\/test\\\/fi\\\/jalo-perinto\\\/#primaryimage\"},\"thumbnailUrl\":\"https:\\\/\\\/shrimataji.org\\\/test\\\/wp-content\\\/uploads\\\/2023\\\/03\\\/7_Banner-Family_NobleInheritance-scaled.jpg\",\"datePublished\":\"2011-10-02T03:00:00+00:00\",\"dateModified\":\"2025-06-30T15:23:11+00:00\",\"breadcrumb\":{\"@id\":\"https:\\\/\\\/shrimataji.org\\\/test\\\/fi\\\/jalo-perinto\\\/#breadcrumb\"},\"inLanguage\":\"en-US\",\"potentialAction\":[{\"@type\":\"ReadAction\",\"target\":[\"https:\\\/\\\/shrimataji.org\\\/test\\\/fi\\\/jalo-perinto\\\/\"]}]},{\"@type\":\"ImageObject\",\"inLanguage\":\"en-US\",\"@id\":\"https:\\\/\\\/shrimataji.org\\\/test\\\/fi\\\/jalo-perinto\\\/#primaryimage\",\"url\":\"https:\\\/\\\/shrimataji.org\\\/test\\\/wp-content\\\/uploads\\\/2023\\\/03\\\/7_Banner-Family_NobleInheritance-scaled.jpg\",\"contentUrl\":\"https:\\\/\\\/shrimataji.org\\\/test\\\/wp-content\\\/uploads\\\/2023\\\/03\\\/7_Banner-Family_NobleInheritance-scaled.jpg\",\"width\":2560,\"height\":905},{\"@type\":\"BreadcrumbList\",\"@id\":\"https:\\\/\\\/shrimataji.org\\\/test\\\/fi\\\/jalo-perinto\\\/#breadcrumb\",\"itemListElement\":[{\"@type\":\"ListItem\",\"position\":1,\"name\":\"Home\",\"item\":\"https:\\\/\\\/shrimataji.org\\\/test\\\/uk\\\/home-en\\\/\"},{\"@type\":\"ListItem\",\"position\":2,\"name\":\"Jalo perint\u00f6\"}]},{\"@type\":\"WebSite\",\"@id\":\"https:\\\/\\\/shrimataji.org\\\/test\\\/#website\",\"url\":\"https:\\\/\\\/shrimataji.org\\\/test\\\/\",\"name\":\"Shri Mataji Nirmala Devi\",\"description\":\"A Life Dedicated to Humanity\",\"publisher\":{\"@id\":\"https:\\\/\\\/shrimataji.org\\\/test\\\/#\\\/schema\\\/person\\\/a1b3419c6585f164aa96da1ff85715d1\"},\"potentialAction\":[{\"@type\":\"SearchAction\",\"target\":{\"@type\":\"EntryPoint\",\"urlTemplate\":\"https:\\\/\\\/shrimataji.org\\\/test\\\/?s={search_term_string}\"},\"query-input\":{\"@type\":\"PropertyValueSpecification\",\"valueRequired\":true,\"valueName\":\"search_term_string\"}}],\"inLanguage\":\"en-US\"},{\"@type\":[\"Person\",\"Organization\"],\"@id\":\"https:\\\/\\\/shrimataji.org\\\/test\\\/#\\\/schema\\\/person\\\/a1b3419c6585f164aa96da1ff85715d1\",\"name\":\"Nirmala Shrivastava\",\"image\":{\"@type\":\"ImageObject\",\"inLanguage\":\"en-US\",\"@id\":\"https:\\\/\\\/shrimataji.org\\\/test\\\/wp-content\\\/uploads\\\/2023\\\/02\\\/SMO_LOGO-03.svg\",\"url\":\"https:\\\/\\\/shrimataji.org\\\/test\\\/wp-content\\\/uploads\\\/2023\\\/02\\\/SMO_LOGO-03.svg\",\"contentUrl\":\"https:\\\/\\\/shrimataji.org\\\/test\\\/wp-content\\\/uploads\\\/2023\\\/02\\\/SMO_LOGO-03.svg\",\"width\":\"1024\",\"height\":\"1024\",\"caption\":\"Nirmala Shrivastava\"},\"logo\":{\"@id\":\"https:\\\/\\\/shrimataji.org\\\/test\\\/wp-content\\\/uploads\\\/2023\\\/02\\\/SMO_LOGO-03.svg\"},\"sameAs\":[\"https:\\\/\\\/shrimataji.org\\\/test\",\"https:\\\/\\\/www.facebook.com\\\/shrimataji\",\"https:\\\/\\\/x.com\\\/shrimataji\",\"https:\\\/\\\/www.youtube.com\\\/@Shri_Mataji_Nirmala_Devi\\\/featured\"]}]}<\/script>\n<!-- \/ Yoast SEO plugin. -->","yoast_head_json":{"title":"Jalo perint\u00f6 - TEST - SMND","robots":{"index":"noindex","follow":"follow","max-snippet":"max-snippet:-1","max-image-preview":"max-image-preview:large","max-video-preview":"max-video-preview:-1"},"og_locale":"en_US","og_type":"article","og_title":"Jalo perint\u00f6 - TEST - SMND","og_description":"Jalo perint\u00f6 Shalivahana-dynastista polveutuva suku Tasan kello kaksitoista kev\u00e4tp\u00e4iv\u00e4ntasauksen p\u00e4iv\u00e4n\u00e4, 21. maaliskuuta 1923, Nirmala Salve syntyi Chhindwarassa, Intian maantieteellisess\u00e4 keskipisteess\u00e4 sijaitsevassa kaupungissa. H\u00e4nen esi-isiens\u00e4 jalot ominaisuudet n\u00e4kyiv\u00e4t jo varhain Nirmalan luonteessa. H\u00e4nen iso\u00e4itins\u00e4, Sakhubai Salve, osoitti rohkeutta ja hyveellisyytt\u00e4, jotka olivat seuranneet suvun dynastiaa l\u00e4pi vuosisatojen. Vuonna 1883 Sakhubai menetti miehens\u00e4 traagisissa olosuhteissa raskauden loppuvaiheessa.&hellip; Read more","og_url":"https:\/\/shrimataji.org\/test\/fi\/jalo-perinto\/","og_site_name":"TEST - SMND","article_publisher":"https:\/\/www.facebook.com\/shrimataji","article_modified_time":"2025-06-30T15:23:11+00:00","og_image":[{"width":2560,"height":905,"url":"https:\/\/shrimataji.org\/test\/wp-content\/uploads\/2023\/03\/7_Banner-Family_NobleInheritance-scaled.jpg","type":"image\/jpeg"}],"twitter_card":"summary_large_image","twitter_site":"@shrimataji","twitter_misc":{"Est. reading time":"3 minutes"},"schema":{"@context":"https:\/\/schema.org","@graph":[{"@type":"WebPage","@id":"https:\/\/shrimataji.org\/test\/fi\/jalo-perinto\/","url":"https:\/\/shrimataji.org\/test\/fi\/jalo-perinto\/","name":"Jalo perint\u00f6 - TEST - SMND","isPartOf":{"@id":"https:\/\/shrimataji.org\/test\/#website"},"primaryImageOfPage":{"@id":"https:\/\/shrimataji.org\/test\/fi\/jalo-perinto\/#primaryimage"},"image":{"@id":"https:\/\/shrimataji.org\/test\/fi\/jalo-perinto\/#primaryimage"},"thumbnailUrl":"https:\/\/shrimataji.org\/test\/wp-content\/uploads\/2023\/03\/7_Banner-Family_NobleInheritance-scaled.jpg","datePublished":"2011-10-02T03:00:00+00:00","dateModified":"2025-06-30T15:23:11+00:00","breadcrumb":{"@id":"https:\/\/shrimataji.org\/test\/fi\/jalo-perinto\/#breadcrumb"},"inLanguage":"en-US","potentialAction":[{"@type":"ReadAction","target":["https:\/\/shrimataji.org\/test\/fi\/jalo-perinto\/"]}]},{"@type":"ImageObject","inLanguage":"en-US","@id":"https:\/\/shrimataji.org\/test\/fi\/jalo-perinto\/#primaryimage","url":"https:\/\/shrimataji.org\/test\/wp-content\/uploads\/2023\/03\/7_Banner-Family_NobleInheritance-scaled.jpg","contentUrl":"https:\/\/shrimataji.org\/test\/wp-content\/uploads\/2023\/03\/7_Banner-Family_NobleInheritance-scaled.jpg","width":2560,"height":905},{"@type":"BreadcrumbList","@id":"https:\/\/shrimataji.org\/test\/fi\/jalo-perinto\/#breadcrumb","itemListElement":[{"@type":"ListItem","position":1,"name":"Home","item":"https:\/\/shrimataji.org\/test\/uk\/home-en\/"},{"@type":"ListItem","position":2,"name":"Jalo perint\u00f6"}]},{"@type":"WebSite","@id":"https:\/\/shrimataji.org\/test\/#website","url":"https:\/\/shrimataji.org\/test\/","name":"Shri Mataji Nirmala Devi","description":"A Life Dedicated to Humanity","publisher":{"@id":"https:\/\/shrimataji.org\/test\/#\/schema\/person\/a1b3419c6585f164aa96da1ff85715d1"},"potentialAction":[{"@type":"SearchAction","target":{"@type":"EntryPoint","urlTemplate":"https:\/\/shrimataji.org\/test\/?s={search_term_string}"},"query-input":{"@type":"PropertyValueSpecification","valueRequired":true,"valueName":"search_term_string"}}],"inLanguage":"en-US"},{"@type":["Person","Organization"],"@id":"https:\/\/shrimataji.org\/test\/#\/schema\/person\/a1b3419c6585f164aa96da1ff85715d1","name":"Nirmala Shrivastava","image":{"@type":"ImageObject","inLanguage":"en-US","@id":"https:\/\/shrimataji.org\/test\/wp-content\/uploads\/2023\/02\/SMO_LOGO-03.svg","url":"https:\/\/shrimataji.org\/test\/wp-content\/uploads\/2023\/02\/SMO_LOGO-03.svg","contentUrl":"https:\/\/shrimataji.org\/test\/wp-content\/uploads\/2023\/02\/SMO_LOGO-03.svg","width":"1024","height":"1024","caption":"Nirmala Shrivastava"},"logo":{"@id":"https:\/\/shrimataji.org\/test\/wp-content\/uploads\/2023\/02\/SMO_LOGO-03.svg"},"sameAs":["https:\/\/shrimataji.org\/test","https:\/\/www.facebook.com\/shrimataji","https:\/\/x.com\/shrimataji","https:\/\/www.youtube.com\/@Shri_Mataji_Nirmala_Devi\/featured"]}]}},"lang":"fi","translations":{"fi":12552,"ur":37380,"en":434,"am":17951,"th":19872,"hu":19426,"sq":18352,"zh":17249,"hi":7323,"tr":10127,"pt":10344,"pl":10478,"de":10617,"fr":10715,"it":10813,"es":10911,"ja":11208,"ru":11396,"bn":11588,"te":11696,"sw":11819,"he":11967,"sk":12356,"fa":12454,"bg":13510,"ro":14585,"cs":14778,"nl":16512,"ku":16672,"ar":16848,"el":17659,"be":18559,"kn":18833,"mr":20236,"uk":20528,"ml":20827,"ta":22667,"sv":22940,"gu":28788,"pa":28946,"fil":29386,"da":37694,"nn":38246},"pll_sync_post":[],"_links":{"self":[{"href":"https:\/\/shrimataji.org\/test\/wp-json\/wp\/v2\/pages\/12552","targetHints":{"allow":["GET"]}}],"collection":[{"href":"https:\/\/shrimataji.org\/test\/wp-json\/wp\/v2\/pages"}],"about":[{"href":"https:\/\/shrimataji.org\/test\/wp-json\/wp\/v2\/types\/page"}],"author":[{"embeddable":true,"href":"https:\/\/shrimataji.org\/test\/wp-json\/wp\/v2\/users\/29"}],"replies":[{"embeddable":true,"href":"https:\/\/shrimataji.org\/test\/wp-json\/wp\/v2\/comments?post=12552"}],"version-history":[{"count":0,"href":"https:\/\/shrimataji.org\/test\/wp-json\/wp\/v2\/pages\/12552\/revisions"}],"wp:featuredmedia":[{"embeddable":true,"href":"https:\/\/shrimataji.org\/test\/wp-json\/wp\/v2\/media\/9512"}],"wp:attachment":[{"href":"https:\/\/shrimataji.org\/test\/wp-json\/wp\/v2\/media?parent=12552"}],"curies":[{"name":"wp","href":"https:\/\/api.w.org\/{rel}","templated":true}]}}