{"id":12565,"date":"2018-07-10T06:54:46","date_gmt":"2018-07-10T06:54:46","guid":{"rendered":"http:\/\/testwordpress.nirmalnagari.org\/smnd\/index.php\/college-years\/"},"modified":"2025-06-29T18:22:48","modified_gmt":"2025-06-29T18:22:48","slug":"opiskeluvuodet","status":"publish","type":"page","link":"https:\/\/shrimataji.org\/test\/fi\/opiskeluvuodet\/","title":{"rendered":"Opiskeluvuodet"},"content":{"rendered":"\n\n\t<h1><strong>Opiskeluvuodet<\/strong><\/h1>\n<h2>Vapaustaistelu<\/h2>\n\t<div class=\"su-quote su-quote-style-default\"><div class=\"su-quote-inner su-u-clearfix su-u-trim\">Kyliesi pellot lauloivat kunniaasi, ja kaupungit kaikuivat melodiaa<br \/>\n&#8211; Voitto \u00c4iti Intialle, voitto olkoon Sinun! <\/div><\/div>\n\t<h4>Elokuun 15. p\u00e4iv\u00e4n\u00e4, keskiy\u00f6ll\u00e4 vuonna 1947, miljoonat ihmiset juhlivat maansa vapautta. Kaupungit ja kyl\u00e4t eri puolilla Intiaa nostivat yl\u00f6s &#8216;trikolorin&#8217;, kolmiv\u00e4risen lipun.<\/h4>\n\t\t\t\t<img decoding=\"async\" src=\"https:\/\/shrimataji.org\/test\/wp-content\/uploads\/2018\/07\/media_originals\/images\/shri-mataji-portraits\/shri-mataji-nirmala-devi-portrait-13yrs-old.jpg\" alt=\"Shri Mataji 13-vuotiaana\" itemprop=\"image\" height=\"1141\" width=\"850\" title=\"shri-mataji-nirmala-devi-portrait-13yrs-old\" onerror=\"this.style.display='none'\" loading='lazy' \/>\n\t\tShri Mataji 13-vuotiaana\n\t<p>&#8220;N\u00e4in Yhdistyneen kuningaskunnan lipun laskeutuvan ja Intian trikolorin nousevan. Se oli se hetki &#8211; se oli minulle k\u00e4sitt\u00e4m\u00e4t\u00f6n&#8221;, Shri Mataji muisteli. &#8220;En osaa kertoa, mik\u00e4 oli tunteemme sill\u00e4 hetkell\u00e4 &#8211; sellainen tunne, ett\u00e4 totuus on jotenkin voittanut ep\u00e4totuuden. Oikeus on voittanut v\u00e4\u00e4ryyden.&#8221;<\/p>\n<p>Vuosia kest\u00e4neen brittivallan j\u00e4lkeen itsen\u00e4isyystaistelu oli vihdoin kantanut hedelm\u00e4\u00e4 lukemattomien kansalaisten rohkeuden ja uhrausten ansiosta. &#8220;Niin monet ihmiset uhrautuivat, tuli monia marttyyreja&#8221;, H\u00e4n kertoi.<\/p>\n<p>H\u00e4nen perheens\u00e4 uhrautukset alkoivat, kun Shri Mataji oli vain kahdeksanvuotias, ja H\u00e4nen vanhempansa vangittiin vapaustaisteluun osallistumisen vuoksi. T\u00e4ss\u00e4 nuoressa i\u00e4ss\u00e4 H\u00e4n otti vastuun nuorempien sisarustensa hoitamisesta. Perhe joutui j\u00e4tt\u00e4m\u00e4\u00e4n mukavan kotinsa ja omaksumaan vaatimattoman el\u00e4m\u00e4ntavan: he asuivat pieniss\u00e4 m\u00f6keiss\u00e4, nukkuivat lattialla ja j\u00e4iv\u00e4t joskus ilman ruokaa. &#8220;Tunne siit\u00e4, ett\u00e4 mit\u00e4 tahansa vanhempamme tekev\u00e4tkin tapahtuu maamme vapauden puolesta, oli niin kohottava&#8230; ettemme koskaan edes ajatelleet pieni\u00e4 mukavuuksia, joita lapset kaipaavat&#8221;, Shri Mataji muisteli.<\/p>\n\t<p>Opiskellessaan Lahoren kristillisess\u00e4 l\u00e4\u00e4ketieteen korkeakoulussa Shri Matajista tuli nuorisojohtaja, joka osallistui aktiivisesti Mahatma Gandhin &#8220;Quit India&#8221; -liikkeeseen vuonna 1942.<a href=\"https:\/\/www.deepl.com\/en\/%E2%80%9Dhttps:\/\/shrimataji.org\/test\/college-years\/#citation-note-1%E2%80%9D\">[1]<\/a> H\u00e4net pid\u00e4tettiin useaan otteeseen ja H\u00e4nt\u00e4 jopa kidutettiin, mutta t\u00e4m\u00e4 ei vaikuttanut H\u00e4nen p\u00e4\u00e4tt\u00e4v\u00e4isyyteens\u00e4 osallistua taisteluun Intian vapauden puolesta.<\/p>\n<p>T\u00e4n\u00e4 aikana H\u00e4n tapasi er\u00e4\u00e4n huolestuneen intialaisen miehen, joka neuvoi H\u00e4nt\u00e4 olemaan osallistumatta &#8220;Quit India&#8221; -liikkeeseen, koska se olisi hyvin vaarallista H\u00e4nen kaltaiselleen nuorelle naiselle. Mies kehotti H\u00e4nt\u00e4 j\u00e4\u00e4m\u00e4\u00e4n kotiin ja pysym\u00e4\u00e4n \u00e4itins\u00e4 luona, mutta H\u00e4nen is\u00e4ns\u00e4 ei suostunut kuuntelemaan sellaista. &#8220;Is\u00e4ni kutsui Minut sivummalle&#8221;, Shri Mataji muisteli. &#8220;H\u00e4n sanoi: &#8216;\u00c4l\u00e4 kuuntele tuota vanhusta. Miten t\u00e4m\u00e4 vanha mies kehtaa kertoa Sinulle kaikenlaista h\u00f6lynp\u00f6ly\u00e4? Olen niin ylpe\u00e4 Sinusta. Toivon, ett\u00e4 kaikista lapsistani tulee samanlaisia kuin Sin\u00e4.'&#8221;<\/p>\n\t<div class=\"epyt-video-wrapper\"><div  data-ep-a=\"fadeIn\"  style=\"display: block; margin: 0px auto;\"  id=\"_ytid_86954\"  width=\"3840\" height=\"2160\"  data-origwidth=\"3840\" data-origheight=\"2160\" data-facadesrc=\"https:\/\/www.youtube.com\/embed\/o43faH-pzzc?enablejsapi=1&autoplay=0&cc_load_policy=0&cc_lang_pref=&iv_load_policy=1&loop=0&rel=0&fs=1&playsinline=1&autohide=2&theme=dark&color=red&controls=1&disablekb=0&\" class=\"__youtube_prefs__ epyt-facade  no-lazyload\" data-epautoplay=\"1\" ><img decoding=\"async\" data-spai-excluded=\"true\" class=\"epyt-facade-poster skip-lazy\" loading=\"lazy\"  alt=\"YouTube player\"  src=\"https:\/\/i.ytimg.com\/vi\/o43faH-pzzc\/maxresdefault.jpg\"  \/><button class=\"epyt-facade-play\" aria-label=\"Play\"><svg data-no-lazy=\"1\" height=\"100%\" version=\"1.1\" viewBox=\"0 0 68 48\" width=\"100%\"><path class=\"ytp-large-play-button-bg\" d=\"M66.52,7.74c-0.78-2.93-2.49-5.41-5.42-6.19C55.79,.13,34,0,34,0S12.21,.13,6.9,1.55 C3.97,2.33,2.27,4.81,1.48,7.74C0.06,13.05,0,24,0,24s0.06,10.95,1.48,16.26c0.78,2.93,2.49,5.41,5.42,6.19 C12.21,47.87,34,48,34,48s21.79-0.13,27.1-1.55c2.93-0.78,4.64-3.26,5.42-6.19C67.94,34.95,68,24,68,24S67.94,13.05,66.52,7.74z\" fill=\"#f00\"><\/path><path d=\"M 45,24 27,14 27,34\" fill=\"#fff\"><\/path><\/svg><\/button><\/div><\/div><span itemprop=\"video\" itemscope itemtype=\"http:\/\/schema.org\/VideoObject\"><meta itemprop=\"embedUrl\" content=\"https:\/\/www.youtube.com\/embed\/o43faH-pzzc\"><meta itemprop=\"name\" content=\"India&#039;s Freedom And Independence\"><meta itemprop=\"description\" content=\"Shri Mataji remembers her family&#039;s role in the struggle for Indian independence. Sacrifices were made for the sake of political freedom, as Mahatma Gandhi, with a special charm, transformed the people into a new personality. Indians felt themselves to be no longer helpless individuals, but a part of something great. From this political struggle, we can today learn how to attain the freedom of our spirit. More videos at: http:\/\/ShriMataji.org ~ A Life Dedicated to Humanity ~\"><meta itemprop=\"thumbnailUrl\" content=\"https:\/\/i.ytimg.com\/vi\/o43faH-pzzc\/0.jpg\"><meta itemprop=\"duration\" content=\"PT3M52S\"><meta itemprop=\"uploadDate\" content=\"2020-07-20T00:28:05Z\"><\/span>\n\t<p>Intiasta tuli vapaa, vaikka Britannian &#8220;hajota ja hallitse&#8221; -politiikka j\u00e4tti j\u00e4lkens\u00e4 ja synnytti lopulta kolme erillist\u00e4 valtiota &#8211; Intian, Pakistanin ja Bangladeshin. Itsen\u00e4istymist\u00e4 seuranneen sekasorron aikana Shri Mataji avasi kotinsa turvapaikkaa hakeneelle muslimiperheelle, vaikka H\u00e4nen oma henkens\u00e4 oli v\u00e4litt\u00f6m\u00e4ss\u00e4 vaarassa. H\u00e4n ei koskaan syrjinyt ket\u00e4\u00e4n olipa t\u00e4m\u00e4n uskonto tai tausta mik\u00e4 tahansa, ja H\u00e4n kannusti aina yhdentymiseen.<\/p>\n\t<div class=\"su-quote su-quote-style-default\"><div class=\"su-quote-inner su-u-clearfix su-u-trim\">Teid\u00e4n pit\u00e4\u00e4 rakastaa maatanne ja ajatella, ett\u00e4 jonain p\u00e4iv\u00e4n\u00e4 me kaikki saamme el\u00e4\u00e4 yhdess\u00e4 maailmassa. <\/div><\/div>\n\t\t<iframe loading=\"lazy\" title=\"Her Studies, Indian Independence, Gandhi\" width=\"1440\" height=\"1080\" src=\"https:\/\/www.youtube.com\/embed\/R3BuPaDgo4c?feature=oembed\" frameborder=\"0\" allow=\"accelerometer; autoplay; clipboard-write; encrypted-media; gyroscope; picture-in-picture; web-share\" allowfullscreen><\/iframe>\t\n\t\t<iframe loading=\"lazy\" title=\"Independence And Education\" width=\"1440\" height=\"1080\" src=\"https:\/\/www.youtube.com\/embed\/6zp6ERRkSy8?feature=oembed\" frameborder=\"0\" allow=\"accelerometer; autoplay; clipboard-write; encrypted-media; gyroscope; picture-in-picture; web-share\" allowfullscreen><\/iframe> \t\n\t<hr \/>\n<h3>1. <a href=\"#citation-ref-1\">^<\/a><a name=\"citation-note-1\"><\/a>Mahatma Gandhin ja Intian kansalliskongressin elokuussa 1942 k\u00e4ynnist\u00e4m\u00e4 kansalaistottelemattomuusliike, jossa kehoitettiin m\u00e4\u00e4r\u00e4tietoiseen mutta passiiviseen vastarintaan Britannian hallintoa vastaan ja vaadittiin &#8220;Britannian hallittua vet\u00e4ytymist\u00e4&#8221; Intiasta (Wikipedia, vapaa tietosanakirja).<\/h3>\n\n","protected":false},"excerpt":{"rendered":"<p>Opiskeluvuodet Vapaustaistelu Elokuun 15. p\u00e4iv\u00e4n\u00e4, keskiy\u00f6ll\u00e4 vuonna 1947, miljoonat ihmiset juhlivat maansa vapautta. Kaupungit ja kyl\u00e4t eri puolilla Intiaa nostivat yl\u00f6s &#8216;trikolorin&#8217;, kolmiv\u00e4risen lipun. Shri Mataji 13-vuotiaana &#8220;N\u00e4in Yhdistyneen kuningaskunnan lipun laskeutuvan ja Intian trikolorin nousevan. Se oli se hetki &#8211; se oli minulle k\u00e4sitt\u00e4m\u00e4t\u00f6n&#8221;, Shri Mataji muisteli. &#8220;En osaa kertoa, mik\u00e4 oli tunteemme sill\u00e4&hellip; <br \/> <a class=\"read-more\" href=\"https:\/\/shrimataji.org\/test\/fi\/opiskeluvuodet\/\">Read more<\/a><\/p>\n","protected":false},"author":29,"featured_media":9508,"parent":0,"menu_order":0,"comment_status":"closed","ping_status":"closed","template":"","meta":{"inline_featured_image":false,"footnotes":""},"class_list":["post-12565","page","type-page","status-publish","has-post-thumbnail","hentry"],"yoast_head":"<!-- This site is optimized with the Yoast SEO plugin v27.4 - https:\/\/yoast.com\/product\/yoast-seo-wordpress\/ -->\n<title>Opiskeluvuodet - TEST - SMND<\/title>\n<meta name=\"robots\" content=\"noindex, follow, max-snippet:-1, max-image-preview:large, max-video-preview:-1\" \/>\n<meta property=\"og:locale\" content=\"en_US\" \/>\n<meta property=\"og:type\" content=\"article\" \/>\n<meta property=\"og:title\" content=\"Opiskeluvuodet - TEST - SMND\" \/>\n<meta property=\"og:description\" content=\"Opiskeluvuodet Vapaustaistelu Elokuun 15. p\u00e4iv\u00e4n\u00e4, keskiy\u00f6ll\u00e4 vuonna 1947, miljoonat ihmiset juhlivat maansa vapautta. Kaupungit ja kyl\u00e4t eri puolilla Intiaa nostivat yl\u00f6s &#8216;trikolorin&#8217;, kolmiv\u00e4risen lipun. Shri Mataji 13-vuotiaana &#8220;N\u00e4in Yhdistyneen kuningaskunnan lipun laskeutuvan ja Intian trikolorin nousevan. Se oli se hetki &#8211; se oli minulle k\u00e4sitt\u00e4m\u00e4t\u00f6n&#8221;, Shri Mataji muisteli. &#8220;En osaa kertoa, mik\u00e4 oli tunteemme sill\u00e4&hellip; Read more\" \/>\n<meta property=\"og:url\" content=\"https:\/\/shrimataji.org\/test\/fi\/opiskeluvuodet\/\" \/>\n<meta property=\"og:site_name\" content=\"TEST - SMND\" \/>\n<meta property=\"article:publisher\" content=\"https:\/\/www.facebook.com\/shrimataji\" \/>\n<meta property=\"article:modified_time\" content=\"2025-06-29T18:22:48+00:00\" \/>\n<meta property=\"og:image\" content=\"https:\/\/shrimataji.org\/test\/wp-content\/uploads\/2023\/03\/2_Banner_EarlyLife-College-2-scaled.jpg\" \/>\n\t<meta property=\"og:image:width\" content=\"2560\" \/>\n\t<meta property=\"og:image:height\" content=\"905\" \/>\n\t<meta property=\"og:image:type\" content=\"image\/jpeg\" \/>\n<meta name=\"twitter:card\" content=\"summary_large_image\" \/>\n<meta name=\"twitter:site\" content=\"@shrimataji\" \/>\n<meta name=\"twitter:label1\" content=\"Est. reading time\" \/>\n\t<meta name=\"twitter:data1\" content=\"3 minutes\" \/>\n<script type=\"application\/ld+json\" class=\"yoast-schema-graph\">{\"@context\":\"https:\\\/\\\/schema.org\",\"@graph\":[{\"@type\":\"WebPage\",\"@id\":\"https:\\\/\\\/shrimataji.org\\\/test\\\/fi\\\/opiskeluvuodet\\\/\",\"url\":\"https:\\\/\\\/shrimataji.org\\\/test\\\/fi\\\/opiskeluvuodet\\\/\",\"name\":\"Opiskeluvuodet - TEST - SMND\",\"isPartOf\":{\"@id\":\"https:\\\/\\\/shrimataji.org\\\/test\\\/#website\"},\"primaryImageOfPage\":{\"@id\":\"https:\\\/\\\/shrimataji.org\\\/test\\\/fi\\\/opiskeluvuodet\\\/#primaryimage\"},\"image\":{\"@id\":\"https:\\\/\\\/shrimataji.org\\\/test\\\/fi\\\/opiskeluvuodet\\\/#primaryimage\"},\"thumbnailUrl\":\"https:\\\/\\\/shrimataji.org\\\/test\\\/wp-content\\\/uploads\\\/2023\\\/03\\\/2_Banner_EarlyLife-College-2-scaled.jpg\",\"datePublished\":\"2018-07-10T06:54:46+00:00\",\"dateModified\":\"2025-06-29T18:22:48+00:00\",\"breadcrumb\":{\"@id\":\"https:\\\/\\\/shrimataji.org\\\/test\\\/fi\\\/opiskeluvuodet\\\/#breadcrumb\"},\"inLanguage\":\"en-US\",\"potentialAction\":[{\"@type\":\"ReadAction\",\"target\":[\"https:\\\/\\\/shrimataji.org\\\/test\\\/fi\\\/opiskeluvuodet\\\/\"]}]},{\"@type\":\"ImageObject\",\"inLanguage\":\"en-US\",\"@id\":\"https:\\\/\\\/shrimataji.org\\\/test\\\/fi\\\/opiskeluvuodet\\\/#primaryimage\",\"url\":\"https:\\\/\\\/shrimataji.org\\\/test\\\/wp-content\\\/uploads\\\/2023\\\/03\\\/2_Banner_EarlyLife-College-2-scaled.jpg\",\"contentUrl\":\"https:\\\/\\\/shrimataji.org\\\/test\\\/wp-content\\\/uploads\\\/2023\\\/03\\\/2_Banner_EarlyLife-College-2-scaled.jpg\",\"width\":2560,\"height\":905},{\"@type\":\"BreadcrumbList\",\"@id\":\"https:\\\/\\\/shrimataji.org\\\/test\\\/fi\\\/opiskeluvuodet\\\/#breadcrumb\",\"itemListElement\":[{\"@type\":\"ListItem\",\"position\":1,\"name\":\"Home\",\"item\":\"https:\\\/\\\/shrimataji.org\\\/test\\\/uk\\\/home-en\\\/\"},{\"@type\":\"ListItem\",\"position\":2,\"name\":\"Opiskeluvuodet\"}]},{\"@type\":\"WebSite\",\"@id\":\"https:\\\/\\\/shrimataji.org\\\/test\\\/#website\",\"url\":\"https:\\\/\\\/shrimataji.org\\\/test\\\/\",\"name\":\"Shri Mataji Nirmala Devi\",\"description\":\"A Life Dedicated to Humanity\",\"publisher\":{\"@id\":\"https:\\\/\\\/shrimataji.org\\\/test\\\/#\\\/schema\\\/person\\\/a1b3419c6585f164aa96da1ff85715d1\"},\"potentialAction\":[{\"@type\":\"SearchAction\",\"target\":{\"@type\":\"EntryPoint\",\"urlTemplate\":\"https:\\\/\\\/shrimataji.org\\\/test\\\/?s={search_term_string}\"},\"query-input\":{\"@type\":\"PropertyValueSpecification\",\"valueRequired\":true,\"valueName\":\"search_term_string\"}}],\"inLanguage\":\"en-US\"},{\"@type\":[\"Person\",\"Organization\"],\"@id\":\"https:\\\/\\\/shrimataji.org\\\/test\\\/#\\\/schema\\\/person\\\/a1b3419c6585f164aa96da1ff85715d1\",\"name\":\"Nirmala Shrivastava\",\"image\":{\"@type\":\"ImageObject\",\"inLanguage\":\"en-US\",\"@id\":\"https:\\\/\\\/shrimataji.org\\\/test\\\/wp-content\\\/uploads\\\/2023\\\/02\\\/SMO_LOGO-03.svg\",\"url\":\"https:\\\/\\\/shrimataji.org\\\/test\\\/wp-content\\\/uploads\\\/2023\\\/02\\\/SMO_LOGO-03.svg\",\"contentUrl\":\"https:\\\/\\\/shrimataji.org\\\/test\\\/wp-content\\\/uploads\\\/2023\\\/02\\\/SMO_LOGO-03.svg\",\"width\":\"1024\",\"height\":\"1024\",\"caption\":\"Nirmala Shrivastava\"},\"logo\":{\"@id\":\"https:\\\/\\\/shrimataji.org\\\/test\\\/wp-content\\\/uploads\\\/2023\\\/02\\\/SMO_LOGO-03.svg\"},\"sameAs\":[\"https:\\\/\\\/shrimataji.org\\\/test\",\"https:\\\/\\\/www.facebook.com\\\/shrimataji\",\"https:\\\/\\\/x.com\\\/shrimataji\",\"https:\\\/\\\/www.youtube.com\\\/@Shri_Mataji_Nirmala_Devi\\\/featured\"]}]}<\/script>\n<!-- \/ Yoast SEO plugin. -->","yoast_head_json":{"title":"Opiskeluvuodet - TEST - SMND","robots":{"index":"noindex","follow":"follow","max-snippet":"max-snippet:-1","max-image-preview":"max-image-preview:large","max-video-preview":"max-video-preview:-1"},"og_locale":"en_US","og_type":"article","og_title":"Opiskeluvuodet - TEST - SMND","og_description":"Opiskeluvuodet Vapaustaistelu Elokuun 15. p\u00e4iv\u00e4n\u00e4, keskiy\u00f6ll\u00e4 vuonna 1947, miljoonat ihmiset juhlivat maansa vapautta. Kaupungit ja kyl\u00e4t eri puolilla Intiaa nostivat yl\u00f6s &#8216;trikolorin&#8217;, kolmiv\u00e4risen lipun. Shri Mataji 13-vuotiaana &#8220;N\u00e4in Yhdistyneen kuningaskunnan lipun laskeutuvan ja Intian trikolorin nousevan. Se oli se hetki &#8211; se oli minulle k\u00e4sitt\u00e4m\u00e4t\u00f6n&#8221;, Shri Mataji muisteli. &#8220;En osaa kertoa, mik\u00e4 oli tunteemme sill\u00e4&hellip; Read more","og_url":"https:\/\/shrimataji.org\/test\/fi\/opiskeluvuodet\/","og_site_name":"TEST - SMND","article_publisher":"https:\/\/www.facebook.com\/shrimataji","article_modified_time":"2025-06-29T18:22:48+00:00","og_image":[{"width":2560,"height":905,"url":"https:\/\/shrimataji.org\/test\/wp-content\/uploads\/2023\/03\/2_Banner_EarlyLife-College-2-scaled.jpg","type":"image\/jpeg"}],"twitter_card":"summary_large_image","twitter_site":"@shrimataji","twitter_misc":{"Est. reading time":"3 minutes"},"schema":{"@context":"https:\/\/schema.org","@graph":[{"@type":"WebPage","@id":"https:\/\/shrimataji.org\/test\/fi\/opiskeluvuodet\/","url":"https:\/\/shrimataji.org\/test\/fi\/opiskeluvuodet\/","name":"Opiskeluvuodet - TEST - SMND","isPartOf":{"@id":"https:\/\/shrimataji.org\/test\/#website"},"primaryImageOfPage":{"@id":"https:\/\/shrimataji.org\/test\/fi\/opiskeluvuodet\/#primaryimage"},"image":{"@id":"https:\/\/shrimataji.org\/test\/fi\/opiskeluvuodet\/#primaryimage"},"thumbnailUrl":"https:\/\/shrimataji.org\/test\/wp-content\/uploads\/2023\/03\/2_Banner_EarlyLife-College-2-scaled.jpg","datePublished":"2018-07-10T06:54:46+00:00","dateModified":"2025-06-29T18:22:48+00:00","breadcrumb":{"@id":"https:\/\/shrimataji.org\/test\/fi\/opiskeluvuodet\/#breadcrumb"},"inLanguage":"en-US","potentialAction":[{"@type":"ReadAction","target":["https:\/\/shrimataji.org\/test\/fi\/opiskeluvuodet\/"]}]},{"@type":"ImageObject","inLanguage":"en-US","@id":"https:\/\/shrimataji.org\/test\/fi\/opiskeluvuodet\/#primaryimage","url":"https:\/\/shrimataji.org\/test\/wp-content\/uploads\/2023\/03\/2_Banner_EarlyLife-College-2-scaled.jpg","contentUrl":"https:\/\/shrimataji.org\/test\/wp-content\/uploads\/2023\/03\/2_Banner_EarlyLife-College-2-scaled.jpg","width":2560,"height":905},{"@type":"BreadcrumbList","@id":"https:\/\/shrimataji.org\/test\/fi\/opiskeluvuodet\/#breadcrumb","itemListElement":[{"@type":"ListItem","position":1,"name":"Home","item":"https:\/\/shrimataji.org\/test\/uk\/home-en\/"},{"@type":"ListItem","position":2,"name":"Opiskeluvuodet"}]},{"@type":"WebSite","@id":"https:\/\/shrimataji.org\/test\/#website","url":"https:\/\/shrimataji.org\/test\/","name":"Shri Mataji Nirmala Devi","description":"A Life Dedicated to Humanity","publisher":{"@id":"https:\/\/shrimataji.org\/test\/#\/schema\/person\/a1b3419c6585f164aa96da1ff85715d1"},"potentialAction":[{"@type":"SearchAction","target":{"@type":"EntryPoint","urlTemplate":"https:\/\/shrimataji.org\/test\/?s={search_term_string}"},"query-input":{"@type":"PropertyValueSpecification","valueRequired":true,"valueName":"search_term_string"}}],"inLanguage":"en-US"},{"@type":["Person","Organization"],"@id":"https:\/\/shrimataji.org\/test\/#\/schema\/person\/a1b3419c6585f164aa96da1ff85715d1","name":"Nirmala Shrivastava","image":{"@type":"ImageObject","inLanguage":"en-US","@id":"https:\/\/shrimataji.org\/test\/wp-content\/uploads\/2023\/02\/SMO_LOGO-03.svg","url":"https:\/\/shrimataji.org\/test\/wp-content\/uploads\/2023\/02\/SMO_LOGO-03.svg","contentUrl":"https:\/\/shrimataji.org\/test\/wp-content\/uploads\/2023\/02\/SMO_LOGO-03.svg","width":"1024","height":"1024","caption":"Nirmala Shrivastava"},"logo":{"@id":"https:\/\/shrimataji.org\/test\/wp-content\/uploads\/2023\/02\/SMO_LOGO-03.svg"},"sameAs":["https:\/\/shrimataji.org\/test","https:\/\/www.facebook.com\/shrimataji","https:\/\/x.com\/shrimataji","https:\/\/www.youtube.com\/@Shri_Mataji_Nirmala_Devi\/featured"]}]}},"lang":"fi","translations":{"fi":12565,"ur":37404,"en":413,"am":17975,"th":19907,"hu":19450,"sq":18376,"zh":17273,"hi":8384,"tr":10144,"pt":10357,"de":10631,"fr":10729,"it":10827,"es":10924,"ja":11221,"ru":11409,"bn":11601,"te":11709,"sw":11832,"he":11980,"el":12271,"sk":12369,"fa":12467,"bg":13452,"ro":14526,"cs":14719,"nl":16536,"ku":16696,"ar":16872,"be":18583,"kn":18857,"mr":20271,"uk":20563,"ml":20862,"ta":22691,"sv":22964,"gu":28812,"pa":28970,"fil":29410,"da":37718,"pl":37935,"nn":38270},"pll_sync_post":[],"_links":{"self":[{"href":"https:\/\/shrimataji.org\/test\/wp-json\/wp\/v2\/pages\/12565","targetHints":{"allow":["GET"]}}],"collection":[{"href":"https:\/\/shrimataji.org\/test\/wp-json\/wp\/v2\/pages"}],"about":[{"href":"https:\/\/shrimataji.org\/test\/wp-json\/wp\/v2\/types\/page"}],"author":[{"embeddable":true,"href":"https:\/\/shrimataji.org\/test\/wp-json\/wp\/v2\/users\/29"}],"replies":[{"embeddable":true,"href":"https:\/\/shrimataji.org\/test\/wp-json\/wp\/v2\/comments?post=12565"}],"version-history":[{"count":0,"href":"https:\/\/shrimataji.org\/test\/wp-json\/wp\/v2\/pages\/12565\/revisions"}],"wp:featuredmedia":[{"embeddable":true,"href":"https:\/\/shrimataji.org\/test\/wp-json\/wp\/v2\/media\/9508"}],"wp:attachment":[{"href":"https:\/\/shrimataji.org\/test\/wp-json\/wp\/v2\/media?parent=12565"}],"curies":[{"name":"wp","href":"https:\/\/api.w.org\/{rel}","templated":true}]}}