{"id":12569,"date":"2023-02-20T03:40:29","date_gmt":"2023-02-20T03:40:29","guid":{"rendered":"https:\/\/shrimataji.org\/test\/?page_id=8414"},"modified":"2025-09-02T11:14:44","modified_gmt":"2025-09-02T11:14:44","slug":"varhaisvuodet","status":"publish","type":"page","link":"https:\/\/shrimataji.org\/test\/fi\/varhaisvuodet\/","title":{"rendered":"Varhaisvuodet"},"content":{"rendered":"\n\n\t<h1>Varhaisvuodet<\/h1>\n<h2>Gandhin suuresta vapautusliikkeest\u00e4 suurten massojen itseoivallukseen<\/h2>\n\tMahatma Gandhi j\u00e4tti l\u00e4htem\u00e4tt\u00f6m\u00e4n vaikutuksen kaikkiin, jotka h\u00e4n tapasi, my\u00f6s pieneen tytt\u00f6\u00f6n, joka asui h\u00e4nen ashramissaan. T\u00e4m\u00e4 pieni tytt\u00f6 oli Shri Mataji, jota h\u00e4n kutsui lempinimell\u00e4 Nepali nepalilaisia piirteit\u00e4 muistuttavien kasvojensa vuoksi.<br \/>\nSeitsem\u00e4nvuotiaasta l\u00e4htien Shri Mataji vietti paljon aikaa Gandhin kanssa t\u00e4m\u00e4n ashramissa. &#8220;H\u00e4n istui alas kanssani ja kysyi Minulta hyvin vakavasti hyvin herttaisia kysymyksi\u00e4&#8221;, muisteli Shri Mataji, joka usein seurasi Gandhia varhaisilla aamuk\u00e4velyill\u00e4 ennen yhteisi\u00e4 rukouksia.\n\t\t\t\t<img decoding=\"async\" src=\"https:\/\/shrimataji.org\/test\/wp-content\/uploads\/2018\/07\/media_originals\/images\/shri-mataji-and-family\/shri-mataji-as-a-young-child.jpg\" alt=\"shri-mataji-as-a-young-child\" itemprop=\"image\" height=\"407\" width=\"640\" title=\"shri-mataji-as-a-young-child\" onerror=\"this.style.display='none'\" loading=\"lazy\" \/>\n\t&#8220;H\u00e4n oli \u00e4\u00e4rimm\u00e4isen tiukka opettaja, mutta my\u00f6s eritt\u00e4in rakastava ja my\u00f6t\u00e4tuntoinen ihminen&#8221;, Shri Mataji kertoi. &#8220;H\u00e4nell\u00e4 oli aina tapana puhua Minulle ik\u00e4\u00e4n kuin olisin iso\u00e4iti, ja h\u00e4nell\u00e4 oli tapana keskustella kanssani asioista &#8211; kaikkien muiden yll\u00e4tykseksi &#8211; ik\u00e4\u00e4n kuin olisin ollut muita viisaampi. Ja h\u00e4n sanoi, ett\u00e4 joiltakin lapsilta voi saada parempaa opastusta kuin vanhemmilta ihmisilt\u00e4.&#8221;<br \/>\nShri Mataji kehui my\u00f6hemmin Gandhia siit\u00e4, ett\u00e4 h\u00e4n oli muodostanut dharman, sis\u00e4isen uskonnon tai vanhurskauden, perustan maahansa. H\u00e4n rohkaisi ihmisi\u00e4 tutkimaan Raamattua, ymm\u00e4rt\u00e4m\u00e4\u00e4n Bhagavad Gitaa, tuntemaan kaikki maailman suuret kirjoitukset ja suuret ihmiset ja ymm\u00e4rt\u00e4m\u00e4\u00e4n niit\u00e4 kokonaisvaltaisesti.\n<p>Gandhin kanssa k\u00e4ymiss\u00e4\u00e4n keskusteluissa he tutkivat paitsi ihmisen persoonallisuuden perusolemusta my\u00f6s keinoja ja tapoja, joilla voitaisiin saada aikaan sosiaalinen ja henkinen vapautuminen. Kun Shri Matajilta kysyttiin H\u00e4nen kokemuksistaan Gandhista, h\u00e4n kertoi er\u00e4\u00e4st\u00e4 heid\u00e4n keskustelustaan: Gandhi oli tiukka rutiiniensa suhteen ja laittoi ihmiset her\u00e4\u00e4m\u00e4\u00e4n nelj\u00e4lt\u00e4 aamulla, paastoamaan ja niin edelleen, jolloin Shri Mataji sanoi h\u00e4nelle: &#8220;Olet liian tiukka&#8230; eik\u00f6 t\u00e4m\u00e4 kaikki ole v\u00e4h\u00e4n liikaa?&#8221;.<\/p>\nGandhi selitti, ett\u00e4 tiukka kuri oli tarpeen h\u00e4t\u00e4tilanteen aikana, kun maan vapautuminen oli vasta p\u00e4\u00e4sem\u00e4ss\u00e4 vauhtiin.<br \/>\nT\u00e4h\u00e4n Shri Mataji ehdotti: &#8220;Bapu, jos haluat pit\u00e4\u00e4 ihmisi\u00e4 kurissa, miksi et antaisi heille sis\u00e4ist\u00e4 kuria&#8221;.<br \/>\nGandhi kysyi, miten se voisi tapahtua. Shri Mataji vakuutti, ett\u00e4 vastaus oli sis\u00e4inen muutos. Mutta Gandhi j\u00e4rkeili: &#8220;Olkaamme ensin vapaita (Britannian vallan alaisuudesta). Jos emme ole vapaita, mist\u00e4 voimme nauttia? Emme voi puhua siit\u00e4. Ihmiset sanoisivat, ett\u00e4 emme ole edes vapaita, miten voimme puhua hengen vapaudesta? Meid\u00e4n pit\u00e4\u00e4 ensin olla vapaita vieraan herruudesta.&#8221;<br \/>\nSeuraavina vuosina Gandhin sanoma levisi suurille joukoille, lukutaidottomista maanviljelij\u00f6ist\u00e4 etuoikeutettuihin luokkiin ja yhteiskunnan korkeimmin koulutettuihin j\u00e4seniin. Shri Mataji osallistui my\u00f6s vapaustaisteluun ja n\u00e4ytti esimerkki\u00e4 muille opiskelijoille.\nVuonna 1947 Intiasta tuli vihdoin vapaa kansakunta. Shri Matajin lapsuuden keskusteluista Gandhin kanssa oli kulunut vuosia, mutta v\u00e4h\u00e4n ennen Gandhin viimeisi\u00e4 p\u00e4ivi\u00e4 h\u00e4n pyysi saada tavata Shri Matajin. &#8220;Tapasin h\u00e4net&#8230; h\u00e4n tunnisti Minut heti&#8221;, Shri Mataji muisteli. &#8220;H\u00e4n sanoi: &#8216;Tavataan rukouksen j\u00e4lkeen&#8217;. Kun tapasin h\u00e4net, h\u00e4n sanoi: &#8216;Ryhdy nyt rakentavaan ty\u00f6h\u00f6n. Ryhdy rakentavaan ty\u00f6h\u00f6n&#8230;'&#8221;<br \/>\nShri Mataji jatkoi ihmisten kohtaamien erilaisten ongelmien sek\u00e4 mahdollisten ratkaisujen tutkimista. Menisi viel\u00e4 monta vuotta, ennen kuin h\u00e4n aloittaisi muutosty\u00f6ns\u00e4 Sahaja Yogan kautta. Aivan kuten Gandhi oli her\u00e4tt\u00e4nyt suuret ihmisjoukot ja johdattanut maansa vapauteen, Shri Matajin ty\u00f6kin muuttaisi ei vain muutamia vaan satoja tuhansia ihmisi\u00e4 ymp\u00e4ri maailmaa. Sis\u00e4isen vapauden aika oli tullut.\n<p>&nbsp;<\/p>\n\t\t<img decoding=\"async\" data-spai-excluded=\"true\" loading=\"lazy\"  alt=\"YouTube player\"  src=\"https:\/\/i.ytimg.com\/vi\/R3BuPaDgo4c\/maxresdefault.jpg\"  \/><button aria-label=\"Play\"><\/button><meta itemprop=\"embedUrl\" content=\"https:\/\/www.youtube.com\/embed\/R3BuPaDgo4c\"\/><meta itemprop=\"name\" content=\"Her Studies, Indian Independence, Gandhi\"\/><meta itemprop=\"description\" content=\"Shri Mataji describes her childhood and remarkable father who took her, aged 7, to meet Mahatma Gandhi. Recognizing her spiritual depths he asked the little girl to stay at his ashram and often consulted her on profound matters. She and her family were deeply committed to the freedom movement and endured great hardships. After Independence her father was the only Christian to be elected to the Central Assembly. Shri Mataji studied medicine and married Sir C.P. Srivastava. More videos at: http:\/\/ShriMataji.org ~ A Life Dedicated to Humanity ~\"\/><meta itemprop=\"thumbnailUrl\" content=\"https:\/\/i.ytimg.com\/vi\/R3BuPaDgo4c\/0.jpg\"\/><meta itemprop=\"duration\" content=\"PT6M33S\"\/><meta itemprop=\"uploadDate\" content=\"2020-07-19T23:59:15Z\"\/>\t\n\t<div class=\"su-quote su-quote-style-default\"><div class=\"su-quote-inner su-u-clearfix su-u-trim\">Poliittisen johtajan ei tarvitse huolehtia hengest\u00e4 ja uskonnosta, mutta h\u00e4n piti maatamme joogan maana &#8230; Gandhin t\u00e4rkein panos oli saada ihmiset tasapainoon ja tehd\u00e4 heist\u00e4 intialaisempia, poistaa meihin ujuttautunut orjamainen mentaliteetti.<\/div><\/div>\n\t\t\t\t<img decoding=\"async\" src=\"https:\/\/shrimataji.org\/test\/wp-content\/uploads\/2023\/02\/Chhindwara_Final-1920x516-1.webp\" alt=\"H\u00e4nen pyhyytens\u00e4 Shri Mataji Nirmala Devin syntym\u00e4paikka, Chhindwara, Intia.\" itemprop=\"image\" height=\"516\" width=\"1920\" title=\"Chhindwara_Final-1920x516\" onerror=\"this.style.display='none'\" loading=\"lazy\" \/>\n\t\tH\u00e4nen pyhyytens\u00e4 Shri Mataji Nirmala Devin syntym\u00e4paikka, Chhindwara, Intia.\n\n","protected":false},"excerpt":{"rendered":"<p>Varhaisvuodet Gandhin suuresta vapautusliikkeest\u00e4 suurten massojen itseoivallukseen Mahatma Gandhi j\u00e4tti l\u00e4htem\u00e4tt\u00f6m\u00e4n vaikutuksen kaikkiin, jotka h\u00e4n tapasi, my\u00f6s pieneen tytt\u00f6\u00f6n, joka asui h\u00e4nen ashramissaan. T\u00e4m\u00e4 pieni tytt\u00f6 oli Shri Mataji, jota h\u00e4n kutsui lempinimell\u00e4 Nepali nepalilaisia piirteit\u00e4 muistuttavien kasvojensa vuoksi. Seitsem\u00e4nvuotiaasta l\u00e4htien Shri Mataji vietti paljon aikaa Gandhin kanssa t\u00e4m\u00e4n ashramissa. &#8220;H\u00e4n istui alas kanssani ja&hellip; <br \/> <a class=\"read-more\" href=\"https:\/\/shrimataji.org\/test\/fi\/varhaisvuodet\/\">Read more<\/a><\/p>\n","protected":false},"author":29,"featured_media":9507,"parent":0,"menu_order":0,"comment_status":"closed","ping_status":"closed","template":"","meta":{"inline_featured_image":false,"footnotes":""},"class_list":["post-12569","page","type-page","status-publish","has-post-thumbnail","hentry"],"yoast_head":"<!-- This site is optimized with the Yoast SEO plugin v27.4 - https:\/\/yoast.com\/product\/yoast-seo-wordpress\/ -->\n<title>Varhaisvuodet - TEST - SMND<\/title>\n<meta name=\"robots\" content=\"noindex, follow, max-snippet:-1, max-image-preview:large, max-video-preview:-1\" \/>\n<meta property=\"og:locale\" content=\"en_US\" \/>\n<meta property=\"og:type\" content=\"article\" \/>\n<meta property=\"og:title\" content=\"Varhaisvuodet - TEST - SMND\" \/>\n<meta property=\"og:description\" content=\"Varhaisvuodet Gandhin suuresta vapautusliikkeest\u00e4 suurten massojen itseoivallukseen Mahatma Gandhi j\u00e4tti l\u00e4htem\u00e4tt\u00f6m\u00e4n vaikutuksen kaikkiin, jotka h\u00e4n tapasi, my\u00f6s pieneen tytt\u00f6\u00f6n, joka asui h\u00e4nen ashramissaan. T\u00e4m\u00e4 pieni tytt\u00f6 oli Shri Mataji, jota h\u00e4n kutsui lempinimell\u00e4 Nepali nepalilaisia piirteit\u00e4 muistuttavien kasvojensa vuoksi. Seitsem\u00e4nvuotiaasta l\u00e4htien Shri Mataji vietti paljon aikaa Gandhin kanssa t\u00e4m\u00e4n ashramissa. &#8220;H\u00e4n istui alas kanssani ja&hellip; Read more\" \/>\n<meta property=\"og:url\" content=\"https:\/\/shrimataji.org\/test\/fi\/varhaisvuodet\/\" \/>\n<meta property=\"og:site_name\" content=\"TEST - SMND\" \/>\n<meta property=\"article:publisher\" content=\"https:\/\/www.facebook.com\/shrimataji\" \/>\n<meta property=\"article:modified_time\" content=\"2025-09-02T11:14:44+00:00\" \/>\n<meta property=\"og:image\" content=\"https:\/\/shrimataji.org\/test\/wp-content\/uploads\/2023\/03\/1_Banner_EarlyLife-scaled.jpg\" \/>\n\t<meta property=\"og:image:width\" content=\"2560\" \/>\n\t<meta property=\"og:image:height\" content=\"905\" \/>\n\t<meta property=\"og:image:type\" content=\"image\/jpeg\" \/>\n<meta name=\"twitter:card\" content=\"summary_large_image\" \/>\n<meta name=\"twitter:site\" content=\"@shrimataji\" \/>\n<meta name=\"twitter:label1\" content=\"Est. reading time\" \/>\n\t<meta name=\"twitter:data1\" content=\"4 minutes\" \/>\n<script type=\"application\/ld+json\" class=\"yoast-schema-graph\">{\"@context\":\"https:\\\/\\\/schema.org\",\"@graph\":[{\"@type\":\"WebPage\",\"@id\":\"https:\\\/\\\/shrimataji.org\\\/test\\\/fi\\\/varhaisvuodet\\\/\",\"url\":\"https:\\\/\\\/shrimataji.org\\\/test\\\/fi\\\/varhaisvuodet\\\/\",\"name\":\"Varhaisvuodet - TEST - SMND\",\"isPartOf\":{\"@id\":\"https:\\\/\\\/shrimataji.org\\\/test\\\/#website\"},\"primaryImageOfPage\":{\"@id\":\"https:\\\/\\\/shrimataji.org\\\/test\\\/fi\\\/varhaisvuodet\\\/#primaryimage\"},\"image\":{\"@id\":\"https:\\\/\\\/shrimataji.org\\\/test\\\/fi\\\/varhaisvuodet\\\/#primaryimage\"},\"thumbnailUrl\":\"https:\\\/\\\/shrimataji.org\\\/test\\\/wp-content\\\/uploads\\\/2023\\\/03\\\/1_Banner_EarlyLife-scaled.jpg\",\"datePublished\":\"2023-02-20T03:40:29+00:00\",\"dateModified\":\"2025-09-02T11:14:44+00:00\",\"breadcrumb\":{\"@id\":\"https:\\\/\\\/shrimataji.org\\\/test\\\/fi\\\/varhaisvuodet\\\/#breadcrumb\"},\"inLanguage\":\"en-US\",\"potentialAction\":[{\"@type\":\"ReadAction\",\"target\":[\"https:\\\/\\\/shrimataji.org\\\/test\\\/fi\\\/varhaisvuodet\\\/\"]}]},{\"@type\":\"ImageObject\",\"inLanguage\":\"en-US\",\"@id\":\"https:\\\/\\\/shrimataji.org\\\/test\\\/fi\\\/varhaisvuodet\\\/#primaryimage\",\"url\":\"https:\\\/\\\/shrimataji.org\\\/test\\\/wp-content\\\/uploads\\\/2023\\\/03\\\/1_Banner_EarlyLife-scaled.jpg\",\"contentUrl\":\"https:\\\/\\\/shrimataji.org\\\/test\\\/wp-content\\\/uploads\\\/2023\\\/03\\\/1_Banner_EarlyLife-scaled.jpg\",\"width\":2560,\"height\":905},{\"@type\":\"BreadcrumbList\",\"@id\":\"https:\\\/\\\/shrimataji.org\\\/test\\\/fi\\\/varhaisvuodet\\\/#breadcrumb\",\"itemListElement\":[{\"@type\":\"ListItem\",\"position\":1,\"name\":\"Home\",\"item\":\"https:\\\/\\\/shrimataji.org\\\/test\\\/uk\\\/home-en\\\/\"},{\"@type\":\"ListItem\",\"position\":2,\"name\":\"Varhaisvuodet\"}]},{\"@type\":\"WebSite\",\"@id\":\"https:\\\/\\\/shrimataji.org\\\/test\\\/#website\",\"url\":\"https:\\\/\\\/shrimataji.org\\\/test\\\/\",\"name\":\"Shri Mataji Nirmala Devi\",\"description\":\"A Life Dedicated to Humanity\",\"publisher\":{\"@id\":\"https:\\\/\\\/shrimataji.org\\\/test\\\/#\\\/schema\\\/person\\\/a1b3419c6585f164aa96da1ff85715d1\"},\"potentialAction\":[{\"@type\":\"SearchAction\",\"target\":{\"@type\":\"EntryPoint\",\"urlTemplate\":\"https:\\\/\\\/shrimataji.org\\\/test\\\/?s={search_term_string}\"},\"query-input\":{\"@type\":\"PropertyValueSpecification\",\"valueRequired\":true,\"valueName\":\"search_term_string\"}}],\"inLanguage\":\"en-US\"},{\"@type\":[\"Person\",\"Organization\"],\"@id\":\"https:\\\/\\\/shrimataji.org\\\/test\\\/#\\\/schema\\\/person\\\/a1b3419c6585f164aa96da1ff85715d1\",\"name\":\"Nirmala Shrivastava\",\"image\":{\"@type\":\"ImageObject\",\"inLanguage\":\"en-US\",\"@id\":\"https:\\\/\\\/shrimataji.org\\\/test\\\/wp-content\\\/uploads\\\/2023\\\/02\\\/SMO_LOGO-03.svg\",\"url\":\"https:\\\/\\\/shrimataji.org\\\/test\\\/wp-content\\\/uploads\\\/2023\\\/02\\\/SMO_LOGO-03.svg\",\"contentUrl\":\"https:\\\/\\\/shrimataji.org\\\/test\\\/wp-content\\\/uploads\\\/2023\\\/02\\\/SMO_LOGO-03.svg\",\"width\":\"1024\",\"height\":\"1024\",\"caption\":\"Nirmala Shrivastava\"},\"logo\":{\"@id\":\"https:\\\/\\\/shrimataji.org\\\/test\\\/wp-content\\\/uploads\\\/2023\\\/02\\\/SMO_LOGO-03.svg\"},\"sameAs\":[\"https:\\\/\\\/shrimataji.org\\\/test\",\"https:\\\/\\\/www.facebook.com\\\/shrimataji\",\"https:\\\/\\\/x.com\\\/shrimataji\",\"https:\\\/\\\/www.youtube.com\\\/@Shri_Mataji_Nirmala_Devi\\\/featured\"]}]}<\/script>\n<!-- \/ Yoast SEO plugin. -->","yoast_head_json":{"title":"Varhaisvuodet - TEST - SMND","robots":{"index":"noindex","follow":"follow","max-snippet":"max-snippet:-1","max-image-preview":"max-image-preview:large","max-video-preview":"max-video-preview:-1"},"og_locale":"en_US","og_type":"article","og_title":"Varhaisvuodet - TEST - SMND","og_description":"Varhaisvuodet Gandhin suuresta vapautusliikkeest\u00e4 suurten massojen itseoivallukseen Mahatma Gandhi j\u00e4tti l\u00e4htem\u00e4tt\u00f6m\u00e4n vaikutuksen kaikkiin, jotka h\u00e4n tapasi, my\u00f6s pieneen tytt\u00f6\u00f6n, joka asui h\u00e4nen ashramissaan. T\u00e4m\u00e4 pieni tytt\u00f6 oli Shri Mataji, jota h\u00e4n kutsui lempinimell\u00e4 Nepali nepalilaisia piirteit\u00e4 muistuttavien kasvojensa vuoksi. Seitsem\u00e4nvuotiaasta l\u00e4htien Shri Mataji vietti paljon aikaa Gandhin kanssa t\u00e4m\u00e4n ashramissa. &#8220;H\u00e4n istui alas kanssani ja&hellip; Read more","og_url":"https:\/\/shrimataji.org\/test\/fi\/varhaisvuodet\/","og_site_name":"TEST - SMND","article_publisher":"https:\/\/www.facebook.com\/shrimataji","article_modified_time":"2025-09-02T11:14:44+00:00","og_image":[{"width":2560,"height":905,"url":"https:\/\/shrimataji.org\/test\/wp-content\/uploads\/2023\/03\/1_Banner_EarlyLife-scaled.jpg","type":"image\/jpeg"}],"twitter_card":"summary_large_image","twitter_site":"@shrimataji","twitter_misc":{"Est. reading time":"4 minutes"},"schema":{"@context":"https:\/\/schema.org","@graph":[{"@type":"WebPage","@id":"https:\/\/shrimataji.org\/test\/fi\/varhaisvuodet\/","url":"https:\/\/shrimataji.org\/test\/fi\/varhaisvuodet\/","name":"Varhaisvuodet - TEST - SMND","isPartOf":{"@id":"https:\/\/shrimataji.org\/test\/#website"},"primaryImageOfPage":{"@id":"https:\/\/shrimataji.org\/test\/fi\/varhaisvuodet\/#primaryimage"},"image":{"@id":"https:\/\/shrimataji.org\/test\/fi\/varhaisvuodet\/#primaryimage"},"thumbnailUrl":"https:\/\/shrimataji.org\/test\/wp-content\/uploads\/2023\/03\/1_Banner_EarlyLife-scaled.jpg","datePublished":"2023-02-20T03:40:29+00:00","dateModified":"2025-09-02T11:14:44+00:00","breadcrumb":{"@id":"https:\/\/shrimataji.org\/test\/fi\/varhaisvuodet\/#breadcrumb"},"inLanguage":"en-US","potentialAction":[{"@type":"ReadAction","target":["https:\/\/shrimataji.org\/test\/fi\/varhaisvuodet\/"]}]},{"@type":"ImageObject","inLanguage":"en-US","@id":"https:\/\/shrimataji.org\/test\/fi\/varhaisvuodet\/#primaryimage","url":"https:\/\/shrimataji.org\/test\/wp-content\/uploads\/2023\/03\/1_Banner_EarlyLife-scaled.jpg","contentUrl":"https:\/\/shrimataji.org\/test\/wp-content\/uploads\/2023\/03\/1_Banner_EarlyLife-scaled.jpg","width":2560,"height":905},{"@type":"BreadcrumbList","@id":"https:\/\/shrimataji.org\/test\/fi\/varhaisvuodet\/#breadcrumb","itemListElement":[{"@type":"ListItem","position":1,"name":"Home","item":"https:\/\/shrimataji.org\/test\/uk\/home-en\/"},{"@type":"ListItem","position":2,"name":"Varhaisvuodet"}]},{"@type":"WebSite","@id":"https:\/\/shrimataji.org\/test\/#website","url":"https:\/\/shrimataji.org\/test\/","name":"Shri Mataji Nirmala Devi","description":"A Life Dedicated to Humanity","publisher":{"@id":"https:\/\/shrimataji.org\/test\/#\/schema\/person\/a1b3419c6585f164aa96da1ff85715d1"},"potentialAction":[{"@type":"SearchAction","target":{"@type":"EntryPoint","urlTemplate":"https:\/\/shrimataji.org\/test\/?s={search_term_string}"},"query-input":{"@type":"PropertyValueSpecification","valueRequired":true,"valueName":"search_term_string"}}],"inLanguage":"en-US"},{"@type":["Person","Organization"],"@id":"https:\/\/shrimataji.org\/test\/#\/schema\/person\/a1b3419c6585f164aa96da1ff85715d1","name":"Nirmala Shrivastava","image":{"@type":"ImageObject","inLanguage":"en-US","@id":"https:\/\/shrimataji.org\/test\/wp-content\/uploads\/2023\/02\/SMO_LOGO-03.svg","url":"https:\/\/shrimataji.org\/test\/wp-content\/uploads\/2023\/02\/SMO_LOGO-03.svg","contentUrl":"https:\/\/shrimataji.org\/test\/wp-content\/uploads\/2023\/02\/SMO_LOGO-03.svg","width":"1024","height":"1024","caption":"Nirmala Shrivastava"},"logo":{"@id":"https:\/\/shrimataji.org\/test\/wp-content\/uploads\/2023\/02\/SMO_LOGO-03.svg"},"sameAs":["https:\/\/shrimataji.org\/test","https:\/\/www.facebook.com\/shrimataji","https:\/\/x.com\/shrimataji","https:\/\/www.youtube.com\/@Shri_Mataji_Nirmala_Devi\/featured"]}]}},"lang":"fi","translations":{"fi":12569,"ur":37411,"en":8414,"am":18348,"th":19917,"hu":19457,"sq":18383,"zh":17280,"hi":8389,"tr":10148,"pt":10361,"de":10635,"fr":10733,"it":10831,"es":10928,"ja":11225,"ru":11413,"bn":11605,"te":11713,"sw":11836,"he":11984,"el":12275,"sk":12373,"fa":12471,"bg":13361,"ro":14435,"cs":14628,"nl":16543,"ku":16703,"ar":16879,"be":18590,"kn":18864,"mr":20281,"uk":20573,"ml":20872,"ta":22698,"sv":22971,"gu":28819,"pa":28977,"fil":29417,"da":37725,"pl":37942,"nn":38277},"pll_sync_post":[],"_links":{"self":[{"href":"https:\/\/shrimataji.org\/test\/wp-json\/wp\/v2\/pages\/12569","targetHints":{"allow":["GET"]}}],"collection":[{"href":"https:\/\/shrimataji.org\/test\/wp-json\/wp\/v2\/pages"}],"about":[{"href":"https:\/\/shrimataji.org\/test\/wp-json\/wp\/v2\/types\/page"}],"author":[{"embeddable":true,"href":"https:\/\/shrimataji.org\/test\/wp-json\/wp\/v2\/users\/29"}],"replies":[{"embeddable":true,"href":"https:\/\/shrimataji.org\/test\/wp-json\/wp\/v2\/comments?post=12569"}],"version-history":[{"count":0,"href":"https:\/\/shrimataji.org\/test\/wp-json\/wp\/v2\/pages\/12569\/revisions"}],"wp:featuredmedia":[{"embeddable":true,"href":"https:\/\/shrimataji.org\/test\/wp-json\/wp\/v2\/media\/9507"}],"wp:attachment":[{"href":"https:\/\/shrimataji.org\/test\/wp-json\/wp\/v2\/media?parent=12569"}],"curies":[{"name":"wp","href":"https:\/\/api.w.org\/{rel}","templated":true}]}}