{"id":12570,"date":"2011-02-12T02:00:00","date_gmt":"2011-02-12T02:00:00","guid":{"rendered":"http:\/\/testwordpress.nirmalnagari.org\/smnd\/index.php\/ecology\/"},"modified":"2025-06-12T07:38:00","modified_gmt":"2025-06-12T07:38:00","slug":"ekologia","status":"publish","type":"page","link":"https:\/\/shrimataji.org\/test\/fi\/ekologia\/","title":{"rendered":"Ekologia"},"content":{"rendered":"\n\n\t<h1>Ekologia<\/h1>\n<h2>Luonnollinen tasapaino<\/h2>\n\t<div class=\"su-quote su-quote-style-default\"><div class=\"su-quote-inner su-u-clearfix su-u-trim\">Jos emme osaa kunnioittaa \u00c4iti Maata, emme osaa kunnioittaa itse\u00e4mme.<\/div><\/div>\n\t<p>Shri Matajin n\u00e4kemys luonnosta oli \u00c4iti Maa, joka tarjoaa ja yll\u00e4pit\u00e4\u00e4 el\u00e4m\u00e4\u00e4, joka on el\u00e4v\u00e4 kokonaisuus, jota on kunnioitettava, jopa pidett\u00e4v\u00e4 pyh\u00e4n\u00e4. H\u00e4n selitti kerran, kuinka H\u00e4nt\u00e4 ja H\u00e4nen velji\u00e4\u00e4n ja sisariaan opetettiin, kuten kaikkia intialaisia lapsia, pyyt\u00e4m\u00e4\u00e4n aamuisin anteeksi \u00c4iti Maalta, &#8220;koska kosketimme h\u00e4nt\u00e4 jaloillamme&#8221;.<\/p>\n<p>Shri Mataji kiersi maailmaa l\u00e4hes 40 vuoden ajan her\u00e4tt\u00e4m\u00e4ss\u00e4 ihmisen sis\u00e4ist\u00e4 potentiaalia rauhallisemman ja v\u00e4hemm\u00e4n itsekeskeisen mielentilan oivaltamiseksi. Ihmiset, jotka tulivat H\u00e4nen j\u00e4rjest\u00e4miins\u00e4 tilaisuuksiin ja meditaatioihin, olivat henkisyyden etsij\u00f6it\u00e4, ja H\u00e4n teki heille selv\u00e4ksi, ett\u00e4 henkisyys ei voi kukoistaa ilman t\u00e4ytt\u00e4 oivallusta omasta vastavuoroisesta suhteesta luontoon.<\/p>\n<p>Jo 1970-luvun alusta l\u00e4htien, jolloin H\u00e4n aloitti Sahaja Yogan parissa ty\u00f6skentelyn, Shri Mataji varoitti selke\u00e4sti meit\u00e4 uhkaavista vaaroista, jotka jonain p\u00e4iv\u00e4n\u00e4 uhkaisivat ymp\u00e4rist\u00f6\u00e4mme &#8211; muovin ylituotannosta, ydinvoiman vaaroista, maatalouden liiallisesta hyv\u00e4ksik\u00e4yt\u00f6st\u00e4, ajoneuvojen aiheuttamasta saastumisesta sek\u00e4 meriemme, j\u00e4rviemme ja jokiemme pilaantumisesta.<\/p>\n\t\t\t\t<img loading=\"lazy\" decoding=\"async\" src=\"https:\/\/shrimataji.org\/test\/wp-content\/uploads\/2018\/07\/media_originals\/images\/flowers\/purple-flowers-by-vera-subkus-300x300.jpg\" alt=\"\" itemprop=\"image\" height=\"300\" width=\"300\" onerror=\"this.style.display='none'\"  \/>\n\t\t\t\t<img loading=\"lazy\" decoding=\"async\" src=\"https:\/\/shrimataji.org\/test\/wp-content\/uploads\/2018\/07\/media_originals\/images\/art\/wentworth-falls-artwork-by-meredith-cooper.jpg\" alt=\"Wentworth Falls, Maalaus: Meredith Cooper\" itemprop=\"image\" height=\"1000\" width=\"993\" onerror=\"this.style.display='none'\"  \/>\n\t\tWentworth Falls, Maalaus: Meredith Cooper\n\t<p>Kielt\u00e4m\u00e4tt\u00e4 niiden hy\u00f6dyllisyytt\u00e4 tietyiss\u00e4 tilanteissa H\u00e4n kritisoi muovin liiallista k\u00e4ytt\u00f6\u00e4 ja sen tuhoisaa levi\u00e4mist\u00e4 luontoon. &#8220;Ne, jotka ovat tekemisiss\u00e4 muovien kehitt\u00e4misen ja valmistuksen kanssa, kehitt\u00e4v\u00e4t ja rakentavat taloudellista imagoaan multimiljon\u00e4\u00e4rein\u00e4&#8221;, H\u00e4n selitti. &#8220;Samaan aikaan j\u00e4rjet\u00f6n kuluttaminen luo jatkuvasti uusia muovivuoria, joten emme tied\u00e4, miten aiomme ratkaista ongelman, joka liittyy n\u00e4iden ihmisen tekemien vuorten tuhoamiseen, sill\u00e4 ne eiv\u00e4t ole vain rumia, vaan saattavat jopa pilata ilmakeh\u00e4n jo pelk\u00e4ll\u00e4 olemassaolollaan. Muovien ja keinokuitujen ylituotanto on tietenkin vakava sivutuote pakonomaisesta kulutuksesta, jota ruokkii muodin k\u00e4site.&#8221;<\/p>\n<p>Shri Mataji vetosi valppauteen my\u00f6s ydinenergian suhteen jo kauan ennen T\u0161ernobylin ja Fukushiman tragedioita. &#8220;T\u0161ernobyl on ollut valtavan suuri ongelma&#8230; ja se oli meille opetus siit\u00e4, ett\u00e4 meid\u00e4n ei pit\u00e4isi antautua liikaa atomienergian armoille.&#8221; H\u00e4nen mukaansa ydinfissio on hy\u00f6kk\u00e4ys ytimen luonnollista kokonaisuutta vastaan, mik\u00e4 selitt\u00e4\u00e4 hienojakoisella tasolla siit\u00e4 syntyv\u00e4n energian tuhoisat sivutuotteet.<\/p>\n\t<p>H\u00e4n varoitti nykyajan tuhlailevasta energiankulutuksesta ja kannusti s\u00e4\u00e4st\u00e4v\u00e4iseen l\u00e4hestymistapaan jokap\u00e4iv\u00e4isess\u00e4 el\u00e4m\u00e4ss\u00e4. Jokaisen &#8220;pit\u00e4\u00e4 olla tietoinen siit\u00e4, kuinka paljon energiaa h\u00e4n k\u00e4ytt\u00e4\u00e4, kuinka paljon s\u00e4hk\u00f6\u00e4, puhelinta, vett\u00e4 tai mit\u00e4 tahansa&#8221;, H\u00e4n sanoi. &#8220;Meid\u00e4n on oltava s\u00e4\u00e4st\u00e4v\u00e4isi\u00e4&#8230; Teid\u00e4n on otettava jokap\u00e4iv\u00e4isess\u00e4 el\u00e4m\u00e4ss\u00e4nne osaksi el\u00e4m\u00e4ntapaanne se, ett\u00e4 yrit\u00e4tte s\u00e4\u00e4st\u00e4\u00e4 \u00c4iti Maan energiaa. Se on hyvin t\u00e4rke\u00e4\u00e4.&#8221;<\/p>\n<p>Shri Mataji huomautti useaan otteeseen tiell\u00e4 kulkevien yhden matkustajan henkil\u00f6autojen m\u00e4\u00e4r\u00e4st\u00e4, jotka kaikki olivat menossa samaan suuntaan. H\u00e4n ehdotti kimppakyytej\u00e4 tarpeettoman saastuttamisen v\u00e4hent\u00e4miseksi ja kollektiivisemman asenteen luomiseksi ja ymp\u00e4rist\u00f6vastuun kehitt\u00e4miseksi. H\u00e4n suositteli usein k\u00e4vely\u00e4 tapana l\u00f6yt\u00e4\u00e4 luonnon hienouksia liian kiireisess\u00e4 maailmassa.<\/p>\n\t<p>Sanojensa lis\u00e4ksi Shri Matajin henkil\u00f6kohtaisella esimerkill\u00e4 on ollut ehk\u00e4 voimakkain vaikutus h\u00e4nen opetuksessaan. Jokaisessa paikassa, jossa H\u00e4n vieraili, H\u00e4n tapasi paikallisia k\u00e4sity\u00f6l\u00e4isi\u00e4 ja tuki heit\u00e4 ostamalla heid\u00e4n k\u00e4sit\u00f6it\u00e4\u00e4n. H\u00e4n oli kiinnostunut k\u00e4sity\u00f6l\u00e4isten ty\u00f6n kaikista pienimmist\u00e4kin yksityiskohdista &#8211; k\u00e4ytetyist\u00e4 materiaaleista, niiden alkuper\u00e4st\u00e4, ty\u00f6oloista ja k\u00e4sity\u00f6l\u00e4isperheiden elintasosta.<\/p>\n\t<div class=\"su-quote su-quote-style-default\"><div class=\"su-quote-inner su-u-clearfix su-u-trim\">Meid\u00e4n on muutettava tasapainoa koneiden ja ihmisten tekemien esineiden v\u00e4lill\u00e4 ja siirrytt\u00e4v\u00e4 enemm\u00e4n luonnollisiin asioihin.<\/div><\/div>\n\t<p>H\u00e4n korosti usein k\u00e4sintehtyjen tuotteiden ekologista ja taloudellista arvoa. Kuluttajat katkaisevat ostok\u00e4ytt\u00e4ytymisell\u00e4\u00e4n suurten teollisuusyritysten lobbaajien, muodin ja kertak\u00e4ytt\u00f6kulttuurin orjuuden kahleet. N\u00e4in he my\u00f6s v\u00e4hent\u00e4v\u00e4t ylet\u00f6nt\u00e4 kulutusta ja luovat ty\u00f6paikkoja. K\u00e4sintehtyjen tuotteiden hinta on yleens\u00e4 korkeampi kuin koneiden massatuotteissa, koska niihin on k\u00e4ytetty ty\u00f6t\u00e4 ja aikaa. T\u00e4m\u00e4 tarkoittaa kuitenkin sit\u00e4, ett\u00e4 kuluttajat arvostavat niit\u00e4 sen sijaan, ett\u00e4 heitt\u00e4v\u00e4t ne pois.<\/p>\n<p>Samalla H\u00e4n tunnusti teollisen tuotannon ja koneiden hy\u00f6dyllisyyden, mutta vaati tasapainon l\u00f6yt\u00e4mist\u00e4 k\u00e4sintehdyn ja koneellisesti valmistetun v\u00e4lill\u00e4. &#8220;Koneita pit\u00e4isi k\u00e4ytt\u00e4\u00e4 kaikkeen, mik\u00e4 on julkista ty\u00f6t\u00e4&#8221;, H\u00e4n ehdotti. &#8220;Kuten moottoriautoissa, junissa, raitiovaunuissa, kaikissa julkisissa t\u00f6iss\u00e4, jotka tapahtuvat ulkona. Korkeintaan rakennuksissa voidaan k\u00e4ytt\u00e4\u00e4 koneita. Mutta henkil\u00f6kohtaisten tavaroiden on hyv\u00e4 olla k\u00e4sintehtyj\u00e4. Henkisille ihmisille on hyv\u00e4 k\u00e4ytt\u00e4\u00e4 jotain k\u00e4sintehty\u00e4 tai aitoa.&#8221;<\/p>\n<p>Maailma on nyky\u00e4\u00e4n kriittisess\u00e4 k\u00e4\u00e4nnekohdassa ilmastonmuutoksen suhteen, josta uhkaa tulla ennenn\u00e4kem\u00e4tt\u00f6m\u00e4n suuri maailmanlaajuinen ymp\u00e4rist\u00f6katastrofi. Nykyiset tieteelliset tutkimukset osoittavat selv\u00e4sti, ett\u00e4 teollisen aikakauden alusta l\u00e4htien muuttuneet ihmisen prioriteetit ovat vaikuttaneet dramaattisesti maailmanlaajuiseen ymp\u00e4rist\u00f6n pilaantumiseen ja ett\u00e4 vain koko ihmiskunnan yhteiset ponnistelut sopeutua kest\u00e4v\u00e4\u00e4n el\u00e4m\u00e4ntapaan voivat johdattaa meid\u00e4t pois uhkaavasta vaarasta.<\/p>\n<p>Sahaja Yoga -meditaation harjoittaminen luo kehon, mielen ja hengen kokonaisvaltaisen tasapainon, joka mahdollistaa ep\u00e4itsekk\u00e4\u00e4n el\u00e4m\u00e4ntavan harjoittamisen ja siit\u00e4 nauttimisen sek\u00e4 luonnon kanssa sopusoinnussa el\u00e4misen. Sahaja Yogan avulla helposti saavutettavan k\u00e4ytt\u00e4ytymismuutoksen lis\u00e4ksi Shri Mataji suositteli Sahaja Yogan harjoittajan tietoisuuteen olennaisesti kuuluvan hienojakoisen v\u00e4r\u00e4htelyenergian k\u00e4ytt\u00e4mist\u00e4 Luonto\u00e4idin el\u00e4v\u00e4n voiman elvytt\u00e4miseen ja luonnollisen ekologisen kasvun edist\u00e4miseen. T\u00e4llaiset sahaja-joogien ymp\u00e4ri maailmaa tekem\u00e4t tuhannet maatalouskokeilut[1<a href=\"https:\/\/www.deepl.com\/en\/%E2%80%9Dhttps:\/\/shrimataji.org\/test\/ecology\/#[1]%E2%80%9D\">]<\/a> ovat tuottaneet h\u00e4mm\u00e4stytt\u00e4vi\u00e4 tuloksia biosf\u00e4\u00e4rimme parantumisessa ja v\u00e4hent\u00e4neet riippuvuuttamme ymp\u00e4rist\u00f6lle haitallisiin kemiallisiin lannoitteisiin.<\/p>\n<p>Shri Matajin visio tasapainoisesta maailmasta alkaa ihmisist\u00e4, jotka ovat tasapainossa sis\u00e4ll\u00e4 itsess\u00e4\u00e4n. Vasta kun t\u00e4m\u00e4 sis\u00e4inen tasapaino on saavutettu, ihmiset voivat saavuttaa harmonisen ja kunnioittavan suhteen ymp\u00e4rist\u00f6\u00f6n ja \u00c4iti Maahan, joka yll\u00e4pit\u00e4\u00e4 meit\u00e4 kaikkia.<\/p>\n\t<h5>&#8220;Maapallo tarjoaa tarpeeksi tyydytt\u00e4\u00e4kseen jokaisen ihmisen tarpeet, mutta ei jokaisen ihmisen ahneutta.&#8221;<\/h5>\n<h5>Mahatma Gandhi<\/h5>\n\t<p><a href=\"https:\/\/sahajkrishi.org\/english\/category\/sahaja-agriculture\/\" target=\"_blank\" rel=\"noopener\">https:\/\/sahajkrishi.org\/english\/category\/sahaja-agriculture\/<\/a><\/p>\n<hr \/>\n<h3><a href=\"https:\/\/shrimataji.org\/test\/ecology\/#_ftnref1\" name=\"_ftn1\">[1]<\/a>\u00a0https:\/\/sahajkrishi.org\/english\/category\/sahaja-agriculture\/<\/h3>\n\n","protected":false},"excerpt":{"rendered":"<p>Ekologia Luonnollinen tasapaino Shri Matajin n\u00e4kemys luonnosta oli \u00c4iti Maa, joka tarjoaa ja yll\u00e4pit\u00e4\u00e4 el\u00e4m\u00e4\u00e4, joka on el\u00e4v\u00e4 kokonaisuus, jota on kunnioitettava, jopa pidett\u00e4v\u00e4 pyh\u00e4n\u00e4. H\u00e4n selitti kerran, kuinka H\u00e4nt\u00e4 ja H\u00e4nen velji\u00e4\u00e4n ja sisariaan opetettiin, kuten kaikkia intialaisia lapsia, pyyt\u00e4m\u00e4\u00e4n aamuisin anteeksi \u00c4iti Maalta, &#8220;koska kosketimme h\u00e4nt\u00e4 jaloillamme&#8221;. Shri Mataji kiersi maailmaa l\u00e4hes 40&hellip; <br \/> <a class=\"read-more\" href=\"https:\/\/shrimataji.org\/test\/fi\/ekologia\/\">Read more<\/a><\/p>\n","protected":false},"author":29,"featured_media":126,"parent":0,"menu_order":0,"comment_status":"closed","ping_status":"closed","template":"pro\/page-templates\/full-width-page.php","meta":{"inline_featured_image":false,"footnotes":""},"class_list":["post-12570","page","type-page","status-publish","has-post-thumbnail","hentry"],"yoast_head":"<!-- This site is optimized with the Yoast SEO plugin v27.4 - https:\/\/yoast.com\/product\/yoast-seo-wordpress\/ -->\n<title>Ekologia - TEST - SMND<\/title>\n<meta name=\"robots\" content=\"noindex, follow, max-snippet:-1, max-image-preview:large, max-video-preview:-1\" \/>\n<meta property=\"og:locale\" content=\"en_US\" \/>\n<meta property=\"og:type\" content=\"article\" \/>\n<meta property=\"og:title\" content=\"Ekologia - TEST - SMND\" \/>\n<meta property=\"og:description\" content=\"Ekologia Luonnollinen tasapaino Shri Matajin n\u00e4kemys luonnosta oli \u00c4iti Maa, joka tarjoaa ja yll\u00e4pit\u00e4\u00e4 el\u00e4m\u00e4\u00e4, joka on el\u00e4v\u00e4 kokonaisuus, jota on kunnioitettava, jopa pidett\u00e4v\u00e4 pyh\u00e4n\u00e4. H\u00e4n selitti kerran, kuinka H\u00e4nt\u00e4 ja H\u00e4nen velji\u00e4\u00e4n ja sisariaan opetettiin, kuten kaikkia intialaisia lapsia, pyyt\u00e4m\u00e4\u00e4n aamuisin anteeksi \u00c4iti Maalta, &#8220;koska kosketimme h\u00e4nt\u00e4 jaloillamme&#8221;. Shri Mataji kiersi maailmaa l\u00e4hes 40&hellip; Read more\" \/>\n<meta property=\"og:url\" content=\"https:\/\/shrimataji.org\/test\/fi\/ekologia\/\" \/>\n<meta property=\"og:site_name\" content=\"TEST - SMND\" \/>\n<meta property=\"article:publisher\" content=\"https:\/\/www.facebook.com\/shrimataji\" \/>\n<meta property=\"article:modified_time\" content=\"2025-06-12T07:38:00+00:00\" \/>\n<meta property=\"og:image\" content=\"https:\/\/shrimataji.org\/test\/wp-content\/uploads\/2018\/07\/media_originals\/images\/headers-general\/shri-mataji-at-the-krishna-river-in-brahmapuri-india-1985.jpg\" \/>\n\t<meta property=\"og:image:width\" content=\"990\" \/>\n\t<meta property=\"og:image:height\" content=\"350\" \/>\n\t<meta property=\"og:image:type\" content=\"image\/jpeg\" \/>\n<meta name=\"twitter:card\" content=\"summary_large_image\" \/>\n<meta name=\"twitter:site\" content=\"@shrimataji\" \/>\n<script type=\"application\/ld+json\" class=\"yoast-schema-graph\">{\"@context\":\"https:\\\/\\\/schema.org\",\"@graph\":[{\"@type\":\"WebPage\",\"@id\":\"https:\\\/\\\/shrimataji.org\\\/test\\\/fi\\\/ekologia\\\/\",\"url\":\"https:\\\/\\\/shrimataji.org\\\/test\\\/fi\\\/ekologia\\\/\",\"name\":\"Ekologia - TEST - SMND\",\"isPartOf\":{\"@id\":\"https:\\\/\\\/shrimataji.org\\\/test\\\/#website\"},\"primaryImageOfPage\":{\"@id\":\"https:\\\/\\\/shrimataji.org\\\/test\\\/fi\\\/ekologia\\\/#primaryimage\"},\"image\":{\"@id\":\"https:\\\/\\\/shrimataji.org\\\/test\\\/fi\\\/ekologia\\\/#primaryimage\"},\"thumbnailUrl\":\"https:\\\/\\\/shrimataji.org\\\/test\\\/wp-content\\\/uploads\\\/2018\\\/07\\\/media_originals\\\/images\\\/headers-general\\\/shri-mataji-at-the-krishna-river-in-brahmapuri-india-1985.jpg\",\"datePublished\":\"2011-02-12T02:00:00+00:00\",\"dateModified\":\"2025-06-12T07:38:00+00:00\",\"breadcrumb\":{\"@id\":\"https:\\\/\\\/shrimataji.org\\\/test\\\/fi\\\/ekologia\\\/#breadcrumb\"},\"inLanguage\":\"en-US\",\"potentialAction\":[{\"@type\":\"ReadAction\",\"target\":[\"https:\\\/\\\/shrimataji.org\\\/test\\\/fi\\\/ekologia\\\/\"]}]},{\"@type\":\"ImageObject\",\"inLanguage\":\"en-US\",\"@id\":\"https:\\\/\\\/shrimataji.org\\\/test\\\/fi\\\/ekologia\\\/#primaryimage\",\"url\":\"https:\\\/\\\/shrimataji.org\\\/test\\\/wp-content\\\/uploads\\\/2018\\\/07\\\/media_originals\\\/images\\\/headers-general\\\/shri-mataji-at-the-krishna-river-in-brahmapuri-india-1985.jpg\",\"contentUrl\":\"https:\\\/\\\/shrimataji.org\\\/test\\\/wp-content\\\/uploads\\\/2018\\\/07\\\/media_originals\\\/images\\\/headers-general\\\/shri-mataji-at-the-krishna-river-in-brahmapuri-india-1985.jpg\",\"width\":990,\"height\":350},{\"@type\":\"BreadcrumbList\",\"@id\":\"https:\\\/\\\/shrimataji.org\\\/test\\\/fi\\\/ekologia\\\/#breadcrumb\",\"itemListElement\":[{\"@type\":\"ListItem\",\"position\":1,\"name\":\"Home\",\"item\":\"https:\\\/\\\/shrimataji.org\\\/test\\\/uk\\\/home-en\\\/\"},{\"@type\":\"ListItem\",\"position\":2,\"name\":\"Ekologia\"}]},{\"@type\":\"WebSite\",\"@id\":\"https:\\\/\\\/shrimataji.org\\\/test\\\/#website\",\"url\":\"https:\\\/\\\/shrimataji.org\\\/test\\\/\",\"name\":\"Shri Mataji Nirmala Devi\",\"description\":\"A Life Dedicated to Humanity\",\"publisher\":{\"@id\":\"https:\\\/\\\/shrimataji.org\\\/test\\\/#\\\/schema\\\/person\\\/a1b3419c6585f164aa96da1ff85715d1\"},\"potentialAction\":[{\"@type\":\"SearchAction\",\"target\":{\"@type\":\"EntryPoint\",\"urlTemplate\":\"https:\\\/\\\/shrimataji.org\\\/test\\\/?s={search_term_string}\"},\"query-input\":{\"@type\":\"PropertyValueSpecification\",\"valueRequired\":true,\"valueName\":\"search_term_string\"}}],\"inLanguage\":\"en-US\"},{\"@type\":[\"Person\",\"Organization\"],\"@id\":\"https:\\\/\\\/shrimataji.org\\\/test\\\/#\\\/schema\\\/person\\\/a1b3419c6585f164aa96da1ff85715d1\",\"name\":\"Nirmala Shrivastava\",\"image\":{\"@type\":\"ImageObject\",\"inLanguage\":\"en-US\",\"@id\":\"https:\\\/\\\/shrimataji.org\\\/test\\\/wp-content\\\/uploads\\\/2023\\\/02\\\/SMO_LOGO-03.svg\",\"url\":\"https:\\\/\\\/shrimataji.org\\\/test\\\/wp-content\\\/uploads\\\/2023\\\/02\\\/SMO_LOGO-03.svg\",\"contentUrl\":\"https:\\\/\\\/shrimataji.org\\\/test\\\/wp-content\\\/uploads\\\/2023\\\/02\\\/SMO_LOGO-03.svg\",\"width\":\"1024\",\"height\":\"1024\",\"caption\":\"Nirmala Shrivastava\"},\"logo\":{\"@id\":\"https:\\\/\\\/shrimataji.org\\\/test\\\/wp-content\\\/uploads\\\/2023\\\/02\\\/SMO_LOGO-03.svg\"},\"sameAs\":[\"https:\\\/\\\/shrimataji.org\\\/test\",\"https:\\\/\\\/www.facebook.com\\\/shrimataji\",\"https:\\\/\\\/x.com\\\/shrimataji\",\"https:\\\/\\\/www.youtube.com\\\/@Shri_Mataji_Nirmala_Devi\\\/featured\"]}]}<\/script>\n<!-- \/ Yoast SEO plugin. -->","yoast_head_json":{"title":"Ekologia - TEST - SMND","robots":{"index":"noindex","follow":"follow","max-snippet":"max-snippet:-1","max-image-preview":"max-image-preview:large","max-video-preview":"max-video-preview:-1"},"og_locale":"en_US","og_type":"article","og_title":"Ekologia - TEST - SMND","og_description":"Ekologia Luonnollinen tasapaino Shri Matajin n\u00e4kemys luonnosta oli \u00c4iti Maa, joka tarjoaa ja yll\u00e4pit\u00e4\u00e4 el\u00e4m\u00e4\u00e4, joka on el\u00e4v\u00e4 kokonaisuus, jota on kunnioitettava, jopa pidett\u00e4v\u00e4 pyh\u00e4n\u00e4. H\u00e4n selitti kerran, kuinka H\u00e4nt\u00e4 ja H\u00e4nen velji\u00e4\u00e4n ja sisariaan opetettiin, kuten kaikkia intialaisia lapsia, pyyt\u00e4m\u00e4\u00e4n aamuisin anteeksi \u00c4iti Maalta, &#8220;koska kosketimme h\u00e4nt\u00e4 jaloillamme&#8221;. Shri Mataji kiersi maailmaa l\u00e4hes 40&hellip; Read more","og_url":"https:\/\/shrimataji.org\/test\/fi\/ekologia\/","og_site_name":"TEST - SMND","article_publisher":"https:\/\/www.facebook.com\/shrimataji","article_modified_time":"2025-06-12T07:38:00+00:00","og_image":[{"width":990,"height":350,"url":"https:\/\/shrimataji.org\/test\/wp-content\/uploads\/2018\/07\/media_originals\/images\/headers-general\/shri-mataji-at-the-krishna-river-in-brahmapuri-india-1985.jpg","type":"image\/jpeg"}],"twitter_card":"summary_large_image","twitter_site":"@shrimataji","schema":{"@context":"https:\/\/schema.org","@graph":[{"@type":"WebPage","@id":"https:\/\/shrimataji.org\/test\/fi\/ekologia\/","url":"https:\/\/shrimataji.org\/test\/fi\/ekologia\/","name":"Ekologia - TEST - SMND","isPartOf":{"@id":"https:\/\/shrimataji.org\/test\/#website"},"primaryImageOfPage":{"@id":"https:\/\/shrimataji.org\/test\/fi\/ekologia\/#primaryimage"},"image":{"@id":"https:\/\/shrimataji.org\/test\/fi\/ekologia\/#primaryimage"},"thumbnailUrl":"https:\/\/shrimataji.org\/test\/wp-content\/uploads\/2018\/07\/media_originals\/images\/headers-general\/shri-mataji-at-the-krishna-river-in-brahmapuri-india-1985.jpg","datePublished":"2011-02-12T02:00:00+00:00","dateModified":"2025-06-12T07:38:00+00:00","breadcrumb":{"@id":"https:\/\/shrimataji.org\/test\/fi\/ekologia\/#breadcrumb"},"inLanguage":"en-US","potentialAction":[{"@type":"ReadAction","target":["https:\/\/shrimataji.org\/test\/fi\/ekologia\/"]}]},{"@type":"ImageObject","inLanguage":"en-US","@id":"https:\/\/shrimataji.org\/test\/fi\/ekologia\/#primaryimage","url":"https:\/\/shrimataji.org\/test\/wp-content\/uploads\/2018\/07\/media_originals\/images\/headers-general\/shri-mataji-at-the-krishna-river-in-brahmapuri-india-1985.jpg","contentUrl":"https:\/\/shrimataji.org\/test\/wp-content\/uploads\/2018\/07\/media_originals\/images\/headers-general\/shri-mataji-at-the-krishna-river-in-brahmapuri-india-1985.jpg","width":990,"height":350},{"@type":"BreadcrumbList","@id":"https:\/\/shrimataji.org\/test\/fi\/ekologia\/#breadcrumb","itemListElement":[{"@type":"ListItem","position":1,"name":"Home","item":"https:\/\/shrimataji.org\/test\/uk\/home-en\/"},{"@type":"ListItem","position":2,"name":"Ekologia"}]},{"@type":"WebSite","@id":"https:\/\/shrimataji.org\/test\/#website","url":"https:\/\/shrimataji.org\/test\/","name":"Shri Mataji Nirmala Devi","description":"A Life Dedicated to Humanity","publisher":{"@id":"https:\/\/shrimataji.org\/test\/#\/schema\/person\/a1b3419c6585f164aa96da1ff85715d1"},"potentialAction":[{"@type":"SearchAction","target":{"@type":"EntryPoint","urlTemplate":"https:\/\/shrimataji.org\/test\/?s={search_term_string}"},"query-input":{"@type":"PropertyValueSpecification","valueRequired":true,"valueName":"search_term_string"}}],"inLanguage":"en-US"},{"@type":["Person","Organization"],"@id":"https:\/\/shrimataji.org\/test\/#\/schema\/person\/a1b3419c6585f164aa96da1ff85715d1","name":"Nirmala Shrivastava","image":{"@type":"ImageObject","inLanguage":"en-US","@id":"https:\/\/shrimataji.org\/test\/wp-content\/uploads\/2023\/02\/SMO_LOGO-03.svg","url":"https:\/\/shrimataji.org\/test\/wp-content\/uploads\/2023\/02\/SMO_LOGO-03.svg","contentUrl":"https:\/\/shrimataji.org\/test\/wp-content\/uploads\/2023\/02\/SMO_LOGO-03.svg","width":"1024","height":"1024","caption":"Nirmala Shrivastava"},"logo":{"@id":"https:\/\/shrimataji.org\/test\/wp-content\/uploads\/2023\/02\/SMO_LOGO-03.svg"},"sameAs":["https:\/\/shrimataji.org\/test","https:\/\/www.facebook.com\/shrimataji","https:\/\/x.com\/shrimataji","https:\/\/www.youtube.com\/@Shri_Mataji_Nirmala_Devi\/featured"]}]}},"lang":"fi","translations":{"fi":12570,"ur":37413,"en":416,"am":17984,"th":19920,"hu":19459,"sq":18385,"zh":17282,"tr":10149,"pt":10362,"de":10636,"fr":10734,"it":10832,"es":10929,"ja":11226,"ru":11414,"bn":11606,"te":11714,"sw":11837,"he":11985,"el":12276,"sk":12374,"fa":12472,"bg":13513,"ro":14588,"cs":14781,"nl":16545,"ku":16705,"ar":16881,"be":18592,"kn":18866,"mr":20284,"uk":20576,"ml":20875,"ta":22700,"sv":22973,"gu":28821,"pa":28979,"fil":29419,"da":37727,"pl":37944,"nn":38279},"pll_sync_post":[],"_links":{"self":[{"href":"https:\/\/shrimataji.org\/test\/wp-json\/wp\/v2\/pages\/12570","targetHints":{"allow":["GET"]}}],"collection":[{"href":"https:\/\/shrimataji.org\/test\/wp-json\/wp\/v2\/pages"}],"about":[{"href":"https:\/\/shrimataji.org\/test\/wp-json\/wp\/v2\/types\/page"}],"author":[{"embeddable":true,"href":"https:\/\/shrimataji.org\/test\/wp-json\/wp\/v2\/users\/29"}],"replies":[{"embeddable":true,"href":"https:\/\/shrimataji.org\/test\/wp-json\/wp\/v2\/comments?post=12570"}],"version-history":[{"count":0,"href":"https:\/\/shrimataji.org\/test\/wp-json\/wp\/v2\/pages\/12570\/revisions"}],"wp:featuredmedia":[{"embeddable":true,"href":"https:\/\/shrimataji.org\/test\/wp-json\/wp\/v2\/media\/126"}],"wp:attachment":[{"href":"https:\/\/shrimataji.org\/test\/wp-json\/wp\/v2\/media?parent=12570"}],"curies":[{"name":"wp","href":"https:\/\/api.w.org\/{rel}","templated":true}]}}