{"id":12590,"date":"2022-01-29T10:31:30","date_gmt":"2022-01-29T10:31:30","guid":{"rendered":"https:\/\/test.shrimataji.org\/?page_id=6410"},"modified":"2025-09-20T21:07:33","modified_gmt":"2025-09-20T21:07:33","slug":"ida-nadi-fi","status":"publish","type":"page","link":"https:\/\/shrimataji.org\/test\/fi\/ida-nadi-fi\/","title":{"rendered":"Ida-nadi FIN"},"content":{"rendered":"\n\n\t<h1>Ida-nadi<\/h1>\n<h2>Halut ja tunteet<\/h2>\n\t<h4>Vasen energiakanavamme (sanskritiksi Ida-nadi), joka tunnetaan my\u00f6s kuukanavana, l\u00e4htee ensimm\u00e4isest\u00e4 keskuksesta, Muladhara-chakrasta, ja kulkee yl\u00f6s kehon vasenta puolta pitkin, huipentuen aivojen oikealle puolelle kuin ilmapallo.<\/h4>\n<p>Shri Mataji kuvaa t\u00e4t\u00e4 palloa superegoksi, joka toimii kaikkien muistojemme, tottumustemme ja ehdollistumiemme varastona. Se ohjaa my\u00f6s moraalista k\u00e4ytt\u00e4ytymist\u00e4mme, jonka omaksumme kulttuuriperinteidemme, vanhempiemme kasvatuksen ja ik\u00e4tovereidemme kautta.<\/p>\n<p>Ennen itseoivallusta koemme superegomme laukaisemat estot kamppailuna egoistisia, mielihyv\u00e4n tavoittelun haluja vastaan.<\/p>\n\t\t\t\t<a href=\"https:\/\/shrimataji.org\/test\/wp-content\/uploads\/2023\/02\/2_Ida-Nadi-01.png\"  target=\"_blank\" rel=\"noopener\"  itemprop=\"url\">\n\t\t\t\t<img loading=\"lazy\" decoding=\"async\" src=\"https:\/\/shrimataji.org\/test\/wp-content\/uploads\/2025\/04\/Ida-Nadi-01-1-scaled.png\" alt=\"Ida Nadi-01\" itemprop=\"image\" height=\"2560\" width=\"2414\" title=\"Ida Nadi-01\" onerror=\"this.style.display='none'\"  \/>\n\t\t\t\t<\/a>\n\t<iframe loading=\"lazy\" title=\"Ida Nadi\" width=\"1920\" height=\"1080\" src=\"https:\/\/www.youtube.com\/embed\/8xQf2bxSHIk?feature=oembed\" frameborder=\"0\" allow=\"accelerometer; autoplay; clipboard-write; encrypted-media; gyroscope; picture-in-picture; web-share\" allowfullscreen><\/iframe>\n\t<p>Ilo on olennainen ominaisuus, joka liittyy vasempaan energiakanavaan. T\u00e4m\u00e4 ilo ei kuitenkaan tarkoita sit\u00e4, ett\u00e4 on iloinen tai innoissaan jostakin asiasta; se on yleens\u00e4 luonteeltaan ohimenev\u00e4\u00e4, ja sen varjopuolena on tyytym\u00e4tt\u00f6myys tai pettymys, kun asiat eiv\u00e4t suju odotetulla tavalla. Kyse on pikemminkin puhtaamman laatuisesta ilosta. Shri Mataji kuvaa Henkemme puhtaan ilon ominaisuutta joksikin, joka ilmenee luonnollisena spontaanina tunteena, joka ei liity k\u00e4sityksiimme tai odotuksiimme. Se on luonteeltaan ikuista, eik\u00e4 mik\u00e4\u00e4n voi lis\u00e4t\u00e4 tai ottaa pois t\u00e4t\u00e4 puhdasta ilon tunnetta. T\u00e4m\u00e4 Henkemme puhtaan ilon ominaisuus tulee spontaanisti tietoisuuteemme itseoivalluksen j\u00e4lkeen, ja sit\u00e4 voidaan helposti yll\u00e4pit\u00e4\u00e4 s\u00e4\u00e4nn\u00f6llisen meditaation avulla.<\/p>\n<p>Shri Mataji m\u00e4\u00e4ritteli useita ongelmia, joita tulee el\u00e4m\u00e4\u00e4mme, kun vasen energiakanavamme on tukossa. T\u00e4llainen henkil\u00f6 saattaa kokea tunne-el\u00e4m\u00e4n \u00e4\u00e4rimm\u00e4isyyksi\u00e4. T\u00e4llaisia ovat mielialat, jotka vaihtelevat nopeasti riemusta masennukseen ja takaisin. Ihminen voi my\u00f6s kokea velttoutta ja \u00e4\u00e4rimm\u00e4ist\u00e4 passiivisuutta, joka usein liitet\u00e4\u00e4n &#8220;sohvaperuna&#8221;-oireyhtym\u00e4\u00e4n.<\/p>\n<p>Yhteenvetona voidaan todeta, ett\u00e4 vasen energiakanava vaikuttaa emootioihin, tunteisiin ja haluihin. Se on my\u00f6s yhteydess\u00e4 muistoihin ja menneisiin kokemuksiin. Niin kauan kuin tunteemme pysyv\u00e4t normaalilla tasolla, koemme el\u00e4v\u00e4mme tervett\u00e4 ja tasapainoista el\u00e4m\u00e4\u00e4. Kun kuitenkin koemme \u00e4\u00e4rimm\u00e4isi\u00e4 tunteita, kuten masennusta, synkkyytt\u00e4 ja asioiden hautomista, meid\u00e4n on ryhdytt\u00e4v\u00e4 asianmukaisiin toimiin, ja t\u00e4ss\u00e4 Sahaja Yoga -meditaatio on osoittanut hyvi\u00e4 tuloksia, joista monia on tutkittu menestyksekk\u00e4\u00e4sti kliinisiss\u00e4 tutkimuksissa.<\/p>\n<p>Shri Mataji on suositellut hyvin yksinkertaisia tekniikoita, jotka ovat helppoja ja turvallisia ja joiden avulla voimme tuoda vasemman puolen tasapainoon ja korjata negatiiviset vaikutukset tunne- ja mielenterveyteemme. S\u00e4\u00e4nn\u00f6llinen meditaatio, itsetutkiskelu v\u00e4r\u00e4htelytietoisuutemme tilasta ja Shri Matajin osoittamien tekniikoiden soveltaminen vasemman puolen puhdistamiseksi saavat aikaan uusia ilon tunteita ja elinvoimaisen, positiivisen asenteen el\u00e4m\u00e4\u00e4 kohtaan.<\/p>\n\n","protected":false},"excerpt":{"rendered":"<p>Ida-nadi Halut ja tunteet Vasen energiakanavamme (sanskritiksi Ida-nadi), joka tunnetaan my\u00f6s kuukanavana, l\u00e4htee ensimm\u00e4isest\u00e4 keskuksesta, Muladhara-chakrasta, ja kulkee yl\u00f6s kehon vasenta puolta pitkin, huipentuen aivojen oikealle puolelle kuin ilmapallo. Shri Mataji kuvaa t\u00e4t\u00e4 palloa superegoksi, joka toimii kaikkien muistojemme, tottumustemme ja ehdollistumiemme varastona. Se ohjaa my\u00f6s moraalista k\u00e4ytt\u00e4ytymist\u00e4mme, jonka omaksumme kulttuuriperinteidemme, vanhempiemme kasvatuksen ja ik\u00e4tovereidemme&hellip; <br \/> <a class=\"read-more\" href=\"https:\/\/shrimataji.org\/test\/fi\/ida-nadi-fi\/\">Read more<\/a><\/p>\n","protected":false},"author":29,"featured_media":9247,"parent":0,"menu_order":0,"comment_status":"closed","ping_status":"closed","template":"","meta":{"inline_featured_image":false,"footnotes":""},"class_list":["post-12590","page","type-page","status-publish","has-post-thumbnail","hentry"],"yoast_head":"<!-- This site is optimized with the Yoast SEO plugin v27.4 - https:\/\/yoast.com\/product\/yoast-seo-wordpress\/ -->\n<title>Ida-nadi FIN - TEST - SMND<\/title>\n<meta name=\"robots\" content=\"noindex, follow, max-snippet:-1, max-image-preview:large, max-video-preview:-1\" \/>\n<meta property=\"og:locale\" content=\"en_US\" \/>\n<meta property=\"og:type\" content=\"article\" \/>\n<meta property=\"og:title\" content=\"Ida-nadi FIN - TEST - SMND\" \/>\n<meta property=\"og:description\" content=\"Ida-nadi Halut ja tunteet Vasen energiakanavamme (sanskritiksi Ida-nadi), joka tunnetaan my\u00f6s kuukanavana, l\u00e4htee ensimm\u00e4isest\u00e4 keskuksesta, Muladhara-chakrasta, ja kulkee yl\u00f6s kehon vasenta puolta pitkin, huipentuen aivojen oikealle puolelle kuin ilmapallo. Shri Mataji kuvaa t\u00e4t\u00e4 palloa superegoksi, joka toimii kaikkien muistojemme, tottumustemme ja ehdollistumiemme varastona. Se ohjaa my\u00f6s moraalista k\u00e4ytt\u00e4ytymist\u00e4mme, jonka omaksumme kulttuuriperinteidemme, vanhempiemme kasvatuksen ja ik\u00e4tovereidemme&hellip; Read more\" \/>\n<meta property=\"og:url\" content=\"https:\/\/shrimataji.org\/test\/fi\/ida-nadi-fi\/\" \/>\n<meta property=\"og:site_name\" content=\"TEST - SMND\" \/>\n<meta property=\"article:publisher\" content=\"https:\/\/www.facebook.com\/shrimataji\" \/>\n<meta property=\"article:modified_time\" content=\"2025-09-20T21:07:33+00:00\" \/>\n<meta property=\"og:image\" content=\"https:\/\/shrimataji.org\/test\/wp-content\/uploads\/2023\/03\/12_Banner-SY-Ida-scaled.jpg\" \/>\n\t<meta property=\"og:image:width\" content=\"2560\" \/>\n\t<meta property=\"og:image:height\" content=\"905\" \/>\n\t<meta property=\"og:image:type\" content=\"image\/jpeg\" \/>\n<meta name=\"twitter:card\" content=\"summary_large_image\" \/>\n<meta name=\"twitter:site\" content=\"@shrimataji\" \/>\n<script type=\"application\/ld+json\" class=\"yoast-schema-graph\">{\"@context\":\"https:\\\/\\\/schema.org\",\"@graph\":[{\"@type\":\"WebPage\",\"@id\":\"https:\\\/\\\/shrimataji.org\\\/test\\\/fi\\\/ida-nadi-fi\\\/\",\"url\":\"https:\\\/\\\/shrimataji.org\\\/test\\\/fi\\\/ida-nadi-fi\\\/\",\"name\":\"Ida-nadi FIN - TEST - SMND\",\"isPartOf\":{\"@id\":\"https:\\\/\\\/shrimataji.org\\\/test\\\/#website\"},\"primaryImageOfPage\":{\"@id\":\"https:\\\/\\\/shrimataji.org\\\/test\\\/fi\\\/ida-nadi-fi\\\/#primaryimage\"},\"image\":{\"@id\":\"https:\\\/\\\/shrimataji.org\\\/test\\\/fi\\\/ida-nadi-fi\\\/#primaryimage\"},\"thumbnailUrl\":\"https:\\\/\\\/shrimataji.org\\\/test\\\/wp-content\\\/uploads\\\/2023\\\/03\\\/12_Banner-SY-Ida-scaled.jpg\",\"datePublished\":\"2022-01-29T10:31:30+00:00\",\"dateModified\":\"2025-09-20T21:07:33+00:00\",\"breadcrumb\":{\"@id\":\"https:\\\/\\\/shrimataji.org\\\/test\\\/fi\\\/ida-nadi-fi\\\/#breadcrumb\"},\"inLanguage\":\"en-US\",\"potentialAction\":[{\"@type\":\"ReadAction\",\"target\":[\"https:\\\/\\\/shrimataji.org\\\/test\\\/fi\\\/ida-nadi-fi\\\/\"]}]},{\"@type\":\"ImageObject\",\"inLanguage\":\"en-US\",\"@id\":\"https:\\\/\\\/shrimataji.org\\\/test\\\/fi\\\/ida-nadi-fi\\\/#primaryimage\",\"url\":\"https:\\\/\\\/shrimataji.org\\\/test\\\/wp-content\\\/uploads\\\/2023\\\/03\\\/12_Banner-SY-Ida-scaled.jpg\",\"contentUrl\":\"https:\\\/\\\/shrimataji.org\\\/test\\\/wp-content\\\/uploads\\\/2023\\\/03\\\/12_Banner-SY-Ida-scaled.jpg\",\"width\":2560,\"height\":905},{\"@type\":\"BreadcrumbList\",\"@id\":\"https:\\\/\\\/shrimataji.org\\\/test\\\/fi\\\/ida-nadi-fi\\\/#breadcrumb\",\"itemListElement\":[{\"@type\":\"ListItem\",\"position\":1,\"name\":\"Home\",\"item\":\"https:\\\/\\\/shrimataji.org\\\/test\\\/uk\\\/home-en\\\/\"},{\"@type\":\"ListItem\",\"position\":2,\"name\":\"Ida-nadi FIN\"}]},{\"@type\":\"WebSite\",\"@id\":\"https:\\\/\\\/shrimataji.org\\\/test\\\/#website\",\"url\":\"https:\\\/\\\/shrimataji.org\\\/test\\\/\",\"name\":\"Shri Mataji Nirmala Devi\",\"description\":\"A Life Dedicated to Humanity\",\"publisher\":{\"@id\":\"https:\\\/\\\/shrimataji.org\\\/test\\\/#\\\/schema\\\/person\\\/a1b3419c6585f164aa96da1ff85715d1\"},\"potentialAction\":[{\"@type\":\"SearchAction\",\"target\":{\"@type\":\"EntryPoint\",\"urlTemplate\":\"https:\\\/\\\/shrimataji.org\\\/test\\\/?s={search_term_string}\"},\"query-input\":{\"@type\":\"PropertyValueSpecification\",\"valueRequired\":true,\"valueName\":\"search_term_string\"}}],\"inLanguage\":\"en-US\"},{\"@type\":[\"Person\",\"Organization\"],\"@id\":\"https:\\\/\\\/shrimataji.org\\\/test\\\/#\\\/schema\\\/person\\\/a1b3419c6585f164aa96da1ff85715d1\",\"name\":\"Nirmala Shrivastava\",\"image\":{\"@type\":\"ImageObject\",\"inLanguage\":\"en-US\",\"@id\":\"https:\\\/\\\/shrimataji.org\\\/test\\\/wp-content\\\/uploads\\\/2023\\\/02\\\/SMO_LOGO-03.svg\",\"url\":\"https:\\\/\\\/shrimataji.org\\\/test\\\/wp-content\\\/uploads\\\/2023\\\/02\\\/SMO_LOGO-03.svg\",\"contentUrl\":\"https:\\\/\\\/shrimataji.org\\\/test\\\/wp-content\\\/uploads\\\/2023\\\/02\\\/SMO_LOGO-03.svg\",\"width\":\"1024\",\"height\":\"1024\",\"caption\":\"Nirmala Shrivastava\"},\"logo\":{\"@id\":\"https:\\\/\\\/shrimataji.org\\\/test\\\/wp-content\\\/uploads\\\/2023\\\/02\\\/SMO_LOGO-03.svg\"},\"sameAs\":[\"https:\\\/\\\/shrimataji.org\\\/test\",\"https:\\\/\\\/www.facebook.com\\\/shrimataji\",\"https:\\\/\\\/x.com\\\/shrimataji\",\"https:\\\/\\\/www.youtube.com\\\/@Shri_Mataji_Nirmala_Devi\\\/featured\"]}]}<\/script>\n<!-- \/ Yoast SEO plugin. -->","yoast_head_json":{"title":"Ida-nadi FIN - TEST - SMND","robots":{"index":"noindex","follow":"follow","max-snippet":"max-snippet:-1","max-image-preview":"max-image-preview:large","max-video-preview":"max-video-preview:-1"},"og_locale":"en_US","og_type":"article","og_title":"Ida-nadi FIN - TEST - SMND","og_description":"Ida-nadi Halut ja tunteet Vasen energiakanavamme (sanskritiksi Ida-nadi), joka tunnetaan my\u00f6s kuukanavana, l\u00e4htee ensimm\u00e4isest\u00e4 keskuksesta, Muladhara-chakrasta, ja kulkee yl\u00f6s kehon vasenta puolta pitkin, huipentuen aivojen oikealle puolelle kuin ilmapallo. Shri Mataji kuvaa t\u00e4t\u00e4 palloa superegoksi, joka toimii kaikkien muistojemme, tottumustemme ja ehdollistumiemme varastona. Se ohjaa my\u00f6s moraalista k\u00e4ytt\u00e4ytymist\u00e4mme, jonka omaksumme kulttuuriperinteidemme, vanhempiemme kasvatuksen ja ik\u00e4tovereidemme&hellip; Read more","og_url":"https:\/\/shrimataji.org\/test\/fi\/ida-nadi-fi\/","og_site_name":"TEST - SMND","article_publisher":"https:\/\/www.facebook.com\/shrimataji","article_modified_time":"2025-09-20T21:07:33+00:00","og_image":[{"width":2560,"height":905,"url":"https:\/\/shrimataji.org\/test\/wp-content\/uploads\/2023\/03\/12_Banner-SY-Ida-scaled.jpg","type":"image\/jpeg"}],"twitter_card":"summary_large_image","twitter_site":"@shrimataji","schema":{"@context":"https:\/\/schema.org","@graph":[{"@type":"WebPage","@id":"https:\/\/shrimataji.org\/test\/fi\/ida-nadi-fi\/","url":"https:\/\/shrimataji.org\/test\/fi\/ida-nadi-fi\/","name":"Ida-nadi FIN - TEST - SMND","isPartOf":{"@id":"https:\/\/shrimataji.org\/test\/#website"},"primaryImageOfPage":{"@id":"https:\/\/shrimataji.org\/test\/fi\/ida-nadi-fi\/#primaryimage"},"image":{"@id":"https:\/\/shrimataji.org\/test\/fi\/ida-nadi-fi\/#primaryimage"},"thumbnailUrl":"https:\/\/shrimataji.org\/test\/wp-content\/uploads\/2023\/03\/12_Banner-SY-Ida-scaled.jpg","datePublished":"2022-01-29T10:31:30+00:00","dateModified":"2025-09-20T21:07:33+00:00","breadcrumb":{"@id":"https:\/\/shrimataji.org\/test\/fi\/ida-nadi-fi\/#breadcrumb"},"inLanguage":"en-US","potentialAction":[{"@type":"ReadAction","target":["https:\/\/shrimataji.org\/test\/fi\/ida-nadi-fi\/"]}]},{"@type":"ImageObject","inLanguage":"en-US","@id":"https:\/\/shrimataji.org\/test\/fi\/ida-nadi-fi\/#primaryimage","url":"https:\/\/shrimataji.org\/test\/wp-content\/uploads\/2023\/03\/12_Banner-SY-Ida-scaled.jpg","contentUrl":"https:\/\/shrimataji.org\/test\/wp-content\/uploads\/2023\/03\/12_Banner-SY-Ida-scaled.jpg","width":2560,"height":905},{"@type":"BreadcrumbList","@id":"https:\/\/shrimataji.org\/test\/fi\/ida-nadi-fi\/#breadcrumb","itemListElement":[{"@type":"ListItem","position":1,"name":"Home","item":"https:\/\/shrimataji.org\/test\/uk\/home-en\/"},{"@type":"ListItem","position":2,"name":"Ida-nadi FIN"}]},{"@type":"WebSite","@id":"https:\/\/shrimataji.org\/test\/#website","url":"https:\/\/shrimataji.org\/test\/","name":"Shri Mataji Nirmala Devi","description":"A Life Dedicated to Humanity","publisher":{"@id":"https:\/\/shrimataji.org\/test\/#\/schema\/person\/a1b3419c6585f164aa96da1ff85715d1"},"potentialAction":[{"@type":"SearchAction","target":{"@type":"EntryPoint","urlTemplate":"https:\/\/shrimataji.org\/test\/?s={search_term_string}"},"query-input":{"@type":"PropertyValueSpecification","valueRequired":true,"valueName":"search_term_string"}}],"inLanguage":"en-US"},{"@type":["Person","Organization"],"@id":"https:\/\/shrimataji.org\/test\/#\/schema\/person\/a1b3419c6585f164aa96da1ff85715d1","name":"Nirmala Shrivastava","image":{"@type":"ImageObject","inLanguage":"en-US","@id":"https:\/\/shrimataji.org\/test\/wp-content\/uploads\/2023\/02\/SMO_LOGO-03.svg","url":"https:\/\/shrimataji.org\/test\/wp-content\/uploads\/2023\/02\/SMO_LOGO-03.svg","contentUrl":"https:\/\/shrimataji.org\/test\/wp-content\/uploads\/2023\/02\/SMO_LOGO-03.svg","width":"1024","height":"1024","caption":"Nirmala Shrivastava"},"logo":{"@id":"https:\/\/shrimataji.org\/test\/wp-content\/uploads\/2023\/02\/SMO_LOGO-03.svg"},"sameAs":["https:\/\/shrimataji.org\/test","https:\/\/www.facebook.com\/shrimataji","https:\/\/x.com\/shrimataji","https:\/\/www.youtube.com\/@Shri_Mataji_Nirmala_Devi\/featured"]}]}},"lang":"fi","translations":{"fi":12590,"ur":37443,"en":6410,"am":18017,"th":19968,"hu":19494,"sq":18418,"zh":17315,"hi":8307,"tr":10170,"pt":10382,"de":10656,"fr":10754,"it":10852,"es":10949,"ja":11246,"ru":11434,"bn":11626,"te":11734,"sw":11857,"he":12005,"el":12296,"sk":12394,"fa":12492,"bg":13384,"ro":14458,"cs":14651,"nl":16578,"ku":16738,"ar":16914,"be":18625,"kn":18899,"mr":20332,"uk":20624,"ml":20921,"ta":22733,"sv":23006,"gu":28850,"pa":29010,"fil":29452,"da":37757,"pl":37970,"nn":38309},"pll_sync_post":[],"_links":{"self":[{"href":"https:\/\/shrimataji.org\/test\/wp-json\/wp\/v2\/pages\/12590","targetHints":{"allow":["GET"]}}],"collection":[{"href":"https:\/\/shrimataji.org\/test\/wp-json\/wp\/v2\/pages"}],"about":[{"href":"https:\/\/shrimataji.org\/test\/wp-json\/wp\/v2\/types\/page"}],"author":[{"embeddable":true,"href":"https:\/\/shrimataji.org\/test\/wp-json\/wp\/v2\/users\/29"}],"replies":[{"embeddable":true,"href":"https:\/\/shrimataji.org\/test\/wp-json\/wp\/v2\/comments?post=12590"}],"version-history":[{"count":0,"href":"https:\/\/shrimataji.org\/test\/wp-json\/wp\/v2\/pages\/12590\/revisions"}],"wp:featuredmedia":[{"embeddable":true,"href":"https:\/\/shrimataji.org\/test\/wp-json\/wp\/v2\/media\/9247"}],"wp:attachment":[{"href":"https:\/\/shrimataji.org\/test\/wp-json\/wp\/v2\/media?parent=12590"}],"curies":[{"name":"wp","href":"https:\/\/api.w.org\/{rel}","templated":true}]}}