{"id":12602,"date":"2018-07-10T06:54:50","date_gmt":"2018-07-10T06:54:50","guid":{"rendered":"http:\/\/testwordpress.nirmalnagari.org\/smnd\/index.php\/marriage-and-independence\/"},"modified":"2025-06-29T18:56:53","modified_gmt":"2025-06-29T18:56:53","slug":"avioliitto-ja-itsenaistyminen","status":"publish","type":"page","link":"https:\/\/shrimataji.org\/test\/fi\/avioliitto-ja-itsenaistyminen\/","title":{"rendered":"Avioliitto ja itsen\u00e4istyminen"},"content":{"rendered":"\n\n\t<h1>Avioliitto ja itsen\u00e4istyminen<\/h1>\n<h2>Perheen ja yhteiskunnan selk\u00e4ranka<\/h2>\n\t<h4>Shri Matajin lapsuus- ja nuoruusvuodet nivoutuivat yhteen uuden Intian kansakunnan syntym\u00e4n kanssa, ja sellaisia n\u00e4yttiv\u00e4t H\u00e4nen vuotensa vaimona ja nuorena \u00e4itin\u00e4 my\u00f6s olevan.<\/h4>\n<p>Nirmala Salve, joka nyky\u00e4\u00e4n tunnetaan laajalti nimell\u00e4 Shri Mataji Nirmala Devi, avioitui Chandrika Prasad Srivastavan kanssa 7. huhtikuuta 1947. Sata kaksikymment\u00e4yhdeks\u00e4n p\u00e4iv\u00e4\u00e4 my\u00f6hemmin, 14. elokuuta, keskiy\u00f6ll\u00e4, Intiasta tuli vapaa.<\/p>\n<p>N\u00e4in Shri Matajin nuorempi veli H.P. Salve, joka tunnettiin lempinimell\u00e4 Babamama, kertoi: &#8220;Er\u00e4\u00e4n kerran (vuoden 1947 jakautumisen aikoihin) yhteis\u00f6mellakoiden aikana joku koputti oveen. Kun Nirmala avasi oven, h\u00e4n l\u00f6ysi yhden naisen ja kaksi miest\u00e4 seisomassa ovella, ja he n\u00e4yttiv\u00e4t hyvin h\u00e4t\u00e4\u00e4ntyneilt\u00e4 ja pelokkailta. He kertoivat Nirmalalle, ett\u00e4 he olivat pakolaisia Pakistanista, ja koska toinen miehist\u00e4 oli muslimi, hindut olivat heid\u00e4n per\u00e4ss\u00e4\u00e4n ja jahtasivat heit\u00e4 miekkojensa kanssa. Nirmala otti heid\u00e4t sis\u00e4\u00e4n hetke\u00e4k\u00e4\u00e4n ep\u00e4r\u00f6im\u00e4tt\u00e4 ja piilotti heid\u00e4t yhteen huoneeseen.<\/p>\n\t<div class=\"epyt-video-wrapper\"><div  data-ep-a=\"fadeIn\"  style=\"display: block; margin: 0px auto;\"  id=\"_ytid_60766\"  width=\"3840\" height=\"2880\"  data-origwidth=\"3840\" data-origheight=\"2880\" data-facadesrc=\"https:\/\/www.youtube.com\/embed\/uiqY4Jc81Bw?enablejsapi=1&autoplay=0&cc_load_policy=0&cc_lang_pref=&iv_load_policy=1&loop=0&rel=0&fs=1&playsinline=1&autohide=2&theme=dark&color=red&controls=1&disablekb=0&\" class=\"__youtube_prefs__ epyt-facade  no-lazyload\" data-epautoplay=\"1\" ><img decoding=\"async\" data-spai-excluded=\"true\" class=\"epyt-facade-poster skip-lazy\" loading=\"lazy\"  alt=\"YouTube player\"  src=\"https:\/\/i.ytimg.com\/vi\/uiqY4Jc81Bw\/maxresdefault.jpg\"  \/><button class=\"epyt-facade-play\" aria-label=\"Play\"><svg data-no-lazy=\"1\" height=\"100%\" version=\"1.1\" viewBox=\"0 0 68 48\" width=\"100%\"><path class=\"ytp-large-play-button-bg\" d=\"M66.52,7.74c-0.78-2.93-2.49-5.41-5.42-6.19C55.79,.13,34,0,34,0S12.21,.13,6.9,1.55 C3.97,2.33,2.27,4.81,1.48,7.74C0.06,13.05,0,24,0,24s0.06,10.95,1.48,16.26c0.78,2.93,2.49,5.41,5.42,6.19 C12.21,47.87,34,48,34,48s21.79-0.13,27.1-1.55c2.93-0.78,4.64-3.26,5.42-6.19C67.94,34.95,68,24,68,24S67.94,13.05,66.52,7.74z\" fill=\"#f00\"><\/path><path d=\"M 45,24 27,14 27,34\" fill=\"#fff\"><\/path><\/svg><\/button><\/div><\/div><span itemprop=\"video\" itemscope itemtype=\"http:\/\/schema.org\/VideoObject\"><meta itemprop=\"embedUrl\" content=\"https:\/\/www.youtube.com\/embed\/uiqY4Jc81Bw\"><meta itemprop=\"name\" content=\"Family Life And Nationhood\"><meta itemprop=\"description\" content=\"Shri Mataji marries a man from a family of opposing political beliefs. They are, however, united in their love for their country. Independence is the fulfillment of a dream for both of them. Shri Mataji&#039;s life as a housewife and a mother is centred on her family, tending to her daughters, but she also advises her husband in his career. She is not silent, but participates in the direction of her country. Her own public life is soon to follow. More videos at: http:\/\/ShriMataji.org ~ A Life Dedicated to Humanity ~\"><meta itemprop=\"thumbnailUrl\" content=\"https:\/\/i.ytimg.com\/vi\/uiqY4Jc81Bw\/0.jpg\"><meta itemprop=\"duration\" content=\"PT5M21S\"><meta itemprop=\"uploadDate\" content=\"2020-07-20T00:21:18Z\"><\/span>\n\t<p>&#8220;Jonkin ajan kuluttua tuli ihmisi\u00e4 miekkojen kanssa&#8221;, h\u00e4n jatkoi, &#8220;ja he sanoivat, ett\u00e4 talossa piileskeli muslimi. Nirmala kiisti t\u00e4m\u00e4n jyrk\u00e4sti ja huijasi heit\u00e4 sanomalla, ett\u00e4 H\u00e4n oli itse vakaumuksellinen hindu, joten miten H\u00e4n voisi suojella muslimia. Miekkamiehet eiv\u00e4t aluksi uskoneet H\u00e4nt\u00e4, mutta kun he n\u00e4kiv\u00e4t H\u00e4nen otsassaan suuren bindin, joka on naimisissa olevan hindunaisen symboli, niin he vakuuttuivat ja l\u00e4htiv\u00e4t pois&#8230;&#8221; <a href=\"#citation-note-1\" target=\"_blank\" rel=\"noopener\">[1]<\/a><\/p>\n\t\t\t\t<img decoding=\"async\" src=\"https:\/\/shrimataji.org\/test\/wp-content\/uploads\/2018\/07\/media_originals\/images\/shri-mataji-and-family\/shri-mataji-with-infant-daughter-kalpana.jpg\" alt=\"Shri Mataji vastasyntyneen tytt\u00e4rens\u00e4 Kalpanan kanssa\" itemprop=\"image\" height=\"400\" width=\"279\" title=\"shri-mataji-with-infant-daughter-kalpana\" onerror=\"this.style.display='none'\" loading='lazy' \/>\n\t\tShri Mataji vastasyntyneen tytt\u00e4rens\u00e4 Kalpanan kanssa\n\t<p>Tapaus sattui H\u00e4nen ollessa raskaana, ja H\u00e4n synnytti ensimm\u00e4isen lapsensa, Kalpanan, joulukuussa 1947. Tammikuun 29. p\u00e4iv\u00e4n\u00e4 1948 Shri Mataji tapasi Mahatma Gandhin, joka otti Kalpanan syliins\u00e4 ja sanoi: &#8220;Nepali (lempinimi, jonka h\u00e4n oli antanut Shri Matajille), olet samanlainen kuin ennenkin, nyt olet \u00e4iti. Milloin aiot aloittaa henkisen ty\u00f6si? Nyt olemme vapaita, Sinun tulisi aloittaa se, mit\u00e4 ikin\u00e4 halusitkin tehd\u00e4.&#8221; Traagista kyll\u00e4, seuraavana p\u00e4iv\u00e4n\u00e4 poliittinen ekstremisti murhasi Mahatma Gandhin, kun h\u00e4n oli osallistumassa iltarukoukseen.<\/p>\n<p>Vuonna 1948 Shri Matajin aviomies Chandrika Prasad (joka my\u00f6hemmin tunnettiin laajalti nimell\u00e4 Sir C.P. Srivastava, jonka kuningatar Elisabet II l\u00f6i ritariksi vuonna 1990) valittiin Intian ulkoasiainhallintoon ja Intian hallintopalveluun (I.A.S.). Shri Matajin neuvojen mukaisesti Sir C.P. p\u00e4\u00e4tti j\u00e4\u00e4d\u00e4 I.A.S:\u00e4\u00e4n ja palvella maataan sen rajojen sis\u00e4puolelta. N\u00e4iden kiireisten ensimm\u00e4isten avioliittovuosien aikana heid\u00e4n toinen lapsensa, Sadhana, syntyi helmikuussa 1950. Saman vuoden toukokuussa Sir C.P. nimitettiin Lucknowiin kaupungin tuomariksi, ja nuori perhe j\u00e4i sinne joksikin aikaa.<\/p>\n\t<p>Vuoden 1951 lopulla Sir C.P. meni Meerutiin ylim\u00e4\u00e4r\u00e4iseksi piirituomariksi. Henkil\u00f6kunnan bungalow sijaitsi suurella tontilla, ja se oli rakennettu perinteiseen brittil\u00e4iseen tyyliin. Shri Mataji, jolla oli nyt kaksi pient\u00e4 lasta, viljeli bungalowin viereist\u00e4 maata. H\u00e4n muutti k\u00e4ytt\u00e4m\u00e4tt\u00f6m\u00e4n maan eritt\u00e4in hedelm\u00e4lliseksi vihannestarhaksi er\u00e4\u00e4n maanviljelij\u00e4n avustuksella. H\u00e4n kasvatti vihanneksia kotik\u00e4ytt\u00f6\u00f6n ja myi ylij\u00e4\u00e4m\u00e4n t\u00e4ydent\u00e4\u00e4kseen perheen tuloja.<\/p>\n<p>Muistelmissaan H.P. Salve muisteli: &#8220;Shri Matajin maatilaa pidettiin piirin parhaana tilana. Brinjalit (munakoisot) olivat niin suuria, etten pystynyt nostamaan niit\u00e4. H\u00e4n kasvatti todella suuria kukkakaaleja, eritt\u00e4in suuria tomaatteja ja eritt\u00e4in suuria kurkkuja. Oli uskomatonta, miten H\u00e4n sai vihannekset kasvamaan niin suuriksi.&#8221;<\/p>\n<p>Vuonna 1953 Shri Matajin perhe muutti Mumbaihin, kun Sir C.P. siirrettiin Intian varustamoyhti\u00f6n p\u00e4\u00e4toimistoon (my\u00f6hemmin Shipping Corporation of India). H.P. Salve muisteli hienoja kes\u00e4lomia Shri Matajin ja H\u00e4nen lastensa kanssa Pachmarhissa, Chhindwaran l\u00e4hell\u00e4 Keski-Intiassa sijaitsevalla vuoristoalueella, joka on eritt\u00e4in kaunis muinaisine luolastoineen, vesiputouksineen, metsineen ja villiel\u00e4imineen. Shri Mataji ja H\u00e4nen perheens\u00e4 viettiv\u00e4t paljon aikaa my\u00f6s Nagpurissa, jossa monet H\u00e4nen sukulaisensa asuivat.<\/p>\n<p>Sunnuntaina 8. helmikuuta 1955 l\u00e4\u00e4k\u00e4rit ottivat Shri Matajin is\u00e4n sairaalaan. Viikkoa my\u00f6hemmin kaikki h\u00e4nen lapsensa kokoontuivat h\u00e4nen ymp\u00e4rilleen. Shri Mataji oli eritt\u00e4in l\u00e4heinen is\u00e4ns\u00e4 kanssa ja oli aina arvostanut h\u00e4nen neuvojaan erityisesti henkisiss\u00e4 asioissa. H\u00e4nen veljens\u00e4 muisteli, ett\u00e4 heid\u00e4n is\u00e4ns\u00e4 kysyi Nirmalalta: &#8220;Oletko onnistunut l\u00f6yt\u00e4m\u00e4\u00e4n menetelm\u00e4n?&#8221; &#8211; viitaten menetelm\u00e4\u00e4n, jonka avulla voitiin antaa oivallus suurille ihmisjoukoille. Prasad Salve kuoli perheens\u00e4 ymp\u00e4r\u00f6im\u00e4n\u00e4 kaksi p\u00e4iv\u00e4\u00e4 my\u00f6hemmin, 17. helmikuuta 1955. H.P. Salve ihaili sit\u00e4, ett\u00e4 Shri Mataji, &#8220;jonka silm\u00e4t t\u00e4yttyiv\u00e4t my\u00f6t\u00e4tunnon kyynelist\u00e4, kun H\u00e4n n\u00e4ki vain yhdenkin kerj\u00e4l\u00e4isen, ker\u00e4si kaiken rohkeutensa tuona suuren henkil\u00f6kohtaisen menetyksen hetken\u00e4 ja alkoi j\u00e4rjest\u00e4\u00e4 hautajaisia.&#8221;<\/p>\n\t<h5>&#8220;Sik\u00e4li kuin voimme havaita, olemassaolon ainoa tarkoitus on sytytt\u00e4\u00e4 valo ihmisen\u00e4 olemisen pimeyteen.&#8221;<\/h5>\n<h5>Carl Gustav Jung<\/h5>\n\t<hr \/>\n<h3>1. <a href=\"#citation-ref-1\">^<\/a> <a name=\"citation-note-1\"><\/a>H. P. Salve, &#8216;My Memoirs&#8217; New Delhi: Life Eternal Trust, 2000.<\/h3>\n\n","protected":false},"excerpt":{"rendered":"<p>Avioliitto ja itsen\u00e4istyminen Perheen ja yhteiskunnan selk\u00e4ranka Shri Matajin lapsuus- ja nuoruusvuodet nivoutuivat yhteen uuden Intian kansakunnan syntym\u00e4n kanssa, ja sellaisia n\u00e4yttiv\u00e4t H\u00e4nen vuotensa vaimona ja nuorena \u00e4itin\u00e4 my\u00f6s olevan. Nirmala Salve, joka nyky\u00e4\u00e4n tunnetaan laajalti nimell\u00e4 Shri Mataji Nirmala Devi, avioitui Chandrika Prasad Srivastavan kanssa 7. huhtikuuta 1947. Sata kaksikymment\u00e4yhdeks\u00e4n p\u00e4iv\u00e4\u00e4 my\u00f6hemmin, 14. elokuuta,&hellip; <br \/> <a class=\"read-more\" href=\"https:\/\/shrimataji.org\/test\/fi\/avioliitto-ja-itsenaistyminen\/\">Read more<\/a><\/p>\n","protected":false},"author":29,"featured_media":9510,"parent":0,"menu_order":0,"comment_status":"closed","ping_status":"closed","template":"","meta":{"inline_featured_image":false,"footnotes":""},"class_list":["post-12602","page","type-page","status-publish","has-post-thumbnail","hentry"],"yoast_head":"<!-- This site is optimized with the Yoast SEO plugin v27.4 - https:\/\/yoast.com\/product\/yoast-seo-wordpress\/ -->\n<title>Avioliitto ja itsen\u00e4istyminen - TEST - SMND<\/title>\n<meta name=\"robots\" content=\"noindex, follow, max-snippet:-1, max-image-preview:large, max-video-preview:-1\" \/>\n<meta property=\"og:locale\" content=\"en_US\" \/>\n<meta property=\"og:type\" content=\"article\" \/>\n<meta property=\"og:title\" content=\"Avioliitto ja itsen\u00e4istyminen - TEST - SMND\" \/>\n<meta property=\"og:description\" content=\"Avioliitto ja itsen\u00e4istyminen Perheen ja yhteiskunnan selk\u00e4ranka Shri Matajin lapsuus- ja nuoruusvuodet nivoutuivat yhteen uuden Intian kansakunnan syntym\u00e4n kanssa, ja sellaisia n\u00e4yttiv\u00e4t H\u00e4nen vuotensa vaimona ja nuorena \u00e4itin\u00e4 my\u00f6s olevan. Nirmala Salve, joka nyky\u00e4\u00e4n tunnetaan laajalti nimell\u00e4 Shri Mataji Nirmala Devi, avioitui Chandrika Prasad Srivastavan kanssa 7. huhtikuuta 1947. Sata kaksikymment\u00e4yhdeks\u00e4n p\u00e4iv\u00e4\u00e4 my\u00f6hemmin, 14. elokuuta,&hellip; Read more\" \/>\n<meta property=\"og:url\" content=\"https:\/\/shrimataji.org\/test\/fi\/avioliitto-ja-itsenaistyminen\/\" \/>\n<meta property=\"og:site_name\" content=\"TEST - SMND\" \/>\n<meta property=\"article:publisher\" content=\"https:\/\/www.facebook.com\/shrimataji\" \/>\n<meta property=\"article:modified_time\" content=\"2025-06-29T18:56:53+00:00\" \/>\n<meta property=\"og:image\" content=\"https:\/\/shrimataji.org\/test\/wp-content\/uploads\/2023\/03\/4_Banner_EarlyLife-Mariage-Independance_2-scaled.jpg\" \/>\n\t<meta property=\"og:image:width\" content=\"2560\" \/>\n\t<meta property=\"og:image:height\" content=\"905\" \/>\n\t<meta property=\"og:image:type\" content=\"image\/jpeg\" \/>\n<meta name=\"twitter:card\" content=\"summary_large_image\" \/>\n<meta name=\"twitter:site\" content=\"@shrimataji\" \/>\n<meta name=\"twitter:label1\" content=\"Est. reading time\" \/>\n\t<meta name=\"twitter:data1\" content=\"4 minutes\" \/>\n<script type=\"application\/ld+json\" class=\"yoast-schema-graph\">{\"@context\":\"https:\\\/\\\/schema.org\",\"@graph\":[{\"@type\":\"WebPage\",\"@id\":\"https:\\\/\\\/shrimataji.org\\\/test\\\/fi\\\/avioliitto-ja-itsenaistyminen\\\/\",\"url\":\"https:\\\/\\\/shrimataji.org\\\/test\\\/fi\\\/avioliitto-ja-itsenaistyminen\\\/\",\"name\":\"Avioliitto ja itsen\u00e4istyminen - TEST - SMND\",\"isPartOf\":{\"@id\":\"https:\\\/\\\/shrimataji.org\\\/test\\\/#website\"},\"primaryImageOfPage\":{\"@id\":\"https:\\\/\\\/shrimataji.org\\\/test\\\/fi\\\/avioliitto-ja-itsenaistyminen\\\/#primaryimage\"},\"image\":{\"@id\":\"https:\\\/\\\/shrimataji.org\\\/test\\\/fi\\\/avioliitto-ja-itsenaistyminen\\\/#primaryimage\"},\"thumbnailUrl\":\"https:\\\/\\\/shrimataji.org\\\/test\\\/wp-content\\\/uploads\\\/2023\\\/03\\\/4_Banner_EarlyLife-Mariage-Independance_2-scaled.jpg\",\"datePublished\":\"2018-07-10T06:54:50+00:00\",\"dateModified\":\"2025-06-29T18:56:53+00:00\",\"breadcrumb\":{\"@id\":\"https:\\\/\\\/shrimataji.org\\\/test\\\/fi\\\/avioliitto-ja-itsenaistyminen\\\/#breadcrumb\"},\"inLanguage\":\"en-US\",\"potentialAction\":[{\"@type\":\"ReadAction\",\"target\":[\"https:\\\/\\\/shrimataji.org\\\/test\\\/fi\\\/avioliitto-ja-itsenaistyminen\\\/\"]}]},{\"@type\":\"ImageObject\",\"inLanguage\":\"en-US\",\"@id\":\"https:\\\/\\\/shrimataji.org\\\/test\\\/fi\\\/avioliitto-ja-itsenaistyminen\\\/#primaryimage\",\"url\":\"https:\\\/\\\/shrimataji.org\\\/test\\\/wp-content\\\/uploads\\\/2023\\\/03\\\/4_Banner_EarlyLife-Mariage-Independance_2-scaled.jpg\",\"contentUrl\":\"https:\\\/\\\/shrimataji.org\\\/test\\\/wp-content\\\/uploads\\\/2023\\\/03\\\/4_Banner_EarlyLife-Mariage-Independance_2-scaled.jpg\",\"width\":2560,\"height\":905},{\"@type\":\"BreadcrumbList\",\"@id\":\"https:\\\/\\\/shrimataji.org\\\/test\\\/fi\\\/avioliitto-ja-itsenaistyminen\\\/#breadcrumb\",\"itemListElement\":[{\"@type\":\"ListItem\",\"position\":1,\"name\":\"Home\",\"item\":\"https:\\\/\\\/shrimataji.org\\\/test\\\/uk\\\/home-en\\\/\"},{\"@type\":\"ListItem\",\"position\":2,\"name\":\"Avioliitto ja itsen\u00e4istyminen\"}]},{\"@type\":\"WebSite\",\"@id\":\"https:\\\/\\\/shrimataji.org\\\/test\\\/#website\",\"url\":\"https:\\\/\\\/shrimataji.org\\\/test\\\/\",\"name\":\"Shri Mataji Nirmala Devi\",\"description\":\"A Life Dedicated to Humanity\",\"publisher\":{\"@id\":\"https:\\\/\\\/shrimataji.org\\\/test\\\/#\\\/schema\\\/person\\\/a1b3419c6585f164aa96da1ff85715d1\"},\"potentialAction\":[{\"@type\":\"SearchAction\",\"target\":{\"@type\":\"EntryPoint\",\"urlTemplate\":\"https:\\\/\\\/shrimataji.org\\\/test\\\/?s={search_term_string}\"},\"query-input\":{\"@type\":\"PropertyValueSpecification\",\"valueRequired\":true,\"valueName\":\"search_term_string\"}}],\"inLanguage\":\"en-US\"},{\"@type\":[\"Person\",\"Organization\"],\"@id\":\"https:\\\/\\\/shrimataji.org\\\/test\\\/#\\\/schema\\\/person\\\/a1b3419c6585f164aa96da1ff85715d1\",\"name\":\"Nirmala Shrivastava\",\"image\":{\"@type\":\"ImageObject\",\"inLanguage\":\"en-US\",\"@id\":\"https:\\\/\\\/shrimataji.org\\\/test\\\/wp-content\\\/uploads\\\/2023\\\/02\\\/SMO_LOGO-03.svg\",\"url\":\"https:\\\/\\\/shrimataji.org\\\/test\\\/wp-content\\\/uploads\\\/2023\\\/02\\\/SMO_LOGO-03.svg\",\"contentUrl\":\"https:\\\/\\\/shrimataji.org\\\/test\\\/wp-content\\\/uploads\\\/2023\\\/02\\\/SMO_LOGO-03.svg\",\"width\":\"1024\",\"height\":\"1024\",\"caption\":\"Nirmala Shrivastava\"},\"logo\":{\"@id\":\"https:\\\/\\\/shrimataji.org\\\/test\\\/wp-content\\\/uploads\\\/2023\\\/02\\\/SMO_LOGO-03.svg\"},\"sameAs\":[\"https:\\\/\\\/shrimataji.org\\\/test\",\"https:\\\/\\\/www.facebook.com\\\/shrimataji\",\"https:\\\/\\\/x.com\\\/shrimataji\",\"https:\\\/\\\/www.youtube.com\\\/@Shri_Mataji_Nirmala_Devi\\\/featured\"]}]}<\/script>\n<!-- \/ Yoast SEO plugin. -->","yoast_head_json":{"title":"Avioliitto ja itsen\u00e4istyminen - TEST - SMND","robots":{"index":"noindex","follow":"follow","max-snippet":"max-snippet:-1","max-image-preview":"max-image-preview:large","max-video-preview":"max-video-preview:-1"},"og_locale":"en_US","og_type":"article","og_title":"Avioliitto ja itsen\u00e4istyminen - TEST - SMND","og_description":"Avioliitto ja itsen\u00e4istyminen Perheen ja yhteiskunnan selk\u00e4ranka Shri Matajin lapsuus- ja nuoruusvuodet nivoutuivat yhteen uuden Intian kansakunnan syntym\u00e4n kanssa, ja sellaisia n\u00e4yttiv\u00e4t H\u00e4nen vuotensa vaimona ja nuorena \u00e4itin\u00e4 my\u00f6s olevan. Nirmala Salve, joka nyky\u00e4\u00e4n tunnetaan laajalti nimell\u00e4 Shri Mataji Nirmala Devi, avioitui Chandrika Prasad Srivastavan kanssa 7. huhtikuuta 1947. Sata kaksikymment\u00e4yhdeks\u00e4n p\u00e4iv\u00e4\u00e4 my\u00f6hemmin, 14. elokuuta,&hellip; Read more","og_url":"https:\/\/shrimataji.org\/test\/fi\/avioliitto-ja-itsenaistyminen\/","og_site_name":"TEST - SMND","article_publisher":"https:\/\/www.facebook.com\/shrimataji","article_modified_time":"2025-06-29T18:56:53+00:00","og_image":[{"width":2560,"height":905,"url":"https:\/\/shrimataji.org\/test\/wp-content\/uploads\/2023\/03\/4_Banner_EarlyLife-Mariage-Independance_2-scaled.jpg","type":"image\/jpeg"}],"twitter_card":"summary_large_image","twitter_site":"@shrimataji","twitter_misc":{"Est. reading time":"4 minutes"},"schema":{"@context":"https:\/\/schema.org","@graph":[{"@type":"WebPage","@id":"https:\/\/shrimataji.org\/test\/fi\/avioliitto-ja-itsenaistyminen\/","url":"https:\/\/shrimataji.org\/test\/fi\/avioliitto-ja-itsenaistyminen\/","name":"Avioliitto ja itsen\u00e4istyminen - TEST - SMND","isPartOf":{"@id":"https:\/\/shrimataji.org\/test\/#website"},"primaryImageOfPage":{"@id":"https:\/\/shrimataji.org\/test\/fi\/avioliitto-ja-itsenaistyminen\/#primaryimage"},"image":{"@id":"https:\/\/shrimataji.org\/test\/fi\/avioliitto-ja-itsenaistyminen\/#primaryimage"},"thumbnailUrl":"https:\/\/shrimataji.org\/test\/wp-content\/uploads\/2023\/03\/4_Banner_EarlyLife-Mariage-Independance_2-scaled.jpg","datePublished":"2018-07-10T06:54:50+00:00","dateModified":"2025-06-29T18:56:53+00:00","breadcrumb":{"@id":"https:\/\/shrimataji.org\/test\/fi\/avioliitto-ja-itsenaistyminen\/#breadcrumb"},"inLanguage":"en-US","potentialAction":[{"@type":"ReadAction","target":["https:\/\/shrimataji.org\/test\/fi\/avioliitto-ja-itsenaistyminen\/"]}]},{"@type":"ImageObject","inLanguage":"en-US","@id":"https:\/\/shrimataji.org\/test\/fi\/avioliitto-ja-itsenaistyminen\/#primaryimage","url":"https:\/\/shrimataji.org\/test\/wp-content\/uploads\/2023\/03\/4_Banner_EarlyLife-Mariage-Independance_2-scaled.jpg","contentUrl":"https:\/\/shrimataji.org\/test\/wp-content\/uploads\/2023\/03\/4_Banner_EarlyLife-Mariage-Independance_2-scaled.jpg","width":2560,"height":905},{"@type":"BreadcrumbList","@id":"https:\/\/shrimataji.org\/test\/fi\/avioliitto-ja-itsenaistyminen\/#breadcrumb","itemListElement":[{"@type":"ListItem","position":1,"name":"Home","item":"https:\/\/shrimataji.org\/test\/uk\/home-en\/"},{"@type":"ListItem","position":2,"name":"Avioliitto ja itsen\u00e4istyminen"}]},{"@type":"WebSite","@id":"https:\/\/shrimataji.org\/test\/#website","url":"https:\/\/shrimataji.org\/test\/","name":"Shri Mataji Nirmala Devi","description":"A Life Dedicated to Humanity","publisher":{"@id":"https:\/\/shrimataji.org\/test\/#\/schema\/person\/a1b3419c6585f164aa96da1ff85715d1"},"potentialAction":[{"@type":"SearchAction","target":{"@type":"EntryPoint","urlTemplate":"https:\/\/shrimataji.org\/test\/?s={search_term_string}"},"query-input":{"@type":"PropertyValueSpecification","valueRequired":true,"valueName":"search_term_string"}}],"inLanguage":"en-US"},{"@type":["Person","Organization"],"@id":"https:\/\/shrimataji.org\/test\/#\/schema\/person\/a1b3419c6585f164aa96da1ff85715d1","name":"Nirmala Shrivastava","image":{"@type":"ImageObject","inLanguage":"en-US","@id":"https:\/\/shrimataji.org\/test\/wp-content\/uploads\/2023\/02\/SMO_LOGO-03.svg","url":"https:\/\/shrimataji.org\/test\/wp-content\/uploads\/2023\/02\/SMO_LOGO-03.svg","contentUrl":"https:\/\/shrimataji.org\/test\/wp-content\/uploads\/2023\/02\/SMO_LOGO-03.svg","width":"1024","height":"1024","caption":"Nirmala Shrivastava"},"logo":{"@id":"https:\/\/shrimataji.org\/test\/wp-content\/uploads\/2023\/02\/SMO_LOGO-03.svg"},"sameAs":["https:\/\/shrimataji.org\/test","https:\/\/www.facebook.com\/shrimataji","https:\/\/x.com\/shrimataji","https:\/\/www.youtube.com\/@Shri_Mataji_Nirmala_Devi\/featured"]}]}},"lang":"fi","translations":{"fi":12602,"ur":37462,"en":439,"am":18034,"th":19994,"hu":19515,"sq":18435,"zh":17332,"tr":10181,"pt":10393,"de":10667,"fr":10765,"it":10863,"es":10960,"ja":11257,"ru":11445,"bn":11637,"te":11745,"sw":11868,"he":12016,"el":12308,"sk":12406,"fa":12504,"bg":13442,"ro":14516,"cs":14709,"nl":16595,"ku":16755,"ar":16931,"be":18642,"kn":18916,"mr":20358,"uk":20652,"ml":20947,"ta":22753,"sv":23024,"gu":28867,"pa":29027,"fil":29472,"da":37775,"pl":37987,"nn":38327},"pll_sync_post":[],"_links":{"self":[{"href":"https:\/\/shrimataji.org\/test\/wp-json\/wp\/v2\/pages\/12602","targetHints":{"allow":["GET"]}}],"collection":[{"href":"https:\/\/shrimataji.org\/test\/wp-json\/wp\/v2\/pages"}],"about":[{"href":"https:\/\/shrimataji.org\/test\/wp-json\/wp\/v2\/types\/page"}],"author":[{"embeddable":true,"href":"https:\/\/shrimataji.org\/test\/wp-json\/wp\/v2\/users\/29"}],"replies":[{"embeddable":true,"href":"https:\/\/shrimataji.org\/test\/wp-json\/wp\/v2\/comments?post=12602"}],"version-history":[{"count":0,"href":"https:\/\/shrimataji.org\/test\/wp-json\/wp\/v2\/pages\/12602\/revisions"}],"wp:featuredmedia":[{"embeddable":true,"href":"https:\/\/shrimataji.org\/test\/wp-json\/wp\/v2\/media\/9510"}],"wp:attachment":[{"href":"https:\/\/shrimataji.org\/test\/wp-json\/wp\/v2\/media?parent=12602"}],"curies":[{"name":"wp","href":"https:\/\/api.w.org\/{rel}","templated":true}]}}