{"id":12604,"date":"2013-03-05T14:00:00","date_gmt":"2013-03-05T14:00:00","guid":{"rendered":"http:\/\/testwordpress.nirmalnagari.org\/smnd\/index.php\/may-5th-world-realization-day\/"},"modified":"2025-07-15T19:57:36","modified_gmt":"2025-07-15T19:57:36","slug":"toukokuun-5-paiva-maailman-oivalluspaiva","status":"publish","type":"page","link":"https:\/\/shrimataji.org\/test\/fi\/toukokuun-5-paiva-maailman-oivalluspaiva\/","title":{"rendered":"Toukokuun 5. p\u00e4iv\u00e4 Maailman oivallusp\u00e4iv\u00e4"},"content":{"rendered":"\n\n\t<h1>Toukokuun 5. p\u00e4iv\u00e4, Maailman oivallusp\u00e4iv\u00e4<\/h1>\n<h4>Toukokuun 5. p\u00e4iv\u00e4 julistettiin maailman oivallusp\u00e4iv\u00e4ksi Sahaja Yoga -meditaation perustajan Shri Mataji Nirmala Devin kunniaksi.<\/h4>\n<p>Shri Mataji Nirmala Devi Sahaja Yogan Maailmans\u00e4\u00e4ti\u00f6ll\u00e4 on ilo ilmoittaa, ett\u00e4 5. toukokuuta julistetaan Maailman oivallusp\u00e4iv\u00e4ksi <a href=\"https:\/\/www.deepl.com\/en\/%E2%80%9D\/people\/%E2%80%9D\">Sahaja Yogan<\/a> perustajan, Shri Mataji Nirmala Devin ty\u00f6n ja vision kunniaksi. Vuosien meditaation ja ihmisen tilan tutkimisen j\u00e4lkeen Shri Mataji avasi toukokuun 5. p\u00e4iv\u00e4n\u00e4 vuonna 1970 Nargolissa, Intiassa, viimeisen hienojakoisen energiakeskuksen &#8211; sanskritiksi &#8220;<a href=\"https:\/\/www.deepl.com\/en\/%E2%80%9D\/glossary\/#Sahasrara%E2%80%9D\">Sahasrara<\/a> (fontanelli)-chakra&#8221; &#8211; joka sijaitsee aivojen limbisell\u00e4 alueella.<\/p>\n<p>T\u00e4m\u00e4 ennenn\u00e4kem\u00e4t\u00f6n l\u00e4pimurto avasi oven uudelle aikakaudelle, sis\u00e4isen muutoksen kautta tapahtuvalle vapautumiselle. Shri Mataji l\u00f6ysi prosessin, joka voisi k\u00e4ynnist\u00e4\u00e4 henkisen her\u00e4\u00e4misen suurissa ihmisjoukoissa. T\u00e4m\u00e4 her\u00e4\u00e4minen, jota kutsutaan itseoivallukseksi, on jokaisen ihmisen sis\u00e4ll\u00e4 olevan elint\u00e4rke\u00e4n kundaliinienergian aktivoitumista. Ihminen voi saavuttaa t\u00e4m\u00e4n lempe\u00e4n her\u00e4\u00e4misen spontaanisti, yksinkertaisesti vain pyyt\u00e4m\u00e4ll\u00e4 sit\u00e4, ilman ett\u00e4 h\u00e4nen t\u00e4ytyy vet\u00e4yty\u00e4 ankaraan harjoitteluun vuorille.<\/p>\n<p>Shri Mataji teki itseoivalluksesta perustan meditaatiolle, jota H\u00e4n kutsui Sahaja Yogaksi. Avain t\u00e4h\u00e4n harjoitukseen ja asia, joka erottaa sen muista menetelmist\u00e4, on &#8220;<a href=\"https:\/\/www.deepl.com\/en\/%E2%80%9D\/thoughtless-awareness\/%E2%80%9D\">ajatukseton tietoisuus<\/a>&#8220;, joka kohottaa ihmisen mielen hiljentymisen kautta sen sijaan, ett\u00e4 k\u00e4ytett\u00e4isiin visualisointia tai muunlaista mentaalista keskittymist\u00e4. Sahaja Yoga -meditaatio on kasvanut valtavasti viimeisten 40 vuoden aikana, ja sit\u00e4 harjoitetaan nyt yli 100 maassa. Sen harjoittajat tulevat hyvin erilaisista taustoista l\u00f6yt\u00e4m\u00e4\u00e4n rauhan, tyytyv\u00e4isyyden ja hyvinvoinnin t\u00e4m\u00e4n ainutlaatuisen meditaation avulla.<\/p>\n<p>Shri Mataji osallistui opiskelijana yhdess\u00e4 Mahatma Gandhin kanssa v\u00e4kivallattomaan taisteluun Intian itsen\u00e4isyyden puolesta, oli kahdesti ehdolla Nobelin rauhanpalkinnon saajaksi ja sai YK:n rauhanmitalin vuonna 1989. H\u00e4n vietti yli 40 vuotta kiert\u00e4en maailmaa levitt\u00e4\u00e4kseen sanomaansa rauhasta ja yhten\u00e4isyydest\u00e4 Sahaja Yoga -meditaation avulla. Tuon ajan niin sanottujen gurujen joukossa H\u00e4nen ainutlaatuinen keskeinen sanomansa oli, ett\u00e4 jokainen ihminen kantaa sis\u00e4ll\u00e4\u00e4n oman mestaruutensa siement\u00e4. H\u00e4nest\u00e4 voi tulla oma gurunsa turvautumatta dogmeihin tai rituaaleihin.<\/p>\n<p>Shri Mataji kuoli vuonna 2011, mutta <a href=\"https:\/\/www.deepl.com\/in-her-words\/\">H\u00e4nen perint\u00f6ns\u00e4 el\u00e4\u00e4<\/a> H\u00e4nen seuraajiensa el\u00e4m\u00e4ss\u00e4 ja yhteis\u00f6llisess\u00e4 ty\u00f6ss\u00e4 ymp\u00e4ri maailmaa. H\u00e4n selitti toistuvasti, ett\u00e4 jokaisella ihmisell\u00e4 on oikeus saada <a href=\"https:\/\/www.deepl.com\/en\/%E2%80%9D\/self-realization\/%E2%80%9D\">itseoivalluksensa<\/a> ilmaiseksi, ja prosessi, jossa itseoivallus annetaan kaikille sit\u00e4 pyyt\u00e4ville, jatkuu t\u00e4n\u00e4 p\u00e4iv\u00e4n\u00e4 yht\u00e4 vahvana kuin silloin, kun H\u00e4n tarjosi kokemusta henkil\u00f6kohtaisesti lukemattomissa julkisissa tilaisuuksissa.<\/p>\n<p>Toukokuun 5. p\u00e4iv\u00e4 voitaisiin jonain p\u00e4iv\u00e4n\u00e4 tunnustaa ihmiskunnan historian t\u00e4rkeimm\u00e4ksi vuosip\u00e4iv\u00e4ksi. Siihen asti se toimii universaalina ja rakastavana muistomerkkin\u00e4 gurujen gurulle ja opettajien opettajalle, joka toi konkreettista ja merkityksellist\u00e4 henkisyytt\u00e4 nykymaailmaan.<\/p>\n<p>T\u00e4m\u00e4 artikkeli julkaistiin ensimm\u00e4isen kerran 3. toukokuuta 2013.<\/p>\n<p>&nbsp;<\/p>\n\n","protected":false},"excerpt":{"rendered":"<p>Toukokuun 5. p\u00e4iv\u00e4, Maailman oivallusp\u00e4iv\u00e4 Toukokuun 5. p\u00e4iv\u00e4 julistettiin maailman oivallusp\u00e4iv\u00e4ksi Sahaja Yoga -meditaation perustajan Shri Mataji Nirmala Devin kunniaksi. Shri Mataji Nirmala Devi Sahaja Yogan Maailmans\u00e4\u00e4ti\u00f6ll\u00e4 on ilo ilmoittaa, ett\u00e4 5. toukokuuta julistetaan Maailman oivallusp\u00e4iv\u00e4ksi Sahaja Yogan perustajan, Shri Mataji Nirmala Devin ty\u00f6n ja vision kunniaksi. Vuosien meditaation ja ihmisen tilan tutkimisen j\u00e4lkeen Shri&hellip; <br \/> <a class=\"read-more\" href=\"https:\/\/shrimataji.org\/test\/fi\/toukokuun-5-paiva-maailman-oivalluspaiva\/\">Read more<\/a><\/p>\n","protected":false},"author":29,"featured_media":0,"parent":0,"menu_order":0,"comment_status":"closed","ping_status":"closed","template":"","meta":{"inline_featured_image":false,"footnotes":""},"class_list":["post-12604","page","type-page","status-publish","hentry"],"yoast_head":"<!-- This site is optimized with the Yoast SEO plugin v27.4 - https:\/\/yoast.com\/product\/yoast-seo-wordpress\/ -->\n<title>Toukokuun 5. p\u00e4iv\u00e4 Maailman oivallusp\u00e4iv\u00e4 - TEST - SMND<\/title>\n<meta name=\"robots\" content=\"noindex, follow, max-snippet:-1, max-image-preview:large, max-video-preview:-1\" \/>\n<meta property=\"og:locale\" content=\"en_US\" \/>\n<meta property=\"og:type\" content=\"article\" \/>\n<meta property=\"og:title\" content=\"Toukokuun 5. p\u00e4iv\u00e4 Maailman oivallusp\u00e4iv\u00e4 - TEST - SMND\" \/>\n<meta property=\"og:description\" content=\"Toukokuun 5. p\u00e4iv\u00e4, Maailman oivallusp\u00e4iv\u00e4 Toukokuun 5. p\u00e4iv\u00e4 julistettiin maailman oivallusp\u00e4iv\u00e4ksi Sahaja Yoga -meditaation perustajan Shri Mataji Nirmala Devin kunniaksi. Shri Mataji Nirmala Devi Sahaja Yogan Maailmans\u00e4\u00e4ti\u00f6ll\u00e4 on ilo ilmoittaa, ett\u00e4 5. toukokuuta julistetaan Maailman oivallusp\u00e4iv\u00e4ksi Sahaja Yogan perustajan, Shri Mataji Nirmala Devin ty\u00f6n ja vision kunniaksi. Vuosien meditaation ja ihmisen tilan tutkimisen j\u00e4lkeen Shri&hellip; Read more\" \/>\n<meta property=\"og:url\" content=\"https:\/\/shrimataji.org\/test\/fi\/toukokuun-5-paiva-maailman-oivalluspaiva\/\" \/>\n<meta property=\"og:site_name\" content=\"TEST - SMND\" \/>\n<meta property=\"article:publisher\" content=\"https:\/\/www.facebook.com\/shrimataji\" \/>\n<meta property=\"article:modified_time\" content=\"2025-07-15T19:57:36+00:00\" \/>\n<meta property=\"og:image\" content=\"https:\/\/shrimataji.org\/test\/wp-content\/uploads\/2018\/07\/fp11-e1588597806347.jpg\" \/>\n\t<meta property=\"og:image:width\" content=\"707\" \/>\n\t<meta property=\"og:image:height\" content=\"700\" \/>\n\t<meta property=\"og:image:type\" content=\"image\/jpeg\" \/>\n<meta name=\"twitter:card\" content=\"summary_large_image\" \/>\n<meta name=\"twitter:site\" content=\"@shrimataji\" \/>\n<meta name=\"twitter:label1\" content=\"Est. reading time\" \/>\n\t<meta name=\"twitter:data1\" content=\"2 minutes\" \/>\n<script type=\"application\/ld+json\" class=\"yoast-schema-graph\">{\"@context\":\"https:\\\/\\\/schema.org\",\"@graph\":[{\"@type\":\"WebPage\",\"@id\":\"https:\\\/\\\/shrimataji.org\\\/test\\\/fi\\\/toukokuun-5-paiva-maailman-oivalluspaiva\\\/\",\"url\":\"https:\\\/\\\/shrimataji.org\\\/test\\\/fi\\\/toukokuun-5-paiva-maailman-oivalluspaiva\\\/\",\"name\":\"Toukokuun 5. p\u00e4iv\u00e4 Maailman oivallusp\u00e4iv\u00e4 - TEST - SMND\",\"isPartOf\":{\"@id\":\"https:\\\/\\\/shrimataji.org\\\/test\\\/#website\"},\"datePublished\":\"2013-03-05T14:00:00+00:00\",\"dateModified\":\"2025-07-15T19:57:36+00:00\",\"breadcrumb\":{\"@id\":\"https:\\\/\\\/shrimataji.org\\\/test\\\/fi\\\/toukokuun-5-paiva-maailman-oivalluspaiva\\\/#breadcrumb\"},\"inLanguage\":\"en-US\",\"potentialAction\":[{\"@type\":\"ReadAction\",\"target\":[\"https:\\\/\\\/shrimataji.org\\\/test\\\/fi\\\/toukokuun-5-paiva-maailman-oivalluspaiva\\\/\"]}]},{\"@type\":\"BreadcrumbList\",\"@id\":\"https:\\\/\\\/shrimataji.org\\\/test\\\/fi\\\/toukokuun-5-paiva-maailman-oivalluspaiva\\\/#breadcrumb\",\"itemListElement\":[{\"@type\":\"ListItem\",\"position\":1,\"name\":\"Home\",\"item\":\"https:\\\/\\\/shrimataji.org\\\/test\\\/uk\\\/home-en\\\/\"},{\"@type\":\"ListItem\",\"position\":2,\"name\":\"Toukokuun 5. p\u00e4iv\u00e4 Maailman oivallusp\u00e4iv\u00e4\"}]},{\"@type\":\"WebSite\",\"@id\":\"https:\\\/\\\/shrimataji.org\\\/test\\\/#website\",\"url\":\"https:\\\/\\\/shrimataji.org\\\/test\\\/\",\"name\":\"Shri Mataji Nirmala Devi\",\"description\":\"A Life Dedicated to Humanity\",\"publisher\":{\"@id\":\"https:\\\/\\\/shrimataji.org\\\/test\\\/#\\\/schema\\\/person\\\/a1b3419c6585f164aa96da1ff85715d1\"},\"potentialAction\":[{\"@type\":\"SearchAction\",\"target\":{\"@type\":\"EntryPoint\",\"urlTemplate\":\"https:\\\/\\\/shrimataji.org\\\/test\\\/?s={search_term_string}\"},\"query-input\":{\"@type\":\"PropertyValueSpecification\",\"valueRequired\":true,\"valueName\":\"search_term_string\"}}],\"inLanguage\":\"en-US\"},{\"@type\":[\"Person\",\"Organization\"],\"@id\":\"https:\\\/\\\/shrimataji.org\\\/test\\\/#\\\/schema\\\/person\\\/a1b3419c6585f164aa96da1ff85715d1\",\"name\":\"Nirmala Shrivastava\",\"image\":{\"@type\":\"ImageObject\",\"inLanguage\":\"en-US\",\"@id\":\"https:\\\/\\\/shrimataji.org\\\/test\\\/wp-content\\\/uploads\\\/2023\\\/02\\\/SMO_LOGO-03.svg\",\"url\":\"https:\\\/\\\/shrimataji.org\\\/test\\\/wp-content\\\/uploads\\\/2023\\\/02\\\/SMO_LOGO-03.svg\",\"contentUrl\":\"https:\\\/\\\/shrimataji.org\\\/test\\\/wp-content\\\/uploads\\\/2023\\\/02\\\/SMO_LOGO-03.svg\",\"width\":\"1024\",\"height\":\"1024\",\"caption\":\"Nirmala Shrivastava\"},\"logo\":{\"@id\":\"https:\\\/\\\/shrimataji.org\\\/test\\\/wp-content\\\/uploads\\\/2023\\\/02\\\/SMO_LOGO-03.svg\"},\"sameAs\":[\"https:\\\/\\\/shrimataji.org\\\/test\",\"https:\\\/\\\/www.facebook.com\\\/shrimataji\",\"https:\\\/\\\/x.com\\\/shrimataji\",\"https:\\\/\\\/www.youtube.com\\\/@Shri_Mataji_Nirmala_Devi\\\/featured\"]}]}<\/script>\n<!-- \/ Yoast SEO plugin. -->","yoast_head_json":{"title":"Toukokuun 5. p\u00e4iv\u00e4 Maailman oivallusp\u00e4iv\u00e4 - TEST - SMND","robots":{"index":"noindex","follow":"follow","max-snippet":"max-snippet:-1","max-image-preview":"max-image-preview:large","max-video-preview":"max-video-preview:-1"},"og_locale":"en_US","og_type":"article","og_title":"Toukokuun 5. p\u00e4iv\u00e4 Maailman oivallusp\u00e4iv\u00e4 - TEST - SMND","og_description":"Toukokuun 5. p\u00e4iv\u00e4, Maailman oivallusp\u00e4iv\u00e4 Toukokuun 5. p\u00e4iv\u00e4 julistettiin maailman oivallusp\u00e4iv\u00e4ksi Sahaja Yoga -meditaation perustajan Shri Mataji Nirmala Devin kunniaksi. Shri Mataji Nirmala Devi Sahaja Yogan Maailmans\u00e4\u00e4ti\u00f6ll\u00e4 on ilo ilmoittaa, ett\u00e4 5. toukokuuta julistetaan Maailman oivallusp\u00e4iv\u00e4ksi Sahaja Yogan perustajan, Shri Mataji Nirmala Devin ty\u00f6n ja vision kunniaksi. Vuosien meditaation ja ihmisen tilan tutkimisen j\u00e4lkeen Shri&hellip; Read more","og_url":"https:\/\/shrimataji.org\/test\/fi\/toukokuun-5-paiva-maailman-oivalluspaiva\/","og_site_name":"TEST - SMND","article_publisher":"https:\/\/www.facebook.com\/shrimataji","article_modified_time":"2025-07-15T19:57:36+00:00","og_image":[{"width":707,"height":700,"url":"https:\/\/shrimataji.org\/test\/wp-content\/uploads\/2018\/07\/fp11-e1588597806347.jpg","type":"image\/jpeg"}],"twitter_card":"summary_large_image","twitter_site":"@shrimataji","twitter_misc":{"Est. reading time":"2 minutes"},"schema":{"@context":"https:\/\/schema.org","@graph":[{"@type":"WebPage","@id":"https:\/\/shrimataji.org\/test\/fi\/toukokuun-5-paiva-maailman-oivalluspaiva\/","url":"https:\/\/shrimataji.org\/test\/fi\/toukokuun-5-paiva-maailman-oivalluspaiva\/","name":"Toukokuun 5. p\u00e4iv\u00e4 Maailman oivallusp\u00e4iv\u00e4 - TEST - SMND","isPartOf":{"@id":"https:\/\/shrimataji.org\/test\/#website"},"datePublished":"2013-03-05T14:00:00+00:00","dateModified":"2025-07-15T19:57:36+00:00","breadcrumb":{"@id":"https:\/\/shrimataji.org\/test\/fi\/toukokuun-5-paiva-maailman-oivalluspaiva\/#breadcrumb"},"inLanguage":"en-US","potentialAction":[{"@type":"ReadAction","target":["https:\/\/shrimataji.org\/test\/fi\/toukokuun-5-paiva-maailman-oivalluspaiva\/"]}]},{"@type":"BreadcrumbList","@id":"https:\/\/shrimataji.org\/test\/fi\/toukokuun-5-paiva-maailman-oivalluspaiva\/#breadcrumb","itemListElement":[{"@type":"ListItem","position":1,"name":"Home","item":"https:\/\/shrimataji.org\/test\/uk\/home-en\/"},{"@type":"ListItem","position":2,"name":"Toukokuun 5. p\u00e4iv\u00e4 Maailman oivallusp\u00e4iv\u00e4"}]},{"@type":"WebSite","@id":"https:\/\/shrimataji.org\/test\/#website","url":"https:\/\/shrimataji.org\/test\/","name":"Shri Mataji Nirmala Devi","description":"A Life Dedicated to Humanity","publisher":{"@id":"https:\/\/shrimataji.org\/test\/#\/schema\/person\/a1b3419c6585f164aa96da1ff85715d1"},"potentialAction":[{"@type":"SearchAction","target":{"@type":"EntryPoint","urlTemplate":"https:\/\/shrimataji.org\/test\/?s={search_term_string}"},"query-input":{"@type":"PropertyValueSpecification","valueRequired":true,"valueName":"search_term_string"}}],"inLanguage":"en-US"},{"@type":["Person","Organization"],"@id":"https:\/\/shrimataji.org\/test\/#\/schema\/person\/a1b3419c6585f164aa96da1ff85715d1","name":"Nirmala Shrivastava","image":{"@type":"ImageObject","inLanguage":"en-US","@id":"https:\/\/shrimataji.org\/test\/wp-content\/uploads\/2023\/02\/SMO_LOGO-03.svg","url":"https:\/\/shrimataji.org\/test\/wp-content\/uploads\/2023\/02\/SMO_LOGO-03.svg","contentUrl":"https:\/\/shrimataji.org\/test\/wp-content\/uploads\/2023\/02\/SMO_LOGO-03.svg","width":"1024","height":"1024","caption":"Nirmala Shrivastava"},"logo":{"@id":"https:\/\/shrimataji.org\/test\/wp-content\/uploads\/2023\/02\/SMO_LOGO-03.svg"},"sameAs":["https:\/\/shrimataji.org\/test","https:\/\/www.facebook.com\/shrimataji","https:\/\/x.com\/shrimataji","https:\/\/www.youtube.com\/@Shri_Mataji_Nirmala_Devi\/featured"]}]}},"lang":"fi","translations":{"fi":12604,"en":453,"am":18037,"th":19998,"hu":19518,"sq":18438,"zh":17335,"tr":10183,"pt":10395,"de":10669,"fr":10767,"it":10865,"es":10962,"ja":11259,"ru":11447,"bn":11639,"te":11747,"sw":11870,"he":12018,"el":12310,"sk":12408,"fa":12506,"bg":13491,"ro":14566,"cs":14759,"nl":16598,"ku":16758,"ar":16934,"be":18645,"kn":18919,"mr":20362,"uk":20656,"ml":20951,"ta":22756,"sv":23027,"gu":28870,"pa":29030,"fil":29475},"pll_sync_post":[],"_links":{"self":[{"href":"https:\/\/shrimataji.org\/test\/wp-json\/wp\/v2\/pages\/12604","targetHints":{"allow":["GET"]}}],"collection":[{"href":"https:\/\/shrimataji.org\/test\/wp-json\/wp\/v2\/pages"}],"about":[{"href":"https:\/\/shrimataji.org\/test\/wp-json\/wp\/v2\/types\/page"}],"author":[{"embeddable":true,"href":"https:\/\/shrimataji.org\/test\/wp-json\/wp\/v2\/users\/29"}],"replies":[{"embeddable":true,"href":"https:\/\/shrimataji.org\/test\/wp-json\/wp\/v2\/comments?post=12604"}],"version-history":[{"count":0,"href":"https:\/\/shrimataji.org\/test\/wp-json\/wp\/v2\/pages\/12604\/revisions"}],"wp:attachment":[{"href":"https:\/\/shrimataji.org\/test\/wp-json\/wp\/v2\/media?parent=12604"}],"curies":[{"name":"wp","href":"https:\/\/api.w.org\/{rel}","templated":true}]}}