{"id":12615,"date":"2012-08-02T21:00:00","date_gmt":"2012-08-02T21:00:00","guid":{"rendered":"http:\/\/testwordpress.nirmalnagari.org\/smnd\/index.php\/privacy\/"},"modified":"2025-07-15T20:30:16","modified_gmt":"2025-07-15T20:30:16","slug":"tietosuojakaytantomme","status":"publish","type":"page","link":"https:\/\/shrimataji.org\/test\/fi\/tietosuojakaytantomme\/","title":{"rendered":"Tietosuojak\u00e4yt\u00e4nt\u00f6mme"},"content":{"rendered":"\n\n\t<h1>Tietosuojak\u00e4yt\u00e4nt\u00f6mme<\/h1>\n<h4>Olemme ShriMataji.org-sivustolla tietoisia luottamuksesta, jota osoitat meille, ja velvollisuudestamme suojella yksityisyytt\u00e4si. Osana t\u00e4t\u00e4 vastuuta kerromme sinulle, mit\u00e4 tietoja ker\u00e4\u00e4mme, kun k\u00e4yt\u00e4t verkkosivustoamme, miksi ker\u00e4\u00e4mme niit\u00e4 ja miten k\u00e4yt\u00e4mme niit\u00e4 parantaaksemme k\u00e4ytt\u00f6kokemustasi.<\/h4>\n<p>Shri Mataji Nirmala Devi Sahaja Yoga World Foundation (Sahaja Yogan maailmans\u00e4\u00e4ti\u00f6) noudattaa EU:n yleisen tietosuoja-asetuksen (GDPR 2016\/679) mukaisia menettelytapoja ja k\u00e4yt\u00e4nt\u00f6j\u00e4 varmistaakseen korkeat turvallisuusstandardit ja s\u00e4\u00e4nn\u00f6t, jotka mahdollistavat henkil\u00f6tietojen asianmukaisen k\u00e4sittelyn.<\/p>\n<h4>Tietojen k\u00e4sittelyyn oikeutetut henkil\u00f6t<\/h4>\n<p>Tietoja k\u00e4sittelee asianmukaisesti nimetty ja koulutettu henkil\u00f6st\u00f6, jolla on oikeus k\u00e4sitell\u00e4 tietoja ja joka toimii sek\u00e4 yrityksen toimistoissa ett\u00e4 niiden ulkopuolella.<\/p>\n<h4>Tietojen s\u00e4ilytt\u00e4minen<\/h4>\n<p>Tietoja k\u00e4ytet\u00e4\u00e4n vain k\u00e4sittelyn tarkoituksen kannalta ehdottoman v\u00e4ltt\u00e4m\u00e4tt\u00f6m\u00e4n ajan.<\/p>\n<h4>Tietosuojaa koskevat tiedot<\/h4>\n<p>Lis\u00e4tietoja l\u00f6ytyy alla olevasta tietosuojaselosteesta:<\/p>\n<ul>\n<li><a href=\"https:\/\/shrimataji.org\/test\/wp-content\/uploads\/2025\/07\/Verkkosivuston-kayttajan-tietosuoja.docx.pdf\" target=\"_blank\" rel=\"noopener\">Verkkosivuston k\u00e4ytt\u00e4j\u00e4n tietosuoja<\/a><\/li>\n<li><a href=\"https:\/\/shrimataji.org\/test\/wp-content\/uploads\/2025\/07\/Palautetta-koskeva-tietosuoja.docx.pdf\" target=\"_blank\" rel=\"noopener\">Palautetta koskeva tietosuoja<\/a><\/li>\n<li><a href=\"https:\/\/shrimataji.org\/test\/wp-content\/uploads\/2025\/07\/Evastekaytannot.docx.pdf\" target=\"_blank\" rel=\"noopener\">Ev\u00e4stek\u00e4yt\u00e4nn\u00f6t<\/a><\/li>\n<\/ul>\n<hr \/>\n<h3>\u00a9 Shri Mataji Nirmala Devi Sahaja Yoga World Foundation, voittoa tavoittelematon organisaatio, joka on merkitty Piemonten alueelliseen oikeudellisten toimijoiden rekisteriin.\u00a0(prot. no. 747)<\/h3>\n\n","protected":false},"excerpt":{"rendered":"<p>Tietosuojak\u00e4yt\u00e4nt\u00f6mme Olemme ShriMataji.org-sivustolla tietoisia luottamuksesta, jota osoitat meille, ja velvollisuudestamme suojella yksityisyytt\u00e4si. Osana t\u00e4t\u00e4 vastuuta kerromme sinulle, mit\u00e4 tietoja ker\u00e4\u00e4mme, kun k\u00e4yt\u00e4t verkkosivustoamme, miksi ker\u00e4\u00e4mme niit\u00e4 ja miten k\u00e4yt\u00e4mme niit\u00e4 parantaaksemme k\u00e4ytt\u00f6kokemustasi. Shri Mataji Nirmala Devi Sahaja Yoga World Foundation (Sahaja Yogan maailmans\u00e4\u00e4ti\u00f6) noudattaa EU:n yleisen tietosuoja-asetuksen (GDPR 2016\/679) mukaisia menettelytapoja ja k\u00e4yt\u00e4nt\u00f6j\u00e4 varmistaakseen korkeat&hellip; <br \/> <a class=\"read-more\" href=\"https:\/\/shrimataji.org\/test\/fi\/tietosuojakaytantomme\/\">Read more<\/a><\/p>\n","protected":false},"author":29,"featured_media":9552,"parent":0,"menu_order":0,"comment_status":"closed","ping_status":"closed","template":"","meta":{"inline_featured_image":false,"footnotes":""},"class_list":["post-12615","page","type-page","status-publish","has-post-thumbnail","hentry"],"yoast_head":"<!-- This site is optimized with the Yoast SEO plugin v27.4 - https:\/\/yoast.com\/product\/yoast-seo-wordpress\/ -->\n<title>Tietosuojak\u00e4yt\u00e4nt\u00f6mme - TEST - SMND<\/title>\n<meta name=\"robots\" content=\"noindex, follow, max-snippet:-1, max-image-preview:large, max-video-preview:-1\" \/>\n<meta property=\"og:locale\" content=\"en_US\" \/>\n<meta property=\"og:type\" content=\"article\" \/>\n<meta property=\"og:title\" content=\"Tietosuojak\u00e4yt\u00e4nt\u00f6mme - TEST - SMND\" \/>\n<meta property=\"og:description\" content=\"Tietosuojak\u00e4yt\u00e4nt\u00f6mme Olemme ShriMataji.org-sivustolla tietoisia luottamuksesta, jota osoitat meille, ja velvollisuudestamme suojella yksityisyytt\u00e4si. Osana t\u00e4t\u00e4 vastuuta kerromme sinulle, mit\u00e4 tietoja ker\u00e4\u00e4mme, kun k\u00e4yt\u00e4t verkkosivustoamme, miksi ker\u00e4\u00e4mme niit\u00e4 ja miten k\u00e4yt\u00e4mme niit\u00e4 parantaaksemme k\u00e4ytt\u00f6kokemustasi. Shri Mataji Nirmala Devi Sahaja Yoga World Foundation (Sahaja Yogan maailmans\u00e4\u00e4ti\u00f6) noudattaa EU:n yleisen tietosuoja-asetuksen (GDPR 2016\/679) mukaisia menettelytapoja ja k\u00e4yt\u00e4nt\u00f6j\u00e4 varmistaakseen korkeat&hellip; Read more\" \/>\n<meta property=\"og:url\" content=\"https:\/\/shrimataji.org\/test\/fi\/tietosuojakaytantomme\/\" \/>\n<meta property=\"og:site_name\" content=\"TEST - SMND\" \/>\n<meta property=\"article:publisher\" content=\"https:\/\/www.facebook.com\/shrimataji\" \/>\n<meta property=\"article:modified_time\" content=\"2025-07-15T20:30:16+00:00\" \/>\n<meta property=\"og:image\" content=\"https:\/\/shrimataji.org\/test\/wp-content\/uploads\/2023\/03\/Banner-Footer-Castle-1-scaled.jpg\" \/>\n\t<meta property=\"og:image:width\" content=\"2560\" \/>\n\t<meta property=\"og:image:height\" content=\"905\" \/>\n\t<meta property=\"og:image:type\" content=\"image\/jpeg\" \/>\n<meta name=\"twitter:card\" content=\"summary_large_image\" \/>\n<meta name=\"twitter:site\" content=\"@shrimataji\" \/>\n<meta name=\"twitter:label1\" content=\"Est. reading time\" \/>\n\t<meta name=\"twitter:data1\" content=\"1 minute\" \/>\n<script type=\"application\/ld+json\" class=\"yoast-schema-graph\">{\"@context\":\"https:\\\/\\\/schema.org\",\"@graph\":[{\"@type\":\"WebPage\",\"@id\":\"https:\\\/\\\/shrimataji.org\\\/test\\\/fi\\\/tietosuojakaytantomme\\\/\",\"url\":\"https:\\\/\\\/shrimataji.org\\\/test\\\/fi\\\/tietosuojakaytantomme\\\/\",\"name\":\"Tietosuojak\u00e4yt\u00e4nt\u00f6mme - TEST - SMND\",\"isPartOf\":{\"@id\":\"https:\\\/\\\/shrimataji.org\\\/test\\\/#website\"},\"primaryImageOfPage\":{\"@id\":\"https:\\\/\\\/shrimataji.org\\\/test\\\/fi\\\/tietosuojakaytantomme\\\/#primaryimage\"},\"image\":{\"@id\":\"https:\\\/\\\/shrimataji.org\\\/test\\\/fi\\\/tietosuojakaytantomme\\\/#primaryimage\"},\"thumbnailUrl\":\"https:\\\/\\\/shrimataji.org\\\/test\\\/wp-content\\\/uploads\\\/2023\\\/03\\\/Banner-Footer-Castle-1-scaled.jpg\",\"datePublished\":\"2012-08-02T21:00:00+00:00\",\"dateModified\":\"2025-07-15T20:30:16+00:00\",\"breadcrumb\":{\"@id\":\"https:\\\/\\\/shrimataji.org\\\/test\\\/fi\\\/tietosuojakaytantomme\\\/#breadcrumb\"},\"inLanguage\":\"en-US\",\"potentialAction\":[{\"@type\":\"ReadAction\",\"target\":[\"https:\\\/\\\/shrimataji.org\\\/test\\\/fi\\\/tietosuojakaytantomme\\\/\"]}]},{\"@type\":\"ImageObject\",\"inLanguage\":\"en-US\",\"@id\":\"https:\\\/\\\/shrimataji.org\\\/test\\\/fi\\\/tietosuojakaytantomme\\\/#primaryimage\",\"url\":\"https:\\\/\\\/shrimataji.org\\\/test\\\/wp-content\\\/uploads\\\/2023\\\/03\\\/Banner-Footer-Castle-1-scaled.jpg\",\"contentUrl\":\"https:\\\/\\\/shrimataji.org\\\/test\\\/wp-content\\\/uploads\\\/2023\\\/03\\\/Banner-Footer-Castle-1-scaled.jpg\",\"width\":2560,\"height\":905},{\"@type\":\"BreadcrumbList\",\"@id\":\"https:\\\/\\\/shrimataji.org\\\/test\\\/fi\\\/tietosuojakaytantomme\\\/#breadcrumb\",\"itemListElement\":[{\"@type\":\"ListItem\",\"position\":1,\"name\":\"Home\",\"item\":\"https:\\\/\\\/shrimataji.org\\\/test\\\/uk\\\/home-en\\\/\"},{\"@type\":\"ListItem\",\"position\":2,\"name\":\"Tietosuojak\u00e4yt\u00e4nt\u00f6mme\"}]},{\"@type\":\"WebSite\",\"@id\":\"https:\\\/\\\/shrimataji.org\\\/test\\\/#website\",\"url\":\"https:\\\/\\\/shrimataji.org\\\/test\\\/\",\"name\":\"Shri Mataji Nirmala Devi\",\"description\":\"A Life Dedicated to Humanity\",\"publisher\":{\"@id\":\"https:\\\/\\\/shrimataji.org\\\/test\\\/#\\\/schema\\\/person\\\/a1b3419c6585f164aa96da1ff85715d1\"},\"potentialAction\":[{\"@type\":\"SearchAction\",\"target\":{\"@type\":\"EntryPoint\",\"urlTemplate\":\"https:\\\/\\\/shrimataji.org\\\/test\\\/?s={search_term_string}\"},\"query-input\":{\"@type\":\"PropertyValueSpecification\",\"valueRequired\":true,\"valueName\":\"search_term_string\"}}],\"inLanguage\":\"en-US\"},{\"@type\":[\"Person\",\"Organization\"],\"@id\":\"https:\\\/\\\/shrimataji.org\\\/test\\\/#\\\/schema\\\/person\\\/a1b3419c6585f164aa96da1ff85715d1\",\"name\":\"Nirmala Shrivastava\",\"image\":{\"@type\":\"ImageObject\",\"inLanguage\":\"en-US\",\"@id\":\"https:\\\/\\\/shrimataji.org\\\/test\\\/wp-content\\\/uploads\\\/2023\\\/02\\\/SMO_LOGO-03.svg\",\"url\":\"https:\\\/\\\/shrimataji.org\\\/test\\\/wp-content\\\/uploads\\\/2023\\\/02\\\/SMO_LOGO-03.svg\",\"contentUrl\":\"https:\\\/\\\/shrimataji.org\\\/test\\\/wp-content\\\/uploads\\\/2023\\\/02\\\/SMO_LOGO-03.svg\",\"width\":\"1024\",\"height\":\"1024\",\"caption\":\"Nirmala Shrivastava\"},\"logo\":{\"@id\":\"https:\\\/\\\/shrimataji.org\\\/test\\\/wp-content\\\/uploads\\\/2023\\\/02\\\/SMO_LOGO-03.svg\"},\"sameAs\":[\"https:\\\/\\\/shrimataji.org\\\/test\",\"https:\\\/\\\/www.facebook.com\\\/shrimataji\",\"https:\\\/\\\/x.com\\\/shrimataji\",\"https:\\\/\\\/www.youtube.com\\\/@Shri_Mataji_Nirmala_Devi\\\/featured\"]}]}<\/script>\n<!-- \/ Yoast SEO plugin. -->","yoast_head_json":{"title":"Tietosuojak\u00e4yt\u00e4nt\u00f6mme - TEST - SMND","robots":{"index":"noindex","follow":"follow","max-snippet":"max-snippet:-1","max-image-preview":"max-image-preview:large","max-video-preview":"max-video-preview:-1"},"og_locale":"en_US","og_type":"article","og_title":"Tietosuojak\u00e4yt\u00e4nt\u00f6mme - TEST - SMND","og_description":"Tietosuojak\u00e4yt\u00e4nt\u00f6mme Olemme ShriMataji.org-sivustolla tietoisia luottamuksesta, jota osoitat meille, ja velvollisuudestamme suojella yksityisyytt\u00e4si. Osana t\u00e4t\u00e4 vastuuta kerromme sinulle, mit\u00e4 tietoja ker\u00e4\u00e4mme, kun k\u00e4yt\u00e4t verkkosivustoamme, miksi ker\u00e4\u00e4mme niit\u00e4 ja miten k\u00e4yt\u00e4mme niit\u00e4 parantaaksemme k\u00e4ytt\u00f6kokemustasi. Shri Mataji Nirmala Devi Sahaja Yoga World Foundation (Sahaja Yogan maailmans\u00e4\u00e4ti\u00f6) noudattaa EU:n yleisen tietosuoja-asetuksen (GDPR 2016\/679) mukaisia menettelytapoja ja k\u00e4yt\u00e4nt\u00f6j\u00e4 varmistaakseen korkeat&hellip; Read more","og_url":"https:\/\/shrimataji.org\/test\/fi\/tietosuojakaytantomme\/","og_site_name":"TEST - SMND","article_publisher":"https:\/\/www.facebook.com\/shrimataji","article_modified_time":"2025-07-15T20:30:16+00:00","og_image":[{"width":2560,"height":905,"url":"https:\/\/shrimataji.org\/test\/wp-content\/uploads\/2023\/03\/Banner-Footer-Castle-1-scaled.jpg","type":"image\/jpeg"}],"twitter_card":"summary_large_image","twitter_site":"@shrimataji","twitter_misc":{"Est. reading time":"1 minute"},"schema":{"@context":"https:\/\/schema.org","@graph":[{"@type":"WebPage","@id":"https:\/\/shrimataji.org\/test\/fi\/tietosuojakaytantomme\/","url":"https:\/\/shrimataji.org\/test\/fi\/tietosuojakaytantomme\/","name":"Tietosuojak\u00e4yt\u00e4nt\u00f6mme - TEST - SMND","isPartOf":{"@id":"https:\/\/shrimataji.org\/test\/#website"},"primaryImageOfPage":{"@id":"https:\/\/shrimataji.org\/test\/fi\/tietosuojakaytantomme\/#primaryimage"},"image":{"@id":"https:\/\/shrimataji.org\/test\/fi\/tietosuojakaytantomme\/#primaryimage"},"thumbnailUrl":"https:\/\/shrimataji.org\/test\/wp-content\/uploads\/2023\/03\/Banner-Footer-Castle-1-scaled.jpg","datePublished":"2012-08-02T21:00:00+00:00","dateModified":"2025-07-15T20:30:16+00:00","breadcrumb":{"@id":"https:\/\/shrimataji.org\/test\/fi\/tietosuojakaytantomme\/#breadcrumb"},"inLanguage":"en-US","potentialAction":[{"@type":"ReadAction","target":["https:\/\/shrimataji.org\/test\/fi\/tietosuojakaytantomme\/"]}]},{"@type":"ImageObject","inLanguage":"en-US","@id":"https:\/\/shrimataji.org\/test\/fi\/tietosuojakaytantomme\/#primaryimage","url":"https:\/\/shrimataji.org\/test\/wp-content\/uploads\/2023\/03\/Banner-Footer-Castle-1-scaled.jpg","contentUrl":"https:\/\/shrimataji.org\/test\/wp-content\/uploads\/2023\/03\/Banner-Footer-Castle-1-scaled.jpg","width":2560,"height":905},{"@type":"BreadcrumbList","@id":"https:\/\/shrimataji.org\/test\/fi\/tietosuojakaytantomme\/#breadcrumb","itemListElement":[{"@type":"ListItem","position":1,"name":"Home","item":"https:\/\/shrimataji.org\/test\/uk\/home-en\/"},{"@type":"ListItem","position":2,"name":"Tietosuojak\u00e4yt\u00e4nt\u00f6mme"}]},{"@type":"WebSite","@id":"https:\/\/shrimataji.org\/test\/#website","url":"https:\/\/shrimataji.org\/test\/","name":"Shri Mataji Nirmala Devi","description":"A Life Dedicated to Humanity","publisher":{"@id":"https:\/\/shrimataji.org\/test\/#\/schema\/person\/a1b3419c6585f164aa96da1ff85715d1"},"potentialAction":[{"@type":"SearchAction","target":{"@type":"EntryPoint","urlTemplate":"https:\/\/shrimataji.org\/test\/?s={search_term_string}"},"query-input":{"@type":"PropertyValueSpecification","valueRequired":true,"valueName":"search_term_string"}}],"inLanguage":"en-US"},{"@type":["Person","Organization"],"@id":"https:\/\/shrimataji.org\/test\/#\/schema\/person\/a1b3419c6585f164aa96da1ff85715d1","name":"Nirmala Shrivastava","image":{"@type":"ImageObject","inLanguage":"en-US","@id":"https:\/\/shrimataji.org\/test\/wp-content\/uploads\/2023\/02\/SMO_LOGO-03.svg","url":"https:\/\/shrimataji.org\/test\/wp-content\/uploads\/2023\/02\/SMO_LOGO-03.svg","contentUrl":"https:\/\/shrimataji.org\/test\/wp-content\/uploads\/2023\/02\/SMO_LOGO-03.svg","width":"1024","height":"1024","caption":"Nirmala Shrivastava"},"logo":{"@id":"https:\/\/shrimataji.org\/test\/wp-content\/uploads\/2023\/02\/SMO_LOGO-03.svg"},"sameAs":["https:\/\/shrimataji.org\/test","https:\/\/www.facebook.com\/shrimataji","https:\/\/x.com\/shrimataji","https:\/\/www.youtube.com\/@Shri_Mataji_Nirmala_Devi\/featured"]}]}},"lang":"fi","translations":{"fi":12615,"en":424,"am":18055,"th":20027,"hu":19540,"sq":18456,"zh":17353,"hi":8498,"tr":10196,"pt":10406,"de":10680,"fr":10778,"it":10876,"es":10973,"ja":11270,"ru":11458,"bn":11650,"te":11758,"sw":11881,"he":12029,"el":12321,"fa":12517,"bg":13503,"ro":14578,"cs":14771,"nl":16616,"ku":16776,"ar":16952,"be":18663,"kn":18937,"mr":20391,"uk":20685,"ml":20980,"ta":22774,"sv":23044,"pa":29048,"fil":29492},"pll_sync_post":[],"_links":{"self":[{"href":"https:\/\/shrimataji.org\/test\/wp-json\/wp\/v2\/pages\/12615","targetHints":{"allow":["GET"]}}],"collection":[{"href":"https:\/\/shrimataji.org\/test\/wp-json\/wp\/v2\/pages"}],"about":[{"href":"https:\/\/shrimataji.org\/test\/wp-json\/wp\/v2\/types\/page"}],"author":[{"embeddable":true,"href":"https:\/\/shrimataji.org\/test\/wp-json\/wp\/v2\/users\/29"}],"replies":[{"embeddable":true,"href":"https:\/\/shrimataji.org\/test\/wp-json\/wp\/v2\/comments?post=12615"}],"version-history":[{"count":0,"href":"https:\/\/shrimataji.org\/test\/wp-json\/wp\/v2\/pages\/12615\/revisions"}],"wp:featuredmedia":[{"embeddable":true,"href":"https:\/\/shrimataji.org\/test\/wp-json\/wp\/v2\/media\/9552"}],"wp:attachment":[{"href":"https:\/\/shrimataji.org\/test\/wp-json\/wp\/v2\/media?parent=12615"}],"curies":[{"name":"wp","href":"https:\/\/api.w.org\/{rel}","templated":true}]}}