{"id":12624,"date":"2022-03-05T08:01:33","date_gmt":"2022-03-05T08:01:33","guid":{"rendered":"https:\/\/test.shrimataji.org\/?page_id=6500"},"modified":"2025-09-20T21:08:47","modified_gmt":"2025-09-20T21:08:47","slug":"sahasrara-chakra-fi","status":"publish","type":"page","link":"https:\/\/shrimataji.org\/test\/fi\/sahasrara-chakra-fi\/","title":{"rendered":"Sahasrara-chakra FIN"},"content":{"rendered":"\n\n\t<h1>Sahasrara-chakra<\/h1>\n<h2>Integraatio<\/h2>\n<h4>Sahasrara-chakra (sahasrara tarkoittaa tuhatta) sijaitsee p\u00e4\u00e4mme p\u00e4\u00e4ll\u00e4 ja symboloi evoluutiomatkamme huipentumaa Homo sapiensina. Ihmislaji, joka syntyi aivan loppupuolella maapallon 4,8 miljardin vuoden pituista el\u00e4m\u00e4\u00e4, hallitsee koko planeettaa yhden etumme, aivojemme, ansiosta. Mik\u00e4 on ihmisel\u00e4m\u00e4mme tarkoitus? Onko se vain aivojen k\u00e4ytt\u00e4minen johonkin illusoriseen vallan tai rahan hankkimiseen tai edes rajallisen tieteellisen uteliaisuutemme tyydytt\u00e4miseen, jotta voisimme tutkia luomisen, evoluution ja kuolleen materian tuhoutumisen mysteerej\u00e4 suhteellisessa avaruudessa ja ajassa sijaitsevassa \u00e4\u00e4rett\u00f6myydess\u00e4? Vai onko ihmisel\u00e4m\u00e4ll\u00e4mme jokin korkeampi tarkoitus, jonka vain harvat ovat kyenneet ymm\u00e4rt\u00e4m\u00e4\u00e4n?<\/h4>\n<p>Kun <a href=\"https:\/\/shrimataji.org\/test\/fi\/kundaliini\/\" target=\"_blank\" rel=\"noopener\"><u>Kundaliini<\/u><\/a> l\u00e4vist\u00e4\u00e4 Brahmarandran (jota intialaisissa pyhiss\u00e4 kirjoituksissa kuvataan p\u00e4\u00e4laen p\u00e4\u00e4ll\u00e4 olevana aukkona) Sahasrara-chakran ymp\u00e4r\u00f6im\u00e4ll\u00e4 limbisella alueella, ihmisen tietoisuus siirtyy uudelle havaitsemisen ja tietoisuuden alueelle, joka on mentaalisten toimintojemme ja ajatustemme yl\u00e4puolella. T\u00e4m\u00e4 chakra antaa meille suoran ja absoluuttisen tavan havaita todellisuus keskushermostossamme, ja saavutamme vaivattomasti ep\u00e4ilyksett\u00f6m\u00e4n tietoisuuden tilan, joka tunnetaan nimell\u00e4 &#8216;nirvikalpa samadhi&#8217;.<\/p>\n<p>Sahasrara-chakran ensisijainen ominaisuus on integraatio ja ykseyden tunne kaikkien universumin elementtien kanssa. Sahasraran kautta koemme yhteyden kaikkialla l\u00e4sn\u00e4 olevaan henkiseen energiaan, absoluuttiseen totuuteen. Sahasrara edustaa lopullista m\u00e4\u00e4r\u00e4np\u00e4\u00e4t\u00e4mme. Ymm\u00e4rt\u00e4\u00e4ksemme t\u00e4ysin el\u00e4m\u00e4mme merkityksen ja tarkoituksen, meid\u00e4n on tutkittava niit\u00e4 korkeamman tietoisuuden alueita, jotka ovat osa meit\u00e4 luonutta voimaa.<\/p>\n<p>Seitsem\u00e4s keskus yhdist\u00e4\u00e4 koko hienojakoisen j\u00e4rjestelm\u00e4n voimat ja ominaisuudet, joka koostuu tuhansista <a href=\"https:\/\/shrimataji.org\/test\/fi\/nadit-ja-kolme-mielialaa\/\" target=\"_blank\" rel=\"noopener\">nadeista <\/a>ja chakroista. Kaikkien chakrojen toimintaprosessi k\u00e4ynnistyy kunkin chakran sijaintipaikasta Sahasrarassa. Aivan kuten aivot, jotka ovat keskushermostomme ohjauskeskus, jossa kaikki informaatio v\u00e4litet\u00e4\u00e4n ja k\u00e4sitell\u00e4\u00e4n t\u00e4m\u00e4n supertietokoneen kautta, Sahasrara on vuorovaikutuksessa koko hienojakoisen j\u00e4rjestelm\u00e4n kanssa samalla tavalla.<\/p>\n\t\t<iframe loading=\"lazy\" title=\"Sahasrara Chakra\" width=\"1920\" height=\"1080\" src=\"https:\/\/www.youtube.com\/embed\/9L26slNEfCY?feature=oembed\" frameborder=\"0\" allow=\"accelerometer; autoplay; clipboard-write; encrypted-media; gyroscope; picture-in-picture; web-share\" allowfullscreen><\/iframe>\t\n\t\t\t\t<img decoding=\"async\" src=\"https:\/\/shrimataji.org\/test\/wp-content\/uploads\/2023\/03\/Sahasrara_Handsketch_1.jpg\" alt=\"Shri Matajin alkuper\u00e4inen piirros\" itemprop=\"image\" height=\"589\" width=\"1001\" title=\"Sahasrara_Handsketch_1\" onerror=\"this.style.display='none'\" loading='lazy' \/>\n\t\tShri Matajin alkuper\u00e4inen piirros\n\t<p><strong>Sijainti<\/strong>:<\/p>\n<p>Sahasrara-chakra sijaitsee aivojen limbisess\u00e4 j\u00e4rjestelm\u00e4ss\u00e4. Voit tuntea Sahasrara-chakran v\u00e4r\u00e4htelyt keskell\u00e4 k\u00e4mment\u00e4si.<\/p>\n<p><strong>Ominaisuudet<\/strong>:<\/p>\n<p>Sahasrara-chakran kautta pystyt olemaan yhteydess\u00e4 siihen voimaan, joka loi sinut. T\u00e4m\u00e4n kautta voit l\u00f6yt\u00e4\u00e4 el\u00e4m\u00e4si tarkoituksen. Se edustaa lopullista m\u00e4\u00e4r\u00e4np\u00e4\u00e4t\u00e4si &#8211; oivallat, kuinka taivas on maan p\u00e4\u00e4ll\u00e4.<\/p>\n<p><strong>Muutamia Sahasrara-chakran ominaisuuksia:<\/strong><\/p>\n\u2022 Tunne &#8220;ykseydest\u00e4&#8221; maailmankaikkeuden kanssa (tunnetaan my\u00f6s integraationa)<br \/>\n\u2022 Ajatukseton tietoisuus tai mielen hiljaisuus<br \/>\n\u2022 Ep\u00e4ilykset\u00f6n tietoisuus tai tietoisuus Jumalallisesta energiasta\n\t\t\t\t<a href=\"https:\/\/shrimataji.org\/test\/wp-content\/uploads\/2023\/02\/7-Sahasrara-01-1.png\"  target=\"_blank\" rel=\"noopener\"  itemprop=\"url\">\n\t\t\t\t<img decoding=\"async\" src=\"https:\/\/shrimataji.org\/test\/wp-content\/uploads\/2025\/04\/7-Sahasrara-01-scaled.png\" alt=\"7-Sahasrara-01\" itemprop=\"image\" height=\"2560\" width=\"2402\" title=\"7-Sahasrara-01\" onerror=\"this.style.display='none'\" loading='lazy' \/>\n\t\t\t\t<\/a>\n\t<p>Jokaisella kuudesta p\u00e4\u00e4chakrasta, Muladhara-chakrasta Agnya-chakraan, on juurensa aivoissa. Kun harjoitat Sahaja Yogaa, Kundaliini nousee. Se kulkee jokaisen kuuden chakran l\u00e4pi ja asettuu aivojesi limbiselle alueelle. T\u00e4t\u00e4 prosessia kutsutaan my\u00f6s henkiseksi valaistumiseksi.<\/p>\n<p>Sahasrara-chakra on l\u00e4sn\u00e4 ontossa tilassa limbisen alueen sis\u00e4ll\u00e4. Tuhat hermoa ymp\u00e4r\u00f6i t\u00e4t\u00e4 tilaa. Kun Kundaliinienergia menee Sahasrara-chakraan meditaation kautta, kaikki n\u00e4m\u00e4 hermot syttyv\u00e4t samanaikaisesti. Kundaliinienergia tulee silloin esiin p\u00e4\u00e4laen kautta ja yhdistyy maailmankaikkeuden Jumalalliseen energiaan.<\/p>\n<strong>Kokemuksia ja hy\u00f6tyj\u00e4:<\/strong><br \/>\nKun Kundaliinienergia l\u00e4vist\u00e4\u00e4 p\u00e4\u00e4laen (joka tunnetaan my\u00f6s fontanellialueena), se yhdist\u00e4\u00e4 yksil\u00f6llisen tietoisuutesi (Atma) universaaliin tietoisuuteen (Paramatma). T\u00e4m\u00e4 voi tuntua voimakkaana sykkiv\u00e4n\u00e4 tuntemuksena p\u00e4\u00e4laella. N\u00e4it\u00e4 voimakkaita sykkeit\u00e4 seuraa usein sulamisen tunne ja viile\u00e4mm\u00e4t v\u00e4r\u00e4htelyt. T\u00e4m\u00e4n kokemuksen tuloksena olet saanut uuden tietoisuuden ulottuvuuden, jonka avulla voit paremmin havaita totuuden. Sinulla on kaikki, mit\u00e4 tarvitset erottaaksesi hyv\u00e4n pahasta, oikean v\u00e4\u00e4r\u00e4st\u00e4 ja totuuden valheesta.\n<p>Kun olet saavuttanut Kundaliinisi yhteyden maailmankaikkeuden Jumalalliseen energiaan, menneisyys tai tulevaisuus ei en\u00e4\u00e4 kuluta sinua. Koet todellista sis\u00e4ist\u00e4 iloa, jollaista et ole ennen kokenut. T\u00e4ss\u00e4 vaiheessa inhimillinen tietoisuutesi on yhdistynyt Jumalalliseen ja fyysisest\u00e4, \u00e4lyllisest\u00e4, emotionaalisesta ja henkisest\u00e4 min\u00e4st\u00e4si on tullut yksi.<\/p>\n<p>Nyt voit toimia t\u00e4ydellisess\u00e4 harmoniassa. Et en\u00e4\u00e4 tunne h\u00e4mmennyst\u00e4 tai ristiriitaa. Koet t\u00e4ydellist\u00e4 sis\u00e4ist\u00e4 rauhaa ja t\u00e4ydellist\u00e4 iloa. Tied\u00e4t intuitiivisesti, mik\u00e4 reaktio tai toiminta on moraalisesti oikein. Ennen kuin saavutit Kundaliinisi yhteyden, sinun on ehk\u00e4 t\u00e4ytynyt hyv\u00e4ksy\u00e4 Jumalan olemassaolo pelk\u00e4n uskon varassa. Mutta sen j\u00e4lkeen siirryt <strong>ep\u00e4ilem\u00e4tt\u00f6m\u00e4n tietoisuuden<\/strong> tilaan , jossa olet sek\u00e4 tietoinen ett\u00e4 varma Jumaluuden olemassaolosta. Kun jatkat meditaatiota, t\u00e4m\u00e4 ep\u00e4ilem\u00e4t\u00f6n tietoisuus vahvistuu entisest\u00e4\u00e4n.<\/p>\n<p><strong>Itsearviointia<\/strong>:<\/p>\n<p>Jos Sahasrara-chakrasi on tukossa tai ep\u00e4tasapainossa, sinulla voi olla vaikeuksia tuntea v\u00e4r\u00e4htelyj\u00e4 yleens\u00e4. Saatat my\u00f6s kokea ep\u00e4ilyksi\u00e4 henkisest\u00e4 todellisuudesta tai Jumalallisen olemassaolosta. Onneksi mit\u00e4 enemm\u00e4n harjoitat meditaatiota Sahaja Yogassa, sit\u00e4 selke\u00e4mmiksi kaikki chakrasi (energiakeskuksesi) tulevat. T\u00e4m\u00e4 johtaa lopulta tasapainoon Sahasrarassa. Tarvitaan vain avoin mieli ja halu jatkaa meditaation harjoittamista. Lopulta saavutat ja koet Kundaliinisi yhteyden Jumalalliseen energiaan melko s\u00e4\u00e4nn\u00f6llisesti.<\/p>\n<strong>Ep\u00e4tasapainon syit\u00e4:<br \/>\n<\/strong>\n<ul>\n<li>Ep\u00e4ilys itsest\u00e4<\/li>\n<li>\u00c4\u00e4rimm\u00e4inen ateismi<\/li>\n<li>\u00c4\u00e4rimm\u00e4isyyksiin meneminen<\/li>\n<\/ul>\n<p><strong>Tasapainottaminen<\/strong>:<\/p>\n<p>Voit pyrki\u00e4 tasapainottamaan Sahasrara-chakraasi asettamalla oikean k\u00e4tesi tukevasti p\u00e4\u00e4laen p\u00e4\u00e4lle. Py\u00f6rit\u00e4 k\u00e4mment\u00e4 hitaasti my\u00f6t\u00e4p\u00e4iv\u00e4\u00e4n samalla kun sanot: &#8220;Anna minun kokea meditaation tila&#8221;.<\/p>\n<p>Jos et aluksi pysty tuntemaan v\u00e4r\u00e4htelyj\u00e4, \u00e4l\u00e4 anna sen aiheuttaa ep\u00e4ilyksi\u00e4. Monet Sahaja Yogaa harjoittavat ihmiset tarvitsevat pidemm\u00e4n ajan ennen kuin he pystyv\u00e4t kokemaan v\u00e4r\u00e4htelyj\u00e4 tai vahvistamaan luotettavasti oman Kundaliinienergiansa yhteyden. Ole vain k\u00e4rsiv\u00e4llinen itsesi kanssa ja jatka eteenp\u00e4in. Sin\u00e4kin p\u00e4\u00e4set viel\u00e4 perille. T\u00e4m\u00e4 on t\u00e4rke\u00e4 askel Sahasrara-chakran pit\u00e4misess\u00e4 avoimena ja vapaana esteist\u00e4.<\/p>\n\n","protected":false},"excerpt":{"rendered":"<p>Sahasrara-chakra Integraatio Sahasrara-chakra (sahasrara tarkoittaa tuhatta) sijaitsee p\u00e4\u00e4mme p\u00e4\u00e4ll\u00e4 ja symboloi evoluutiomatkamme huipentumaa Homo sapiensina. Ihmislaji, joka syntyi aivan loppupuolella maapallon 4,8 miljardin vuoden pituista el\u00e4m\u00e4\u00e4, hallitsee koko planeettaa yhden etumme, aivojemme, ansiosta. Mik\u00e4 on ihmisel\u00e4m\u00e4mme tarkoitus? Onko se vain aivojen k\u00e4ytt\u00e4minen johonkin illusoriseen vallan tai rahan hankkimiseen tai edes rajallisen tieteellisen uteliaisuutemme tyydytt\u00e4miseen, jotta&hellip; <br \/> <a class=\"read-more\" href=\"https:\/\/shrimataji.org\/test\/fi\/sahasrara-chakra-fi\/\">Read more<\/a><\/p>\n","protected":false},"author":29,"featured_media":9257,"parent":0,"menu_order":0,"comment_status":"closed","ping_status":"closed","template":"","meta":{"inline_featured_image":false,"footnotes":""},"class_list":["post-12624","page","type-page","status-publish","has-post-thumbnail","hentry"],"yoast_head":"<!-- This site is optimized with the Yoast SEO plugin v27.4 - https:\/\/yoast.com\/product\/yoast-seo-wordpress\/ -->\n<title>Sahasrara-chakra FIN - TEST - SMND<\/title>\n<meta name=\"robots\" content=\"noindex, follow, max-snippet:-1, max-image-preview:large, max-video-preview:-1\" \/>\n<meta property=\"og:locale\" content=\"en_US\" \/>\n<meta property=\"og:type\" content=\"article\" \/>\n<meta property=\"og:title\" content=\"Sahasrara-chakra FIN - TEST - SMND\" \/>\n<meta property=\"og:description\" content=\"Sahasrara-chakra Integraatio Sahasrara-chakra (sahasrara tarkoittaa tuhatta) sijaitsee p\u00e4\u00e4mme p\u00e4\u00e4ll\u00e4 ja symboloi evoluutiomatkamme huipentumaa Homo sapiensina. Ihmislaji, joka syntyi aivan loppupuolella maapallon 4,8 miljardin vuoden pituista el\u00e4m\u00e4\u00e4, hallitsee koko planeettaa yhden etumme, aivojemme, ansiosta. Mik\u00e4 on ihmisel\u00e4m\u00e4mme tarkoitus? Onko se vain aivojen k\u00e4ytt\u00e4minen johonkin illusoriseen vallan tai rahan hankkimiseen tai edes rajallisen tieteellisen uteliaisuutemme tyydytt\u00e4miseen, jotta&hellip; Read more\" \/>\n<meta property=\"og:url\" content=\"https:\/\/shrimataji.org\/test\/fi\/sahasrara-chakra-fi\/\" \/>\n<meta property=\"og:site_name\" content=\"TEST - SMND\" \/>\n<meta property=\"article:publisher\" content=\"https:\/\/www.facebook.com\/shrimataji\" \/>\n<meta property=\"article:modified_time\" content=\"2025-09-20T21:08:47+00:00\" \/>\n<meta property=\"og:image\" content=\"https:\/\/shrimataji.org\/test\/wp-content\/uploads\/2023\/03\/22_Banner-SY-Chakra-sahas-scaled.jpg\" \/>\n\t<meta property=\"og:image:width\" content=\"2560\" \/>\n\t<meta property=\"og:image:height\" content=\"905\" \/>\n\t<meta property=\"og:image:type\" content=\"image\/jpeg\" \/>\n<meta name=\"twitter:card\" content=\"summary_large_image\" \/>\n<meta name=\"twitter:site\" content=\"@shrimataji\" \/>\n<script type=\"application\/ld+json\" class=\"yoast-schema-graph\">{\"@context\":\"https:\\\/\\\/schema.org\",\"@graph\":[{\"@type\":\"WebPage\",\"@id\":\"https:\\\/\\\/shrimataji.org\\\/test\\\/fi\\\/sahasrara-chakra-fi\\\/\",\"url\":\"https:\\\/\\\/shrimataji.org\\\/test\\\/fi\\\/sahasrara-chakra-fi\\\/\",\"name\":\"Sahasrara-chakra FIN - TEST - SMND\",\"isPartOf\":{\"@id\":\"https:\\\/\\\/shrimataji.org\\\/test\\\/#website\"},\"primaryImageOfPage\":{\"@id\":\"https:\\\/\\\/shrimataji.org\\\/test\\\/fi\\\/sahasrara-chakra-fi\\\/#primaryimage\"},\"image\":{\"@id\":\"https:\\\/\\\/shrimataji.org\\\/test\\\/fi\\\/sahasrara-chakra-fi\\\/#primaryimage\"},\"thumbnailUrl\":\"https:\\\/\\\/shrimataji.org\\\/test\\\/wp-content\\\/uploads\\\/2023\\\/03\\\/22_Banner-SY-Chakra-sahas-scaled.jpg\",\"datePublished\":\"2022-03-05T08:01:33+00:00\",\"dateModified\":\"2025-09-20T21:08:47+00:00\",\"breadcrumb\":{\"@id\":\"https:\\\/\\\/shrimataji.org\\\/test\\\/fi\\\/sahasrara-chakra-fi\\\/#breadcrumb\"},\"inLanguage\":\"en-US\",\"potentialAction\":[{\"@type\":\"ReadAction\",\"target\":[\"https:\\\/\\\/shrimataji.org\\\/test\\\/fi\\\/sahasrara-chakra-fi\\\/\"]}]},{\"@type\":\"ImageObject\",\"inLanguage\":\"en-US\",\"@id\":\"https:\\\/\\\/shrimataji.org\\\/test\\\/fi\\\/sahasrara-chakra-fi\\\/#primaryimage\",\"url\":\"https:\\\/\\\/shrimataji.org\\\/test\\\/wp-content\\\/uploads\\\/2023\\\/03\\\/22_Banner-SY-Chakra-sahas-scaled.jpg\",\"contentUrl\":\"https:\\\/\\\/shrimataji.org\\\/test\\\/wp-content\\\/uploads\\\/2023\\\/03\\\/22_Banner-SY-Chakra-sahas-scaled.jpg\",\"width\":2560,\"height\":905},{\"@type\":\"BreadcrumbList\",\"@id\":\"https:\\\/\\\/shrimataji.org\\\/test\\\/fi\\\/sahasrara-chakra-fi\\\/#breadcrumb\",\"itemListElement\":[{\"@type\":\"ListItem\",\"position\":1,\"name\":\"Home\",\"item\":\"https:\\\/\\\/shrimataji.org\\\/test\\\/uk\\\/home-en\\\/\"},{\"@type\":\"ListItem\",\"position\":2,\"name\":\"Sahasrara-chakra FIN\"}]},{\"@type\":\"WebSite\",\"@id\":\"https:\\\/\\\/shrimataji.org\\\/test\\\/#website\",\"url\":\"https:\\\/\\\/shrimataji.org\\\/test\\\/\",\"name\":\"Shri Mataji Nirmala Devi\",\"description\":\"A Life Dedicated to Humanity\",\"publisher\":{\"@id\":\"https:\\\/\\\/shrimataji.org\\\/test\\\/#\\\/schema\\\/person\\\/a1b3419c6585f164aa96da1ff85715d1\"},\"potentialAction\":[{\"@type\":\"SearchAction\",\"target\":{\"@type\":\"EntryPoint\",\"urlTemplate\":\"https:\\\/\\\/shrimataji.org\\\/test\\\/?s={search_term_string}\"},\"query-input\":{\"@type\":\"PropertyValueSpecification\",\"valueRequired\":true,\"valueName\":\"search_term_string\"}}],\"inLanguage\":\"en-US\"},{\"@type\":[\"Person\",\"Organization\"],\"@id\":\"https:\\\/\\\/shrimataji.org\\\/test\\\/#\\\/schema\\\/person\\\/a1b3419c6585f164aa96da1ff85715d1\",\"name\":\"Nirmala Shrivastava\",\"image\":{\"@type\":\"ImageObject\",\"inLanguage\":\"en-US\",\"@id\":\"https:\\\/\\\/shrimataji.org\\\/test\\\/wp-content\\\/uploads\\\/2023\\\/02\\\/SMO_LOGO-03.svg\",\"url\":\"https:\\\/\\\/shrimataji.org\\\/test\\\/wp-content\\\/uploads\\\/2023\\\/02\\\/SMO_LOGO-03.svg\",\"contentUrl\":\"https:\\\/\\\/shrimataji.org\\\/test\\\/wp-content\\\/uploads\\\/2023\\\/02\\\/SMO_LOGO-03.svg\",\"width\":\"1024\",\"height\":\"1024\",\"caption\":\"Nirmala Shrivastava\"},\"logo\":{\"@id\":\"https:\\\/\\\/shrimataji.org\\\/test\\\/wp-content\\\/uploads\\\/2023\\\/02\\\/SMO_LOGO-03.svg\"},\"sameAs\":[\"https:\\\/\\\/shrimataji.org\\\/test\",\"https:\\\/\\\/www.facebook.com\\\/shrimataji\",\"https:\\\/\\\/x.com\\\/shrimataji\",\"https:\\\/\\\/www.youtube.com\\\/@Shri_Mataji_Nirmala_Devi\\\/featured\"]}]}<\/script>\n<!-- \/ Yoast SEO plugin. -->","yoast_head_json":{"title":"Sahasrara-chakra FIN - TEST - SMND","robots":{"index":"noindex","follow":"follow","max-snippet":"max-snippet:-1","max-image-preview":"max-image-preview:large","max-video-preview":"max-video-preview:-1"},"og_locale":"en_US","og_type":"article","og_title":"Sahasrara-chakra FIN - TEST - SMND","og_description":"Sahasrara-chakra Integraatio Sahasrara-chakra (sahasrara tarkoittaa tuhatta) sijaitsee p\u00e4\u00e4mme p\u00e4\u00e4ll\u00e4 ja symboloi evoluutiomatkamme huipentumaa Homo sapiensina. Ihmislaji, joka syntyi aivan loppupuolella maapallon 4,8 miljardin vuoden pituista el\u00e4m\u00e4\u00e4, hallitsee koko planeettaa yhden etumme, aivojemme, ansiosta. Mik\u00e4 on ihmisel\u00e4m\u00e4mme tarkoitus? Onko se vain aivojen k\u00e4ytt\u00e4minen johonkin illusoriseen vallan tai rahan hankkimiseen tai edes rajallisen tieteellisen uteliaisuutemme tyydytt\u00e4miseen, jotta&hellip; Read more","og_url":"https:\/\/shrimataji.org\/test\/fi\/sahasrara-chakra-fi\/","og_site_name":"TEST - SMND","article_publisher":"https:\/\/www.facebook.com\/shrimataji","article_modified_time":"2025-09-20T21:08:47+00:00","og_image":[{"width":2560,"height":905,"url":"https:\/\/shrimataji.org\/test\/wp-content\/uploads\/2023\/03\/22_Banner-SY-Chakra-sahas-scaled.jpg","type":"image\/jpeg"}],"twitter_card":"summary_large_image","twitter_site":"@shrimataji","schema":{"@context":"https:\/\/schema.org","@graph":[{"@type":"WebPage","@id":"https:\/\/shrimataji.org\/test\/fi\/sahasrara-chakra-fi\/","url":"https:\/\/shrimataji.org\/test\/fi\/sahasrara-chakra-fi\/","name":"Sahasrara-chakra FIN - TEST - SMND","isPartOf":{"@id":"https:\/\/shrimataji.org\/test\/#website"},"primaryImageOfPage":{"@id":"https:\/\/shrimataji.org\/test\/fi\/sahasrara-chakra-fi\/#primaryimage"},"image":{"@id":"https:\/\/shrimataji.org\/test\/fi\/sahasrara-chakra-fi\/#primaryimage"},"thumbnailUrl":"https:\/\/shrimataji.org\/test\/wp-content\/uploads\/2023\/03\/22_Banner-SY-Chakra-sahas-scaled.jpg","datePublished":"2022-03-05T08:01:33+00:00","dateModified":"2025-09-20T21:08:47+00:00","breadcrumb":{"@id":"https:\/\/shrimataji.org\/test\/fi\/sahasrara-chakra-fi\/#breadcrumb"},"inLanguage":"en-US","potentialAction":[{"@type":"ReadAction","target":["https:\/\/shrimataji.org\/test\/fi\/sahasrara-chakra-fi\/"]}]},{"@type":"ImageObject","inLanguage":"en-US","@id":"https:\/\/shrimataji.org\/test\/fi\/sahasrara-chakra-fi\/#primaryimage","url":"https:\/\/shrimataji.org\/test\/wp-content\/uploads\/2023\/03\/22_Banner-SY-Chakra-sahas-scaled.jpg","contentUrl":"https:\/\/shrimataji.org\/test\/wp-content\/uploads\/2023\/03\/22_Banner-SY-Chakra-sahas-scaled.jpg","width":2560,"height":905},{"@type":"BreadcrumbList","@id":"https:\/\/shrimataji.org\/test\/fi\/sahasrara-chakra-fi\/#breadcrumb","itemListElement":[{"@type":"ListItem","position":1,"name":"Home","item":"https:\/\/shrimataji.org\/test\/uk\/home-en\/"},{"@type":"ListItem","position":2,"name":"Sahasrara-chakra FIN"}]},{"@type":"WebSite","@id":"https:\/\/shrimataji.org\/test\/#website","url":"https:\/\/shrimataji.org\/test\/","name":"Shri Mataji Nirmala Devi","description":"A Life Dedicated to Humanity","publisher":{"@id":"https:\/\/shrimataji.org\/test\/#\/schema\/person\/a1b3419c6585f164aa96da1ff85715d1"},"potentialAction":[{"@type":"SearchAction","target":{"@type":"EntryPoint","urlTemplate":"https:\/\/shrimataji.org\/test\/?s={search_term_string}"},"query-input":{"@type":"PropertyValueSpecification","valueRequired":true,"valueName":"search_term_string"}}],"inLanguage":"en-US"},{"@type":["Person","Organization"],"@id":"https:\/\/shrimataji.org\/test\/#\/schema\/person\/a1b3419c6585f164aa96da1ff85715d1","name":"Nirmala Shrivastava","image":{"@type":"ImageObject","inLanguage":"en-US","@id":"https:\/\/shrimataji.org\/test\/wp-content\/uploads\/2023\/02\/SMO_LOGO-03.svg","url":"https:\/\/shrimataji.org\/test\/wp-content\/uploads\/2023\/02\/SMO_LOGO-03.svg","contentUrl":"https:\/\/shrimataji.org\/test\/wp-content\/uploads\/2023\/02\/SMO_LOGO-03.svg","width":"1024","height":"1024","caption":"Nirmala Shrivastava"},"logo":{"@id":"https:\/\/shrimataji.org\/test\/wp-content\/uploads\/2023\/02\/SMO_LOGO-03.svg"},"sameAs":["https:\/\/shrimataji.org\/test","https:\/\/www.facebook.com\/shrimataji","https:\/\/x.com\/shrimataji","https:\/\/www.youtube.com\/@Shri_Mataji_Nirmala_Devi\/featured"]}]}},"lang":"fi","translations":{"fi":12624,"ur":37494,"en":6500,"am":18069,"th":20049,"hu":19557,"sq":18470,"zh":17367,"hi":8335,"tr":10205,"pt":10415,"de":10689,"fr":10787,"it":10885,"es":10982,"ja":11280,"ru":11468,"bn":11659,"te":11767,"sw":11890,"he":12038,"el":12330,"sk":12428,"fa":12526,"bg":13364,"ro":14438,"cs":14631,"nl":16630,"ku":16790,"ar":16966,"be":18677,"kn":18951,"mr":20413,"uk":20707,"ml":21002,"ta":22788,"sv":23058,"gu":28898,"pa":29058,"fil":29506,"da":37804,"pl":38014,"nn":38356},"pll_sync_post":[],"_links":{"self":[{"href":"https:\/\/shrimataji.org\/test\/wp-json\/wp\/v2\/pages\/12624","targetHints":{"allow":["GET"]}}],"collection":[{"href":"https:\/\/shrimataji.org\/test\/wp-json\/wp\/v2\/pages"}],"about":[{"href":"https:\/\/shrimataji.org\/test\/wp-json\/wp\/v2\/types\/page"}],"author":[{"embeddable":true,"href":"https:\/\/shrimataji.org\/test\/wp-json\/wp\/v2\/users\/29"}],"replies":[{"embeddable":true,"href":"https:\/\/shrimataji.org\/test\/wp-json\/wp\/v2\/comments?post=12624"}],"version-history":[{"count":0,"href":"https:\/\/shrimataji.org\/test\/wp-json\/wp\/v2\/pages\/12624\/revisions"}],"wp:featuredmedia":[{"embeddable":true,"href":"https:\/\/shrimataji.org\/test\/wp-json\/wp\/v2\/media\/9257"}],"wp:attachment":[{"href":"https:\/\/shrimataji.org\/test\/wp-json\/wp\/v2\/media?parent=12624"}],"curies":[{"name":"wp","href":"https:\/\/api.w.org\/{rel}","templated":true}]}}