{"id":12627,"date":"2018-07-10T06:54:42","date_gmt":"2018-07-10T06:54:42","guid":{"rendered":"http:\/\/testwordpress.nirmalnagari.org\/smnd\/index.php\/self-empowerment\/"},"modified":"2025-04-23T19:24:59","modified_gmt":"2025-04-23T19:24:59","slug":"oman-potentiaalin-vapauttaminen","status":"publish","type":"page","link":"https:\/\/shrimataji.org\/test\/fi\/oman-potentiaalin-vapauttaminen\/","title":{"rendered":"Oman potentiaalin vapauttaminen"},"content":{"rendered":"\n\n\t<h1>Oman potentiaalin vapauttaminen<\/h1>\n<h2>Itseoivalluksen kautta<\/h2>\n\t<h4>Jos ihmisen voimaantuminen voidaan m\u00e4\u00e4ritell\u00e4 prosessiksi, jossa h\u00e4n saa lis\u00e4\u00e4 kontrollia el\u00e4m\u00e4\u00e4ns\u00e4, lis\u00e4\u00e4 voimaa tai lis\u00e4\u00e4 luottamusta kykyihins\u00e4, Shri Matajin kehitt\u00e4m\u00e4 menetelm\u00e4 on siihen t\u00e4ydellinen keino, sill\u00e4 se antaa ihmisille mahdollisuuden vapauttaa itsess\u00e4\u00e4n oleva valtava potentiaali, joka her\u00e4tty\u00e4\u00e4n saa aikaan aidon muutoksen.<\/h4>\n\t<div class=\"su-quote su-quote-style-default\"><div class=\"su-quote-inner su-u-clearfix su-u-trim\">Kaikki on teihin sis\u00e4\u00e4nrakennettuna. Sallikaa sen toteutua niin kuin kukat muuttuvat hedelmiksi. <\/div><\/div>\n\t<p>Sahaja Yoga -meditaation s\u00e4\u00e4nn\u00f6llinen harjoittaminen antaa sen harjoittajille mahdollisuuden ymm\u00e4rt\u00e4\u00e4 paremmin oman hienojakoisen kehonsa tilaa, joka koostuu elint\u00e4rkeiden kanavien ja energiakeskusten verkostosta, ja hallita v\u00e4hitellen yksinkertaisia tekniikoita sis\u00e4isen tasapainon ja harmonian palauttamiseksi.<\/p>\n\t<p>Shri Mataji korosti, ett\u00e4 itseoivallus alkaa itsetuntemuksesta. Sahaja Yoga -meditaation harjoittajat kehitt\u00e4v\u00e4t muutamassa viikossa uuden ja hienojakoisemman tietoisuuden todellisuudesta, jota kutsutaan v\u00e4r\u00e4htelytietoisuudeksi ja joka antaa kyvyn arvioida oman ymp\u00e4rist\u00f6n energian laatua sek\u00e4 arvioida omaa sis\u00e4ist\u00e4 tilaansa. Elementtien (ilma, vesi, tuli, maa) avulla voidaan soveltaa erilaisia tekniikoita ja hoitoja, joilla korjataan energiam\u00e4\u00e4riss\u00e4 esiintyvi\u00e4 yli- tai alij\u00e4\u00e4mi\u00e4 ja jotka kaikki perustuvat k\u00e4siss\u00e4 ja tietyill\u00e4 kehon alueilla havaittaviin tuntemuksiin.<\/p>\n\t<p>T\u00e4rkeint\u00e4 on, ett\u00e4 todellisen meditaatiokokemuksen saavuttaminen, joka m\u00e4\u00e4ritell\u00e4\u00e4n ajatuksettomaksi tietoisuuden ja sis\u00e4isen rauhan tilaksi, auttaa neutraloimaan ep\u00e4tasapainoa, joka usein syntyy liiallisen ajattelun tai murehtimisen seurauksena. T\u00e4m\u00e4 puolestaan lis\u00e4\u00e4 itsehillint\u00e4\u00e4, keskittymiskyky\u00e4 ja itsetuntoa.<\/p>\n<p>Kattavamman harjoittelun my\u00f6t\u00e4 tietoisuus hienojakoisista v\u00e4r\u00e4htelyist\u00e4 voi muuttua p\u00e4\u00e4t\u00f6ksenteon v\u00e4lineeksi, mik\u00e4 lis\u00e4\u00e4 harjoittajien kyky\u00e4 arvioida tarkemmin tilanteen kaikkia n\u00e4k\u00f6kohtia. Meditaatio ja siihen liittyv\u00e4t vinkit ja tekniikat voivat auttaa saamaan aikaan asteittaisen muutoksen itsess\u00e4 sek\u00e4 kyvyn vaikuttaa my\u00f6nteisesti ymp\u00e4rist\u00f6\u00f6ns\u00e4.<\/p>\n\t\t\t\t<img loading=\"lazy\" decoding=\"async\" src=\"https:\/\/shrimataji.org\/test\/wp-content\/uploads\/2020\/08\/self-empowerment-through-meditation.jpg\" alt=\"self-empowerment-through-meditation\" itemprop=\"image\" height=\"321\" width=\"489\" title=\"self-empowerment-through-meditation\" onerror=\"this.style.display='none'\"  \/>\n\t<div class=\"su-quote su-quote-style-default\"><div class=\"su-quote-inner su-u-clearfix su-u-trim\">Teid\u00e4n on noustava mielen yl\u00e4puolelle, ja siin\u00e4 kaikkein hy\u00f6dyllisin asia on Kundaliinin her\u00e4\u00e4minen, koska se kulkee limbisen alueen l\u00e4pi, l\u00e4vist\u00e4\u00e4 fontanellialueen ja johdattaa teid\u00e4t pois, ulos todellisuuden maailmaan, ja jooga tapahtuu aivojenne, sanoisinko syd\u00e4menne, ja t\u00e4m\u00e4n kaikkialla l\u00e4sn\u00e4 olevan Voiman v\u00e4lill\u00e4.<\/div><\/div>\n\t<p>Todellinen itsens\u00e4 voimaannuttaminen saavutetaan harjoittamalla Sahaja Yoga -meditaatiota, joka automaattisesti yhdist\u00e4\u00e4 ihmisen kaikkialla l\u00e4sn\u00e4 olevan universaalin Voiman korkeimpaan l\u00e4hteeseen, ikuiseen Henkeen, joka asuu syd\u00e4mess\u00e4mme.<\/p>\n\t<div class=\"su-quote su-quote-style-default\"><div class=\"su-quote-inner su-u-clearfix su-u-trim\">Valaistunut tarkoittaa persoonaa, valaistunutta persoonaa, joka nousee mielen yl\u00e4puolelle, koska h\u00e4n on yhteydess\u00e4 t\u00e4h\u00e4n Jumalallisen rakkauden kaikkialla l\u00e4sn\u00e4 olevaan Voimaan. T\u00e4m\u00e4n seurauksena kaikkea tuossa persoonassa ohjataan, autetaan&#8230; Tuo Voima on niin suuri, ett\u00e4 se huolehtii teist\u00e4, se j\u00e4rjest\u00e4\u00e4 kaiken, se ajattelee, se ymm\u00e4rt\u00e4\u00e4, se on viisaus&#8230;&#8221;<\/div><\/div>\n\n","protected":false},"excerpt":{"rendered":"<p>Oman potentiaalin vapauttaminen Itseoivalluksen kautta Jos ihmisen voimaantuminen voidaan m\u00e4\u00e4ritell\u00e4 prosessiksi, jossa h\u00e4n saa lis\u00e4\u00e4 kontrollia el\u00e4m\u00e4\u00e4ns\u00e4, lis\u00e4\u00e4 voimaa tai lis\u00e4\u00e4 luottamusta kykyihins\u00e4, Shri Matajin kehitt\u00e4m\u00e4 menetelm\u00e4 on siihen t\u00e4ydellinen keino, sill\u00e4 se antaa ihmisille mahdollisuuden vapauttaa itsess\u00e4\u00e4n oleva valtava potentiaali, joka her\u00e4tty\u00e4\u00e4n saa aikaan aidon muutoksen. Sahaja Yoga -meditaation s\u00e4\u00e4nn\u00f6llinen harjoittaminen antaa sen harjoittajille&hellip; <br \/> <a class=\"read-more\" href=\"https:\/\/shrimataji.org\/test\/fi\/oman-potentiaalin-vapauttaminen\/\">Read more<\/a><\/p>\n","protected":false},"author":29,"featured_media":9259,"parent":0,"menu_order":0,"comment_status":"closed","ping_status":"closed","template":"","meta":{"inline_featured_image":false,"footnotes":""},"class_list":["post-12627","page","type-page","status-publish","has-post-thumbnail","hentry"],"yoast_head":"<!-- This site is optimized with the Yoast SEO plugin v27.4 - https:\/\/yoast.com\/product\/yoast-seo-wordpress\/ -->\n<title>Oman potentiaalin vapauttaminen - TEST - SMND<\/title>\n<meta name=\"robots\" content=\"noindex, follow, max-snippet:-1, max-image-preview:large, max-video-preview:-1\" \/>\n<meta property=\"og:locale\" content=\"en_US\" \/>\n<meta property=\"og:type\" content=\"article\" \/>\n<meta property=\"og:title\" content=\"Oman potentiaalin vapauttaminen - TEST - SMND\" \/>\n<meta property=\"og:description\" content=\"Oman potentiaalin vapauttaminen Itseoivalluksen kautta Jos ihmisen voimaantuminen voidaan m\u00e4\u00e4ritell\u00e4 prosessiksi, jossa h\u00e4n saa lis\u00e4\u00e4 kontrollia el\u00e4m\u00e4\u00e4ns\u00e4, lis\u00e4\u00e4 voimaa tai lis\u00e4\u00e4 luottamusta kykyihins\u00e4, Shri Matajin kehitt\u00e4m\u00e4 menetelm\u00e4 on siihen t\u00e4ydellinen keino, sill\u00e4 se antaa ihmisille mahdollisuuden vapauttaa itsess\u00e4\u00e4n oleva valtava potentiaali, joka her\u00e4tty\u00e4\u00e4n saa aikaan aidon muutoksen. Sahaja Yoga -meditaation s\u00e4\u00e4nn\u00f6llinen harjoittaminen antaa sen harjoittajille&hellip; Read more\" \/>\n<meta property=\"og:url\" content=\"https:\/\/shrimataji.org\/test\/fi\/oman-potentiaalin-vapauttaminen\/\" \/>\n<meta property=\"og:site_name\" content=\"TEST - SMND\" \/>\n<meta property=\"article:publisher\" content=\"https:\/\/www.facebook.com\/shrimataji\" \/>\n<meta property=\"article:modified_time\" content=\"2025-04-23T19:24:59+00:00\" \/>\n<meta property=\"og:image\" content=\"https:\/\/shrimataji.org\/test\/wp-content\/uploads\/2023\/03\/24_Banner-SY-Empower-scaled.jpg\" \/>\n\t<meta property=\"og:image:width\" content=\"2560\" \/>\n\t<meta property=\"og:image:height\" content=\"905\" \/>\n\t<meta property=\"og:image:type\" content=\"image\/jpeg\" \/>\n<meta name=\"twitter:card\" content=\"summary_large_image\" \/>\n<meta name=\"twitter:site\" content=\"@shrimataji\" \/>\n<script type=\"application\/ld+json\" class=\"yoast-schema-graph\">{\"@context\":\"https:\\\/\\\/schema.org\",\"@graph\":[{\"@type\":\"WebPage\",\"@id\":\"https:\\\/\\\/shrimataji.org\\\/test\\\/fi\\\/oman-potentiaalin-vapauttaminen\\\/\",\"url\":\"https:\\\/\\\/shrimataji.org\\\/test\\\/fi\\\/oman-potentiaalin-vapauttaminen\\\/\",\"name\":\"Oman potentiaalin vapauttaminen - TEST - SMND\",\"isPartOf\":{\"@id\":\"https:\\\/\\\/shrimataji.org\\\/test\\\/#website\"},\"primaryImageOfPage\":{\"@id\":\"https:\\\/\\\/shrimataji.org\\\/test\\\/fi\\\/oman-potentiaalin-vapauttaminen\\\/#primaryimage\"},\"image\":{\"@id\":\"https:\\\/\\\/shrimataji.org\\\/test\\\/fi\\\/oman-potentiaalin-vapauttaminen\\\/#primaryimage\"},\"thumbnailUrl\":\"https:\\\/\\\/shrimataji.org\\\/test\\\/wp-content\\\/uploads\\\/2023\\\/03\\\/24_Banner-SY-Empower-scaled.jpg\",\"datePublished\":\"2018-07-10T06:54:42+00:00\",\"dateModified\":\"2025-04-23T19:24:59+00:00\",\"breadcrumb\":{\"@id\":\"https:\\\/\\\/shrimataji.org\\\/test\\\/fi\\\/oman-potentiaalin-vapauttaminen\\\/#breadcrumb\"},\"inLanguage\":\"en-US\",\"potentialAction\":[{\"@type\":\"ReadAction\",\"target\":[\"https:\\\/\\\/shrimataji.org\\\/test\\\/fi\\\/oman-potentiaalin-vapauttaminen\\\/\"]}]},{\"@type\":\"ImageObject\",\"inLanguage\":\"en-US\",\"@id\":\"https:\\\/\\\/shrimataji.org\\\/test\\\/fi\\\/oman-potentiaalin-vapauttaminen\\\/#primaryimage\",\"url\":\"https:\\\/\\\/shrimataji.org\\\/test\\\/wp-content\\\/uploads\\\/2023\\\/03\\\/24_Banner-SY-Empower-scaled.jpg\",\"contentUrl\":\"https:\\\/\\\/shrimataji.org\\\/test\\\/wp-content\\\/uploads\\\/2023\\\/03\\\/24_Banner-SY-Empower-scaled.jpg\",\"width\":2560,\"height\":905},{\"@type\":\"BreadcrumbList\",\"@id\":\"https:\\\/\\\/shrimataji.org\\\/test\\\/fi\\\/oman-potentiaalin-vapauttaminen\\\/#breadcrumb\",\"itemListElement\":[{\"@type\":\"ListItem\",\"position\":1,\"name\":\"Home\",\"item\":\"https:\\\/\\\/shrimataji.org\\\/test\\\/uk\\\/home-en\\\/\"},{\"@type\":\"ListItem\",\"position\":2,\"name\":\"Oman potentiaalin vapauttaminen\"}]},{\"@type\":\"WebSite\",\"@id\":\"https:\\\/\\\/shrimataji.org\\\/test\\\/#website\",\"url\":\"https:\\\/\\\/shrimataji.org\\\/test\\\/\",\"name\":\"Shri Mataji Nirmala Devi\",\"description\":\"A Life Dedicated to Humanity\",\"publisher\":{\"@id\":\"https:\\\/\\\/shrimataji.org\\\/test\\\/#\\\/schema\\\/person\\\/a1b3419c6585f164aa96da1ff85715d1\"},\"potentialAction\":[{\"@type\":\"SearchAction\",\"target\":{\"@type\":\"EntryPoint\",\"urlTemplate\":\"https:\\\/\\\/shrimataji.org\\\/test\\\/?s={search_term_string}\"},\"query-input\":{\"@type\":\"PropertyValueSpecification\",\"valueRequired\":true,\"valueName\":\"search_term_string\"}}],\"inLanguage\":\"en-US\"},{\"@type\":[\"Person\",\"Organization\"],\"@id\":\"https:\\\/\\\/shrimataji.org\\\/test\\\/#\\\/schema\\\/person\\\/a1b3419c6585f164aa96da1ff85715d1\",\"name\":\"Nirmala Shrivastava\",\"image\":{\"@type\":\"ImageObject\",\"inLanguage\":\"en-US\",\"@id\":\"https:\\\/\\\/shrimataji.org\\\/test\\\/wp-content\\\/uploads\\\/2023\\\/02\\\/SMO_LOGO-03.svg\",\"url\":\"https:\\\/\\\/shrimataji.org\\\/test\\\/wp-content\\\/uploads\\\/2023\\\/02\\\/SMO_LOGO-03.svg\",\"contentUrl\":\"https:\\\/\\\/shrimataji.org\\\/test\\\/wp-content\\\/uploads\\\/2023\\\/02\\\/SMO_LOGO-03.svg\",\"width\":\"1024\",\"height\":\"1024\",\"caption\":\"Nirmala Shrivastava\"},\"logo\":{\"@id\":\"https:\\\/\\\/shrimataji.org\\\/test\\\/wp-content\\\/uploads\\\/2023\\\/02\\\/SMO_LOGO-03.svg\"},\"sameAs\":[\"https:\\\/\\\/shrimataji.org\\\/test\",\"https:\\\/\\\/www.facebook.com\\\/shrimataji\",\"https:\\\/\\\/x.com\\\/shrimataji\",\"https:\\\/\\\/www.youtube.com\\\/@Shri_Mataji_Nirmala_Devi\\\/featured\"]}]}<\/script>\n<!-- \/ Yoast SEO plugin. -->","yoast_head_json":{"title":"Oman potentiaalin vapauttaminen - TEST - SMND","robots":{"index":"noindex","follow":"follow","max-snippet":"max-snippet:-1","max-image-preview":"max-image-preview:large","max-video-preview":"max-video-preview:-1"},"og_locale":"en_US","og_type":"article","og_title":"Oman potentiaalin vapauttaminen - TEST - SMND","og_description":"Oman potentiaalin vapauttaminen Itseoivalluksen kautta Jos ihmisen voimaantuminen voidaan m\u00e4\u00e4ritell\u00e4 prosessiksi, jossa h\u00e4n saa lis\u00e4\u00e4 kontrollia el\u00e4m\u00e4\u00e4ns\u00e4, lis\u00e4\u00e4 voimaa tai lis\u00e4\u00e4 luottamusta kykyihins\u00e4, Shri Matajin kehitt\u00e4m\u00e4 menetelm\u00e4 on siihen t\u00e4ydellinen keino, sill\u00e4 se antaa ihmisille mahdollisuuden vapauttaa itsess\u00e4\u00e4n oleva valtava potentiaali, joka her\u00e4tty\u00e4\u00e4n saa aikaan aidon muutoksen. Sahaja Yoga -meditaation s\u00e4\u00e4nn\u00f6llinen harjoittaminen antaa sen harjoittajille&hellip; Read more","og_url":"https:\/\/shrimataji.org\/test\/fi\/oman-potentiaalin-vapauttaminen\/","og_site_name":"TEST - SMND","article_publisher":"https:\/\/www.facebook.com\/shrimataji","article_modified_time":"2025-04-23T19:24:59+00:00","og_image":[{"width":2560,"height":905,"url":"https:\/\/shrimataji.org\/test\/wp-content\/uploads\/2023\/03\/24_Banner-SY-Empower-scaled.jpg","type":"image\/jpeg"}],"twitter_card":"summary_large_image","twitter_site":"@shrimataji","schema":{"@context":"https:\/\/schema.org","@graph":[{"@type":"WebPage","@id":"https:\/\/shrimataji.org\/test\/fi\/oman-potentiaalin-vapauttaminen\/","url":"https:\/\/shrimataji.org\/test\/fi\/oman-potentiaalin-vapauttaminen\/","name":"Oman potentiaalin vapauttaminen - TEST - SMND","isPartOf":{"@id":"https:\/\/shrimataji.org\/test\/#website"},"primaryImageOfPage":{"@id":"https:\/\/shrimataji.org\/test\/fi\/oman-potentiaalin-vapauttaminen\/#primaryimage"},"image":{"@id":"https:\/\/shrimataji.org\/test\/fi\/oman-potentiaalin-vapauttaminen\/#primaryimage"},"thumbnailUrl":"https:\/\/shrimataji.org\/test\/wp-content\/uploads\/2023\/03\/24_Banner-SY-Empower-scaled.jpg","datePublished":"2018-07-10T06:54:42+00:00","dateModified":"2025-04-23T19:24:59+00:00","breadcrumb":{"@id":"https:\/\/shrimataji.org\/test\/fi\/oman-potentiaalin-vapauttaminen\/#breadcrumb"},"inLanguage":"en-US","potentialAction":[{"@type":"ReadAction","target":["https:\/\/shrimataji.org\/test\/fi\/oman-potentiaalin-vapauttaminen\/"]}]},{"@type":"ImageObject","inLanguage":"en-US","@id":"https:\/\/shrimataji.org\/test\/fi\/oman-potentiaalin-vapauttaminen\/#primaryimage","url":"https:\/\/shrimataji.org\/test\/wp-content\/uploads\/2023\/03\/24_Banner-SY-Empower-scaled.jpg","contentUrl":"https:\/\/shrimataji.org\/test\/wp-content\/uploads\/2023\/03\/24_Banner-SY-Empower-scaled.jpg","width":2560,"height":905},{"@type":"BreadcrumbList","@id":"https:\/\/shrimataji.org\/test\/fi\/oman-potentiaalin-vapauttaminen\/#breadcrumb","itemListElement":[{"@type":"ListItem","position":1,"name":"Home","item":"https:\/\/shrimataji.org\/test\/uk\/home-en\/"},{"@type":"ListItem","position":2,"name":"Oman potentiaalin vapauttaminen"}]},{"@type":"WebSite","@id":"https:\/\/shrimataji.org\/test\/#website","url":"https:\/\/shrimataji.org\/test\/","name":"Shri Mataji Nirmala Devi","description":"A Life Dedicated to Humanity","publisher":{"@id":"https:\/\/shrimataji.org\/test\/#\/schema\/person\/a1b3419c6585f164aa96da1ff85715d1"},"potentialAction":[{"@type":"SearchAction","target":{"@type":"EntryPoint","urlTemplate":"https:\/\/shrimataji.org\/test\/?s={search_term_string}"},"query-input":{"@type":"PropertyValueSpecification","valueRequired":true,"valueName":"search_term_string"}}],"inLanguage":"en-US"},{"@type":["Person","Organization"],"@id":"https:\/\/shrimataji.org\/test\/#\/schema\/person\/a1b3419c6585f164aa96da1ff85715d1","name":"Nirmala Shrivastava","image":{"@type":"ImageObject","inLanguage":"en-US","@id":"https:\/\/shrimataji.org\/test\/wp-content\/uploads\/2023\/02\/SMO_LOGO-03.svg","url":"https:\/\/shrimataji.org\/test\/wp-content\/uploads\/2023\/02\/SMO_LOGO-03.svg","contentUrl":"https:\/\/shrimataji.org\/test\/wp-content\/uploads\/2023\/02\/SMO_LOGO-03.svg","width":"1024","height":"1024","caption":"Nirmala Shrivastava"},"logo":{"@id":"https:\/\/shrimataji.org\/test\/wp-content\/uploads\/2023\/02\/SMO_LOGO-03.svg"},"sameAs":["https:\/\/shrimataji.org\/test","https:\/\/www.facebook.com\/shrimataji","https:\/\/x.com\/shrimataji","https:\/\/www.youtube.com\/@Shri_Mataji_Nirmala_Devi\/featured"]}]}},"lang":"fi","translations":{"fi":12627,"ur":37498,"en":401,"am":18073,"th":20055,"hu":19562,"sq":18474,"zh":17371,"hi":8356,"tr":10208,"pt":10418,"de":10692,"fr":10790,"it":10888,"es":10985,"ja":11283,"ru":11471,"bn":11662,"te":11770,"sw":11893,"he":12041,"el":12333,"sk":12431,"fa":12529,"bg":13476,"ro":14548,"cs":14741,"nl":16634,"ku":16794,"ar":16970,"be":18681,"kn":18955,"mr":20419,"uk":20713,"ml":21008,"ta":22792,"sv":23062,"gu":28902,"pa":29062,"fil":29510,"da":37808,"pl":38018,"nn":38360},"pll_sync_post":[],"_links":{"self":[{"href":"https:\/\/shrimataji.org\/test\/wp-json\/wp\/v2\/pages\/12627","targetHints":{"allow":["GET"]}}],"collection":[{"href":"https:\/\/shrimataji.org\/test\/wp-json\/wp\/v2\/pages"}],"about":[{"href":"https:\/\/shrimataji.org\/test\/wp-json\/wp\/v2\/types\/page"}],"author":[{"embeddable":true,"href":"https:\/\/shrimataji.org\/test\/wp-json\/wp\/v2\/users\/29"}],"replies":[{"embeddable":true,"href":"https:\/\/shrimataji.org\/test\/wp-json\/wp\/v2\/comments?post=12627"}],"version-history":[{"count":0,"href":"https:\/\/shrimataji.org\/test\/wp-json\/wp\/v2\/pages\/12627\/revisions"}],"wp:featuredmedia":[{"embeddable":true,"href":"https:\/\/shrimataji.org\/test\/wp-json\/wp\/v2\/media\/9259"}],"wp:attachment":[{"href":"https:\/\/shrimataji.org\/test\/wp-json\/wp\/v2\/media?parent=12627"}],"curies":[{"name":"wp","href":"https:\/\/api.w.org\/{rel}","templated":true}]}}