{"id":12628,"date":"2018-07-10T06:54:46","date_gmt":"2018-07-10T06:54:46","guid":{"rendered":"http:\/\/testwordpress.nirmalnagari.org\/smnd\/index.php\/self-realization\/"},"modified":"2025-09-02T11:15:50","modified_gmt":"2025-09-02T11:15:50","slug":"itseoivallus","status":"publish","type":"page","link":"https:\/\/shrimataji.org\/test\/fi\/itseoivallus\/","title":{"rendered":"Itseoivallus"},"content":{"rendered":"\n\n\t<h1>Itseoivallus ja meditaatio<\/h1>\n<h2>Ainutlaatuinen spontaani todellisen itsesi toteutuminen<\/h2>\n\t<div class=\"su-quote su-quote-style-default\"><div class=\"su-quote-inner su-u-clearfix su-u-trim\"> Itseoivallus on ensimm\u00e4inen kohtaaminen todellisuuden kanssa <\/div><\/div>\n\t<h4>Shri Mataji k\u00e4ytti <a href=\"https:\/\/shrimataji.org\/test\/fi\/sahaja-yoga-meditaatio\/\">Sahaja Yoga -meditaation<\/a> perustana ikiaikaista prosessia, jossa <a href=\"https:\/\/shrimataji.org\/test\/fi\/kundaliini\/\">Kundaliini<\/a> (sanskritiksi &#8220;ker\u00e4lle kiertynyt&#8221;) her\u00e4tet\u00e4\u00e4n. Aikaisemmin t\u00e4m\u00e4n sis\u00e4isen henkisen energian her\u00e4tt\u00e4misen saavuttivat vain harvat ihmiset vaativilla puhdistautumisponnistuksilla ja askeesilla.<\/h4>\n<p>Shri Mataji l\u00f6ysi spontaanin menetelm\u00e4n t\u00e4m\u00e4n energian her\u00e4tt\u00e4miseksi suurissa ihmisjoukoissa, joka ei vaadi aiempaa tietoa tai henkist\u00e4 harjoitusta. T\u00e4lle her\u00e4\u00e4miselle annettu nimi on itseoivallus. T\u00e4m\u00e4 spontaani her\u00e4\u00e4minen voidaan sitten helposti v\u00e4litt\u00e4\u00e4 muille ilman, ett\u00e4 siit\u00e4 tarvitsee maksaa, suorittaa tutkintoa tai tulla oppilaaksi. T\u00e4t\u00e4 ilmi\u00f6t\u00e4 voisi verrata kynttil\u00e4\u00e4n, joka on sytytetty ja joka voi sytytt\u00e4\u00e4 toisen kynttil\u00e4n.<\/p>\n<p>Shri Mataji selitt\u00e4\u00e4, ett\u00e4 meditaatio ilman itseoivallusta on kuin yritt\u00e4isi ajaa autoa k\u00e4ynnist\u00e4m\u00e4tt\u00e4 moottoria. Et p\u00e4\u00e4se mihink\u00e4\u00e4n vain k\u00e4\u00e4nt\u00e4m\u00e4ll\u00e4 ohjauspy\u00f6r\u00e4\u00e4 tai painamalla kaasua. Samalla tavalla kaikki ponnistelut meditaatiossa ovat tuloksettomia, ellei ihminen oivalla todellista itse\u00e4\u00e4n Kundaliinin her\u00e4\u00e4misen kautta ja koe oman sis\u00e4isen <a href=\"https:\/\/shrimataji.org\/test\/fi\/tieto-juurista-hienorakenne\/\">hienorakenteensa<\/a> tilaa.<\/p>\n\t\t<iframe loading=\"lazy\" title=\"What is Self Realization\" width=\"1920\" height=\"1080\" src=\"https:\/\/www.youtube.com\/embed\/tqh9lhTVoTQ?feature=oembed\" frameborder=\"0\" allow=\"accelerometer; autoplay; clipboard-write; encrypted-media; gyroscope; picture-in-picture; web-share\" allowfullscreen><\/iframe>\t\n<p>Itseoivalluksen kautta ihminen tulee tietoiseksi Kundaliinista (hienojakoinen sis\u00e4inen energia), joka asuu jokaisessa ihmisess\u00e4 selk\u00e4rangan tyvess\u00e4. T\u00e4m\u00e4 hienojakoinen energia on tunnettu monissa muinaisissa kulttuureissa ja sit\u00e4 on kutsuttu eri nimill\u00e4. Muinaiset kreikkalaiset antoivat erityisnimen &#8220;Os sacrum&#8221; (joka tarkoittaa &#8220;pyh\u00e4\u00e4 luuta&#8221;) luulle, joka toimii t\u00e4m\u00e4n sakraalisen energian s\u00e4ili\u00f6n\u00e4. Her\u00e4tess\u00e4\u00e4n t\u00e4m\u00e4 hyv\u00e4ntahtoinen, hoivaava energia nousee hienojakoisen j\u00e4rjestelm\u00e4n l\u00e4pi, koskettaa ja valaisee syd\u00e4mess\u00e4mme asuvaa todellista sis\u00e4ist\u00e4 itse\u00e4mme (<a href=\"https:\/\/shrimataji.org\/test\/fi\/atma-henki\/\" target=\"_blank\" rel=\"noopener\">Atma<\/a>) ja nousee esiin p\u00e4\u00e4n yl\u00e4osassa fontanellialueelta, jolloin huomiomme kohoaa ylev\u00e4\u00e4n, vaivattomaan hiljaisen meditaation tilaan.<\/p>\n<p>Kundaliinienergian voi itse asiassa tuntea viile\u00e4n\u00e4 tuulahduksena p\u00e4\u00e4n yl\u00e4puolella ja k\u00e4mmeniss\u00e4. T\u00e4ll\u00e4 Sahaja Yoga -meditaation harjoittamisen kautta yll\u00e4pidett\u00e4v\u00e4ll\u00e4 energialla on parantava ja tasapainottava vaikutus elimist\u00f6\u00f6mme. Se mahdollistaa my\u00f6s palauttavan tilan, joka tunnetaan <a href=\"https:\/\/shrimataji.org\/test\/fi\/ajatukseton-tietoisuus\/\" target=\"_blank\" rel=\"noopener\">ajatuksettomana tietoisuutena<\/a> [1], jossa mieli on levossa, mutta ihminen on t\u00e4ysin tietoinen ymp\u00e4rist\u00f6st\u00e4\u00e4n. Sahaja Yoga -meditaatio eroaa muista muinaisen joogameditaatioiden muodoista siin\u00e4, ett\u00e4 aiemmin etsij\u00e4t joutuivat puhdistamaan hienojakoista j\u00e4rjestelm\u00e4\u00e4ns\u00e4 mestarin johdolla vuosikausia saavuttaakseen lopulta itseoivalluksen. Shri Mataji on k\u00e4\u00e4nt\u00e4nyt t\u00e4m\u00e4n yl\u00f6salaisin ja antanut meille kokemuksen, jossa ensin valaistaan hienojakoinen j\u00e4rjestelm\u00e4 ja sitten uppoudutaan t\u00e4ysin meditaatioon.<\/p>\n<p>Yksinkertaisuutensa ja helppoutensa vuoksi sadattuhannet ihmiset ovat saaneet itseoivalluksensa Sahaja Yogan kautta, ja meditaatiokeskukset yli 100 maassa tarjoavat jatkuvasti ilmaisia kursseja ja yhteis\u00f6n tukea t\u00e4m\u00e4n yksinkertaisen mutta tehokkaan meditaation harjoittajille. Sit\u00e4 on my\u00f6s otettu k\u00e4ytt\u00f6\u00f6n yrityksiss\u00e4, kouluissa, sairaaloissa, vankiloissa ja monissa laitoksissa my\u00f6nteisin tuloksin.<\/p>\n<p>Sahaja Yogan kautta saatu kokemus itseoivalluksesta tarjoaa merkitt\u00e4vi\u00e4 hy\u00f6tyj\u00e4 niille, jotka omistavat vain v\u00e4h\u00e4nkin aikaa p\u00e4ivitt\u00e4iselle meditaatiolle. Se v\u00e4hent\u00e4\u00e4 stressi\u00e4 ja v\u00e4symyst\u00e4, palauttaa emotionaalisen tasapainon ja antaa ihmiselle rauhan ja tyytyv\u00e4isyyden tunteen, jopa kaikkein myrskyisimmiss\u00e4 olosuhteissa.<\/p>\n<p>Itse asiassa itseoivalluksen kokemus on niin yksinkertainen ja vaivaton, ett\u00e4 sen voi saada jopa mukavasti omasta kodista tai toimistosta k\u00e4sin, miss\u00e4 tahansa on internet-yhteys.<\/p>\n<p>Kutsumme lukijamme <a href=\"https:\/\/shrimataji.org\/test\/fi\/koe-itseoivalluksesi\/\" target=\"_blank\" rel=\"noopener\">kokemaan itseoivalluksen<\/a> ja aloittamaan uuden sis\u00e4isen matkan rauhaan, harmoniaan ja tasapainoon.<\/p>\n<div class=\"su-quote su-quote-style-default\"><div class=\"su-quote-inner su-u-clearfix su-u-trim\"> Nyt her\u00e4\u00e4 kysymys, jota monet ihmiset kysyv\u00e4t Minulta: &#8220;\u00c4iti, jos se on niin yksinkertaista, miksi se oli ennen vaikeaa?&#8221; T\u00e4m\u00e4 ei ole koskaan ollut vaikeaa. Joku kysyi Shivaji Maharajin gurulta, Ramdas Swamilta: &#8220;Kuinka kauan Kundaliinin her\u00e4\u00e4minen kest\u00e4\u00e4?&#8221; H\u00e4n vastasi: &#8220;Tat kshan&#8221;, eli &#8216;juuri sen hetken&#8217;. Mutta tarvitaan henkil\u00f6, joka antaa, ja my\u00f6s henkil\u00f6, joka ottaa vastaan. Ennen saattoi olla paljon ihmisi\u00e4, jotka antoivat, mutta hyvin v\u00e4h\u00e4n ihmisi\u00e4, jotka ottivat vastaan. Nyky\u00e4\u00e4n on tuhansia ihmisi\u00e4 ottamassa vastaan, ja siksi t\u00e4st\u00e4 on tullut helpompaa.<\/div><\/div>\n\t<hr \/>\n<h3>1.<a href=\"https:\/\/shrimataji.org\/test\/self-realization\/#citation-ref-1\">^<\/a>\u00a0Dr Ramesh Manocha, &#8216;Does Meditation Have a Specific Effect?: A Systematic Experimental Evaluation of a Mental Silence Orientated Definition&#8217; (University of NSW, Australia 2008); e-book:\u00a0<a href=\"https:\/\/www.beyondthemind.com\/\">&#8216;Silence Your Mind&#8217;<\/a>\u00a0published by Hachette Australia 2013.<\/h3>\n\n","protected":false},"excerpt":{"rendered":"<p>Itseoivallus ja meditaatio Ainutlaatuinen spontaani todellisen itsesi toteutuminen Shri Mataji k\u00e4ytti Sahaja Yoga -meditaation perustana ikiaikaista prosessia, jossa Kundaliini (sanskritiksi &#8220;ker\u00e4lle kiertynyt&#8221;) her\u00e4tet\u00e4\u00e4n. Aikaisemmin t\u00e4m\u00e4n sis\u00e4isen henkisen energian her\u00e4tt\u00e4misen saavuttivat vain harvat ihmiset vaativilla puhdistautumisponnistuksilla ja askeesilla. Shri Mataji l\u00f6ysi spontaanin menetelm\u00e4n t\u00e4m\u00e4n energian her\u00e4tt\u00e4miseksi suurissa ihmisjoukoissa, joka ei vaadi aiempaa tietoa tai henkist\u00e4 harjoitusta.&hellip; <br \/> <a class=\"read-more\" href=\"https:\/\/shrimataji.org\/test\/fi\/itseoivallus\/\">Read more<\/a><\/p>\n","protected":false},"author":29,"featured_media":9264,"parent":0,"menu_order":0,"comment_status":"closed","ping_status":"closed","template":"","meta":{"inline_featured_image":false,"footnotes":""},"class_list":["post-12628","page","type-page","status-publish","has-post-thumbnail","hentry"],"yoast_head":"<!-- This site is optimized with the Yoast SEO plugin v27.4 - https:\/\/yoast.com\/product\/yoast-seo-wordpress\/ -->\n<title>Itseoivallus - TEST - SMND<\/title>\n<meta name=\"robots\" content=\"noindex, follow, max-snippet:-1, max-image-preview:large, max-video-preview:-1\" \/>\n<meta property=\"og:locale\" content=\"en_US\" \/>\n<meta property=\"og:type\" content=\"article\" \/>\n<meta property=\"og:title\" content=\"Itseoivallus - TEST - SMND\" \/>\n<meta property=\"og:description\" content=\"Itseoivallus ja meditaatio Ainutlaatuinen spontaani todellisen itsesi toteutuminen Shri Mataji k\u00e4ytti Sahaja Yoga -meditaation perustana ikiaikaista prosessia, jossa Kundaliini (sanskritiksi &#8220;ker\u00e4lle kiertynyt&#8221;) her\u00e4tet\u00e4\u00e4n. Aikaisemmin t\u00e4m\u00e4n sis\u00e4isen henkisen energian her\u00e4tt\u00e4misen saavuttivat vain harvat ihmiset vaativilla puhdistautumisponnistuksilla ja askeesilla. Shri Mataji l\u00f6ysi spontaanin menetelm\u00e4n t\u00e4m\u00e4n energian her\u00e4tt\u00e4miseksi suurissa ihmisjoukoissa, joka ei vaadi aiempaa tietoa tai henkist\u00e4 harjoitusta.&hellip; Read more\" \/>\n<meta property=\"og:url\" content=\"https:\/\/shrimataji.org\/test\/fi\/itseoivallus\/\" \/>\n<meta property=\"og:site_name\" content=\"TEST - SMND\" \/>\n<meta property=\"article:publisher\" content=\"https:\/\/www.facebook.com\/shrimataji\" \/>\n<meta property=\"article:modified_time\" content=\"2025-09-02T11:15:50+00:00\" \/>\n<meta property=\"og:image\" content=\"https:\/\/shrimataji.org\/test\/wp-content\/uploads\/2023\/03\/2_Banner-SelfRealisation-scaled.jpg\" \/>\n\t<meta property=\"og:image:width\" content=\"2560\" \/>\n\t<meta property=\"og:image:height\" content=\"905\" \/>\n\t<meta property=\"og:image:type\" content=\"image\/jpeg\" \/>\n<meta name=\"twitter:card\" content=\"summary_large_image\" \/>\n<meta name=\"twitter:site\" content=\"@shrimataji\" \/>\n<meta name=\"twitter:label1\" content=\"Est. reading time\" \/>\n\t<meta name=\"twitter:data1\" content=\"3 minutes\" \/>\n<script type=\"application\/ld+json\" class=\"yoast-schema-graph\">{\"@context\":\"https:\\\/\\\/schema.org\",\"@graph\":[{\"@type\":\"WebPage\",\"@id\":\"https:\\\/\\\/shrimataji.org\\\/test\\\/fi\\\/itseoivallus\\\/\",\"url\":\"https:\\\/\\\/shrimataji.org\\\/test\\\/fi\\\/itseoivallus\\\/\",\"name\":\"Itseoivallus - TEST - SMND\",\"isPartOf\":{\"@id\":\"https:\\\/\\\/shrimataji.org\\\/test\\\/#website\"},\"primaryImageOfPage\":{\"@id\":\"https:\\\/\\\/shrimataji.org\\\/test\\\/fi\\\/itseoivallus\\\/#primaryimage\"},\"image\":{\"@id\":\"https:\\\/\\\/shrimataji.org\\\/test\\\/fi\\\/itseoivallus\\\/#primaryimage\"},\"thumbnailUrl\":\"https:\\\/\\\/shrimataji.org\\\/test\\\/wp-content\\\/uploads\\\/2023\\\/03\\\/2_Banner-SelfRealisation-scaled.jpg\",\"datePublished\":\"2018-07-10T06:54:46+00:00\",\"dateModified\":\"2025-09-02T11:15:50+00:00\",\"breadcrumb\":{\"@id\":\"https:\\\/\\\/shrimataji.org\\\/test\\\/fi\\\/itseoivallus\\\/#breadcrumb\"},\"inLanguage\":\"en-US\",\"potentialAction\":[{\"@type\":\"ReadAction\",\"target\":[\"https:\\\/\\\/shrimataji.org\\\/test\\\/fi\\\/itseoivallus\\\/\"]}]},{\"@type\":\"ImageObject\",\"inLanguage\":\"en-US\",\"@id\":\"https:\\\/\\\/shrimataji.org\\\/test\\\/fi\\\/itseoivallus\\\/#primaryimage\",\"url\":\"https:\\\/\\\/shrimataji.org\\\/test\\\/wp-content\\\/uploads\\\/2023\\\/03\\\/2_Banner-SelfRealisation-scaled.jpg\",\"contentUrl\":\"https:\\\/\\\/shrimataji.org\\\/test\\\/wp-content\\\/uploads\\\/2023\\\/03\\\/2_Banner-SelfRealisation-scaled.jpg\",\"width\":2560,\"height\":905},{\"@type\":\"BreadcrumbList\",\"@id\":\"https:\\\/\\\/shrimataji.org\\\/test\\\/fi\\\/itseoivallus\\\/#breadcrumb\",\"itemListElement\":[{\"@type\":\"ListItem\",\"position\":1,\"name\":\"Home\",\"item\":\"https:\\\/\\\/shrimataji.org\\\/test\\\/uk\\\/home-en\\\/\"},{\"@type\":\"ListItem\",\"position\":2,\"name\":\"Itseoivallus\"}]},{\"@type\":\"WebSite\",\"@id\":\"https:\\\/\\\/shrimataji.org\\\/test\\\/#website\",\"url\":\"https:\\\/\\\/shrimataji.org\\\/test\\\/\",\"name\":\"Shri Mataji Nirmala Devi\",\"description\":\"A Life Dedicated to Humanity\",\"publisher\":{\"@id\":\"https:\\\/\\\/shrimataji.org\\\/test\\\/#\\\/schema\\\/person\\\/a1b3419c6585f164aa96da1ff85715d1\"},\"potentialAction\":[{\"@type\":\"SearchAction\",\"target\":{\"@type\":\"EntryPoint\",\"urlTemplate\":\"https:\\\/\\\/shrimataji.org\\\/test\\\/?s={search_term_string}\"},\"query-input\":{\"@type\":\"PropertyValueSpecification\",\"valueRequired\":true,\"valueName\":\"search_term_string\"}}],\"inLanguage\":\"en-US\"},{\"@type\":[\"Person\",\"Organization\"],\"@id\":\"https:\\\/\\\/shrimataji.org\\\/test\\\/#\\\/schema\\\/person\\\/a1b3419c6585f164aa96da1ff85715d1\",\"name\":\"Nirmala Shrivastava\",\"image\":{\"@type\":\"ImageObject\",\"inLanguage\":\"en-US\",\"@id\":\"https:\\\/\\\/shrimataji.org\\\/test\\\/wp-content\\\/uploads\\\/2023\\\/02\\\/SMO_LOGO-03.svg\",\"url\":\"https:\\\/\\\/shrimataji.org\\\/test\\\/wp-content\\\/uploads\\\/2023\\\/02\\\/SMO_LOGO-03.svg\",\"contentUrl\":\"https:\\\/\\\/shrimataji.org\\\/test\\\/wp-content\\\/uploads\\\/2023\\\/02\\\/SMO_LOGO-03.svg\",\"width\":\"1024\",\"height\":\"1024\",\"caption\":\"Nirmala Shrivastava\"},\"logo\":{\"@id\":\"https:\\\/\\\/shrimataji.org\\\/test\\\/wp-content\\\/uploads\\\/2023\\\/02\\\/SMO_LOGO-03.svg\"},\"sameAs\":[\"https:\\\/\\\/shrimataji.org\\\/test\",\"https:\\\/\\\/www.facebook.com\\\/shrimataji\",\"https:\\\/\\\/x.com\\\/shrimataji\",\"https:\\\/\\\/www.youtube.com\\\/@Shri_Mataji_Nirmala_Devi\\\/featured\"]}]}<\/script>\n<!-- \/ Yoast SEO plugin. -->","yoast_head_json":{"title":"Itseoivallus - TEST - SMND","robots":{"index":"noindex","follow":"follow","max-snippet":"max-snippet:-1","max-image-preview":"max-image-preview:large","max-video-preview":"max-video-preview:-1"},"og_locale":"en_US","og_type":"article","og_title":"Itseoivallus - TEST - SMND","og_description":"Itseoivallus ja meditaatio Ainutlaatuinen spontaani todellisen itsesi toteutuminen Shri Mataji k\u00e4ytti Sahaja Yoga -meditaation perustana ikiaikaista prosessia, jossa Kundaliini (sanskritiksi &#8220;ker\u00e4lle kiertynyt&#8221;) her\u00e4tet\u00e4\u00e4n. Aikaisemmin t\u00e4m\u00e4n sis\u00e4isen henkisen energian her\u00e4tt\u00e4misen saavuttivat vain harvat ihmiset vaativilla puhdistautumisponnistuksilla ja askeesilla. Shri Mataji l\u00f6ysi spontaanin menetelm\u00e4n t\u00e4m\u00e4n energian her\u00e4tt\u00e4miseksi suurissa ihmisjoukoissa, joka ei vaadi aiempaa tietoa tai henkist\u00e4 harjoitusta.&hellip; Read more","og_url":"https:\/\/shrimataji.org\/test\/fi\/itseoivallus\/","og_site_name":"TEST - SMND","article_publisher":"https:\/\/www.facebook.com\/shrimataji","article_modified_time":"2025-09-02T11:15:50+00:00","og_image":[{"width":2560,"height":905,"url":"https:\/\/shrimataji.org\/test\/wp-content\/uploads\/2023\/03\/2_Banner-SelfRealisation-scaled.jpg","type":"image\/jpeg"}],"twitter_card":"summary_large_image","twitter_site":"@shrimataji","twitter_misc":{"Est. reading time":"3 minutes"},"schema":{"@context":"https:\/\/schema.org","@graph":[{"@type":"WebPage","@id":"https:\/\/shrimataji.org\/test\/fi\/itseoivallus\/","url":"https:\/\/shrimataji.org\/test\/fi\/itseoivallus\/","name":"Itseoivallus - TEST - SMND","isPartOf":{"@id":"https:\/\/shrimataji.org\/test\/#website"},"primaryImageOfPage":{"@id":"https:\/\/shrimataji.org\/test\/fi\/itseoivallus\/#primaryimage"},"image":{"@id":"https:\/\/shrimataji.org\/test\/fi\/itseoivallus\/#primaryimage"},"thumbnailUrl":"https:\/\/shrimataji.org\/test\/wp-content\/uploads\/2023\/03\/2_Banner-SelfRealisation-scaled.jpg","datePublished":"2018-07-10T06:54:46+00:00","dateModified":"2025-09-02T11:15:50+00:00","breadcrumb":{"@id":"https:\/\/shrimataji.org\/test\/fi\/itseoivallus\/#breadcrumb"},"inLanguage":"en-US","potentialAction":[{"@type":"ReadAction","target":["https:\/\/shrimataji.org\/test\/fi\/itseoivallus\/"]}]},{"@type":"ImageObject","inLanguage":"en-US","@id":"https:\/\/shrimataji.org\/test\/fi\/itseoivallus\/#primaryimage","url":"https:\/\/shrimataji.org\/test\/wp-content\/uploads\/2023\/03\/2_Banner-SelfRealisation-scaled.jpg","contentUrl":"https:\/\/shrimataji.org\/test\/wp-content\/uploads\/2023\/03\/2_Banner-SelfRealisation-scaled.jpg","width":2560,"height":905},{"@type":"BreadcrumbList","@id":"https:\/\/shrimataji.org\/test\/fi\/itseoivallus\/#breadcrumb","itemListElement":[{"@type":"ListItem","position":1,"name":"Home","item":"https:\/\/shrimataji.org\/test\/uk\/home-en\/"},{"@type":"ListItem","position":2,"name":"Itseoivallus"}]},{"@type":"WebSite","@id":"https:\/\/shrimataji.org\/test\/#website","url":"https:\/\/shrimataji.org\/test\/","name":"Shri Mataji Nirmala Devi","description":"A Life Dedicated to Humanity","publisher":{"@id":"https:\/\/shrimataji.org\/test\/#\/schema\/person\/a1b3419c6585f164aa96da1ff85715d1"},"potentialAction":[{"@type":"SearchAction","target":{"@type":"EntryPoint","urlTemplate":"https:\/\/shrimataji.org\/test\/?s={search_term_string}"},"query-input":{"@type":"PropertyValueSpecification","valueRequired":true,"valueName":"search_term_string"}}],"inLanguage":"en-US"},{"@type":["Person","Organization"],"@id":"https:\/\/shrimataji.org\/test\/#\/schema\/person\/a1b3419c6585f164aa96da1ff85715d1","name":"Nirmala Shrivastava","image":{"@type":"ImageObject","inLanguage":"en-US","@id":"https:\/\/shrimataji.org\/test\/wp-content\/uploads\/2023\/02\/SMO_LOGO-03.svg","url":"https:\/\/shrimataji.org\/test\/wp-content\/uploads\/2023\/02\/SMO_LOGO-03.svg","contentUrl":"https:\/\/shrimataji.org\/test\/wp-content\/uploads\/2023\/02\/SMO_LOGO-03.svg","width":"1024","height":"1024","caption":"Nirmala Shrivastava"},"logo":{"@id":"https:\/\/shrimataji.org\/test\/wp-content\/uploads\/2023\/02\/SMO_LOGO-03.svg"},"sameAs":["https:\/\/shrimataji.org\/test","https:\/\/www.facebook.com\/shrimataji","https:\/\/x.com\/shrimataji","https:\/\/www.youtube.com\/@Shri_Mataji_Nirmala_Devi\/featured"]}]}},"lang":"fi","translations":{"fi":12628,"ur":37500,"en":410,"pa":25916,"gu":25519,"th":20058,"hu":19564,"sq":18476,"zh":17373,"hi":8373,"tr":10209,"pt":10419,"de":10693,"fr":10791,"it":10889,"es":10986,"ja":11284,"ru":11472,"bn":11663,"te":11771,"sw":11894,"he":12042,"el":12334,"sk":12432,"fa":12530,"bg":13461,"ro":14533,"cs":14726,"nl":16636,"ku":16796,"ar":16972,"be":18683,"kn":18957,"mr":20422,"uk":20716,"ml":21011,"ta":22794,"sv":23064,"bs":27294,"fil":29512,"sd":31008,"da":37810,"pl":38020,"nn":38362},"pll_sync_post":[],"_links":{"self":[{"href":"https:\/\/shrimataji.org\/test\/wp-json\/wp\/v2\/pages\/12628","targetHints":{"allow":["GET"]}}],"collection":[{"href":"https:\/\/shrimataji.org\/test\/wp-json\/wp\/v2\/pages"}],"about":[{"href":"https:\/\/shrimataji.org\/test\/wp-json\/wp\/v2\/types\/page"}],"author":[{"embeddable":true,"href":"https:\/\/shrimataji.org\/test\/wp-json\/wp\/v2\/users\/29"}],"replies":[{"embeddable":true,"href":"https:\/\/shrimataji.org\/test\/wp-json\/wp\/v2\/comments?post=12628"}],"version-history":[{"count":0,"href":"https:\/\/shrimataji.org\/test\/wp-json\/wp\/v2\/pages\/12628\/revisions"}],"wp:featuredmedia":[{"embeddable":true,"href":"https:\/\/shrimataji.org\/test\/wp-json\/wp\/v2\/media\/9264"}],"wp:attachment":[{"href":"https:\/\/shrimataji.org\/test\/wp-json\/wp\/v2\/media?parent=12628"}],"curies":[{"name":"wp","href":"https:\/\/api.w.org\/{rel}","templated":true}]}}