{"id":12629,"date":"2018-07-10T06:54:42","date_gmt":"2018-07-10T06:54:42","guid":{"rendered":"http:\/\/testwordpress.nirmalnagari.org\/smnd\/index.php\/life\/"},"modified":"2025-09-20T21:08:56","modified_gmt":"2025-09-20T21:08:56","slug":"shri-mataji-fi","status":"publish","type":"page","link":"https:\/\/shrimataji.org\/test\/fi\/shri-mataji-fi\/","title":{"rendered":"Shri Mataji FIN"},"content":{"rendered":"\n\n\t<h1>Shri Mataji<\/h1>\n<h2>Elinik\u00e4isen omistautumisen el\u00e4m\u00e4kerta<\/h2>\n<h4>V\u00e4sym\u00e4t\u00f6nt\u00e4 matkustamista tuhansia kilometrej\u00e4 ymp\u00e4ri maailmaa syrj\u00e4isist\u00e4 kylist\u00e4 kaupunkeihin ja metropoleihin, pyyteet\u00f6nt\u00e4 ty\u00f6t\u00e4 miljoonien ihmisten hyv\u00e4ksi jakamalla ainutlaatuisen l\u00f6yt\u00f6ns\u00e4 todellisesta henkisest\u00e4 valaistumisesta <a href=\"https:\/\/shrimataji.org\/test\/fi\/itseoivallus\/\">itseoivalluskokemuksen<\/a> kautta; kumouksellinen yhteiskunnallinen muutos, joka perustuu ihmisen sis\u00e4iseen muuttumiseen &#8211; kaikki n\u00e4m\u00e4 ja monet muut kallisarvoiset hetket antavat v\u00e4l\u00e4hdyksen Shri Matajin elinik\u00e4isest\u00e4 omistautumisesta ihmiskunnan hyvinvoinnille.<\/h4>\n\t<p>Nirmala Shrivastava, joka tunnetaan kunnianimell\u00e4 Shri Mataji Nirmala Devi, syntyi 21. maaliskuuta 1923 Chhindwarassa Intiassa. H\u00e4n syntyi kristittyyn perheeseen, ja h\u00e4nen vanhempansa Prasad ja Cornelia Salve valitsivat h\u00e4nelle nimen Nirmala, joka tarkoittaa &#8220;tahraton&#8221;. H\u00e4nen is\u00e4ns\u00e4, joka oli asianajaja ja 14 kielt\u00e4 sujuvasti puhunut tutkija, k\u00e4\u00e4nsi Koraanin hindiksi. H\u00e4nen \u00e4itins\u00e4 oli ensimm\u00e4inen nainen Intiassa, joka suoritti matematiikan korkeakoulututkinnon.<\/p>\n<p>Shri Mataji oli jo hyvin nuorena kiinnostunut ymp\u00e4r\u00f6iv\u00e4st\u00e4 maailmasta. Kun h\u00e4nen vanhempansa osallistuivat aktiivisesti Intian itsen\u00e4isyystaisteluun, Shri Mataji otti jo nuorena lapsena vastuun kotitaloudesta. Mahatma Gandhi, jonka ashramissa h\u00e4n vieraili usein jo lapsena, tunnisti h\u00e4ness\u00e4 henkisen ihmelapsen. H\u00e4n kysyi h\u00e4nelt\u00e4 usein neuvoa siell\u00e4 p\u00e4ivitt\u00e4in pidetyist\u00e4 rukouksista. My\u00f6s h\u00e4nen koulutoverinsa pyysiv\u00e4t h\u00e4nelt\u00e4 neuvoja ja tukea.<\/p>\n<p>Shri Mataji opiskeli l\u00e4\u00e4ketiedett\u00e4 Christian Medical Collegessa Ludhianassa ja Balakram Medical Collegessa Lahoressa. Nuorena naisena h\u00e4n osallistui my\u00f6s itsen\u00e4isyystaisteluun ja johti opiskelutovereitaan Quit India -liikkeess\u00e4. H\u00e4n joutui vankilaan vuonna 1942 osallistumisestaan t\u00e4h\u00e4n liikkeeseen.<\/p>\n\t\t\t\t<img decoding=\"async\" src=\"https:\/\/shrimataji.org\/test\/wp-content\/uploads\/2018\/07\/media_originals\/images\/shri-mataji-portraits\/shri-mataji-in-delhi-india-feb-1983-683x1024.jpg\" alt=\"Shri Mataji in Delhi, ca. 09.02.1983\" itemprop=\"image\" height=\"1024\" width=\"683\" title=\"shri-mataji-in-delhi-india-feb-1983\" onerror=\"this.style.display='none'\" loading=\"lazy\" \/>\n\t<p>Vuonna 1947 h\u00e4n meni naimisiin <a href=\"https:\/\/shrimataji.org\/test\/fi\/sir-c-p-srivastava-fi\/\">Chandrika Prasad Shrivastavan<\/a> kanssa, joka oli korkea-arvoinen intialainen virkamies ja toimi Intian edesmenneen p\u00e4\u00e4ministerin Lal Bahadur Shastrin henkil\u00f6kohtaisena sihteerin\u00e4 ja nelj\u00e4 per\u00e4kk\u00e4ist\u00e4 kautta Yhdistyneiden Kansakuntien kansainv\u00e4lisen merenkulkuj\u00e4rjest\u00f6n p\u00e4\u00e4sihteerin\u00e4. Heill\u00e4 oli kaksi tyt\u00e4rt\u00e4. T\u00e4n\u00e4 aikana, kun h\u00e4n kasvatti tytt\u00e4ri\u00e4\u00e4n ja tuki arvostetun aviomiehens\u00e4 uraa, Shri Mataji jatkoi hyv\u00e4ntahtoista kiinnostustaan ymp\u00e4r\u00f6iv\u00e4\u00e4 maailmaa kohtaan. H\u00e4n kohtasi monenlaisia ihmisi\u00e4 eri maista, kulttuureista, tulotasoista ja taustoista ja suhtautui heihin aidolla kunnioituksella. H\u00e4n oli aina avoin kuuntelemaan ja ymm\u00e4rt\u00e4m\u00e4\u00e4n, keskustelipa h\u00e4n sitten t\u00e4rkeiden johtajien kanssa valtiollisista asioista tai taksikuljettajan kanssa perheasioista. H\u00e4n vastusti ennakkoluuloja, tarjosi suojelua apua tarvitseville, teki hyv\u00e4ntekev\u00e4isyysty\u00f6t\u00e4, edisti kulttuuria musiikin ja elokuvan avulla, viljeli maata ja johti ty\u00f6nt\u00e4yteist\u00e4 kotitaloutta. H\u00e4n oli rakastava vaimo, \u00e4iti ja sisar, josta tuli lopulta my\u00f6s iso\u00e4iti.<\/p>\n<p>Koko ajan h\u00e4n syvensi k\u00e4sityst\u00e4\u00e4n ihmisluonnosta ja keskittyi siihen, miten ihmisi\u00e4 voitaisiin parhaiten auttaa saavuttamaan korkeimmat voimavaransa. H\u00e4n ymm\u00e4rsi, ett\u00e4 t\u00e4llainen muutos voi tapahtua vain itseoivallusprosessin kautta, meiss\u00e4 kaikissa olevan sis\u00e4\u00e4nrakennetun hienojakoisen energian (nimelt\u00e4\u00e4n <a href=\"https:\/\/shrimataji.org\/test\/fi\/kundaliini\/\">Kundaliini<\/a>) aktivoitumisen kautta. H\u00e4n koki itse t\u00e4m\u00e4n energian her\u00e4\u00e4misen ennen kuin omisti el\u00e4m\u00e4ns\u00e4 sen jakamiselle muille.<\/p>\n<p><a href=\"https:\/\/shrimataji.org\/test\/fi\/ratkaiseva-hetki\/\">Toukokuun 5. p\u00e4iv\u00e4n\u00e4 1970 Shri Mataji aloitti henkisen el\u00e4m\u00e4nty\u00f6ns\u00e4<\/a>. H\u00e4n l\u00f6ysi 47-vuotiaana tavan ja kehitti menetelm\u00e4n, jolla h\u00e4n voi antaa itseoivalluksen suurille ihmisjoukoille. H\u00e4n halusi tarjota ihmisille aidon kokemuksen, jolla he voisivat muuttaa ja parantaa itse\u00e4\u00e4n. Toisin kuin monet niin sanotut gurut, jotka k\u00e4yttiv\u00e4t hyv\u00e4kseen henkist\u00e4 tietoa etsivi\u00e4 ihmisi\u00e4, Shri Mataji halusi voimaannuttaa etsij\u00f6it\u00e4 itse\u00e4\u00e4n t\u00e4ll\u00e4 tiedolla. H\u00e4n tuomitsi kaikki t\u00e4llaiset v\u00e4\u00e4r\u00e4t gurut ja varoitti koko el\u00e4m\u00e4ns\u00e4 ajan vilpillisist\u00e4 ja hyv\u00e4ksik\u00e4ytt\u00e4vist\u00e4 henkisist\u00e4 harjoituksista.<\/p>\n<p>Kun h\u00e4nen miehest\u00e4\u00e4n tuli YK:n merenkulkuj\u00e4rjest\u00f6n p\u00e4\u00e4sihteeri, Shri Mataji muutti h\u00e4nen kanssaan Lontooseen ja aloitti henkisen ty\u00f6ns\u00e4 pienen ihmisryhm\u00e4n kanssa. H\u00e4n kiersi ymp\u00e4ri Yhdistynytt\u00e4 kuningaskuntaa pit\u00e4m\u00e4ss\u00e4 luentoja sek\u00e4 antamassa itseoivalluksen kokemuksia. H\u00e4n ei koskaan veloittanut rahaa n\u00e4ist\u00e4 opetuksista, sill\u00e4 h\u00e4n vaati, ett\u00e4 t\u00e4m\u00e4n kaikkien ihmisten sis\u00e4ll\u00e4 uinuvan henkisen energian her\u00e4tt\u00e4minen oli heid\u00e4n syntym\u00e4oikeutensa, eik\u00e4 siit\u00e4 n\u00e4in ollen voi maksaa. Kun ihmiset h\u00e4nen ymp\u00e4rill\u00e4\u00e4n alkoivat tunnistaa h\u00e4nen poikkeukselliset henkiset ja \u00e4idilliset ominaisuutensa, h\u00e4n sai pian kunniatittelin &#8220;Shri Mataji&#8221;, joka tarkoittaa &#8220;kunnioitettua \u00e4iti\u00e4&#8221;.<\/p>\n<p>Shri Matajin kehitt\u00e4m\u00e4 itseoivallukseen perustuva meditaatiomenetelm\u00e4 on nimelt\u00e4\u00e4n Sahaja Yoga. Koko 1980-luvun ajan Shri Mataji kiersi jatkuvasti ja v\u00e4sym\u00e4tt\u00e4 Euroopassa, Australiassa ja Pohjois-Amerikassa opettamassa t\u00e4t\u00e4 menetelm\u00e4\u00e4 ilmaiseksi kaikille kiinnostuneille. 1990-luvulla h\u00e4nen matkansa suuntautuivat Etel\u00e4-Amerikkaan, Afrikkaan, Ven\u00e4j\u00e4lle, It\u00e4-Eurooppaan, Aasiaan ja Tyynenmeren alueelle.<\/p>\n<p>Eri puolilla maailmaa toimivat instituutiot my\u00f6nsiv\u00e4t h\u00e4nelle <a href=\"https:\/\/shrimataji.org\/test\/fi\/palkinnot\/\">kunniakirjoja ja tohtorin arvonimi\u00e4<\/a>. Vuonna 1995 h\u00e4n puhui <a href=\"https:\/\/shrimataji.org\/test\/fi\/yk-neljas-naisten-maailmankonferenssi\/\">Pekingiss\u00e4 pidetyss\u00e4 Nelj\u00e4nness\u00e4 naisten maailmankonferenssissa<\/a>. Claes Nobel puhui h\u00e4nen Nobelin rauhanpalkintoehdokkuudestaan vuonna 1997 Lontoon Royal Albert Hallissa. Shri Matajin ja Sahaja Yogan suurena ihailijana h\u00e4n julisti sen olevan &#8220;toivon l\u00e4hde ihmiskunnalle&#8221; ja &#8220;viitekehys oikean ja v\u00e4\u00e4r\u00e4n erottamiseksi toisistaan&#8221;.<\/p>\n<div class=\"su-quote su-quote-style-default\"><div class=\"su-quote-inner su-u-clearfix su-u-trim\">El\u00e4m\u00e4ni on nyt omistettu ihmiskunnan hyvinvoinnille ja hyvinvoinnille; t\u00e4ysin ja kokonaan.<\/div><\/div>\n<p>Shri Mataji uskoi, ett\u00e4 todellisen <a href=\"https:\/\/shrimataji.org\/test\/fi\/yhteiskunnallinen-muutos\/\">yhteiskunnallisen muutoksen<\/a> perustana oli ihmisjoukoille annettavan itseoivalluksen mahdollisuudet ja Sahaja Yoga -meditaation kokonaisvaltaiset hy\u00f6dyt yksil\u00f6n henkil\u00f6kohtaiselle ja sosiaaliselle el\u00e4m\u00e4lle. H\u00e4n perusti monia kansalaisj\u00e4rjest\u00f6j\u00e4, jotka perustuivat t\u00e4m\u00e4n ainutlaatuisen sis\u00e4isen transformaation periaatteisiin, kuten kodin v\u00e4h\u00e4osaisille naisille ja lapsille, useita kansainv\u00e4lisi\u00e4 kouluja, holistisen terveyden ja tutkimuksen keskuksen sek\u00e4 kansainv\u00e4lisen akatemian, joka edist\u00e4\u00e4 klassista musiikkia ja kuvataiteita.<\/p>\n<p>Helmikuun 23. p\u00e4iv\u00e4n\u00e4 2011 Shri Mataji kuoli rauhallisesti 87-vuotiaana Genovassa, Italiassa.<\/p>\n<p>H\u00e4nen perint\u00f6ns\u00e4 el\u00e4\u00e4 edelleen, sill\u00e4 itseoivalluksen kokemus muuttaa edelleen lukemattomien ihmisten el\u00e4m\u00e4\u00e4 Sahaja Yogan harjoittajien ja meditaatiokeskusten rakkaudellisessa huolenpidossa yli 100 maassa, joissa Sahaja Yogaa opetetaan aina maksutta.<\/p>\n<div class=\"su-quote su-quote-style-default\"><div class=\"su-quote-inner su-u-clearfix su-u-trim\">Ja niin kuin meri, joka ly\u00f6 kaikkiin rantoihin, ja sitten kaikki aallot palaavat takaisin ja muodostavat kuvion, niin n\u00e4en min\u00e4kin koko el\u00e4m\u00e4ni kauniina kuviona. Ja tuota kaunista kudelmaa ei voi kuvata sanoin.<\/div><\/div>\n\t<h4>Ladattavat tiedostot<\/h4>\n<p>&nbsp;<\/p>\n<p><a href=\"https:\/\/shrimataji.org\/test\/wp-content\/uploads\/2025\/07\/Shri-mataji-nirmala-devi-lyhyt-elamankerta-ja-palkinnotFI.pdf\" target=\"_blank\" rel=\"noopener\">Shri Mataji Nirmala Devi: Lyhyt el\u00e4m\u00e4kerta &amp; palkinnot<\/a>\u00a0pdf\/679kb)<\/p>\n<p><a href=\"https:\/\/shrimataji.org\/test\/wp-content\/uploads\/2025\/07\/Shri-mataji-nirmala-devi-aikajana-FI.pdf\" target=\"_blank\" rel=\"noopener\">Shri Mataji Nirmala Devi: Tapahtumien aikajana\u00a0<\/a>(pdf\/623kb)<\/p>\n\n","protected":false},"excerpt":{"rendered":"<p>Shri Mataji Elinik\u00e4isen omistautumisen el\u00e4m\u00e4kerta V\u00e4sym\u00e4t\u00f6nt\u00e4 matkustamista tuhansia kilometrej\u00e4 ymp\u00e4ri maailmaa syrj\u00e4isist\u00e4 kylist\u00e4 kaupunkeihin ja metropoleihin, pyyteet\u00f6nt\u00e4 ty\u00f6t\u00e4 miljoonien ihmisten hyv\u00e4ksi jakamalla ainutlaatuisen l\u00f6yt\u00f6ns\u00e4 todellisesta henkisest\u00e4 valaistumisesta itseoivalluskokemuksen kautta; kumouksellinen yhteiskunnallinen muutos, joka perustuu ihmisen sis\u00e4iseen muuttumiseen &#8211; kaikki n\u00e4m\u00e4 ja monet muut kallisarvoiset hetket antavat v\u00e4l\u00e4hdyksen Shri Matajin elinik\u00e4isest\u00e4 omistautumisesta ihmiskunnan hyvinvoinnille. Nirmala Shrivastava,&hellip; <br \/> <a class=\"read-more\" href=\"https:\/\/shrimataji.org\/test\/fi\/shri-mataji-fi\/\">Read more<\/a><\/p>\n","protected":false},"author":29,"featured_media":9599,"parent":0,"menu_order":0,"comment_status":"closed","ping_status":"closed","template":"","meta":{"inline_featured_image":false,"footnotes":""},"class_list":["post-12629","page","type-page","status-publish","has-post-thumbnail","hentry"],"yoast_head":"<!-- This site is optimized with the Yoast SEO plugin v27.4 - https:\/\/yoast.com\/product\/yoast-seo-wordpress\/ -->\n<title>Shri Mataji FIN - TEST - SMND<\/title>\n<meta name=\"robots\" content=\"noindex, follow, max-snippet:-1, max-image-preview:large, max-video-preview:-1\" \/>\n<meta property=\"og:locale\" content=\"en_US\" \/>\n<meta property=\"og:type\" content=\"article\" \/>\n<meta property=\"og:title\" content=\"Shri Mataji FIN - TEST - SMND\" \/>\n<meta property=\"og:description\" content=\"Shri Mataji Elinik\u00e4isen omistautumisen el\u00e4m\u00e4kerta V\u00e4sym\u00e4t\u00f6nt\u00e4 matkustamista tuhansia kilometrej\u00e4 ymp\u00e4ri maailmaa syrj\u00e4isist\u00e4 kylist\u00e4 kaupunkeihin ja metropoleihin, pyyteet\u00f6nt\u00e4 ty\u00f6t\u00e4 miljoonien ihmisten hyv\u00e4ksi jakamalla ainutlaatuisen l\u00f6yt\u00f6ns\u00e4 todellisesta henkisest\u00e4 valaistumisesta itseoivalluskokemuksen kautta; kumouksellinen yhteiskunnallinen muutos, joka perustuu ihmisen sis\u00e4iseen muuttumiseen &#8211; kaikki n\u00e4m\u00e4 ja monet muut kallisarvoiset hetket antavat v\u00e4l\u00e4hdyksen Shri Matajin elinik\u00e4isest\u00e4 omistautumisesta ihmiskunnan hyvinvoinnille. Nirmala Shrivastava,&hellip; Read more\" \/>\n<meta property=\"og:url\" content=\"https:\/\/shrimataji.org\/test\/fi\/shri-mataji-fi\/\" \/>\n<meta property=\"og:site_name\" content=\"TEST - SMND\" \/>\n<meta property=\"article:publisher\" content=\"https:\/\/www.facebook.com\/shrimataji\" \/>\n<meta property=\"article:modified_time\" content=\"2025-09-20T21:08:56+00:00\" \/>\n<meta property=\"og:image\" content=\"https:\/\/shrimataji.org\/test\/wp-content\/uploads\/2023\/03\/test_banner_inner_shrimataji-scaled.jpg\" \/>\n\t<meta property=\"og:image:width\" content=\"2560\" \/>\n\t<meta property=\"og:image:height\" content=\"1067\" \/>\n\t<meta property=\"og:image:type\" content=\"image\/jpeg\" \/>\n<meta name=\"twitter:card\" content=\"summary_large_image\" \/>\n<meta name=\"twitter:site\" content=\"@shrimataji\" \/>\n<meta name=\"twitter:label1\" content=\"Est. reading time\" \/>\n\t<meta name=\"twitter:data1\" content=\"5 minutes\" \/>\n<script type=\"application\/ld+json\" class=\"yoast-schema-graph\">{\"@context\":\"https:\\\/\\\/schema.org\",\"@graph\":[{\"@type\":\"WebPage\",\"@id\":\"https:\\\/\\\/shrimataji.org\\\/test\\\/fi\\\/shri-mataji-fi\\\/\",\"url\":\"https:\\\/\\\/shrimataji.org\\\/test\\\/fi\\\/shri-mataji-fi\\\/\",\"name\":\"Shri Mataji FIN - TEST - SMND\",\"isPartOf\":{\"@id\":\"https:\\\/\\\/shrimataji.org\\\/test\\\/#website\"},\"primaryImageOfPage\":{\"@id\":\"https:\\\/\\\/shrimataji.org\\\/test\\\/fi\\\/shri-mataji-fi\\\/#primaryimage\"},\"image\":{\"@id\":\"https:\\\/\\\/shrimataji.org\\\/test\\\/fi\\\/shri-mataji-fi\\\/#primaryimage\"},\"thumbnailUrl\":\"https:\\\/\\\/shrimataji.org\\\/test\\\/wp-content\\\/uploads\\\/2023\\\/03\\\/test_banner_inner_shrimataji-scaled.jpg\",\"datePublished\":\"2018-07-10T06:54:42+00:00\",\"dateModified\":\"2025-09-20T21:08:56+00:00\",\"breadcrumb\":{\"@id\":\"https:\\\/\\\/shrimataji.org\\\/test\\\/fi\\\/shri-mataji-fi\\\/#breadcrumb\"},\"inLanguage\":\"en-US\",\"potentialAction\":[{\"@type\":\"ReadAction\",\"target\":[\"https:\\\/\\\/shrimataji.org\\\/test\\\/fi\\\/shri-mataji-fi\\\/\"]}]},{\"@type\":\"ImageObject\",\"inLanguage\":\"en-US\",\"@id\":\"https:\\\/\\\/shrimataji.org\\\/test\\\/fi\\\/shri-mataji-fi\\\/#primaryimage\",\"url\":\"https:\\\/\\\/shrimataji.org\\\/test\\\/wp-content\\\/uploads\\\/2023\\\/03\\\/test_banner_inner_shrimataji-scaled.jpg\",\"contentUrl\":\"https:\\\/\\\/shrimataji.org\\\/test\\\/wp-content\\\/uploads\\\/2023\\\/03\\\/test_banner_inner_shrimataji-scaled.jpg\",\"width\":2560,\"height\":1067},{\"@type\":\"BreadcrumbList\",\"@id\":\"https:\\\/\\\/shrimataji.org\\\/test\\\/fi\\\/shri-mataji-fi\\\/#breadcrumb\",\"itemListElement\":[{\"@type\":\"ListItem\",\"position\":1,\"name\":\"Home\",\"item\":\"https:\\\/\\\/shrimataji.org\\\/test\\\/uk\\\/home-en\\\/\"},{\"@type\":\"ListItem\",\"position\":2,\"name\":\"Shri Mataji FIN\"}]},{\"@type\":\"WebSite\",\"@id\":\"https:\\\/\\\/shrimataji.org\\\/test\\\/#website\",\"url\":\"https:\\\/\\\/shrimataji.org\\\/test\\\/\",\"name\":\"Shri Mataji Nirmala Devi\",\"description\":\"A Life Dedicated to Humanity\",\"publisher\":{\"@id\":\"https:\\\/\\\/shrimataji.org\\\/test\\\/#\\\/schema\\\/person\\\/a1b3419c6585f164aa96da1ff85715d1\"},\"potentialAction\":[{\"@type\":\"SearchAction\",\"target\":{\"@type\":\"EntryPoint\",\"urlTemplate\":\"https:\\\/\\\/shrimataji.org\\\/test\\\/?s={search_term_string}\"},\"query-input\":{\"@type\":\"PropertyValueSpecification\",\"valueRequired\":true,\"valueName\":\"search_term_string\"}}],\"inLanguage\":\"en-US\"},{\"@type\":[\"Person\",\"Organization\"],\"@id\":\"https:\\\/\\\/shrimataji.org\\\/test\\\/#\\\/schema\\\/person\\\/a1b3419c6585f164aa96da1ff85715d1\",\"name\":\"Nirmala Shrivastava\",\"image\":{\"@type\":\"ImageObject\",\"inLanguage\":\"en-US\",\"@id\":\"https:\\\/\\\/shrimataji.org\\\/test\\\/wp-content\\\/uploads\\\/2023\\\/02\\\/SMO_LOGO-03.svg\",\"url\":\"https:\\\/\\\/shrimataji.org\\\/test\\\/wp-content\\\/uploads\\\/2023\\\/02\\\/SMO_LOGO-03.svg\",\"contentUrl\":\"https:\\\/\\\/shrimataji.org\\\/test\\\/wp-content\\\/uploads\\\/2023\\\/02\\\/SMO_LOGO-03.svg\",\"width\":\"1024\",\"height\":\"1024\",\"caption\":\"Nirmala Shrivastava\"},\"logo\":{\"@id\":\"https:\\\/\\\/shrimataji.org\\\/test\\\/wp-content\\\/uploads\\\/2023\\\/02\\\/SMO_LOGO-03.svg\"},\"sameAs\":[\"https:\\\/\\\/shrimataji.org\\\/test\",\"https:\\\/\\\/www.facebook.com\\\/shrimataji\",\"https:\\\/\\\/x.com\\\/shrimataji\",\"https:\\\/\\\/www.youtube.com\\\/@Shri_Mataji_Nirmala_Devi\\\/featured\"]}]}<\/script>\n<!-- \/ Yoast SEO plugin. -->","yoast_head_json":{"title":"Shri Mataji FIN - TEST - SMND","robots":{"index":"noindex","follow":"follow","max-snippet":"max-snippet:-1","max-image-preview":"max-image-preview:large","max-video-preview":"max-video-preview:-1"},"og_locale":"en_US","og_type":"article","og_title":"Shri Mataji FIN - TEST - SMND","og_description":"Shri Mataji Elinik\u00e4isen omistautumisen el\u00e4m\u00e4kerta V\u00e4sym\u00e4t\u00f6nt\u00e4 matkustamista tuhansia kilometrej\u00e4 ymp\u00e4ri maailmaa syrj\u00e4isist\u00e4 kylist\u00e4 kaupunkeihin ja metropoleihin, pyyteet\u00f6nt\u00e4 ty\u00f6t\u00e4 miljoonien ihmisten hyv\u00e4ksi jakamalla ainutlaatuisen l\u00f6yt\u00f6ns\u00e4 todellisesta henkisest\u00e4 valaistumisesta itseoivalluskokemuksen kautta; kumouksellinen yhteiskunnallinen muutos, joka perustuu ihmisen sis\u00e4iseen muuttumiseen &#8211; kaikki n\u00e4m\u00e4 ja monet muut kallisarvoiset hetket antavat v\u00e4l\u00e4hdyksen Shri Matajin elinik\u00e4isest\u00e4 omistautumisesta ihmiskunnan hyvinvoinnille. Nirmala Shrivastava,&hellip; Read more","og_url":"https:\/\/shrimataji.org\/test\/fi\/shri-mataji-fi\/","og_site_name":"TEST - SMND","article_publisher":"https:\/\/www.facebook.com\/shrimataji","article_modified_time":"2025-09-20T21:08:56+00:00","og_image":[{"width":2560,"height":1067,"url":"https:\/\/shrimataji.org\/test\/wp-content\/uploads\/2023\/03\/test_banner_inner_shrimataji-scaled.jpg","type":"image\/jpeg"}],"twitter_card":"summary_large_image","twitter_site":"@shrimataji","twitter_misc":{"Est. reading time":"5 minutes"},"schema":{"@context":"https:\/\/schema.org","@graph":[{"@type":"WebPage","@id":"https:\/\/shrimataji.org\/test\/fi\/shri-mataji-fi\/","url":"https:\/\/shrimataji.org\/test\/fi\/shri-mataji-fi\/","name":"Shri Mataji FIN - TEST - SMND","isPartOf":{"@id":"https:\/\/shrimataji.org\/test\/#website"},"primaryImageOfPage":{"@id":"https:\/\/shrimataji.org\/test\/fi\/shri-mataji-fi\/#primaryimage"},"image":{"@id":"https:\/\/shrimataji.org\/test\/fi\/shri-mataji-fi\/#primaryimage"},"thumbnailUrl":"https:\/\/shrimataji.org\/test\/wp-content\/uploads\/2023\/03\/test_banner_inner_shrimataji-scaled.jpg","datePublished":"2018-07-10T06:54:42+00:00","dateModified":"2025-09-20T21:08:56+00:00","breadcrumb":{"@id":"https:\/\/shrimataji.org\/test\/fi\/shri-mataji-fi\/#breadcrumb"},"inLanguage":"en-US","potentialAction":[{"@type":"ReadAction","target":["https:\/\/shrimataji.org\/test\/fi\/shri-mataji-fi\/"]}]},{"@type":"ImageObject","inLanguage":"en-US","@id":"https:\/\/shrimataji.org\/test\/fi\/shri-mataji-fi\/#primaryimage","url":"https:\/\/shrimataji.org\/test\/wp-content\/uploads\/2023\/03\/test_banner_inner_shrimataji-scaled.jpg","contentUrl":"https:\/\/shrimataji.org\/test\/wp-content\/uploads\/2023\/03\/test_banner_inner_shrimataji-scaled.jpg","width":2560,"height":1067},{"@type":"BreadcrumbList","@id":"https:\/\/shrimataji.org\/test\/fi\/shri-mataji-fi\/#breadcrumb","itemListElement":[{"@type":"ListItem","position":1,"name":"Home","item":"https:\/\/shrimataji.org\/test\/uk\/home-en\/"},{"@type":"ListItem","position":2,"name":"Shri Mataji FIN"}]},{"@type":"WebSite","@id":"https:\/\/shrimataji.org\/test\/#website","url":"https:\/\/shrimataji.org\/test\/","name":"Shri Mataji Nirmala Devi","description":"A Life Dedicated to Humanity","publisher":{"@id":"https:\/\/shrimataji.org\/test\/#\/schema\/person\/a1b3419c6585f164aa96da1ff85715d1"},"potentialAction":[{"@type":"SearchAction","target":{"@type":"EntryPoint","urlTemplate":"https:\/\/shrimataji.org\/test\/?s={search_term_string}"},"query-input":{"@type":"PropertyValueSpecification","valueRequired":true,"valueName":"search_term_string"}}],"inLanguage":"en-US"},{"@type":["Person","Organization"],"@id":"https:\/\/shrimataji.org\/test\/#\/schema\/person\/a1b3419c6585f164aa96da1ff85715d1","name":"Nirmala Shrivastava","image":{"@type":"ImageObject","inLanguage":"en-US","@id":"https:\/\/shrimataji.org\/test\/wp-content\/uploads\/2023\/02\/SMO_LOGO-03.svg","url":"https:\/\/shrimataji.org\/test\/wp-content\/uploads\/2023\/02\/SMO_LOGO-03.svg","contentUrl":"https:\/\/shrimataji.org\/test\/wp-content\/uploads\/2023\/02\/SMO_LOGO-03.svg","width":"1024","height":"1024","caption":"Nirmala Shrivastava"},"logo":{"@id":"https:\/\/shrimataji.org\/test\/wp-content\/uploads\/2023\/02\/SMO_LOGO-03.svg"},"sameAs":["https:\/\/shrimataji.org\/test","https:\/\/www.facebook.com\/shrimataji","https:\/\/x.com\/shrimataji","https:\/\/www.youtube.com\/@Shri_Mataji_Nirmala_Devi\/featured"]}]}},"lang":"fi","translations":{"fi":12629,"ur":37503,"en":391,"pa":25918,"gu":25521,"th":20061,"hu":19566,"sq":18478,"zh":17375,"hi":8496,"tr":10210,"pt":10420,"de":10694,"fr":10792,"it":10890,"es":10987,"ja":11285,"ru":11473,"bn":11664,"te":11772,"sw":11895,"he":12043,"el":12335,"sk":12433,"fa":12531,"bg":13463,"ro":14535,"cs":14728,"nl":16638,"ku":16798,"ar":16974,"be":18685,"kn":18959,"mr":20425,"uk":20719,"ml":21014,"ta":22796,"sv":23066,"bs":27296,"fil":29515,"sd":31010,"da":37812,"pl":38022,"nn":38364},"pll_sync_post":[],"_links":{"self":[{"href":"https:\/\/shrimataji.org\/test\/wp-json\/wp\/v2\/pages\/12629","targetHints":{"allow":["GET"]}}],"collection":[{"href":"https:\/\/shrimataji.org\/test\/wp-json\/wp\/v2\/pages"}],"about":[{"href":"https:\/\/shrimataji.org\/test\/wp-json\/wp\/v2\/types\/page"}],"author":[{"embeddable":true,"href":"https:\/\/shrimataji.org\/test\/wp-json\/wp\/v2\/users\/29"}],"replies":[{"embeddable":true,"href":"https:\/\/shrimataji.org\/test\/wp-json\/wp\/v2\/comments?post=12629"}],"version-history":[{"count":0,"href":"https:\/\/shrimataji.org\/test\/wp-json\/wp\/v2\/pages\/12629\/revisions"}],"wp:featuredmedia":[{"embeddable":true,"href":"https:\/\/shrimataji.org\/test\/wp-json\/wp\/v2\/media\/9599"}],"wp:attachment":[{"href":"https:\/\/shrimataji.org\/test\/wp-json\/wp\/v2\/media?parent=12629"}],"curies":[{"name":"wp","href":"https:\/\/api.w.org\/{rel}","templated":true}]}}