{"id":12635,"date":"2018-07-10T06:54:42","date_gmt":"2018-07-10T06:54:42","guid":{"rendered":"http:\/\/testwordpress.nirmalnagari.org\/smnd\/index.php\/terms\/"},"modified":"2025-06-30T15:25:11","modified_gmt":"2025-06-30T15:25:11","slug":"kayttoehdot","status":"publish","type":"page","link":"https:\/\/shrimataji.org\/test\/fi\/kayttoehdot\/","title":{"rendered":"K\u00e4ytt\u00f6ehdot"},"content":{"rendered":"\n\n\t<h1>K\u00e4ytt\u00f6ehdot<\/h1>\n<p>Kaikki t\u00e4m\u00e4n sivuston toimituksellinen sis\u00e4lt\u00f6 ja grafiikka on suojattu EU:n tekij\u00e4noikeuksilla ja kansainv\u00e4lisill\u00e4 sopimuksilla, eik\u00e4 niit\u00e4 saa kopioida ilman Shri Mataji Nirmala Devi Sahaja Yoga World Foundationin nimenomaista lupaa, joka pid\u00e4t\u00e4\u00e4 itsell\u00e4\u00e4n kaikki oikeudet.<\/p>\n<p>Shri Mataji Nirmala Devi Sahaja Yoga World Foundationin toimituksellisen sis\u00e4ll\u00f6n ja grafiikan uudelleenk\u00e4ytt\u00f6 verkossa mihin tahansa tarkoitukseen on ehdottomasti kielletty.<\/p>\n<p>Shri Mataji Nirmala Devi Sahaja Yoga World Foundation -sivustojen materiaalit ovat saatavilla vain informatiiviseen ja ei-kaupalliseen k\u00e4ytt\u00f6\u00f6n offline-tilassa, edellytt\u00e4en, ett\u00e4 sis\u00e4lt\u00f6\u00e4 ja\/tai grafiikkaa ei muuteta mill\u00e4\u00e4n tavalla, kaikki tekij\u00e4noikeus- ja muut merkinn\u00e4t kopioissa s\u00e4ilytet\u00e4\u00e4n ja ett\u00e4 Shri Mataji Nirmala Devi Sahaja Yoga World Foundation on my\u00f6nt\u00e4nyt luvan.<\/p>\n<p>Pyyd\u00e4mme huomioimaan, ett\u00e4 tekij\u00e4noikeuksien haltijat on pyritty l\u00f6yt\u00e4m\u00e4\u00e4n ja\/tai heihin on yritetty ottaa yhteytt\u00e4, erityisesti t\u00e4ll\u00e4 sivustolla k\u00e4ytettyjen kuvien osalta. Jos katsot, ett\u00e4 sinulla on tekij\u00e4noikeusongelma t\u00e4m\u00e4n sivuston materiaalin suhteen, l\u00e4het\u00e4 s\u00e4hk\u00f6postia osoitteeseen <a href=\"mailto:amministrazione@sahajaworldfoundation.org\">amministrazione@sahajaworldfoundation.org<\/a> ja ilmoita vaatimuksesi yksityiskohtaisesti.<\/p>\n<p>\u00a9 Shri Mataji Nirmala Devi Sahaja Yoga World Foundation, voittoa tavoittelematon organisaatio, joka on merkitty Piemonten alueelliseen oikeudellisten toimijoiden rekisteriin (prot. nro 747)<\/p>\n<p>&nbsp;<\/p>\n<p>\u00a0<\/p>\n\n","protected":false},"excerpt":{"rendered":"<p>K\u00e4ytt\u00f6ehdot Kaikki t\u00e4m\u00e4n sivuston toimituksellinen sis\u00e4lt\u00f6 ja grafiikka on suojattu EU:n tekij\u00e4noikeuksilla ja kansainv\u00e4lisill\u00e4 sopimuksilla, eik\u00e4 niit\u00e4 saa kopioida ilman Shri Mataji Nirmala Devi Sahaja Yoga World Foundationin nimenomaista lupaa, joka pid\u00e4t\u00e4\u00e4 itsell\u00e4\u00e4n kaikki oikeudet. Shri Mataji Nirmala Devi Sahaja Yoga World Foundationin toimituksellisen sis\u00e4ll\u00f6n ja grafiikan uudelleenk\u00e4ytt\u00f6 verkossa mihin tahansa tarkoitukseen on ehdottomasti kielletty.&hellip; <br \/> <a class=\"read-more\" href=\"https:\/\/shrimataji.org\/test\/fi\/kayttoehdot\/\">Read more<\/a><\/p>\n","protected":false},"author":29,"featured_media":9552,"parent":0,"menu_order":0,"comment_status":"closed","ping_status":"closed","template":"","meta":{"inline_featured_image":false,"footnotes":""},"class_list":["post-12635","page","type-page","status-publish","has-post-thumbnail","hentry"],"yoast_head":"<!-- This site is optimized with the Yoast SEO plugin v27.4 - https:\/\/yoast.com\/product\/yoast-seo-wordpress\/ -->\n<title>K\u00e4ytt\u00f6ehdot - TEST - SMND<\/title>\n<meta name=\"robots\" content=\"noindex, follow, max-snippet:-1, max-image-preview:large, max-video-preview:-1\" \/>\n<meta property=\"og:locale\" content=\"en_US\" \/>\n<meta property=\"og:type\" content=\"article\" \/>\n<meta property=\"og:title\" content=\"K\u00e4ytt\u00f6ehdot - TEST - SMND\" \/>\n<meta property=\"og:description\" content=\"K\u00e4ytt\u00f6ehdot Kaikki t\u00e4m\u00e4n sivuston toimituksellinen sis\u00e4lt\u00f6 ja grafiikka on suojattu EU:n tekij\u00e4noikeuksilla ja kansainv\u00e4lisill\u00e4 sopimuksilla, eik\u00e4 niit\u00e4 saa kopioida ilman Shri Mataji Nirmala Devi Sahaja Yoga World Foundationin nimenomaista lupaa, joka pid\u00e4t\u00e4\u00e4 itsell\u00e4\u00e4n kaikki oikeudet. Shri Mataji Nirmala Devi Sahaja Yoga World Foundationin toimituksellisen sis\u00e4ll\u00f6n ja grafiikan uudelleenk\u00e4ytt\u00f6 verkossa mihin tahansa tarkoitukseen on ehdottomasti kielletty.&hellip; Read more\" \/>\n<meta property=\"og:url\" content=\"https:\/\/shrimataji.org\/test\/fi\/kayttoehdot\/\" \/>\n<meta property=\"og:site_name\" content=\"TEST - SMND\" \/>\n<meta property=\"article:publisher\" content=\"https:\/\/www.facebook.com\/shrimataji\" \/>\n<meta property=\"article:modified_time\" content=\"2025-06-30T15:25:11+00:00\" \/>\n<meta property=\"og:image\" content=\"https:\/\/shrimataji.org\/test\/wp-content\/uploads\/2023\/03\/Banner-Footer-Castle-1-scaled.jpg\" \/>\n\t<meta property=\"og:image:width\" content=\"2560\" \/>\n\t<meta property=\"og:image:height\" content=\"905\" \/>\n\t<meta property=\"og:image:type\" content=\"image\/jpeg\" \/>\n<meta name=\"twitter:card\" content=\"summary_large_image\" \/>\n<meta name=\"twitter:site\" content=\"@shrimataji\" \/>\n<meta name=\"twitter:label1\" content=\"Est. reading time\" \/>\n\t<meta name=\"twitter:data1\" content=\"1 minute\" \/>\n<script type=\"application\/ld+json\" class=\"yoast-schema-graph\">{\"@context\":\"https:\\\/\\\/schema.org\",\"@graph\":[{\"@type\":\"WebPage\",\"@id\":\"https:\\\/\\\/shrimataji.org\\\/test\\\/fi\\\/kayttoehdot\\\/\",\"url\":\"https:\\\/\\\/shrimataji.org\\\/test\\\/fi\\\/kayttoehdot\\\/\",\"name\":\"K\u00e4ytt\u00f6ehdot - TEST - SMND\",\"isPartOf\":{\"@id\":\"https:\\\/\\\/shrimataji.org\\\/test\\\/#website\"},\"primaryImageOfPage\":{\"@id\":\"https:\\\/\\\/shrimataji.org\\\/test\\\/fi\\\/kayttoehdot\\\/#primaryimage\"},\"image\":{\"@id\":\"https:\\\/\\\/shrimataji.org\\\/test\\\/fi\\\/kayttoehdot\\\/#primaryimage\"},\"thumbnailUrl\":\"https:\\\/\\\/shrimataji.org\\\/test\\\/wp-content\\\/uploads\\\/2023\\\/03\\\/Banner-Footer-Castle-1-scaled.jpg\",\"datePublished\":\"2018-07-10T06:54:42+00:00\",\"dateModified\":\"2025-06-30T15:25:11+00:00\",\"breadcrumb\":{\"@id\":\"https:\\\/\\\/shrimataji.org\\\/test\\\/fi\\\/kayttoehdot\\\/#breadcrumb\"},\"inLanguage\":\"en-US\",\"potentialAction\":[{\"@type\":\"ReadAction\",\"target\":[\"https:\\\/\\\/shrimataji.org\\\/test\\\/fi\\\/kayttoehdot\\\/\"]}]},{\"@type\":\"ImageObject\",\"inLanguage\":\"en-US\",\"@id\":\"https:\\\/\\\/shrimataji.org\\\/test\\\/fi\\\/kayttoehdot\\\/#primaryimage\",\"url\":\"https:\\\/\\\/shrimataji.org\\\/test\\\/wp-content\\\/uploads\\\/2023\\\/03\\\/Banner-Footer-Castle-1-scaled.jpg\",\"contentUrl\":\"https:\\\/\\\/shrimataji.org\\\/test\\\/wp-content\\\/uploads\\\/2023\\\/03\\\/Banner-Footer-Castle-1-scaled.jpg\",\"width\":2560,\"height\":905},{\"@type\":\"BreadcrumbList\",\"@id\":\"https:\\\/\\\/shrimataji.org\\\/test\\\/fi\\\/kayttoehdot\\\/#breadcrumb\",\"itemListElement\":[{\"@type\":\"ListItem\",\"position\":1,\"name\":\"Home\",\"item\":\"https:\\\/\\\/shrimataji.org\\\/test\\\/uk\\\/home-en\\\/\"},{\"@type\":\"ListItem\",\"position\":2,\"name\":\"K\u00e4ytt\u00f6ehdot\"}]},{\"@type\":\"WebSite\",\"@id\":\"https:\\\/\\\/shrimataji.org\\\/test\\\/#website\",\"url\":\"https:\\\/\\\/shrimataji.org\\\/test\\\/\",\"name\":\"Shri Mataji Nirmala Devi\",\"description\":\"A Life Dedicated to Humanity\",\"publisher\":{\"@id\":\"https:\\\/\\\/shrimataji.org\\\/test\\\/#\\\/schema\\\/person\\\/a1b3419c6585f164aa96da1ff85715d1\"},\"potentialAction\":[{\"@type\":\"SearchAction\",\"target\":{\"@type\":\"EntryPoint\",\"urlTemplate\":\"https:\\\/\\\/shrimataji.org\\\/test\\\/?s={search_term_string}\"},\"query-input\":{\"@type\":\"PropertyValueSpecification\",\"valueRequired\":true,\"valueName\":\"search_term_string\"}}],\"inLanguage\":\"en-US\"},{\"@type\":[\"Person\",\"Organization\"],\"@id\":\"https:\\\/\\\/shrimataji.org\\\/test\\\/#\\\/schema\\\/person\\\/a1b3419c6585f164aa96da1ff85715d1\",\"name\":\"Nirmala Shrivastava\",\"image\":{\"@type\":\"ImageObject\",\"inLanguage\":\"en-US\",\"@id\":\"https:\\\/\\\/shrimataji.org\\\/test\\\/wp-content\\\/uploads\\\/2023\\\/02\\\/SMO_LOGO-03.svg\",\"url\":\"https:\\\/\\\/shrimataji.org\\\/test\\\/wp-content\\\/uploads\\\/2023\\\/02\\\/SMO_LOGO-03.svg\",\"contentUrl\":\"https:\\\/\\\/shrimataji.org\\\/test\\\/wp-content\\\/uploads\\\/2023\\\/02\\\/SMO_LOGO-03.svg\",\"width\":\"1024\",\"height\":\"1024\",\"caption\":\"Nirmala Shrivastava\"},\"logo\":{\"@id\":\"https:\\\/\\\/shrimataji.org\\\/test\\\/wp-content\\\/uploads\\\/2023\\\/02\\\/SMO_LOGO-03.svg\"},\"sameAs\":[\"https:\\\/\\\/shrimataji.org\\\/test\",\"https:\\\/\\\/www.facebook.com\\\/shrimataji\",\"https:\\\/\\\/x.com\\\/shrimataji\",\"https:\\\/\\\/www.youtube.com\\\/@Shri_Mataji_Nirmala_Devi\\\/featured\"]}]}<\/script>\n<!-- \/ Yoast SEO plugin. -->","yoast_head_json":{"title":"K\u00e4ytt\u00f6ehdot - TEST - SMND","robots":{"index":"noindex","follow":"follow","max-snippet":"max-snippet:-1","max-image-preview":"max-image-preview:large","max-video-preview":"max-video-preview:-1"},"og_locale":"en_US","og_type":"article","og_title":"K\u00e4ytt\u00f6ehdot - TEST - SMND","og_description":"K\u00e4ytt\u00f6ehdot Kaikki t\u00e4m\u00e4n sivuston toimituksellinen sis\u00e4lt\u00f6 ja grafiikka on suojattu EU:n tekij\u00e4noikeuksilla ja kansainv\u00e4lisill\u00e4 sopimuksilla, eik\u00e4 niit\u00e4 saa kopioida ilman Shri Mataji Nirmala Devi Sahaja Yoga World Foundationin nimenomaista lupaa, joka pid\u00e4t\u00e4\u00e4 itsell\u00e4\u00e4n kaikki oikeudet. Shri Mataji Nirmala Devi Sahaja Yoga World Foundationin toimituksellisen sis\u00e4ll\u00f6n ja grafiikan uudelleenk\u00e4ytt\u00f6 verkossa mihin tahansa tarkoitukseen on ehdottomasti kielletty.&hellip; Read more","og_url":"https:\/\/shrimataji.org\/test\/fi\/kayttoehdot\/","og_site_name":"TEST - SMND","article_publisher":"https:\/\/www.facebook.com\/shrimataji","article_modified_time":"2025-06-30T15:25:11+00:00","og_image":[{"width":2560,"height":905,"url":"https:\/\/shrimataji.org\/test\/wp-content\/uploads\/2023\/03\/Banner-Footer-Castle-1-scaled.jpg","type":"image\/jpeg"}],"twitter_card":"summary_large_image","twitter_site":"@shrimataji","twitter_misc":{"Est. reading time":"1 minute"},"schema":{"@context":"https:\/\/schema.org","@graph":[{"@type":"WebPage","@id":"https:\/\/shrimataji.org\/test\/fi\/kayttoehdot\/","url":"https:\/\/shrimataji.org\/test\/fi\/kayttoehdot\/","name":"K\u00e4ytt\u00f6ehdot - TEST - SMND","isPartOf":{"@id":"https:\/\/shrimataji.org\/test\/#website"},"primaryImageOfPage":{"@id":"https:\/\/shrimataji.org\/test\/fi\/kayttoehdot\/#primaryimage"},"image":{"@id":"https:\/\/shrimataji.org\/test\/fi\/kayttoehdot\/#primaryimage"},"thumbnailUrl":"https:\/\/shrimataji.org\/test\/wp-content\/uploads\/2023\/03\/Banner-Footer-Castle-1-scaled.jpg","datePublished":"2018-07-10T06:54:42+00:00","dateModified":"2025-06-30T15:25:11+00:00","breadcrumb":{"@id":"https:\/\/shrimataji.org\/test\/fi\/kayttoehdot\/#breadcrumb"},"inLanguage":"en-US","potentialAction":[{"@type":"ReadAction","target":["https:\/\/shrimataji.org\/test\/fi\/kayttoehdot\/"]}]},{"@type":"ImageObject","inLanguage":"en-US","@id":"https:\/\/shrimataji.org\/test\/fi\/kayttoehdot\/#primaryimage","url":"https:\/\/shrimataji.org\/test\/wp-content\/uploads\/2023\/03\/Banner-Footer-Castle-1-scaled.jpg","contentUrl":"https:\/\/shrimataji.org\/test\/wp-content\/uploads\/2023\/03\/Banner-Footer-Castle-1-scaled.jpg","width":2560,"height":905},{"@type":"BreadcrumbList","@id":"https:\/\/shrimataji.org\/test\/fi\/kayttoehdot\/#breadcrumb","itemListElement":[{"@type":"ListItem","position":1,"name":"Home","item":"https:\/\/shrimataji.org\/test\/uk\/home-en\/"},{"@type":"ListItem","position":2,"name":"K\u00e4ytt\u00f6ehdot"}]},{"@type":"WebSite","@id":"https:\/\/shrimataji.org\/test\/#website","url":"https:\/\/shrimataji.org\/test\/","name":"Shri Mataji Nirmala Devi","description":"A Life Dedicated to Humanity","publisher":{"@id":"https:\/\/shrimataji.org\/test\/#\/schema\/person\/a1b3419c6585f164aa96da1ff85715d1"},"potentialAction":[{"@type":"SearchAction","target":{"@type":"EntryPoint","urlTemplate":"https:\/\/shrimataji.org\/test\/?s={search_term_string}"},"query-input":{"@type":"PropertyValueSpecification","valueRequired":true,"valueName":"search_term_string"}}],"inLanguage":"en-US"},{"@type":["Person","Organization"],"@id":"https:\/\/shrimataji.org\/test\/#\/schema\/person\/a1b3419c6585f164aa96da1ff85715d1","name":"Nirmala Shrivastava","image":{"@type":"ImageObject","inLanguage":"en-US","@id":"https:\/\/shrimataji.org\/test\/wp-content\/uploads\/2023\/02\/SMO_LOGO-03.svg","url":"https:\/\/shrimataji.org\/test\/wp-content\/uploads\/2023\/02\/SMO_LOGO-03.svg","contentUrl":"https:\/\/shrimataji.org\/test\/wp-content\/uploads\/2023\/02\/SMO_LOGO-03.svg","width":"1024","height":"1024","caption":"Nirmala Shrivastava"},"logo":{"@id":"https:\/\/shrimataji.org\/test\/wp-content\/uploads\/2023\/02\/SMO_LOGO-03.svg"},"sameAs":["https:\/\/shrimataji.org\/test","https:\/\/www.facebook.com\/shrimataji","https:\/\/x.com\/shrimataji","https:\/\/www.youtube.com\/@Shri_Mataji_Nirmala_Devi\/featured"]}]}},"lang":"fi","translations":{"fi":12635,"en":396,"am":18089,"th":20079,"hu":19578,"ar":16985,"sq":18490,"zh":17387,"tr":10218,"pt":10426,"de":10700,"fr":10798,"it":10896,"es":10993,"ja":11291,"ru":11479,"bn":11670,"te":11778,"sw":11901,"he":12049,"el":12341,"fa":12537,"bg":13471,"ro":14543,"cs":14736,"nl":16649,"ku":16809,"be":18697,"kn":18971,"mr":20443,"uk":20736,"ml":21031,"ta":22808,"sv":23077,"pa":29072,"fil":29526},"pll_sync_post":[],"_links":{"self":[{"href":"https:\/\/shrimataji.org\/test\/wp-json\/wp\/v2\/pages\/12635","targetHints":{"allow":["GET"]}}],"collection":[{"href":"https:\/\/shrimataji.org\/test\/wp-json\/wp\/v2\/pages"}],"about":[{"href":"https:\/\/shrimataji.org\/test\/wp-json\/wp\/v2\/types\/page"}],"author":[{"embeddable":true,"href":"https:\/\/shrimataji.org\/test\/wp-json\/wp\/v2\/users\/29"}],"replies":[{"embeddable":true,"href":"https:\/\/shrimataji.org\/test\/wp-json\/wp\/v2\/comments?post=12635"}],"version-history":[{"count":0,"href":"https:\/\/shrimataji.org\/test\/wp-json\/wp\/v2\/pages\/12635\/revisions"}],"wp:featuredmedia":[{"embeddable":true,"href":"https:\/\/shrimataji.org\/test\/wp-json\/wp\/v2\/media\/9552"}],"wp:attachment":[{"href":"https:\/\/shrimataji.org\/test\/wp-json\/wp\/v2\/media?parent=12635"}],"curies":[{"name":"wp","href":"https:\/\/api.w.org\/{rel}","templated":true}]}}