{"id":14526,"date":"2018-07-10T06:54:46","date_gmt":"2018-07-10T06:54:46","guid":{"rendered":"http:\/\/testwordpress.nirmalnagari.org\/smnd\/index.php\/college-years\/"},"modified":"2025-05-31T14:57:33","modified_gmt":"2025-05-31T14:57:33","slug":"college-years","status":"publish","type":"page","link":"https:\/\/shrimataji.org\/test\/ro\/college-years\/","title":{"rendered":"Anii de colegiu"},"content":{"rendered":"\n\n\t<h1>Anii de colegiu<\/h1>\n<h2>Lupta pentru libertate<\/h2>\n\t<div class=\"su-quote su-quote-style-default\"><div class=\"su-quote-inner su-u-clearfix su-u-trim\">C\u00e2mpiile satelor c\u00e2ntau \u00een slava Ta \u0219i din ora\u0219e r\u0103spundea ecoul aceleia\u0219i melodii: Victorie Mamei India, Victorie \u021aie! <\/div><\/div>\n\t<h4>La miezul nop\u021bii de 15 august 1947, milioane de oameni au salutat eliberarea \u021b\u0103rii lor. Ora\u0219ele \u0219i satele din India au arborat steagul tricolor.<\/h4>\n\t\t\t\t<img loading=\"lazy\" decoding=\"async\" src=\"https:\/\/shrimataji.org\/test\/wp-content\/uploads\/2018\/07\/media_originals\/images\/shri-mataji-portraits\/shri-mataji-nirmala-devi-portrait-13yrs-old.jpg\" alt=\"Shri Mataji \u00een tinere\u021be\" height=\"1141\" width=\"850\" title=\"shri-mataji-nirmala-devi-portrait-13yrs-old\" \/>\n\t\tShri Mataji \u00een tinere\u021be\n\t<p>\u201eAm v\u0103zut steagul britanic cobor\u00e2nd \u0219i tricolorul urc\u00e2nd. Acela a fost momentul &#8211; a fost cople\u0219itor&#8221;, \u0219i-a amintit Shri Mataji. \u201eNu pot s\u0103 descriu sentimentul tr\u0103it \u00een acel moment &#8211; sentimentul c\u0103 adev\u0103rul a \u00eenvins \u00eentr-un fel sau altul neadev\u0103rul. C\u0103 dreptatea a triumfat \u00een fa\u021ba nedrept\u0103\u021bii.&#8221;<\/p>\n<p>Dup\u0103 ani de domina\u021bie britanic\u0103, lupta pentru independen\u021b\u0103 d\u0103duse \u00een sf\u00e2r\u0219it roade, gra\u021bie curajului \u0219i sacrificiului nenum\u0103ra\u021bilor cet\u0103\u021beni. \u201eAt\u00e2t de mul\u021bi oameni s-au sacrificat, at\u00e2t de mul\u021bi martiri au fost!&#8221;, a spus Shri Mataji.<\/p>\n<p>Sacrificiul familiei a \u00eenceput c\u00e2nd Shri Mataji avea doar opt ani, c\u00e2nd p\u0103rin\u021bii Ei au fost \u00eenchi\u0219i pentru c\u0103 au participat la lupta pentru libertate. La aceast\u0103 v\u00e2rst\u0103 fraged\u0103, ea \u0219i-a asumat responsabilitatea de a avea grij\u0103 de fra\u021bii ei mai mici. For\u021bat\u0103 s\u0103 p\u0103r\u0103seasc\u0103 casa lor confortabil\u0103, familia a adoptat un stil de via\u021b\u0103 spartan, tr\u0103ind \u00een colibe mici, dormind pe podea \u0219i uneori r\u0103m\u00e2n\u00e2nd f\u0103r\u0103 m\u00e2ncare. \u201eSentimentul c\u0103 orice ar face p\u0103rin\u021bii no\u0219tri este pentru libertatea \u021b\u0103rii noastre a fost at\u00e2t de \u00een\u0103l\u021b\u0103tor&#8230; \u00eenc\u00e2t nici m\u0103car nu ne-am g\u00e2ndit c\u0103 ne lipsesc micile pl\u0103ceri pe care copiii \u0219i le doresc&#8221;, \u00ee\u0219i amintea Shri Mataji.<\/p>\n\t<p>\u00cen timp ce studia la Colegiul de Medicin\u0103 Cre\u0219tin\u0103 din Lahore, Shri Mataji a devenit un lider de tineret implicat activ \u00een \u201eMi\u0219carea Quit India&#8221; a lui Mahatma Gandhi din 1942.<a href=\"https:\/\/shrimataji.org\/test\/ro\/college-years\/#citation-ref-1\">[1]<\/a> A fost adesea arestat\u0103, chiar torturat\u0103, dar acest lucru nu i-a afectat hot\u0103r\u00e2rea de a lua parte la lupta pentru eliberarea Indiei.<\/p>\n<p>Tot atunci, a \u00eent\u00e2lnit un b\u0103rbat indian mai prudent care a sf\u0103tuit-o s\u0103 nu participe la \u201eMi\u0219carea Quit India&#8221;, deoarece ar fi foarte periculos pentru o t\u00e2n\u0103r\u0103 ca Ea. B\u0103rbatul i-a spus s\u0103 stea acas\u0103 cu mama sa, dar tat\u0103l Ei nu a vrut s\u0103 aud\u0103 de asta. \u201eTat\u0103l Meu m-a chemat de-o parte&#8221;, \u0219i-a amintit Shri Mataji. \u201eMi-a spus: nu-l asculta pe acest b\u0103tr\u00e2n Johnny. Cum \u00eendr\u0103zne\u0219te acest b\u0103tr\u00e2n s\u0103-\u021bi spun\u0103 toate aceste prostii? Sunt at\u00e2t de m\u00e2ndru de tine. Sper ca to\u021bi copiii mei s\u0103 devin\u0103 ca tine.&#8221;<\/p>\n\t<div class=\"epyt-video-wrapper\"><div  data-ep-a=\"fadeIn\"  style=\"display: block; margin: 0px auto;\"  id=\"_ytid_86954\"  width=\"3840\" height=\"2160\"  data-origwidth=\"3840\" data-origheight=\"2160\" data-facadesrc=\"https:\/\/www.youtube.com\/embed\/o43faH-pzzc?enablejsapi=1&autoplay=0&cc_load_policy=0&cc_lang_pref=&iv_load_policy=1&loop=0&rel=0&fs=1&playsinline=1&autohide=2&theme=dark&color=red&controls=1&disablekb=0&\" class=\"__youtube_prefs__ epyt-facade  no-lazyload\" data-epautoplay=\"1\" ><img decoding=\"async\" data-spai-excluded=\"true\" class=\"epyt-facade-poster skip-lazy\" loading=\"lazy\"  alt=\"YouTube player\"  src=\"https:\/\/i.ytimg.com\/vi\/o43faH-pzzc\/maxresdefault.jpg\"  \/><button class=\"epyt-facade-play\" aria-label=\"Play\"><svg data-no-lazy=\"1\" height=\"100%\" version=\"1.1\" viewBox=\"0 0 68 48\" width=\"100%\"><path class=\"ytp-large-play-button-bg\" d=\"M66.52,7.74c-0.78-2.93-2.49-5.41-5.42-6.19C55.79,.13,34,0,34,0S12.21,.13,6.9,1.55 C3.97,2.33,2.27,4.81,1.48,7.74C0.06,13.05,0,24,0,24s0.06,10.95,1.48,16.26c0.78,2.93,2.49,5.41,5.42,6.19 C12.21,47.87,34,48,34,48s21.79-0.13,27.1-1.55c2.93-0.78,4.64-3.26,5.42-6.19C67.94,34.95,68,24,68,24S67.94,13.05,66.52,7.74z\" fill=\"#f00\"><\/path><path d=\"M 45,24 27,14 27,34\" fill=\"#fff\"><\/path><\/svg><\/button><\/div><\/div><span itemprop=\"video\" itemscope itemtype=\"http:\/\/schema.org\/VideoObject\"><meta itemprop=\"embedUrl\" content=\"https:\/\/www.youtube.com\/embed\/o43faH-pzzc\"><meta itemprop=\"name\" content=\"India&#039;s Freedom And Independence\"><meta itemprop=\"description\" content=\"Shri Mataji remembers her family&#039;s role in the struggle for Indian independence. Sacrifices were made for the sake of political freedom, as Mahatma Gandhi, with a special charm, transformed the people into a new personality. Indians felt themselves to be no longer helpless individuals, but a part of something great. From this political struggle, we can today learn how to attain the freedom of our spirit. More videos at: http:\/\/ShriMataji.org ~ A Life Dedicated to Humanity ~\"><meta itemprop=\"thumbnailUrl\" content=\"https:\/\/i.ytimg.com\/vi\/o43faH-pzzc\/0.jpg\"><meta itemprop=\"duration\" content=\"PT3M52S\"><meta itemprop=\"uploadDate\" content=\"2020-07-20T00:28:05Z\"><\/span>\n\t<p>India a devenit liber\u0103, de\u0219i politica britanic\u0103 sub deviza \u201edivide \u0219i st\u0103p\u00e2ne\u0219te&#8221; \u0219i-a l\u0103sat amprenta, d\u00e2nd na\u0219tere \u00een cele din urm\u0103 la trei \u021b\u0103ri separate &#8211; India, Pakistan \u0219i Bangladesh. \u00cen timpul confuziei de dup\u0103 independen\u021b\u0103 \u0219i \u00een ciuda pericolului iminent pentru propria Ei via\u021b\u0103, Shri Mataji \u0219i-a deschis casa unei familii musulmane care c\u0103uta refugiu. Ea nu a discriminat niciodat\u0103 pe nimeni, indiferent de religia sau mediul din care provenea, ci a \u00eencurajat mereu \u00een\u021belegerea \u0219i armonia dintre oameni.<\/p>\n\t<div class=\"su-quote su-quote-style-default\"><div class=\"su-quote-inner su-u-clearfix su-u-trim\">Trebuie s\u0103-\u021bi iube\u0219ti \u021bara cu viziunea c\u0103 noi to\u021bi vom apar\u021bine \u00eentr-o zi unei singure lumi.<br \/>\n<\/div><\/div>\n\t\n\t \n\t<hr \/>\n<h3>1. <a href=\"#citation-ref-1\">^<\/a><a name=\"citation-note-1\"><\/a> Mi\u0219care civil\u0103 de nesupunere, lansat\u0103 de MK Gandhi \u0219i de Congresul Na\u021bional Indian \u00een august 1942, chem\u00e2nd la o rezisten\u021b\u0103 hot\u0103r\u00e2t\u0103, dar pasiv\u0103, \u00eempotriva domina\u021biei britanice \u0219i la \u201eo retragere ordonat\u0103 a britanicilor&#8221; din India. <em>(Sursa: Wikipedia)<\/em><\/h3>\n\n","protected":false},"excerpt":{"rendered":"<p>Anii de colegiu Lupta pentru libertate La miezul nop\u021bii de 15 august 1947, milioane de oameni au salutat eliberarea \u021b\u0103rii lor. Ora\u0219ele \u0219i satele din India au arborat steagul tricolor. Shri Mataji \u00een tinere\u021be \u201eAm v\u0103zut steagul britanic cobor\u00e2nd \u0219i tricolorul urc\u00e2nd. Acela a fost momentul &#8211; a fost cople\u0219itor&#8221;, \u0219i-a amintit Shri Mataji. \u201eNu&hellip; <br \/> <a class=\"read-more\" href=\"https:\/\/shrimataji.org\/test\/ro\/college-years\/\">Read more<\/a><\/p>\n","protected":false},"author":56,"featured_media":14528,"parent":0,"menu_order":0,"comment_status":"closed","ping_status":"closed","template":"","meta":{"inline_featured_image":false,"footnotes":""},"class_list":["post-14526","page","type-page","status-publish","has-post-thumbnail","hentry"],"yoast_head":"<!-- This site is optimized with the Yoast SEO plugin v27.4 - https:\/\/yoast.com\/product\/yoast-seo-wordpress\/ -->\n<title>Anii de colegiu - TEST - SMND<\/title>\n<meta name=\"robots\" content=\"noindex, follow, max-snippet:-1, max-image-preview:large, max-video-preview:-1\" \/>\n<meta property=\"og:locale\" content=\"en_US\" \/>\n<meta property=\"og:type\" content=\"article\" \/>\n<meta property=\"og:title\" content=\"Anii de colegiu - TEST - SMND\" \/>\n<meta property=\"og:description\" content=\"Anii de colegiu Lupta pentru libertate La miezul nop\u021bii de 15 august 1947, milioane de oameni au salutat eliberarea \u021b\u0103rii lor. Ora\u0219ele \u0219i satele din India au arborat steagul tricolor. Shri Mataji \u00een tinere\u021be \u201eAm v\u0103zut steagul britanic cobor\u00e2nd \u0219i tricolorul urc\u00e2nd. Acela a fost momentul &#8211; a fost cople\u0219itor&#8221;, \u0219i-a amintit Shri Mataji. \u201eNu&hellip; Read more\" \/>\n<meta property=\"og:url\" content=\"https:\/\/shrimataji.org\/test\/ro\/college-years\/\" \/>\n<meta property=\"og:site_name\" content=\"TEST - SMND\" \/>\n<meta property=\"article:publisher\" content=\"https:\/\/www.facebook.com\/shrimataji\" \/>\n<meta property=\"article:modified_time\" content=\"2025-05-31T14:57:33+00:00\" \/>\n<meta property=\"og:image\" content=\"https:\/\/shrimataji.org\/test\/wp-content\/uploads\/2023\/03\/2_Banner_EarlyLife-College-2-scaled.jpg\" \/>\n\t<meta property=\"og:image:width\" content=\"2560\" \/>\n\t<meta property=\"og:image:height\" content=\"905\" \/>\n\t<meta property=\"og:image:type\" content=\"image\/jpeg\" \/>\n<meta name=\"twitter:card\" content=\"summary_large_image\" \/>\n<meta name=\"twitter:site\" content=\"@shrimataji\" \/>\n<meta name=\"twitter:label1\" content=\"Est. reading time\" \/>\n\t<meta name=\"twitter:data1\" content=\"3 minutes\" \/>\n<script type=\"application\/ld+json\" class=\"yoast-schema-graph\">{\"@context\":\"https:\\\/\\\/schema.org\",\"@graph\":[{\"@type\":\"WebPage\",\"@id\":\"https:\\\/\\\/shrimataji.org\\\/test\\\/ro\\\/college-years\\\/\",\"url\":\"https:\\\/\\\/shrimataji.org\\\/test\\\/ro\\\/college-years\\\/\",\"name\":\"Anii de colegiu - TEST - SMND\",\"isPartOf\":{\"@id\":\"https:\\\/\\\/shrimataji.org\\\/test\\\/#website\"},\"primaryImageOfPage\":{\"@id\":\"https:\\\/\\\/shrimataji.org\\\/test\\\/ro\\\/college-years\\\/#primaryimage\"},\"image\":{\"@id\":\"https:\\\/\\\/shrimataji.org\\\/test\\\/ro\\\/college-years\\\/#primaryimage\"},\"thumbnailUrl\":\"https:\\\/\\\/shrimataji.org\\\/test\\\/wp-content\\\/uploads\\\/2023\\\/03\\\/2_Banner_EarlyLife-College-2-scaled.jpg\",\"datePublished\":\"2018-07-10T06:54:46+00:00\",\"dateModified\":\"2025-05-31T14:57:33+00:00\",\"breadcrumb\":{\"@id\":\"https:\\\/\\\/shrimataji.org\\\/test\\\/ro\\\/college-years\\\/#breadcrumb\"},\"inLanguage\":\"en-US\",\"potentialAction\":[{\"@type\":\"ReadAction\",\"target\":[\"https:\\\/\\\/shrimataji.org\\\/test\\\/ro\\\/college-years\\\/\"]}]},{\"@type\":\"ImageObject\",\"inLanguage\":\"en-US\",\"@id\":\"https:\\\/\\\/shrimataji.org\\\/test\\\/ro\\\/college-years\\\/#primaryimage\",\"url\":\"https:\\\/\\\/shrimataji.org\\\/test\\\/wp-content\\\/uploads\\\/2023\\\/03\\\/2_Banner_EarlyLife-College-2-scaled.jpg\",\"contentUrl\":\"https:\\\/\\\/shrimataji.org\\\/test\\\/wp-content\\\/uploads\\\/2023\\\/03\\\/2_Banner_EarlyLife-College-2-scaled.jpg\",\"width\":2560,\"height\":905},{\"@type\":\"BreadcrumbList\",\"@id\":\"https:\\\/\\\/shrimataji.org\\\/test\\\/ro\\\/college-years\\\/#breadcrumb\",\"itemListElement\":[{\"@type\":\"ListItem\",\"position\":1,\"name\":\"Home\",\"item\":\"https:\\\/\\\/shrimataji.org\\\/test\\\/uk\\\/home-en\\\/\"},{\"@type\":\"ListItem\",\"position\":2,\"name\":\"Anii de colegiu\"}]},{\"@type\":\"WebSite\",\"@id\":\"https:\\\/\\\/shrimataji.org\\\/test\\\/#website\",\"url\":\"https:\\\/\\\/shrimataji.org\\\/test\\\/\",\"name\":\"Shri Mataji Nirmala Devi\",\"description\":\"A Life Dedicated to Humanity\",\"publisher\":{\"@id\":\"https:\\\/\\\/shrimataji.org\\\/test\\\/#\\\/schema\\\/person\\\/a1b3419c6585f164aa96da1ff85715d1\"},\"potentialAction\":[{\"@type\":\"SearchAction\",\"target\":{\"@type\":\"EntryPoint\",\"urlTemplate\":\"https:\\\/\\\/shrimataji.org\\\/test\\\/?s={search_term_string}\"},\"query-input\":{\"@type\":\"PropertyValueSpecification\",\"valueRequired\":true,\"valueName\":\"search_term_string\"}}],\"inLanguage\":\"en-US\"},{\"@type\":[\"Person\",\"Organization\"],\"@id\":\"https:\\\/\\\/shrimataji.org\\\/test\\\/#\\\/schema\\\/person\\\/a1b3419c6585f164aa96da1ff85715d1\",\"name\":\"Nirmala Shrivastava\",\"image\":{\"@type\":\"ImageObject\",\"inLanguage\":\"en-US\",\"@id\":\"https:\\\/\\\/shrimataji.org\\\/test\\\/wp-content\\\/uploads\\\/2023\\\/02\\\/SMO_LOGO-03.svg\",\"url\":\"https:\\\/\\\/shrimataji.org\\\/test\\\/wp-content\\\/uploads\\\/2023\\\/02\\\/SMO_LOGO-03.svg\",\"contentUrl\":\"https:\\\/\\\/shrimataji.org\\\/test\\\/wp-content\\\/uploads\\\/2023\\\/02\\\/SMO_LOGO-03.svg\",\"width\":\"1024\",\"height\":\"1024\",\"caption\":\"Nirmala Shrivastava\"},\"logo\":{\"@id\":\"https:\\\/\\\/shrimataji.org\\\/test\\\/wp-content\\\/uploads\\\/2023\\\/02\\\/SMO_LOGO-03.svg\"},\"sameAs\":[\"https:\\\/\\\/shrimataji.org\\\/test\",\"https:\\\/\\\/www.facebook.com\\\/shrimataji\",\"https:\\\/\\\/x.com\\\/shrimataji\",\"https:\\\/\\\/www.youtube.com\\\/@Shri_Mataji_Nirmala_Devi\\\/featured\"]}]}<\/script>\n<!-- \/ Yoast SEO plugin. -->","yoast_head_json":{"title":"Anii de colegiu - TEST - SMND","robots":{"index":"noindex","follow":"follow","max-snippet":"max-snippet:-1","max-image-preview":"max-image-preview:large","max-video-preview":"max-video-preview:-1"},"og_locale":"en_US","og_type":"article","og_title":"Anii de colegiu - TEST - SMND","og_description":"Anii de colegiu Lupta pentru libertate La miezul nop\u021bii de 15 august 1947, milioane de oameni au salutat eliberarea \u021b\u0103rii lor. Ora\u0219ele \u0219i satele din India au arborat steagul tricolor. Shri Mataji \u00een tinere\u021be \u201eAm v\u0103zut steagul britanic cobor\u00e2nd \u0219i tricolorul urc\u00e2nd. Acela a fost momentul &#8211; a fost cople\u0219itor&#8221;, \u0219i-a amintit Shri Mataji. \u201eNu&hellip; Read more","og_url":"https:\/\/shrimataji.org\/test\/ro\/college-years\/","og_site_name":"TEST - SMND","article_publisher":"https:\/\/www.facebook.com\/shrimataji","article_modified_time":"2025-05-31T14:57:33+00:00","og_image":[{"width":2560,"height":905,"url":"https:\/\/shrimataji.org\/test\/wp-content\/uploads\/2023\/03\/2_Banner_EarlyLife-College-2-scaled.jpg","type":"image\/jpeg"}],"twitter_card":"summary_large_image","twitter_site":"@shrimataji","twitter_misc":{"Est. reading time":"3 minutes"},"schema":{"@context":"https:\/\/schema.org","@graph":[{"@type":"WebPage","@id":"https:\/\/shrimataji.org\/test\/ro\/college-years\/","url":"https:\/\/shrimataji.org\/test\/ro\/college-years\/","name":"Anii de colegiu - TEST - SMND","isPartOf":{"@id":"https:\/\/shrimataji.org\/test\/#website"},"primaryImageOfPage":{"@id":"https:\/\/shrimataji.org\/test\/ro\/college-years\/#primaryimage"},"image":{"@id":"https:\/\/shrimataji.org\/test\/ro\/college-years\/#primaryimage"},"thumbnailUrl":"https:\/\/shrimataji.org\/test\/wp-content\/uploads\/2023\/03\/2_Banner_EarlyLife-College-2-scaled.jpg","datePublished":"2018-07-10T06:54:46+00:00","dateModified":"2025-05-31T14:57:33+00:00","breadcrumb":{"@id":"https:\/\/shrimataji.org\/test\/ro\/college-years\/#breadcrumb"},"inLanguage":"en-US","potentialAction":[{"@type":"ReadAction","target":["https:\/\/shrimataji.org\/test\/ro\/college-years\/"]}]},{"@type":"ImageObject","inLanguage":"en-US","@id":"https:\/\/shrimataji.org\/test\/ro\/college-years\/#primaryimage","url":"https:\/\/shrimataji.org\/test\/wp-content\/uploads\/2023\/03\/2_Banner_EarlyLife-College-2-scaled.jpg","contentUrl":"https:\/\/shrimataji.org\/test\/wp-content\/uploads\/2023\/03\/2_Banner_EarlyLife-College-2-scaled.jpg","width":2560,"height":905},{"@type":"BreadcrumbList","@id":"https:\/\/shrimataji.org\/test\/ro\/college-years\/#breadcrumb","itemListElement":[{"@type":"ListItem","position":1,"name":"Home","item":"https:\/\/shrimataji.org\/test\/uk\/home-en\/"},{"@type":"ListItem","position":2,"name":"Anii de colegiu"}]},{"@type":"WebSite","@id":"https:\/\/shrimataji.org\/test\/#website","url":"https:\/\/shrimataji.org\/test\/","name":"Shri Mataji Nirmala Devi","description":"A Life Dedicated to Humanity","publisher":{"@id":"https:\/\/shrimataji.org\/test\/#\/schema\/person\/a1b3419c6585f164aa96da1ff85715d1"},"potentialAction":[{"@type":"SearchAction","target":{"@type":"EntryPoint","urlTemplate":"https:\/\/shrimataji.org\/test\/?s={search_term_string}"},"query-input":{"@type":"PropertyValueSpecification","valueRequired":true,"valueName":"search_term_string"}}],"inLanguage":"en-US"},{"@type":["Person","Organization"],"@id":"https:\/\/shrimataji.org\/test\/#\/schema\/person\/a1b3419c6585f164aa96da1ff85715d1","name":"Nirmala Shrivastava","image":{"@type":"ImageObject","inLanguage":"en-US","@id":"https:\/\/shrimataji.org\/test\/wp-content\/uploads\/2023\/02\/SMO_LOGO-03.svg","url":"https:\/\/shrimataji.org\/test\/wp-content\/uploads\/2023\/02\/SMO_LOGO-03.svg","contentUrl":"https:\/\/shrimataji.org\/test\/wp-content\/uploads\/2023\/02\/SMO_LOGO-03.svg","width":"1024","height":"1024","caption":"Nirmala Shrivastava"},"logo":{"@id":"https:\/\/shrimataji.org\/test\/wp-content\/uploads\/2023\/02\/SMO_LOGO-03.svg"},"sameAs":["https:\/\/shrimataji.org\/test","https:\/\/www.facebook.com\/shrimataji","https:\/\/x.com\/shrimataji","https:\/\/www.youtube.com\/@Shri_Mataji_Nirmala_Devi\/featured"]}]}},"lang":"ro","translations":{"ro":14526,"ur":37404,"en":413,"am":17975,"th":19907,"hu":19450,"sq":18376,"zh":17273,"hi":8384,"tr":10144,"pt":10357,"de":10631,"fr":10729,"it":10827,"es":10924,"ja":11221,"ru":11409,"bn":11601,"te":11709,"sw":11832,"he":11980,"el":12271,"sk":12369,"fa":12467,"fi":12565,"bg":13452,"cs":14719,"nl":16536,"ku":16696,"ar":16872,"be":18583,"kn":18857,"mr":20271,"uk":20563,"ml":20862,"ta":22691,"sv":22964,"gu":28812,"pa":28970,"fil":29410,"da":37718,"pl":37935,"nn":38270},"pll_sync_post":[],"_links":{"self":[{"href":"https:\/\/shrimataji.org\/test\/wp-json\/wp\/v2\/pages\/14526","targetHints":{"allow":["GET"]}}],"collection":[{"href":"https:\/\/shrimataji.org\/test\/wp-json\/wp\/v2\/pages"}],"about":[{"href":"https:\/\/shrimataji.org\/test\/wp-json\/wp\/v2\/types\/page"}],"author":[{"embeddable":true,"href":"https:\/\/shrimataji.org\/test\/wp-json\/wp\/v2\/users\/56"}],"replies":[{"embeddable":true,"href":"https:\/\/shrimataji.org\/test\/wp-json\/wp\/v2\/comments?post=14526"}],"version-history":[{"count":0,"href":"https:\/\/shrimataji.org\/test\/wp-json\/wp\/v2\/pages\/14526\/revisions"}],"wp:featuredmedia":[{"embeddable":true,"href":"https:\/\/shrimataji.org\/test\/wp-json\/wp\/v2\/media\/14528"}],"wp:attachment":[{"href":"https:\/\/shrimataji.org\/test\/wp-json\/wp\/v2\/media?parent=14526"}],"curies":[{"name":"wp","href":"https:\/\/api.w.org\/{rel}","templated":true}]}}