{"id":15435,"date":"2018-07-10T06:54:46","date_gmt":"2018-07-10T06:54:46","guid":{"rendered":"http:\/\/testwordpress.nirmalnagari.org\/smnd\/index.php\/importance-of-family\/"},"modified":"2026-04-22T05:21:30","modified_gmt":"2026-04-22T05:21:30","slug":"znaczenie-rodziny","status":"publish","type":"page","link":"https:\/\/shrimataji.org\/test\/pl\/znaczenie-rodziny\/","title":{"rendered":"Znaczenie rodziny"},"content":{"rendered":"\n\n\t<h1>Znaczenie rodziny<\/h1>\n<h2>Fundament spo\u0142ecze\u0144stwa<\/h2>\n\t<h4>Stabilno\u015b\u0107 spo\u0142ecze\u0144stwa opiera si\u0119 na sile rodzin oraz na naszych wzajemnych rolach i relacjach. \u015ari Matad\u017ai cz\u0119sto dzieli\u0142a si\u0119 wizj\u0105 tak zr\u00f3wnowa\u017conego spo\u0142ecze\u0144stwa, a swoim \u017cyciem dawa\u0142a doskona\u0142y przyk\u0142ad r\u00f3\u017cnorodnych r\u00f3l, jakie kobieta mo\u017ce pe\u0142ni\u0107 w rodzinie, spo\u0142eczno\u015bci lokalnej oraz na arenie mi\u0119dzynarodowej.<\/h4>\n\t<p>Ju\u017c w bardzo m\u0142odym wieku przej\u0119\u0142a odpowiedzialno\u015b\u0107 za swoich bliskich. Cho\u0107 nie by\u0142a najstarsza, opiekowa\u0142a si\u0119 licznym rodze\u0144stwem, gdy Jej rodzice byli poch\u0142oni\u0119ci walk\u0105 o niepodleg\u0142o\u015b\u0107 Indii &#8211; ruchem, w kt\u00f3ry sama r\u00f3wnie\u017c zaanga\u017cowa\u0142a si\u0119 jako m\u0142oda kobieta. Jako \u017cona i matka, \u015ari Matad\u017ai dba\u0142a o dzieci i wspiera\u0142a m\u0119\u017ca podczas jego zagranicznych podr\u00f3\u017cy zwi\u0105zanych z prac\u0105 w Mi\u0119dzynarodowej Organizacji Morskiej ONZ. Mimo \u017ce Jej troska o ludzko\u015b\u0107 mia\u0142a wymiar globalny, poczeka\u0142a z rozpocz\u0119ciem dzia\u0142alno\u015bci publicznej do czasu, a\u017c Jej c\u00f3rki doros\u0142y i za\u0142o\u017cy\u0142y w\u0142asne rodziny.<\/p>\n\t<p>M\u00f3wi\u0105c o dynamice relacji mi\u0119dzy m\u0119\u017cem a \u017con\u0105, \u015ari Matad\u017ai powiedzia\u0142a kiedy\u015b: \u201eMusicie zachowa\u0107 r\u00f3wnowag\u0119. Nie chodzi o samego m\u0119\u017ca czy \u017con\u0119, ale o nich oboje. Powinni si\u0119 nawzajem szanowa\u0107, kocha\u0107 i wszystkim dzieli\u0107, \u017cyj\u0105c w taki spos\u00f3b, by inni widzieli w nich dwa ko\u0142a rydwanu &#8211; jedno po lewej, drugie po prawej stronie&#8221;. R\u00f3wnowaga ta wymaga r\u00f3wno\u015bci: \u201eNie ma tu nier\u00f3wnowagi. S\u0105 r\u00f3wni, lecz nie s\u0105 tacy sami&#8221;.<\/p>\n\t<div class=\"su-quote su-quote-style-default\"><div class=\"su-quote-inner su-u-clearfix su-u-trim\"> Tworz\u0105c dobr\u0105 rodzin\u0119, budujesz wok\u00f3\u0142 siebie pi\u0119kny, doprawdy pi\u0119kny wszech\u015bwiat. <\/div><\/div>\n\t<p>\u015ari Matad\u017ai por\u00f3wnywa\u0142a przymioty \u017cony do cech Matki Ziemi: jest \u017cywicielk\u0105, jest hojna i kochaj\u0105ca, potrafi kreowa\u0107 pi\u0119kno. Jest tak\u017ce or\u0119downiczk\u0105 pokoju, dbaj\u0105c\u0105 o harmonijne relacje w rodzinie. Stanowi \u017ar\u00f3d\u0142o si\u0142y dla domownik\u00f3w, a Jej wk\u0142ad wykracza daleko poza sfer\u0119 prywatn\u0105: \u201eKobieta daje moc&#8230; swojemu synowi, m\u0119\u017cowi i ca\u0142emu spo\u0142ecze\u0144stwu&#8221;.<\/p>\n<figure itemscope itemtype=\"https:\/\/schema.org\/ImageObject\">\n\t\t\t\t<img decoding=\"async\" src=\"https:\/\/shrimataji.org\/wp-content\/uploads\/2018\/07\/media_originals\/images\/art\/aftertitian-aldobrandini-by-graham-brown-dec-2009-1024x694.jpg\" alt=\"Aldobrandinische Madonna nach Tizian\n(Graham Brown, 2009)\" title=\"aftertitian-aldobrandini-by-graham-brown-dec-2009\" onerror=\"this.style.display='none'\" loading=\"lazy\" \/>\n\t<\/figure>\n\t<p>Na m\u0119\u017cu spoczywa odpowiedzialno\u015b\u0107 za opiek\u0119 nad ca\u0142\u0105 rodzin\u0105 i dbanie o to, by nikomu niczego nie brakowa\u0142o. M\u0105\u017c i \u017cona powinni darzy\u0107 si\u0119 wzajemnym szacunkiem, poniewa\u017c ich role s\u0105 wsp\u00f3\u0142zale\u017cne i r\u00f3wnie warto\u015bciowe.<\/p>\n<p>Inne istotne aspekty \u017cycia rodzinnego to relacje mi\u0119dzy dzie\u0107mi a rodzicami, rodze\u0144stwem oraz m\u0142odszymi a starszymi cz\u0142onkami rodziny. Gdy w domu panuje pok\u00f3j i r\u00f3wnowaga, promieniuje to na zewn\u0105trz, wywieraj\u0105c koj\u0105cy wp\u0142yw na ca\u0142e spo\u0142ecze\u0144stwo.<\/p>\n\t<p>Wierz\u0105c w te warto\u015bci i realizuj\u0105c swoj\u0105 rol\u0119 \u017cony, matki, babci (a nawet prababci), \u015ari Matad\u017ai nie traci\u0142a z oczu spraw ca\u0142ego \u015bwiata. Swoje przes\u0142anie o r\u00f3wnowadze i wsp\u00f3\u0142zale\u017cno\u015bci kobiet i m\u0119\u017cczyzn zaprezentowa\u0142a na forum mi\u0119dzynarodowym w 1995 roku, podczas wyst\u0105pienia na <a href=\"https:\/\/shrimataji.org\/test\/pl\/swiatowa-konferencja-onz-w-sprawie-kobiet\/\" target=\"_blank\" rel=\"noopener\">Konferencji Kobiet ONZ w Pekinie<\/a>. Wyrazi\u0142a tam niepok\u00f3j o sytuacj\u0119 kobiet i podkre\u015bli\u0142a kluczow\u0105 rol\u0119 matki &#8211; rol\u0119, kt\u00f3r\u0105 tak wiele spo\u0142ecze\u0144stw przesta\u0142o docenia\u0107.<\/p>\n\t<p>Jak wszyscy prawdziwie wielcy przyw\u00f3dcy, d\u0105\u017cy\u0142a do jednoczenia i inspirowania; ca\u0142y \u015bwiat uwa\u017ca\u0142a za swoj\u0105 rodzin\u0119, a ka\u017cdy cz\u0142owiek, bez wzgl\u0119du na ras\u0119, wyznanie czy narodowo\u015b\u0107, by\u0142 wart Jej troski i opieki.<\/p>\n\n","protected":false},"excerpt":{"rendered":"<p>Znaczenie rodziny Fundament spo\u0142ecze\u0144stwa Stabilno\u015b\u0107 spo\u0142ecze\u0144stwa opiera si\u0119 na sile rodzin oraz na naszych wzajemnych rolach i relacjach. \u015ari Matad\u017ai cz\u0119sto dzieli\u0142a si\u0119 wizj\u0105 tak zr\u00f3wnowa\u017conego spo\u0142ecze\u0144stwa, a swoim \u017cyciem dawa\u0142a doskona\u0142y przyk\u0142ad r\u00f3\u017cnorodnych r\u00f3l, jakie kobieta mo\u017ce pe\u0142ni\u0107 w rodzinie, spo\u0142eczno\u015bci lokalnej oraz na arenie mi\u0119dzynarodowej. Ju\u017c w bardzo m\u0142odym wieku przej\u0119\u0142a odpowiedzialno\u015b\u0107 za&hellip; <br \/> <a class=\"read-more\" href=\"https:\/\/shrimataji.org\/test\/pl\/znaczenie-rodziny\/\">Read more<\/a><\/p>\n","protected":false},"author":17,"featured_media":15436,"parent":0,"menu_order":0,"comment_status":"closed","ping_status":"closed","template":"","meta":{"inline_featured_image":false,"footnotes":""},"class_list":["post-15435","page","type-page","status-publish","has-post-thumbnail","hentry"],"yoast_head":"<!-- This site is optimized with the Yoast SEO plugin v27.4 - https:\/\/yoast.com\/product\/yoast-seo-wordpress\/ -->\n<title>Znaczenie rodziny - TEST - SMND<\/title>\n<meta name=\"robots\" content=\"noindex, follow, max-snippet:-1, max-image-preview:large, max-video-preview:-1\" \/>\n<meta property=\"og:locale\" content=\"en_US\" \/>\n<meta property=\"og:type\" content=\"article\" \/>\n<meta property=\"og:title\" content=\"Znaczenie rodziny - TEST - SMND\" \/>\n<meta property=\"og:description\" content=\"Znaczenie rodziny Fundament spo\u0142ecze\u0144stwa Stabilno\u015b\u0107 spo\u0142ecze\u0144stwa opiera si\u0119 na sile rodzin oraz na naszych wzajemnych rolach i relacjach. \u015ari Matad\u017ai cz\u0119sto dzieli\u0142a si\u0119 wizj\u0105 tak zr\u00f3wnowa\u017conego spo\u0142ecze\u0144stwa, a swoim \u017cyciem dawa\u0142a doskona\u0142y przyk\u0142ad r\u00f3\u017cnorodnych r\u00f3l, jakie kobieta mo\u017ce pe\u0142ni\u0107 w rodzinie, spo\u0142eczno\u015bci lokalnej oraz na arenie mi\u0119dzynarodowej. Ju\u017c w bardzo m\u0142odym wieku przej\u0119\u0142a odpowiedzialno\u015b\u0107 za&hellip; Read more\" \/>\n<meta property=\"og:url\" content=\"https:\/\/shrimataji.org\/test\/pl\/znaczenie-rodziny\/\" \/>\n<meta property=\"og:site_name\" content=\"TEST - SMND\" \/>\n<meta property=\"article:publisher\" content=\"https:\/\/www.facebook.com\/shrimataji\" \/>\n<meta property=\"article:modified_time\" content=\"2026-04-22T05:21:30+00:00\" \/>\n<meta property=\"og:image\" content=\"https:\/\/shrimataji.org\/test\/wp-content\/uploads\/2018\/07\/media_originals\/images\/headers-work-importance-of-family\/sunset-over-the-jesus-hill-in-glastonbury-uk.jpg\" \/>\n\t<meta property=\"og:image:width\" content=\"990\" \/>\n\t<meta property=\"og:image:height\" content=\"350\" \/>\n\t<meta property=\"og:image:type\" content=\"image\/jpeg\" \/>\n<meta name=\"twitter:card\" content=\"summary_large_image\" \/>\n<meta name=\"twitter:site\" content=\"@shrimataji\" \/>\n<script type=\"application\/ld+json\" class=\"yoast-schema-graph\">{\"@context\":\"https:\\\/\\\/schema.org\",\"@graph\":[{\"@type\":\"WebPage\",\"@id\":\"https:\\\/\\\/shrimataji.org\\\/test\\\/pl\\\/znaczenie-rodziny\\\/\",\"url\":\"https:\\\/\\\/shrimataji.org\\\/test\\\/pl\\\/znaczenie-rodziny\\\/\",\"name\":\"Znaczenie rodziny - TEST - SMND\",\"isPartOf\":{\"@id\":\"https:\\\/\\\/shrimataji.org\\\/test\\\/#website\"},\"primaryImageOfPage\":{\"@id\":\"https:\\\/\\\/shrimataji.org\\\/test\\\/pl\\\/znaczenie-rodziny\\\/#primaryimage\"},\"image\":{\"@id\":\"https:\\\/\\\/shrimataji.org\\\/test\\\/pl\\\/znaczenie-rodziny\\\/#primaryimage\"},\"thumbnailUrl\":\"https:\\\/\\\/shrimataji.org\\\/test\\\/wp-content\\\/uploads\\\/2018\\\/07\\\/media_originals\\\/images\\\/headers-work-importance-of-family\\\/sunset-over-the-jesus-hill-in-glastonbury-uk.jpg\",\"datePublished\":\"2018-07-10T06:54:46+00:00\",\"dateModified\":\"2026-04-22T05:21:30+00:00\",\"breadcrumb\":{\"@id\":\"https:\\\/\\\/shrimataji.org\\\/test\\\/pl\\\/znaczenie-rodziny\\\/#breadcrumb\"},\"inLanguage\":\"en-US\",\"potentialAction\":[{\"@type\":\"ReadAction\",\"target\":[\"https:\\\/\\\/shrimataji.org\\\/test\\\/pl\\\/znaczenie-rodziny\\\/\"]}]},{\"@type\":\"ImageObject\",\"inLanguage\":\"en-US\",\"@id\":\"https:\\\/\\\/shrimataji.org\\\/test\\\/pl\\\/znaczenie-rodziny\\\/#primaryimage\",\"url\":\"https:\\\/\\\/shrimataji.org\\\/test\\\/wp-content\\\/uploads\\\/2018\\\/07\\\/media_originals\\\/images\\\/headers-work-importance-of-family\\\/sunset-over-the-jesus-hill-in-glastonbury-uk.jpg\",\"contentUrl\":\"https:\\\/\\\/shrimataji.org\\\/test\\\/wp-content\\\/uploads\\\/2018\\\/07\\\/media_originals\\\/images\\\/headers-work-importance-of-family\\\/sunset-over-the-jesus-hill-in-glastonbury-uk.jpg\",\"width\":990,\"height\":350},{\"@type\":\"BreadcrumbList\",\"@id\":\"https:\\\/\\\/shrimataji.org\\\/test\\\/pl\\\/znaczenie-rodziny\\\/#breadcrumb\",\"itemListElement\":[{\"@type\":\"ListItem\",\"position\":1,\"name\":\"Home\",\"item\":\"https:\\\/\\\/shrimataji.org\\\/test\\\/uk\\\/home-en\\\/\"},{\"@type\":\"ListItem\",\"position\":2,\"name\":\"Znaczenie rodziny\"}]},{\"@type\":\"WebSite\",\"@id\":\"https:\\\/\\\/shrimataji.org\\\/test\\\/#website\",\"url\":\"https:\\\/\\\/shrimataji.org\\\/test\\\/\",\"name\":\"Shri Mataji Nirmala Devi\",\"description\":\"A Life Dedicated to Humanity\",\"publisher\":{\"@id\":\"https:\\\/\\\/shrimataji.org\\\/test\\\/#\\\/schema\\\/person\\\/a1b3419c6585f164aa96da1ff85715d1\"},\"potentialAction\":[{\"@type\":\"SearchAction\",\"target\":{\"@type\":\"EntryPoint\",\"urlTemplate\":\"https:\\\/\\\/shrimataji.org\\\/test\\\/?s={search_term_string}\"},\"query-input\":{\"@type\":\"PropertyValueSpecification\",\"valueRequired\":true,\"valueName\":\"search_term_string\"}}],\"inLanguage\":\"en-US\"},{\"@type\":[\"Person\",\"Organization\"],\"@id\":\"https:\\\/\\\/shrimataji.org\\\/test\\\/#\\\/schema\\\/person\\\/a1b3419c6585f164aa96da1ff85715d1\",\"name\":\"Nirmala Shrivastava\",\"image\":{\"@type\":\"ImageObject\",\"inLanguage\":\"en-US\",\"@id\":\"https:\\\/\\\/shrimataji.org\\\/test\\\/wp-content\\\/uploads\\\/2023\\\/02\\\/SMO_LOGO-03.svg\",\"url\":\"https:\\\/\\\/shrimataji.org\\\/test\\\/wp-content\\\/uploads\\\/2023\\\/02\\\/SMO_LOGO-03.svg\",\"contentUrl\":\"https:\\\/\\\/shrimataji.org\\\/test\\\/wp-content\\\/uploads\\\/2023\\\/02\\\/SMO_LOGO-03.svg\",\"width\":\"1024\",\"height\":\"1024\",\"caption\":\"Nirmala Shrivastava\"},\"logo\":{\"@id\":\"https:\\\/\\\/shrimataji.org\\\/test\\\/wp-content\\\/uploads\\\/2023\\\/02\\\/SMO_LOGO-03.svg\"},\"sameAs\":[\"https:\\\/\\\/shrimataji.org\\\/test\",\"https:\\\/\\\/www.facebook.com\\\/shrimataji\",\"https:\\\/\\\/x.com\\\/shrimataji\",\"https:\\\/\\\/www.youtube.com\\\/@Shri_Mataji_Nirmala_Devi\\\/featured\"]}]}<\/script>\n<!-- \/ Yoast SEO plugin. -->","yoast_head_json":{"title":"Znaczenie rodziny - TEST - SMND","robots":{"index":"noindex","follow":"follow","max-snippet":"max-snippet:-1","max-image-preview":"max-image-preview:large","max-video-preview":"max-video-preview:-1"},"og_locale":"en_US","og_type":"article","og_title":"Znaczenie rodziny - TEST - SMND","og_description":"Znaczenie rodziny Fundament spo\u0142ecze\u0144stwa Stabilno\u015b\u0107 spo\u0142ecze\u0144stwa opiera si\u0119 na sile rodzin oraz na naszych wzajemnych rolach i relacjach. \u015ari Matad\u017ai cz\u0119sto dzieli\u0142a si\u0119 wizj\u0105 tak zr\u00f3wnowa\u017conego spo\u0142ecze\u0144stwa, a swoim \u017cyciem dawa\u0142a doskona\u0142y przyk\u0142ad r\u00f3\u017cnorodnych r\u00f3l, jakie kobieta mo\u017ce pe\u0142ni\u0107 w rodzinie, spo\u0142eczno\u015bci lokalnej oraz na arenie mi\u0119dzynarodowej. Ju\u017c w bardzo m\u0142odym wieku przej\u0119\u0142a odpowiedzialno\u015b\u0107 za&hellip; Read more","og_url":"https:\/\/shrimataji.org\/test\/pl\/znaczenie-rodziny\/","og_site_name":"TEST - SMND","article_publisher":"https:\/\/www.facebook.com\/shrimataji","article_modified_time":"2026-04-22T05:21:30+00:00","og_image":[{"width":990,"height":350,"url":"https:\/\/shrimataji.org\/test\/wp-content\/uploads\/2018\/07\/media_originals\/images\/headers-work-importance-of-family\/sunset-over-the-jesus-hill-in-glastonbury-uk.jpg","type":"image\/jpeg"}],"twitter_card":"summary_large_image","twitter_site":"@shrimataji","schema":{"@context":"https:\/\/schema.org","@graph":[{"@type":"WebPage","@id":"https:\/\/shrimataji.org\/test\/pl\/znaczenie-rodziny\/","url":"https:\/\/shrimataji.org\/test\/pl\/znaczenie-rodziny\/","name":"Znaczenie rodziny - TEST - SMND","isPartOf":{"@id":"https:\/\/shrimataji.org\/test\/#website"},"primaryImageOfPage":{"@id":"https:\/\/shrimataji.org\/test\/pl\/znaczenie-rodziny\/#primaryimage"},"image":{"@id":"https:\/\/shrimataji.org\/test\/pl\/znaczenie-rodziny\/#primaryimage"},"thumbnailUrl":"https:\/\/shrimataji.org\/test\/wp-content\/uploads\/2018\/07\/media_originals\/images\/headers-work-importance-of-family\/sunset-over-the-jesus-hill-in-glastonbury-uk.jpg","datePublished":"2018-07-10T06:54:46+00:00","dateModified":"2026-04-22T05:21:30+00:00","breadcrumb":{"@id":"https:\/\/shrimataji.org\/test\/pl\/znaczenie-rodziny\/#breadcrumb"},"inLanguage":"en-US","potentialAction":[{"@type":"ReadAction","target":["https:\/\/shrimataji.org\/test\/pl\/znaczenie-rodziny\/"]}]},{"@type":"ImageObject","inLanguage":"en-US","@id":"https:\/\/shrimataji.org\/test\/pl\/znaczenie-rodziny\/#primaryimage","url":"https:\/\/shrimataji.org\/test\/wp-content\/uploads\/2018\/07\/media_originals\/images\/headers-work-importance-of-family\/sunset-over-the-jesus-hill-in-glastonbury-uk.jpg","contentUrl":"https:\/\/shrimataji.org\/test\/wp-content\/uploads\/2018\/07\/media_originals\/images\/headers-work-importance-of-family\/sunset-over-the-jesus-hill-in-glastonbury-uk.jpg","width":990,"height":350},{"@type":"BreadcrumbList","@id":"https:\/\/shrimataji.org\/test\/pl\/znaczenie-rodziny\/#breadcrumb","itemListElement":[{"@type":"ListItem","position":1,"name":"Home","item":"https:\/\/shrimataji.org\/test\/uk\/home-en\/"},{"@type":"ListItem","position":2,"name":"Znaczenie rodziny"}]},{"@type":"WebSite","@id":"https:\/\/shrimataji.org\/test\/#website","url":"https:\/\/shrimataji.org\/test\/","name":"Shri Mataji Nirmala Devi","description":"A Life Dedicated to Humanity","publisher":{"@id":"https:\/\/shrimataji.org\/test\/#\/schema\/person\/a1b3419c6585f164aa96da1ff85715d1"},"potentialAction":[{"@type":"SearchAction","target":{"@type":"EntryPoint","urlTemplate":"https:\/\/shrimataji.org\/test\/?s={search_term_string}"},"query-input":{"@type":"PropertyValueSpecification","valueRequired":true,"valueName":"search_term_string"}}],"inLanguage":"en-US"},{"@type":["Person","Organization"],"@id":"https:\/\/shrimataji.org\/test\/#\/schema\/person\/a1b3419c6585f164aa96da1ff85715d1","name":"Nirmala Shrivastava","image":{"@type":"ImageObject","inLanguage":"en-US","@id":"https:\/\/shrimataji.org\/test\/wp-content\/uploads\/2023\/02\/SMO_LOGO-03.svg","url":"https:\/\/shrimataji.org\/test\/wp-content\/uploads\/2023\/02\/SMO_LOGO-03.svg","contentUrl":"https:\/\/shrimataji.org\/test\/wp-content\/uploads\/2023\/02\/SMO_LOGO-03.svg","width":"1024","height":"1024","caption":"Nirmala Shrivastava"},"logo":{"@id":"https:\/\/shrimataji.org\/test\/wp-content\/uploads\/2023\/02\/SMO_LOGO-03.svg"},"sameAs":["https:\/\/shrimataji.org\/test","https:\/\/www.facebook.com\/shrimataji","https:\/\/x.com\/shrimataji","https:\/\/www.youtube.com\/@Shri_Mataji_Nirmala_Devi\/featured"]}]}},"lang":"pl","translations":{"pl":15435,"be":38055},"pll_sync_post":[],"_links":{"self":[{"href":"https:\/\/shrimataji.org\/test\/wp-json\/wp\/v2\/pages\/15435","targetHints":{"allow":["GET"]}}],"collection":[{"href":"https:\/\/shrimataji.org\/test\/wp-json\/wp\/v2\/pages"}],"about":[{"href":"https:\/\/shrimataji.org\/test\/wp-json\/wp\/v2\/types\/page"}],"author":[{"embeddable":true,"href":"https:\/\/shrimataji.org\/test\/wp-json\/wp\/v2\/users\/17"}],"replies":[{"embeddable":true,"href":"https:\/\/shrimataji.org\/test\/wp-json\/wp\/v2\/comments?post=15435"}],"version-history":[{"count":0,"href":"https:\/\/shrimataji.org\/test\/wp-json\/wp\/v2\/pages\/15435\/revisions"}],"wp:featuredmedia":[{"embeddable":true,"href":"https:\/\/shrimataji.org\/test\/wp-json\/wp\/v2\/media\/15436"}],"wp:attachment":[{"href":"https:\/\/shrimataji.org\/test\/wp-json\/wp\/v2\/media?parent=15435"}],"curies":[{"name":"wp","href":"https:\/\/api.w.org\/{rel}","templated":true}]}}