{"id":15453,"date":"2018-07-10T06:54:46","date_gmt":"2018-07-10T06:54:46","guid":{"rendered":"http:\/\/testwordpress.nirmalnagari.org\/smnd\/index.php\/importance-of-family\/"},"modified":"2026-02-07T07:28:23","modified_gmt":"2026-02-07T07:28:23","slug":"importance-de-la-famille","status":"publish","type":"page","link":"https:\/\/shrimataji.org\/test\/fr\/importance-de-la-famille\/","title":{"rendered":"L&#8217;importance de la famille"},"content":{"rendered":"\n\n\t<h1>L&#8217;importance de la famille<\/h1>\n<h2>Les bases de la soci\u00e9t\u00e9<\/h2>\n\t<h4>Une soci\u00e9t\u00e9 prosp\u00e8re repose sur la force du lien familial. Shri Mataji a souvent exprim\u00e9 sa vision d&#8217;une soci\u00e9t\u00e9 \u00e9quilibr\u00e9e, et tout au long de sa vie, elle a \u00e9t\u00e9 un exemple des diff\u00e9rentes fonctions qu&#8217;une femme peut remplir au sein de la famille, de la communaut\u00e9, et du monde.<\/h4>\n\t<p>D\u00e8s son plus jeune \u00e2ge, elle a assum\u00e9 un r\u00f4le de responsabilit\u00e9 au sein de sa famille : elle a pris soin de ses nombreux fr\u00e8res et s\u0153urs pourtant plus \u00e2g\u00e9s, lorsque ses parents \u00e9taient occup\u00e9s \u00e0 lutter pour l&#8217;ind\u00e9pendance de l&#8217;Inde- un mouvement politique qu&#8217;elle aussi a rejoint d\u00e8s qu&#8217;elle a \u00e9t\u00e9 une jeune femme.<\/p>\n<p>En tant qu&#8217;\u00e9pouse puis m\u00e8re, Shri Mataji s&#8217;est occup\u00e9 de ses enfants. Elle a \u00e9t\u00e9 un v\u00e9ritable soutien pour son mari alors responsable de l&#8217;Organisation maritime des Nations Unies et qu&#8217;ils voyageaient dans le monde entier. Son int\u00e9r\u00eat pour l&#8217;humanit\u00e9 \u00e9tait bel et bien universel, mais elle a attendu que ses filles soient mari\u00e9es et install\u00e9es, avant de commencer son \u0153uvre publique.<\/p>\n\t<p>Sur la dynamique de la relation qui existe entre mari et femme, Shri Mataji a dit un jour: &#8220;Vous devez trouver un \u00e9quilibre. Ce n&#8217;est pas seulement au mari ou \u00e0 la femme de le faire, mais aux deux. Ils devraient se respecter mutuellement, s&#8217;aimer, tout partager et vivre de fa\u00e7on \u00e0 ce que les gens voient qu&#8217;ils sont les deux roues d&#8217;un m\u00eame char, l&#8217;une \u00e0 gauche et l&#8217;autre sur le c\u00f4t\u00e9 droit.&#8221; Et l&#8217;\u00e9quilibre n\u00e9cessite l&#8217;\u00e9galit\u00e9. &#8220;Il n&#8217;y a pas de d\u00e9s\u00e9quilibre. Ils sont \u00e9gaux, mais pas similaires.&#8221;<\/p>\n\t<div class=\"su-quote su-quote-style-default\"><div class=\"su-quote-inner su-u-clearfix su-u-trim\">Quand vous cr\u00e9ez une bonne famille, vous cr\u00e9ez alors un tr\u00e8s bel univers tout autour.<\/div><\/div>\n\t<p>Shri Mataji a beaucoup insist\u00e9 sur les qualit\u00e9s de la femme : comme la Terre M\u00e8re, elle est nourrici\u00e8re, elle est g\u00e9n\u00e9reuse et aimante, et elle peut cr\u00e9er de la beaut\u00e9. Elle est \u00e9galement l&#8217;artisan de la paix, en aidant \u00e0 maintenir des relations harmonieuses au sein de la famille. Elle est la source de la force de la famille, et sa contribution s&#8217;\u00e9tend au-del\u00e0 de la sph\u00e8re familiale. &#8220;La femme donne le pouvoir &#8230; \u00e0 son fils, \u00e0 son mari, \u00e0 toute la soci\u00e9t\u00e9.&#8221;<\/p>\n<figure itemscope itemtype=\"https:\/\/schema.org\/ImageObject\">\n\t\t\t\t<img decoding=\"async\" src=\"https:\/\/shrimataji.org\/wp-content\/uploads\/2018\/07\/media_originals\/images\/art\/aftertitian-aldobrandini-by-graham-brown-dec-2009-1024x694.jpg\" alt=\"Aldobrandinische Madonna nach Tizian\n(Graham Brown, 2009)\" title=\"aftertitian-aldobrandini-by-graham-brown-dec-2009\" onerror=\"this.style.display='none'\" loading=\"lazy\" \/>\n\t<\/figure>\n\t<p>La responsabilit\u00e9 du mari est de s&#8217;occuper de chaque membre de la famille et de s&#8217;assurer que leurs besoins sont satisfaits. Il devrait y avoir un respect mutuel entre mari et femme, car leurs r\u00f4les sont interd\u00e9pendants et tout aussi pr\u00e9cieux.<\/p>\n<p>D&#8217;autres aspects importants de la vie de famille comprennent les relations entre les enfants et les parents, entre les fr\u00e8res et les s\u0153urs, entre les a\u00een\u00e9s et les benjamins. Quand l&#8217;\u00e9quilibre et la paix r\u00e8gnent au sein de la famille, cela se r\u00e9percute sur la soci\u00e9t\u00e9 toute enti\u00e8re.<\/p>\n\t<p>Avec ces valeurs et cette vision, tout en remplissant son r\u00f4le d&#8217;\u00e9pouse, de m\u00e8re, de grand-m\u00e8re (et m\u00eame d&#8217;arri\u00e8re-grand-m\u00e8re), Shri Mataji a continu\u00e9 \u00e0 porter son attention sur le monde entier. Elle a port\u00e9 ce message d&#8217;\u00e9quilibre et d&#8217;interd\u00e9pendance entre les hommes et les femmes sur la sc\u00e8ne internationale lorsqu&#8217;elle s&#8217;est exprim\u00e9e, en 1995, lors de la <a href=\"https:\/\/shrimataji.org\/test\/fr\/4eme-conference-sur-les-femmes-a-l-onu\/\" target=\"_blank\" rel=\"noopener\">Conf\u00e9rence des Nations Unies sur les femmes \u00e0 P\u00e9kin<\/a>. Elle y a fait part de ses pr\u00e9occupations concernant la situation des femmes et a soulign\u00e9 l&#8217;importance du r\u00f4le de la m\u00e8re, un r\u00f4le que tant de soci\u00e9t\u00e9s ont sous-estim\u00e9.<\/p>\n\t<p>Comme tous les v\u00e9ritables grands dirigeants, elle consid\u00e9rait le monde comme sa famille. Tout le monde, sans distinction de race, de religion ni de nationalit\u00e9, \u00e9tait pour elle digne de son attention et de sa sollicitude.<\/p>\n\n","protected":false},"excerpt":{"rendered":"<p>L&#8217;importance de la famille Les bases de la soci\u00e9t\u00e9 Une soci\u00e9t\u00e9 prosp\u00e8re repose sur la force du lien familial. Shri Mataji a souvent exprim\u00e9 sa vision d&#8217;une soci\u00e9t\u00e9 \u00e9quilibr\u00e9e, et tout au long de sa vie, elle a \u00e9t\u00e9 un exemple des diff\u00e9rentes fonctions qu&#8217;une femme peut remplir au sein de la famille, de la&hellip; <br \/> <a class=\"read-more\" href=\"https:\/\/shrimataji.org\/test\/fr\/importance-de-la-famille\/\">Read more<\/a><\/p>\n","protected":false},"author":7,"featured_media":15454,"parent":0,"menu_order":0,"comment_status":"closed","ping_status":"closed","template":"","meta":{"inline_featured_image":false,"footnotes":""},"class_list":["post-15453","page","type-page","status-publish","has-post-thumbnail","hentry"],"yoast_head":"<!-- This site is optimized with the Yoast SEO plugin v27.4 - https:\/\/yoast.com\/product\/yoast-seo-wordpress\/ -->\n<title>L&#039;importance de la famille - TEST - SMND<\/title>\n<meta name=\"robots\" content=\"noindex, follow, max-snippet:-1, max-image-preview:large, max-video-preview:-1\" \/>\n<meta property=\"og:locale\" content=\"en_US\" \/>\n<meta property=\"og:type\" content=\"article\" \/>\n<meta property=\"og:title\" content=\"L&#039;importance de la famille - TEST - SMND\" \/>\n<meta property=\"og:description\" content=\"L&#8217;importance de la famille Les bases de la soci\u00e9t\u00e9 Une soci\u00e9t\u00e9 prosp\u00e8re repose sur la force du lien familial. Shri Mataji a souvent exprim\u00e9 sa vision d&#8217;une soci\u00e9t\u00e9 \u00e9quilibr\u00e9e, et tout au long de sa vie, elle a \u00e9t\u00e9 un exemple des diff\u00e9rentes fonctions qu&#8217;une femme peut remplir au sein de la famille, de la&hellip; Read more\" \/>\n<meta property=\"og:url\" content=\"https:\/\/shrimataji.org\/test\/fr\/importance-de-la-famille\/\" \/>\n<meta property=\"og:site_name\" content=\"TEST - SMND\" \/>\n<meta property=\"article:publisher\" content=\"https:\/\/www.facebook.com\/shrimataji\" \/>\n<meta property=\"article:modified_time\" content=\"2026-02-07T07:28:23+00:00\" \/>\n<meta property=\"og:image\" content=\"https:\/\/shrimataji.org\/test\/wp-content\/uploads\/2018\/07\/media_originals\/images\/headers-work-importance-of-family\/sunset-over-the-jesus-hill-in-glastonbury-uk.jpg\" \/>\n\t<meta property=\"og:image:width\" content=\"990\" \/>\n\t<meta property=\"og:image:height\" content=\"350\" \/>\n\t<meta property=\"og:image:type\" content=\"image\/jpeg\" \/>\n<meta name=\"twitter:card\" content=\"summary_large_image\" \/>\n<meta name=\"twitter:site\" content=\"@shrimataji\" \/>\n<meta name=\"twitter:label1\" content=\"Est. reading time\" \/>\n\t<meta name=\"twitter:data1\" content=\"3 minutes\" \/>\n<script type=\"application\/ld+json\" class=\"yoast-schema-graph\">{\"@context\":\"https:\\\/\\\/schema.org\",\"@graph\":[{\"@type\":\"WebPage\",\"@id\":\"https:\\\/\\\/shrimataji.org\\\/test\\\/fr\\\/importance-de-la-famille\\\/\",\"url\":\"https:\\\/\\\/shrimataji.org\\\/test\\\/fr\\\/importance-de-la-famille\\\/\",\"name\":\"L'importance de la famille - TEST - SMND\",\"isPartOf\":{\"@id\":\"https:\\\/\\\/shrimataji.org\\\/test\\\/#website\"},\"primaryImageOfPage\":{\"@id\":\"https:\\\/\\\/shrimataji.org\\\/test\\\/fr\\\/importance-de-la-famille\\\/#primaryimage\"},\"image\":{\"@id\":\"https:\\\/\\\/shrimataji.org\\\/test\\\/fr\\\/importance-de-la-famille\\\/#primaryimage\"},\"thumbnailUrl\":\"https:\\\/\\\/shrimataji.org\\\/test\\\/wp-content\\\/uploads\\\/2018\\\/07\\\/media_originals\\\/images\\\/headers-work-importance-of-family\\\/sunset-over-the-jesus-hill-in-glastonbury-uk.jpg\",\"datePublished\":\"2018-07-10T06:54:46+00:00\",\"dateModified\":\"2026-02-07T07:28:23+00:00\",\"breadcrumb\":{\"@id\":\"https:\\\/\\\/shrimataji.org\\\/test\\\/fr\\\/importance-de-la-famille\\\/#breadcrumb\"},\"inLanguage\":\"en-US\",\"potentialAction\":[{\"@type\":\"ReadAction\",\"target\":[\"https:\\\/\\\/shrimataji.org\\\/test\\\/fr\\\/importance-de-la-famille\\\/\"]}]},{\"@type\":\"ImageObject\",\"inLanguage\":\"en-US\",\"@id\":\"https:\\\/\\\/shrimataji.org\\\/test\\\/fr\\\/importance-de-la-famille\\\/#primaryimage\",\"url\":\"https:\\\/\\\/shrimataji.org\\\/test\\\/wp-content\\\/uploads\\\/2018\\\/07\\\/media_originals\\\/images\\\/headers-work-importance-of-family\\\/sunset-over-the-jesus-hill-in-glastonbury-uk.jpg\",\"contentUrl\":\"https:\\\/\\\/shrimataji.org\\\/test\\\/wp-content\\\/uploads\\\/2018\\\/07\\\/media_originals\\\/images\\\/headers-work-importance-of-family\\\/sunset-over-the-jesus-hill-in-glastonbury-uk.jpg\",\"width\":990,\"height\":350},{\"@type\":\"BreadcrumbList\",\"@id\":\"https:\\\/\\\/shrimataji.org\\\/test\\\/fr\\\/importance-de-la-famille\\\/#breadcrumb\",\"itemListElement\":[{\"@type\":\"ListItem\",\"position\":1,\"name\":\"Home\",\"item\":\"https:\\\/\\\/shrimataji.org\\\/test\\\/uk\\\/home-en\\\/\"},{\"@type\":\"ListItem\",\"position\":2,\"name\":\"L&#8217;importance de la famille\"}]},{\"@type\":\"WebSite\",\"@id\":\"https:\\\/\\\/shrimataji.org\\\/test\\\/#website\",\"url\":\"https:\\\/\\\/shrimataji.org\\\/test\\\/\",\"name\":\"Shri Mataji Nirmala Devi\",\"description\":\"A Life Dedicated to Humanity\",\"publisher\":{\"@id\":\"https:\\\/\\\/shrimataji.org\\\/test\\\/#\\\/schema\\\/person\\\/a1b3419c6585f164aa96da1ff85715d1\"},\"potentialAction\":[{\"@type\":\"SearchAction\",\"target\":{\"@type\":\"EntryPoint\",\"urlTemplate\":\"https:\\\/\\\/shrimataji.org\\\/test\\\/?s={search_term_string}\"},\"query-input\":{\"@type\":\"PropertyValueSpecification\",\"valueRequired\":true,\"valueName\":\"search_term_string\"}}],\"inLanguage\":\"en-US\"},{\"@type\":[\"Person\",\"Organization\"],\"@id\":\"https:\\\/\\\/shrimataji.org\\\/test\\\/#\\\/schema\\\/person\\\/a1b3419c6585f164aa96da1ff85715d1\",\"name\":\"Nirmala Shrivastava\",\"image\":{\"@type\":\"ImageObject\",\"inLanguage\":\"en-US\",\"@id\":\"https:\\\/\\\/shrimataji.org\\\/test\\\/wp-content\\\/uploads\\\/2023\\\/02\\\/SMO_LOGO-03.svg\",\"url\":\"https:\\\/\\\/shrimataji.org\\\/test\\\/wp-content\\\/uploads\\\/2023\\\/02\\\/SMO_LOGO-03.svg\",\"contentUrl\":\"https:\\\/\\\/shrimataji.org\\\/test\\\/wp-content\\\/uploads\\\/2023\\\/02\\\/SMO_LOGO-03.svg\",\"width\":\"1024\",\"height\":\"1024\",\"caption\":\"Nirmala Shrivastava\"},\"logo\":{\"@id\":\"https:\\\/\\\/shrimataji.org\\\/test\\\/wp-content\\\/uploads\\\/2023\\\/02\\\/SMO_LOGO-03.svg\"},\"sameAs\":[\"https:\\\/\\\/shrimataji.org\\\/test\",\"https:\\\/\\\/www.facebook.com\\\/shrimataji\",\"https:\\\/\\\/x.com\\\/shrimataji\",\"https:\\\/\\\/www.youtube.com\\\/@Shri_Mataji_Nirmala_Devi\\\/featured\"]}]}<\/script>\n<!-- \/ Yoast SEO plugin. -->","yoast_head_json":{"title":"L'importance de la famille - TEST - SMND","robots":{"index":"noindex","follow":"follow","max-snippet":"max-snippet:-1","max-image-preview":"max-image-preview:large","max-video-preview":"max-video-preview:-1"},"og_locale":"en_US","og_type":"article","og_title":"L'importance de la famille - TEST - SMND","og_description":"L&#8217;importance de la famille Les bases de la soci\u00e9t\u00e9 Une soci\u00e9t\u00e9 prosp\u00e8re repose sur la force du lien familial. Shri Mataji a souvent exprim\u00e9 sa vision d&#8217;une soci\u00e9t\u00e9 \u00e9quilibr\u00e9e, et tout au long de sa vie, elle a \u00e9t\u00e9 un exemple des diff\u00e9rentes fonctions qu&#8217;une femme peut remplir au sein de la famille, de la&hellip; Read more","og_url":"https:\/\/shrimataji.org\/test\/fr\/importance-de-la-famille\/","og_site_name":"TEST - SMND","article_publisher":"https:\/\/www.facebook.com\/shrimataji","article_modified_time":"2026-02-07T07:28:23+00:00","og_image":[{"width":990,"height":350,"url":"https:\/\/shrimataji.org\/test\/wp-content\/uploads\/2018\/07\/media_originals\/images\/headers-work-importance-of-family\/sunset-over-the-jesus-hill-in-glastonbury-uk.jpg","type":"image\/jpeg"}],"twitter_card":"summary_large_image","twitter_site":"@shrimataji","twitter_misc":{"Est. reading time":"3 minutes"},"schema":{"@context":"https:\/\/schema.org","@graph":[{"@type":"WebPage","@id":"https:\/\/shrimataji.org\/test\/fr\/importance-de-la-famille\/","url":"https:\/\/shrimataji.org\/test\/fr\/importance-de-la-famille\/","name":"L'importance de la famille - TEST - SMND","isPartOf":{"@id":"https:\/\/shrimataji.org\/test\/#website"},"primaryImageOfPage":{"@id":"https:\/\/shrimataji.org\/test\/fr\/importance-de-la-famille\/#primaryimage"},"image":{"@id":"https:\/\/shrimataji.org\/test\/fr\/importance-de-la-famille\/#primaryimage"},"thumbnailUrl":"https:\/\/shrimataji.org\/test\/wp-content\/uploads\/2018\/07\/media_originals\/images\/headers-work-importance-of-family\/sunset-over-the-jesus-hill-in-glastonbury-uk.jpg","datePublished":"2018-07-10T06:54:46+00:00","dateModified":"2026-02-07T07:28:23+00:00","breadcrumb":{"@id":"https:\/\/shrimataji.org\/test\/fr\/importance-de-la-famille\/#breadcrumb"},"inLanguage":"en-US","potentialAction":[{"@type":"ReadAction","target":["https:\/\/shrimataji.org\/test\/fr\/importance-de-la-famille\/"]}]},{"@type":"ImageObject","inLanguage":"en-US","@id":"https:\/\/shrimataji.org\/test\/fr\/importance-de-la-famille\/#primaryimage","url":"https:\/\/shrimataji.org\/test\/wp-content\/uploads\/2018\/07\/media_originals\/images\/headers-work-importance-of-family\/sunset-over-the-jesus-hill-in-glastonbury-uk.jpg","contentUrl":"https:\/\/shrimataji.org\/test\/wp-content\/uploads\/2018\/07\/media_originals\/images\/headers-work-importance-of-family\/sunset-over-the-jesus-hill-in-glastonbury-uk.jpg","width":990,"height":350},{"@type":"BreadcrumbList","@id":"https:\/\/shrimataji.org\/test\/fr\/importance-de-la-famille\/#breadcrumb","itemListElement":[{"@type":"ListItem","position":1,"name":"Home","item":"https:\/\/shrimataji.org\/test\/uk\/home-en\/"},{"@type":"ListItem","position":2,"name":"L&#8217;importance de la famille"}]},{"@type":"WebSite","@id":"https:\/\/shrimataji.org\/test\/#website","url":"https:\/\/shrimataji.org\/test\/","name":"Shri Mataji Nirmala Devi","description":"A Life Dedicated to Humanity","publisher":{"@id":"https:\/\/shrimataji.org\/test\/#\/schema\/person\/a1b3419c6585f164aa96da1ff85715d1"},"potentialAction":[{"@type":"SearchAction","target":{"@type":"EntryPoint","urlTemplate":"https:\/\/shrimataji.org\/test\/?s={search_term_string}"},"query-input":{"@type":"PropertyValueSpecification","valueRequired":true,"valueName":"search_term_string"}}],"inLanguage":"en-US"},{"@type":["Person","Organization"],"@id":"https:\/\/shrimataji.org\/test\/#\/schema\/person\/a1b3419c6585f164aa96da1ff85715d1","name":"Nirmala Shrivastava","image":{"@type":"ImageObject","inLanguage":"en-US","@id":"https:\/\/shrimataji.org\/test\/wp-content\/uploads\/2023\/02\/SMO_LOGO-03.svg","url":"https:\/\/shrimataji.org\/test\/wp-content\/uploads\/2023\/02\/SMO_LOGO-03.svg","contentUrl":"https:\/\/shrimataji.org\/test\/wp-content\/uploads\/2023\/02\/SMO_LOGO-03.svg","width":"1024","height":"1024","caption":"Nirmala Shrivastava"},"logo":{"@id":"https:\/\/shrimataji.org\/test\/wp-content\/uploads\/2023\/02\/SMO_LOGO-03.svg"},"sameAs":["https:\/\/shrimataji.org\/test","https:\/\/www.facebook.com\/shrimataji","https:\/\/x.com\/shrimataji","https:\/\/www.youtube.com\/@Shri_Mataji_Nirmala_Devi\/featured"]}]}},"lang":"fr","translations":{"fr":15453},"pll_sync_post":[],"_links":{"self":[{"href":"https:\/\/shrimataji.org\/test\/wp-json\/wp\/v2\/pages\/15453","targetHints":{"allow":["GET"]}}],"collection":[{"href":"https:\/\/shrimataji.org\/test\/wp-json\/wp\/v2\/pages"}],"about":[{"href":"https:\/\/shrimataji.org\/test\/wp-json\/wp\/v2\/types\/page"}],"author":[{"embeddable":true,"href":"https:\/\/shrimataji.org\/test\/wp-json\/wp\/v2\/users\/7"}],"replies":[{"embeddable":true,"href":"https:\/\/shrimataji.org\/test\/wp-json\/wp\/v2\/comments?post=15453"}],"version-history":[{"count":0,"href":"https:\/\/shrimataji.org\/test\/wp-json\/wp\/v2\/pages\/15453\/revisions"}],"wp:featuredmedia":[{"embeddable":true,"href":"https:\/\/shrimataji.org\/test\/wp-json\/wp\/v2\/media\/15454"}],"wp:attachment":[{"href":"https:\/\/shrimataji.org\/test\/wp-json\/wp\/v2\/media?parent=15453"}],"curies":[{"name":"wp","href":"https:\/\/api.w.org\/{rel}","templated":true}]}}