{"id":15473,"date":"2018-07-10T06:54:46","date_gmt":"2018-07-10T06:54:46","guid":{"rendered":"http:\/\/testwordpress.nirmalnagari.org\/smnd\/index.php\/importance-of-family\/"},"modified":"2025-07-09T19:50:17","modified_gmt":"2025-07-09T19:50:17","slug":"perheen-merkitys","status":"publish","type":"page","link":"https:\/\/shrimataji.org\/test\/fi\/perheen-merkitys\/","title":{"rendered":"Perheen merkitys"},"content":{"rendered":"\n\n\t<h1>Perheen merkitys<\/h1>\n<h2>Yhteiskunnan perusta<\/h2>\n\t<h4>Menestyv\u00e4 yhteiskunta perustuu sen perheiden vahvuuteen sek\u00e4 ihmisten keskin\u00e4isiin rooleihin ja suhteisiin. Shri Mataji ilmaisi usein n\u00e4kemyksens\u00e4 t\u00e4llaisesta tasapainoisesta yhteiskunnasta, ja koko el\u00e4m\u00e4ns\u00e4 ajan H\u00e4n oli ihanteellinen esimerkki siit\u00e4, miten moninaisia rooleja nainen voi hoitaa perheess\u00e4, yhteis\u00f6ss\u00e4 ja maailmann\u00e4ytt\u00e4m\u00f6ll\u00e4.<\/h4>\n\t<p>H\u00e4n otti jo varhain vastuuta perheest\u00e4\u00e4n. Vaikka H\u00e4n ei ollut vanhin, H\u00e4n huolehti monista sisaruksistaan sill\u00e4 aikaa, kun H\u00e4nen vanhempansa olivat tiiviisti mukana Intian itsen\u00e4isyystaistelussa &#8211; liikkeess\u00e4, johon H\u00e4nkin liittyi nuorena naisena. Vaimona ja \u00e4itin\u00e4 Shri Mataji huolehti lapsistaan ja tuki miest\u00e4\u00e4n, kun he matkustivat kansainv\u00e4lisill\u00e4 matkoilla h\u00e4nen ty\u00f6skennelless\u00e4\u00e4n YK:n merenkulkuj\u00e4rjest\u00f6ss\u00e4. Vaikka H\u00e4nen huolensa ihmiskunnasta oli maailmanlaajuista, H\u00e4n odotti, kunnes H\u00e4nen tytt\u00e4rens\u00e4 olivat naimisissa ja asettuneet aloilleen, ja aloitti vasta sen j\u00e4lkeen julkisen ty\u00f6ns\u00e4.<\/p>\n\t<p>Shri Mataji sanoi kerran aviomiehen ja vaimon v\u00e4lisen suhteen dynamiikasta: &#8220;Teid\u00e4n on oltava tasapainossa. Kyse ei ole aviomiehest\u00e4 tai vaimosta, vaan molemmista. Heid\u00e4n pit\u00e4\u00e4 kunnioittaa toisiaan, rakastaa toisiaan, jakaa kaikki toistensa kanssa ja olla olemassa niin, ett\u00e4 ihmiset n\u00e4kev\u00e4t, ett\u00e4 vaunuissa on kaksi py\u00f6r\u00e4\u00e4, toinen vasemmalla ja toinen oikealla.&#8221; Ja tasapaino edellytt\u00e4\u00e4 tasa-arvoa. &#8220;Ei ole mit\u00e4\u00e4n ep\u00e4tasapainoa. Ne ovat tasa-arvoisia, mutta eiv\u00e4t samanlaisia.&#8221;<\/p>\n\t<div class=\"su-quote su-quote-style-default\"><div class=\"su-quote-inner su-u-clearfix su-u-trim\">Kun muodostatte hyv\u00e4n perheen, luotte ymp\u00e4rillenne kauniin, hyvin kauniin maailmankaikkeuden. <\/div><\/div>\n\t<p>Shri Mataji vertasi vaimon ominaisuuksia \u00c4iti Maan ominaisuuksiin: h\u00e4n on ravitseva, antelias ja rakastava, ja h\u00e4n voi luoda kauneutta. H\u00e4n on my\u00f6s rauhantekij\u00e4, joka auttaa pit\u00e4m\u00e4\u00e4n perheen suhteet harmonisina. H\u00e4n on perheen voiman l\u00e4hde, ja h\u00e4nen panoksensa ulottuu perheen ulkopuolelle. &#8220;Nainen antaa voimaa &#8230; pojalleen, miehelleen, koko yhteiskunnalle.&#8221;<\/p>\n\t\t\t\t<img decoding=\"async\" src=\"https:\/\/shrimataji.org\/wp-content\/uploads\/2018\/07\/media_originals\/images\/art\/aftertitian-aldobrandini-by-graham-brown-dec-2009-1024x694.jpg\" alt=\"Aldobrandinische Madonna nach Tizian\n(Graham Brown, 2009)\" itemprop=\"image\" title=\"aftertitian-aldobrandini-by-graham-brown-dec-2009\" onerror=\"this.style.display='none'\" loading='lazy' \/>\n\t<p>Aviomiehen vastuulla on huolehtia kaikista perheenj\u00e4senist\u00e4 ja varmistaa, ett\u00e4 heid\u00e4n tarpeensa tyydytet\u00e4\u00e4n. Aviomiehen ja vaimon v\u00e4lill\u00e4 on oltava keskin\u00e4inen kunnioitus, sill\u00e4 heid\u00e4n roolinsa ovat toisistaan riippuvaisia ja yht\u00e4 arvokkaita.<\/p>\n<p>Muita t\u00e4rkeit\u00e4 perhe-el\u00e4m\u00e4n osa-alueita ovat lasten ja vanhempien, sisarusten, nuorempien perheenj\u00e4senten ja vanhempien v\u00e4liset suhteet. Kun perheess\u00e4 vallitsee tasapaino ja rauha, se heijastuu ja luo rauhallisen ja tasapainottavan vaikutuksen yhteiskuntaan.<\/p>\n\t<p>N\u00e4iden arvojen ja vision avulla Shri Matajin huomio pysyi maailmanlaajuisena samalla kun H\u00e4n t\u00e4ytti omaa rooliaan vaimona, \u00e4itin\u00e4, iso\u00e4itin\u00e4 (ja jopa isoiso\u00e4itin\u00e4). H\u00e4n vei t\u00e4m\u00e4n miesten ja naisten v\u00e4list\u00e4 tasapainoa ja keskin\u00e4ist\u00e4 riippuvuutta koskevan viestin maailmann\u00e4ytt\u00e4m\u00f6lle puhuessaan vuonna 1995 <a href=\"https:\/\/shrimataji.org\/test\/fi\/yk-neljas-naisten-maailmankonferenssi\/\" target=\"_blank\" rel=\"noopener\">Yhdistyneiden Kansakuntien naisten konferenssissa Pekingiss\u00e4<\/a>. Siell\u00e4 H\u00e4n ilmaisi huolensa naisten tilanteesta ja korosti \u00e4idin roolin merkityst\u00e4; roolin, jota niin monet yhteiskunnat ovat aliarvostaneet.<\/p>\n\t<p>Kuten kaikki todella suuret johtajat, H\u00e4n pyrki yhdist\u00e4m\u00e4\u00e4n ja innoittamaan; h\u00e4n piti koko maailmaa perheen\u00e4\u00e4n, ja kaikki ihmiset olivat H\u00e4nen huomionsa ja huolenpitonsa arvoisia rotuun, uskontoon tai kansallisuuteen katsomatta.<\/p>\n\n","protected":false},"excerpt":{"rendered":"<p>Perheen merkitys Yhteiskunnan perusta Menestyv\u00e4 yhteiskunta perustuu sen perheiden vahvuuteen sek\u00e4 ihmisten keskin\u00e4isiin rooleihin ja suhteisiin. Shri Mataji ilmaisi usein n\u00e4kemyksens\u00e4 t\u00e4llaisesta tasapainoisesta yhteiskunnasta, ja koko el\u00e4m\u00e4ns\u00e4 ajan H\u00e4n oli ihanteellinen esimerkki siit\u00e4, miten moninaisia rooleja nainen voi hoitaa perheess\u00e4, yhteis\u00f6ss\u00e4 ja maailmann\u00e4ytt\u00e4m\u00f6ll\u00e4. H\u00e4n otti jo varhain vastuuta perheest\u00e4\u00e4n. Vaikka H\u00e4n ei ollut vanhin, H\u00e4n&hellip; <br \/> <a class=\"read-more\" href=\"https:\/\/shrimataji.org\/test\/fi\/perheen-merkitys\/\">Read more<\/a><\/p>\n","protected":false},"author":29,"featured_media":15474,"parent":0,"menu_order":0,"comment_status":"closed","ping_status":"closed","template":"","meta":{"inline_featured_image":false,"footnotes":""},"class_list":["post-15473","page","type-page","status-publish","has-post-thumbnail","hentry"],"yoast_head":"<!-- This site is optimized with the Yoast SEO plugin v27.4 - https:\/\/yoast.com\/product\/yoast-seo-wordpress\/ -->\n<title>Perheen merkitys - TEST - SMND<\/title>\n<meta name=\"robots\" content=\"noindex, follow, max-snippet:-1, max-image-preview:large, max-video-preview:-1\" \/>\n<meta property=\"og:locale\" content=\"en_US\" \/>\n<meta property=\"og:type\" content=\"article\" \/>\n<meta property=\"og:title\" content=\"Perheen merkitys - TEST - SMND\" \/>\n<meta property=\"og:description\" content=\"Perheen merkitys Yhteiskunnan perusta Menestyv\u00e4 yhteiskunta perustuu sen perheiden vahvuuteen sek\u00e4 ihmisten keskin\u00e4isiin rooleihin ja suhteisiin. Shri Mataji ilmaisi usein n\u00e4kemyksens\u00e4 t\u00e4llaisesta tasapainoisesta yhteiskunnasta, ja koko el\u00e4m\u00e4ns\u00e4 ajan H\u00e4n oli ihanteellinen esimerkki siit\u00e4, miten moninaisia rooleja nainen voi hoitaa perheess\u00e4, yhteis\u00f6ss\u00e4 ja maailmann\u00e4ytt\u00e4m\u00f6ll\u00e4. H\u00e4n otti jo varhain vastuuta perheest\u00e4\u00e4n. Vaikka H\u00e4n ei ollut vanhin, H\u00e4n&hellip; Read more\" \/>\n<meta property=\"og:url\" content=\"https:\/\/shrimataji.org\/test\/fi\/perheen-merkitys\/\" \/>\n<meta property=\"og:site_name\" content=\"TEST - SMND\" \/>\n<meta property=\"article:publisher\" content=\"https:\/\/www.facebook.com\/shrimataji\" \/>\n<meta property=\"article:modified_time\" content=\"2025-07-09T19:50:17+00:00\" \/>\n<meta property=\"og:image\" content=\"https:\/\/shrimataji.org\/test\/wp-content\/uploads\/2018\/07\/media_originals\/images\/headers-work-importance-of-family\/sunset-over-the-jesus-hill-in-glastonbury-uk.jpg\" \/>\n\t<meta property=\"og:image:width\" content=\"990\" \/>\n\t<meta property=\"og:image:height\" content=\"350\" \/>\n\t<meta property=\"og:image:type\" content=\"image\/jpeg\" \/>\n<meta name=\"twitter:card\" content=\"summary_large_image\" \/>\n<meta name=\"twitter:site\" content=\"@shrimataji\" \/>\n<meta name=\"twitter:label1\" content=\"Est. reading time\" \/>\n\t<meta name=\"twitter:data1\" content=\"3 minutes\" \/>\n<script type=\"application\/ld+json\" class=\"yoast-schema-graph\">{\"@context\":\"https:\\\/\\\/schema.org\",\"@graph\":[{\"@type\":\"WebPage\",\"@id\":\"https:\\\/\\\/shrimataji.org\\\/test\\\/fi\\\/perheen-merkitys\\\/\",\"url\":\"https:\\\/\\\/shrimataji.org\\\/test\\\/fi\\\/perheen-merkitys\\\/\",\"name\":\"Perheen merkitys - TEST - SMND\",\"isPartOf\":{\"@id\":\"https:\\\/\\\/shrimataji.org\\\/test\\\/#website\"},\"primaryImageOfPage\":{\"@id\":\"https:\\\/\\\/shrimataji.org\\\/test\\\/fi\\\/perheen-merkitys\\\/#primaryimage\"},\"image\":{\"@id\":\"https:\\\/\\\/shrimataji.org\\\/test\\\/fi\\\/perheen-merkitys\\\/#primaryimage\"},\"thumbnailUrl\":\"https:\\\/\\\/shrimataji.org\\\/test\\\/wp-content\\\/uploads\\\/2018\\\/07\\\/media_originals\\\/images\\\/headers-work-importance-of-family\\\/sunset-over-the-jesus-hill-in-glastonbury-uk.jpg\",\"datePublished\":\"2018-07-10T06:54:46+00:00\",\"dateModified\":\"2025-07-09T19:50:17+00:00\",\"breadcrumb\":{\"@id\":\"https:\\\/\\\/shrimataji.org\\\/test\\\/fi\\\/perheen-merkitys\\\/#breadcrumb\"},\"inLanguage\":\"en-US\",\"potentialAction\":[{\"@type\":\"ReadAction\",\"target\":[\"https:\\\/\\\/shrimataji.org\\\/test\\\/fi\\\/perheen-merkitys\\\/\"]}]},{\"@type\":\"ImageObject\",\"inLanguage\":\"en-US\",\"@id\":\"https:\\\/\\\/shrimataji.org\\\/test\\\/fi\\\/perheen-merkitys\\\/#primaryimage\",\"url\":\"https:\\\/\\\/shrimataji.org\\\/test\\\/wp-content\\\/uploads\\\/2018\\\/07\\\/media_originals\\\/images\\\/headers-work-importance-of-family\\\/sunset-over-the-jesus-hill-in-glastonbury-uk.jpg\",\"contentUrl\":\"https:\\\/\\\/shrimataji.org\\\/test\\\/wp-content\\\/uploads\\\/2018\\\/07\\\/media_originals\\\/images\\\/headers-work-importance-of-family\\\/sunset-over-the-jesus-hill-in-glastonbury-uk.jpg\",\"width\":990,\"height\":350},{\"@type\":\"BreadcrumbList\",\"@id\":\"https:\\\/\\\/shrimataji.org\\\/test\\\/fi\\\/perheen-merkitys\\\/#breadcrumb\",\"itemListElement\":[{\"@type\":\"ListItem\",\"position\":1,\"name\":\"Home\",\"item\":\"https:\\\/\\\/shrimataji.org\\\/test\\\/uk\\\/home-en\\\/\"},{\"@type\":\"ListItem\",\"position\":2,\"name\":\"Perheen merkitys\"}]},{\"@type\":\"WebSite\",\"@id\":\"https:\\\/\\\/shrimataji.org\\\/test\\\/#website\",\"url\":\"https:\\\/\\\/shrimataji.org\\\/test\\\/\",\"name\":\"Shri Mataji Nirmala Devi\",\"description\":\"A Life Dedicated to Humanity\",\"publisher\":{\"@id\":\"https:\\\/\\\/shrimataji.org\\\/test\\\/#\\\/schema\\\/person\\\/a1b3419c6585f164aa96da1ff85715d1\"},\"potentialAction\":[{\"@type\":\"SearchAction\",\"target\":{\"@type\":\"EntryPoint\",\"urlTemplate\":\"https:\\\/\\\/shrimataji.org\\\/test\\\/?s={search_term_string}\"},\"query-input\":{\"@type\":\"PropertyValueSpecification\",\"valueRequired\":true,\"valueName\":\"search_term_string\"}}],\"inLanguage\":\"en-US\"},{\"@type\":[\"Person\",\"Organization\"],\"@id\":\"https:\\\/\\\/shrimataji.org\\\/test\\\/#\\\/schema\\\/person\\\/a1b3419c6585f164aa96da1ff85715d1\",\"name\":\"Nirmala Shrivastava\",\"image\":{\"@type\":\"ImageObject\",\"inLanguage\":\"en-US\",\"@id\":\"https:\\\/\\\/shrimataji.org\\\/test\\\/wp-content\\\/uploads\\\/2023\\\/02\\\/SMO_LOGO-03.svg\",\"url\":\"https:\\\/\\\/shrimataji.org\\\/test\\\/wp-content\\\/uploads\\\/2023\\\/02\\\/SMO_LOGO-03.svg\",\"contentUrl\":\"https:\\\/\\\/shrimataji.org\\\/test\\\/wp-content\\\/uploads\\\/2023\\\/02\\\/SMO_LOGO-03.svg\",\"width\":\"1024\",\"height\":\"1024\",\"caption\":\"Nirmala Shrivastava\"},\"logo\":{\"@id\":\"https:\\\/\\\/shrimataji.org\\\/test\\\/wp-content\\\/uploads\\\/2023\\\/02\\\/SMO_LOGO-03.svg\"},\"sameAs\":[\"https:\\\/\\\/shrimataji.org\\\/test\",\"https:\\\/\\\/www.facebook.com\\\/shrimataji\",\"https:\\\/\\\/x.com\\\/shrimataji\",\"https:\\\/\\\/www.youtube.com\\\/@Shri_Mataji_Nirmala_Devi\\\/featured\"]}]}<\/script>\n<!-- \/ Yoast SEO plugin. -->","yoast_head_json":{"title":"Perheen merkitys - TEST - SMND","robots":{"index":"noindex","follow":"follow","max-snippet":"max-snippet:-1","max-image-preview":"max-image-preview:large","max-video-preview":"max-video-preview:-1"},"og_locale":"en_US","og_type":"article","og_title":"Perheen merkitys - TEST - SMND","og_description":"Perheen merkitys Yhteiskunnan perusta Menestyv\u00e4 yhteiskunta perustuu sen perheiden vahvuuteen sek\u00e4 ihmisten keskin\u00e4isiin rooleihin ja suhteisiin. Shri Mataji ilmaisi usein n\u00e4kemyksens\u00e4 t\u00e4llaisesta tasapainoisesta yhteiskunnasta, ja koko el\u00e4m\u00e4ns\u00e4 ajan H\u00e4n oli ihanteellinen esimerkki siit\u00e4, miten moninaisia rooleja nainen voi hoitaa perheess\u00e4, yhteis\u00f6ss\u00e4 ja maailmann\u00e4ytt\u00e4m\u00f6ll\u00e4. H\u00e4n otti jo varhain vastuuta perheest\u00e4\u00e4n. Vaikka H\u00e4n ei ollut vanhin, H\u00e4n&hellip; Read more","og_url":"https:\/\/shrimataji.org\/test\/fi\/perheen-merkitys\/","og_site_name":"TEST - SMND","article_publisher":"https:\/\/www.facebook.com\/shrimataji","article_modified_time":"2025-07-09T19:50:17+00:00","og_image":[{"width":990,"height":350,"url":"https:\/\/shrimataji.org\/test\/wp-content\/uploads\/2018\/07\/media_originals\/images\/headers-work-importance-of-family\/sunset-over-the-jesus-hill-in-glastonbury-uk.jpg","type":"image\/jpeg"}],"twitter_card":"summary_large_image","twitter_site":"@shrimataji","twitter_misc":{"Est. reading time":"3 minutes"},"schema":{"@context":"https:\/\/schema.org","@graph":[{"@type":"WebPage","@id":"https:\/\/shrimataji.org\/test\/fi\/perheen-merkitys\/","url":"https:\/\/shrimataji.org\/test\/fi\/perheen-merkitys\/","name":"Perheen merkitys - TEST - SMND","isPartOf":{"@id":"https:\/\/shrimataji.org\/test\/#website"},"primaryImageOfPage":{"@id":"https:\/\/shrimataji.org\/test\/fi\/perheen-merkitys\/#primaryimage"},"image":{"@id":"https:\/\/shrimataji.org\/test\/fi\/perheen-merkitys\/#primaryimage"},"thumbnailUrl":"https:\/\/shrimataji.org\/test\/wp-content\/uploads\/2018\/07\/media_originals\/images\/headers-work-importance-of-family\/sunset-over-the-jesus-hill-in-glastonbury-uk.jpg","datePublished":"2018-07-10T06:54:46+00:00","dateModified":"2025-07-09T19:50:17+00:00","breadcrumb":{"@id":"https:\/\/shrimataji.org\/test\/fi\/perheen-merkitys\/#breadcrumb"},"inLanguage":"en-US","potentialAction":[{"@type":"ReadAction","target":["https:\/\/shrimataji.org\/test\/fi\/perheen-merkitys\/"]}]},{"@type":"ImageObject","inLanguage":"en-US","@id":"https:\/\/shrimataji.org\/test\/fi\/perheen-merkitys\/#primaryimage","url":"https:\/\/shrimataji.org\/test\/wp-content\/uploads\/2018\/07\/media_originals\/images\/headers-work-importance-of-family\/sunset-over-the-jesus-hill-in-glastonbury-uk.jpg","contentUrl":"https:\/\/shrimataji.org\/test\/wp-content\/uploads\/2018\/07\/media_originals\/images\/headers-work-importance-of-family\/sunset-over-the-jesus-hill-in-glastonbury-uk.jpg","width":990,"height":350},{"@type":"BreadcrumbList","@id":"https:\/\/shrimataji.org\/test\/fi\/perheen-merkitys\/#breadcrumb","itemListElement":[{"@type":"ListItem","position":1,"name":"Home","item":"https:\/\/shrimataji.org\/test\/uk\/home-en\/"},{"@type":"ListItem","position":2,"name":"Perheen merkitys"}]},{"@type":"WebSite","@id":"https:\/\/shrimataji.org\/test\/#website","url":"https:\/\/shrimataji.org\/test\/","name":"Shri Mataji Nirmala Devi","description":"A Life Dedicated to Humanity","publisher":{"@id":"https:\/\/shrimataji.org\/test\/#\/schema\/person\/a1b3419c6585f164aa96da1ff85715d1"},"potentialAction":[{"@type":"SearchAction","target":{"@type":"EntryPoint","urlTemplate":"https:\/\/shrimataji.org\/test\/?s={search_term_string}"},"query-input":{"@type":"PropertyValueSpecification","valueRequired":true,"valueName":"search_term_string"}}],"inLanguage":"en-US"},{"@type":["Person","Organization"],"@id":"https:\/\/shrimataji.org\/test\/#\/schema\/person\/a1b3419c6585f164aa96da1ff85715d1","name":"Nirmala Shrivastava","image":{"@type":"ImageObject","inLanguage":"en-US","@id":"https:\/\/shrimataji.org\/test\/wp-content\/uploads\/2023\/02\/SMO_LOGO-03.svg","url":"https:\/\/shrimataji.org\/test\/wp-content\/uploads\/2023\/02\/SMO_LOGO-03.svg","contentUrl":"https:\/\/shrimataji.org\/test\/wp-content\/uploads\/2023\/02\/SMO_LOGO-03.svg","width":"1024","height":"1024","caption":"Nirmala Shrivastava"},"logo":{"@id":"https:\/\/shrimataji.org\/test\/wp-content\/uploads\/2023\/02\/SMO_LOGO-03.svg"},"sameAs":["https:\/\/shrimataji.org\/test","https:\/\/www.facebook.com\/shrimataji","https:\/\/x.com\/shrimataji","https:\/\/www.youtube.com\/@Shri_Mataji_Nirmala_Devi\/featured"]}]}},"lang":"fi","translations":{"fi":15473},"pll_sync_post":[],"_links":{"self":[{"href":"https:\/\/shrimataji.org\/test\/wp-json\/wp\/v2\/pages\/15473","targetHints":{"allow":["GET"]}}],"collection":[{"href":"https:\/\/shrimataji.org\/test\/wp-json\/wp\/v2\/pages"}],"about":[{"href":"https:\/\/shrimataji.org\/test\/wp-json\/wp\/v2\/types\/page"}],"author":[{"embeddable":true,"href":"https:\/\/shrimataji.org\/test\/wp-json\/wp\/v2\/users\/29"}],"replies":[{"embeddable":true,"href":"https:\/\/shrimataji.org\/test\/wp-json\/wp\/v2\/comments?post=15473"}],"version-history":[{"count":0,"href":"https:\/\/shrimataji.org\/test\/wp-json\/wp\/v2\/pages\/15473\/revisions"}],"wp:featuredmedia":[{"embeddable":true,"href":"https:\/\/shrimataji.org\/test\/wp-json\/wp\/v2\/media\/15474"}],"wp:attachment":[{"href":"https:\/\/shrimataji.org\/test\/wp-json\/wp\/v2\/media?parent=15473"}],"curies":[{"name":"wp","href":"https:\/\/api.w.org\/{rel}","templated":true}]}}