{"id":15475,"date":"2018-07-10T06:54:46","date_gmt":"2018-07-10T06:54:46","guid":{"rendered":"http:\/\/testwordpress.nirmalnagari.org\/smnd\/index.php\/importance-of-family\/"},"modified":"2024-07-12T00:01:51","modified_gmt":"2024-07-12T00:01:51","slug":"ailenin-onemi","status":"publish","type":"page","link":"https:\/\/shrimataji.org\/test\/tr\/ailenin-onemi\/","title":{"rendered":"Ailenin \u00d6nemi"},"content":{"rendered":"\n\n\t<h1>Ailenin \u00d6nemi<\/h1>\n<h2>Toplumun Temeli<\/h2>\n\t<h4>Bas\u0327ar\u0131l\u0131 bir toplum, toplumu olus\u0327turan ailelerin gu\u0308cu\u0308ne, rollerimize ve birbirimizle olan ilis\u0327kilerimize dayan\u0131r. Shri Mataji s\u0131kl\u0131kla dengeli bir toplum vizyonunu dile getirdi ve hayat\u0131 boyunca bir kad\u0131n\u0131n ailede, toplumda ve du\u0308nya sahnesinde yerine getirebileceg\u0306i c\u0327es\u0327itli rollerin ideal bir o\u0308rneg\u0306i oldu.<\/h4>\n<p>Ku\u0308c\u0327u\u0308k yas\u0327larda ailesinin sorumlulug\u0306unu u\u0308stlendi. En bu\u0308yu\u0308kleri olmasa da, anne ve babas\u0131,- kendisinin de daha sonradan genc\u0327 bir kad\u0131n olarak kat\u0131lacag\u0306\u0131 bir hareket olan Hindistan&#8217;\u0131n bag\u0306\u0131ms\u0131zl\u0131k mu\u0308cadelesiyle oldukc\u0327a mes\u0327gulken, birc\u0327ok kardes\u0327ine bakt\u0131. Shri Mataji, bir es\u0327 ve anne iken ayn\u0131 zamanda es\u0327inin Birle\u015fmi\u015f Milletler Uluslararas\u0131 Denizcilik \u00d6rg\u00fct\u00fc&#8217;ndeki is\u0327i dolay\u0131s\u0131yla yapt\u0131klar\u0131 uluslararas\u0131 seyahatlerde kocas\u0131na destek oldu ve c\u0327ocuklar\u0131yla ilgilendi. I\u0307nsanl\u0131g\u0306a olan ilgisi ku\u0308resel o\u0308lc\u0327ekte olmas\u0131na rag\u0306men, bu toplumsal is\u0327ine bas\u0327lamadan o\u0308nce k\u0131zlar\u0131n\u0131n evlenip hayatlar\u0131n\u0131 kurmas\u0131n\u0131 bekledi.<\/p>\n<p>Bir kar\u0131 koca aras\u0131ndaki ilis\u0327kinin dinamikleri u\u0308zerine Shri Mataji bir keresinde s\u0327o\u0308yle demis\u0327ti: &#8220;Dengede olmal\u0131s\u0131n\u0131z. Sadece kad\u0131n ya da kocan\u0131n deg\u0306il, ikisinin de dengede olmas\u0131. Birbirlerine sayg\u0131 duymal\u0131, birbirlerini sevmeli, her s\u0327eylerini birbirleriyle paylas\u0327mal\u0131 ve o\u0308yle var olmal\u0131lar ki, insanlar bir araban\u0131n biri solda, dig\u0306eri sag\u0306da olmak u\u0308zere iki tekerleg\u0306i oldug\u0306unu go\u0308rmeli.&#8221; Denge de es\u0327itlig\u0306i gerektirir. &#8220;Dengesizlik yok. Es\u0327itler ama benzer deg\u0306iller.&#8221;<\/p>\n\t<div class=\"su-quote su-quote-style-default\"><div class=\"su-quote-inner su-u-clearfix su-u-trim\"> I\u0307yi bir aile olus\u0327turdug\u0306unuzda etraf\u0131n\u0131zda gu\u0308zel, c\u0327ok gu\u0308zel bir evren yarat\u0131rs\u0131n\u0131z. <\/div><\/div>\n<p>Shri Mataji bir kad\u0131n\u0131n niteliklerini Toprak Ana&#8217;n\u0131n niteliklerine benzetirdi: o besleyicidir, co\u0308merttir ve sevgi doludur ve gu\u0308zellik yaratabilme gu\u0308cu\u0308 vard\u0131r. Ayn\u0131 zamanda bir aile ic\u0327indeki ilis\u0327kilerin uyumlu kalmas\u0131na yard\u0131mc\u0131 olan bir ara yap\u0131c\u0131d\u0131r. O bir ailenin gu\u0308cu\u0308nu\u0308n kaynag\u0306\u0131d\u0131r ve katk\u0131s\u0131 aile alan\u0131n\u0131n o\u0308tesine uzan\u0131r. &#8220;Kad\u0131n, og\u0306lunuza, kocan\u0131za, tu\u0308m topluma gu\u0308c\u0327 verir.&#8221;<\/p>\n\t\t\t\t<img decoding=\"async\" src=\"https:\/\/shrimataji.org\/wp-content\/uploads\/2018\/07\/media_originals\/images\/art\/aftertitian-aldobrandini-by-graham-brown-dec-2009-1024x694.jpg\" alt=\"Aldobrandinische Madonna nach Tizian\n(Graham Brown, 2009)\" title=\"aftertitian-aldobrandini-by-graham-brown-dec-2009\" \/>\n<p>Kocan\u0131n, ailedeki herkese bakma ve onlar\u0131n ihtiyac\u0327lar\u0131n\u0131n kars\u0327\u0131land\u0131g\u0306\u0131ndan emin olma sorumlulug\u0306u vard\u0131r. Rolleri birbirine bag\u0306l\u0131 ve es\u0327it derecede deg\u0306erli oldug\u0306undan, kar\u0131 koca aras\u0131nda kars\u0327\u0131l\u0131kl\u0131 sayg\u0131 olmal\u0131d\u0131r.<\/p>\n<p>Aile yas\u0327am\u0131n\u0131n dig\u0306er o\u0308nemli yo\u0308nleri aras\u0131nda c\u0327ocuklarla ebeveynleri, erkek ve k\u0131z kardes\u0327ler, ailenin genc\u0327 u\u0308yeleri ve bu\u0308yu\u0308kleri aras\u0131ndaki ilis\u0327kiler yer al\u0131r. Ailede denge ve huzur oldug\u0306u zaman bu yans\u0131r, toplumda huzurlu ve dengeleyici bir etki yarat\u0131r.<\/p>\n<p>Bu deg\u0306erler ve vizyonla es\u0327, anne, bu\u0308yu\u0308kanne (ve hatta bu\u0308yu\u0308k bu\u0308yu\u0308kanne) olarak kendi rolu\u0308nu\u0308 yerine getirirken Shri Mataji&#8217;nin dikkati evrensel olmaya devam etti. 1995 y\u0131l\u0131nda <a href=\"https:\/\/shrimataji.org\/tr\/bm-kadin-konferansi\/\">Beijing&#8217;teki Birles\u0327mis\u0327 Milletler D\u00fcnya Kad\u0131n Konferans\u0131&#8217;nda<\/a> yapt\u0131g\u0306\u0131 konus\u0327mada, kad\u0131n ve erkek aras\u0131ndaki denge ve kars\u0327\u0131l\u0131kl\u0131 bag\u0306\u0131ml\u0131l\u0131k mesaj\u0131n\u0131 du\u0308nya sahnesine tas\u0327\u0131d\u0131. Burada kad\u0131nlar\u0131n durumuna ilis\u0327kin kayg\u0131lar\u0131n\u0131 dile getirerek, anne rolu\u0308nu\u0308n o\u0308nemini vurgulad\u0131; pek c\u0327ok toplumun hafife ald\u0131g\u0306\u0131 bir rol.<\/p>\n<p>Tu\u0308m bu\u0308yu\u0308k liderler gibi o da birles\u0327meye ve ilham vermeye c\u0327al\u0131s\u0327t\u0131; tu\u0308m du\u0308nyay\u0131 ailesi olarak go\u0308rdu\u0308 ve \u0131rk\u0131, dini veya milliyeti ne olursa olsun tu\u0308m insanlar\u0131 onun ilgi ve dikkatine deg\u0306er go\u0308rdu\u0308.<\/p>\n\n","protected":false},"excerpt":{"rendered":"<p>Ailenin \u00d6nemi Toplumun Temeli Bas\u0327ar\u0131l\u0131 bir toplum, toplumu olus\u0327turan ailelerin gu\u0308cu\u0308ne, rollerimize ve birbirimizle olan ilis\u0327kilerimize dayan\u0131r. Shri Mataji s\u0131kl\u0131kla dengeli bir toplum vizyonunu dile getirdi ve hayat\u0131 boyunca bir kad\u0131n\u0131n ailede, toplumda ve du\u0308nya sahnesinde yerine getirebileceg\u0306i c\u0327es\u0327itli rollerin ideal bir o\u0308rneg\u0306i oldu. Ku\u0308c\u0327u\u0308k yas\u0327larda ailesinin sorumlulug\u0306unu u\u0308stlendi. En bu\u0308yu\u0308kleri olmasa da, anne ve&hellip; <br \/> <a class=\"read-more\" href=\"https:\/\/shrimataji.org\/test\/tr\/ailenin-onemi\/\">Read more<\/a><\/p>\n","protected":false},"author":12,"featured_media":15476,"parent":0,"menu_order":0,"comment_status":"closed","ping_status":"closed","template":"","meta":{"inline_featured_image":false,"footnotes":"","advanced-sidebar-menu\/link-title":"","advanced-sidebar-menu\/exclude-page":false},"class_list":["post-15475","page","type-page","status-publish","has-post-thumbnail","hentry"],"yoast_head":"<!-- This site is optimized with the Yoast SEO plugin v27.6 - https:\/\/yoast.com\/product\/yoast-seo-wordpress\/ -->\n<title>Ailenin \u00d6nemi - TEST - SMND<\/title>\n<meta name=\"robots\" content=\"noindex, follow, max-snippet:-1, max-image-preview:large, max-video-preview:-1\" \/>\n<meta property=\"og:locale\" content=\"en_US\" \/>\n<meta property=\"og:type\" content=\"article\" \/>\n<meta property=\"og:title\" content=\"Ailenin \u00d6nemi - TEST - SMND\" \/>\n<meta property=\"og:description\" content=\"Ailenin \u00d6nemi Toplumun Temeli Bas\u0327ar\u0131l\u0131 bir toplum, toplumu olus\u0327turan ailelerin gu\u0308cu\u0308ne, rollerimize ve birbirimizle olan ilis\u0327kilerimize dayan\u0131r. Shri Mataji s\u0131kl\u0131kla dengeli bir toplum vizyonunu dile getirdi ve hayat\u0131 boyunca bir kad\u0131n\u0131n ailede, toplumda ve du\u0308nya sahnesinde yerine getirebileceg\u0306i c\u0327es\u0327itli rollerin ideal bir o\u0308rneg\u0306i oldu. Ku\u0308c\u0327u\u0308k yas\u0327larda ailesinin sorumlulug\u0306unu u\u0308stlendi. En bu\u0308yu\u0308kleri olmasa da, anne ve&hellip; Read more\" \/>\n<meta property=\"og:url\" content=\"https:\/\/shrimataji.org\/test\/tr\/ailenin-onemi\/\" \/>\n<meta property=\"og:site_name\" content=\"TEST - SMND\" \/>\n<meta property=\"article:publisher\" content=\"https:\/\/www.facebook.com\/shrimataji\" \/>\n<meta property=\"article:modified_time\" content=\"2024-07-12T00:01:51+00:00\" \/>\n<meta property=\"og:image\" content=\"https:\/\/shrimataji.org\/test\/wp-content\/uploads\/2018\/07\/media_originals\/images\/headers-work-importance-of-family\/sunset-over-the-jesus-hill-in-glastonbury-uk.jpg\" \/>\n\t<meta property=\"og:image:width\" content=\"990\" \/>\n\t<meta property=\"og:image:height\" content=\"350\" \/>\n\t<meta property=\"og:image:type\" content=\"image\/jpeg\" \/>\n<meta name=\"twitter:card\" content=\"summary_large_image\" \/>\n<meta name=\"twitter:site\" content=\"@shrimataji\" \/>\n<meta name=\"twitter:label1\" content=\"Est. reading time\" \/>\n\t<meta name=\"twitter:data1\" content=\"3 minutes\" \/>\n<script type=\"application\/ld+json\" class=\"yoast-schema-graph\">{\"@context\":\"https:\\\/\\\/schema.org\",\"@graph\":[{\"@type\":\"WebPage\",\"@id\":\"https:\\\/\\\/shrimataji.org\\\/test\\\/tr\\\/ailenin-onemi\\\/\",\"url\":\"https:\\\/\\\/shrimataji.org\\\/test\\\/tr\\\/ailenin-onemi\\\/\",\"name\":\"Ailenin \u00d6nemi - TEST - SMND\",\"isPartOf\":{\"@id\":\"https:\\\/\\\/shrimataji.org\\\/test\\\/#website\"},\"primaryImageOfPage\":{\"@id\":\"https:\\\/\\\/shrimataji.org\\\/test\\\/tr\\\/ailenin-onemi\\\/#primaryimage\"},\"image\":{\"@id\":\"https:\\\/\\\/shrimataji.org\\\/test\\\/tr\\\/ailenin-onemi\\\/#primaryimage\"},\"thumbnailUrl\":\"https:\\\/\\\/shrimataji.org\\\/test\\\/wp-content\\\/uploads\\\/2018\\\/07\\\/media_originals\\\/images\\\/headers-work-importance-of-family\\\/sunset-over-the-jesus-hill-in-glastonbury-uk.jpg\",\"datePublished\":\"2018-07-10T06:54:46+00:00\",\"dateModified\":\"2024-07-12T00:01:51+00:00\",\"breadcrumb\":{\"@id\":\"https:\\\/\\\/shrimataji.org\\\/test\\\/tr\\\/ailenin-onemi\\\/#breadcrumb\"},\"inLanguage\":\"en-US\",\"potentialAction\":[{\"@type\":\"ReadAction\",\"target\":[\"https:\\\/\\\/shrimataji.org\\\/test\\\/tr\\\/ailenin-onemi\\\/\"]}]},{\"@type\":\"ImageObject\",\"inLanguage\":\"en-US\",\"@id\":\"https:\\\/\\\/shrimataji.org\\\/test\\\/tr\\\/ailenin-onemi\\\/#primaryimage\",\"url\":\"https:\\\/\\\/shrimataji.org\\\/test\\\/wp-content\\\/uploads\\\/2018\\\/07\\\/media_originals\\\/images\\\/headers-work-importance-of-family\\\/sunset-over-the-jesus-hill-in-glastonbury-uk.jpg\",\"contentUrl\":\"https:\\\/\\\/shrimataji.org\\\/test\\\/wp-content\\\/uploads\\\/2018\\\/07\\\/media_originals\\\/images\\\/headers-work-importance-of-family\\\/sunset-over-the-jesus-hill-in-glastonbury-uk.jpg\",\"width\":990,\"height\":350},{\"@type\":\"BreadcrumbList\",\"@id\":\"https:\\\/\\\/shrimataji.org\\\/test\\\/tr\\\/ailenin-onemi\\\/#breadcrumb\",\"itemListElement\":[{\"@type\":\"ListItem\",\"position\":1,\"name\":\"Home\",\"item\":\"https:\\\/\\\/shrimataji.org\\\/test\\\/uk\\\/home-en\\\/\"},{\"@type\":\"ListItem\",\"position\":2,\"name\":\"Ailenin \u00d6nemi\"}]},{\"@type\":\"WebSite\",\"@id\":\"https:\\\/\\\/shrimataji.org\\\/test\\\/#website\",\"url\":\"https:\\\/\\\/shrimataji.org\\\/test\\\/\",\"name\":\"Shri Mataji Nirmala Devi\",\"description\":\"A Life Dedicated to Humanity\",\"publisher\":{\"@id\":\"https:\\\/\\\/shrimataji.org\\\/test\\\/#\\\/schema\\\/person\\\/a1b3419c6585f164aa96da1ff85715d1\"},\"potentialAction\":[{\"@type\":\"SearchAction\",\"target\":{\"@type\":\"EntryPoint\",\"urlTemplate\":\"https:\\\/\\\/shrimataji.org\\\/test\\\/?s={search_term_string}\"},\"query-input\":{\"@type\":\"PropertyValueSpecification\",\"valueRequired\":true,\"valueName\":\"search_term_string\"}}],\"inLanguage\":\"en-US\"},{\"@type\":[\"Person\",\"Organization\"],\"@id\":\"https:\\\/\\\/shrimataji.org\\\/test\\\/#\\\/schema\\\/person\\\/a1b3419c6585f164aa96da1ff85715d1\",\"name\":\"Nirmala Shrivastava\",\"image\":{\"@type\":\"ImageObject\",\"inLanguage\":\"en-US\",\"@id\":\"https:\\\/\\\/shrimataji.org\\\/test\\\/wp-content\\\/uploads\\\/2023\\\/02\\\/SMO_LOGO-03.svg\",\"url\":\"https:\\\/\\\/shrimataji.org\\\/test\\\/wp-content\\\/uploads\\\/2023\\\/02\\\/SMO_LOGO-03.svg\",\"contentUrl\":\"https:\\\/\\\/shrimataji.org\\\/test\\\/wp-content\\\/uploads\\\/2023\\\/02\\\/SMO_LOGO-03.svg\",\"width\":\"1024\",\"height\":\"1024\",\"caption\":\"Nirmala Shrivastava\"},\"logo\":{\"@id\":\"https:\\\/\\\/shrimataji.org\\\/test\\\/wp-content\\\/uploads\\\/2023\\\/02\\\/SMO_LOGO-03.svg\"},\"sameAs\":[\"https:\\\/\\\/shrimataji.org\\\/test\",\"https:\\\/\\\/www.facebook.com\\\/shrimataji\",\"https:\\\/\\\/x.com\\\/shrimataji\",\"https:\\\/\\\/www.youtube.com\\\/@Shri_Mataji_Nirmala_Devi\\\/featured\"]}]}<\/script>\n<!-- \/ Yoast SEO plugin. -->","yoast_head_json":{"title":"Ailenin \u00d6nemi - TEST - SMND","robots":{"index":"noindex","follow":"follow","max-snippet":"max-snippet:-1","max-image-preview":"max-image-preview:large","max-video-preview":"max-video-preview:-1"},"og_locale":"en_US","og_type":"article","og_title":"Ailenin \u00d6nemi - TEST - SMND","og_description":"Ailenin \u00d6nemi Toplumun Temeli Bas\u0327ar\u0131l\u0131 bir toplum, toplumu olus\u0327turan ailelerin gu\u0308cu\u0308ne, rollerimize ve birbirimizle olan ilis\u0327kilerimize dayan\u0131r. Shri Mataji s\u0131kl\u0131kla dengeli bir toplum vizyonunu dile getirdi ve hayat\u0131 boyunca bir kad\u0131n\u0131n ailede, toplumda ve du\u0308nya sahnesinde yerine getirebileceg\u0306i c\u0327es\u0327itli rollerin ideal bir o\u0308rneg\u0306i oldu. Ku\u0308c\u0327u\u0308k yas\u0327larda ailesinin sorumlulug\u0306unu u\u0308stlendi. En bu\u0308yu\u0308kleri olmasa da, anne ve&hellip; Read more","og_url":"https:\/\/shrimataji.org\/test\/tr\/ailenin-onemi\/","og_site_name":"TEST - SMND","article_publisher":"https:\/\/www.facebook.com\/shrimataji","article_modified_time":"2024-07-12T00:01:51+00:00","og_image":[{"width":990,"height":350,"url":"https:\/\/shrimataji.org\/test\/wp-content\/uploads\/2018\/07\/media_originals\/images\/headers-work-importance-of-family\/sunset-over-the-jesus-hill-in-glastonbury-uk.jpg","type":"image\/jpeg"}],"twitter_card":"summary_large_image","twitter_site":"@shrimataji","twitter_misc":{"Est. reading time":"3 minutes"},"schema":{"@context":"https:\/\/schema.org","@graph":[{"@type":"WebPage","@id":"https:\/\/shrimataji.org\/test\/tr\/ailenin-onemi\/","url":"https:\/\/shrimataji.org\/test\/tr\/ailenin-onemi\/","name":"Ailenin \u00d6nemi - TEST - SMND","isPartOf":{"@id":"https:\/\/shrimataji.org\/test\/#website"},"primaryImageOfPage":{"@id":"https:\/\/shrimataji.org\/test\/tr\/ailenin-onemi\/#primaryimage"},"image":{"@id":"https:\/\/shrimataji.org\/test\/tr\/ailenin-onemi\/#primaryimage"},"thumbnailUrl":"https:\/\/shrimataji.org\/test\/wp-content\/uploads\/2018\/07\/media_originals\/images\/headers-work-importance-of-family\/sunset-over-the-jesus-hill-in-glastonbury-uk.jpg","datePublished":"2018-07-10T06:54:46+00:00","dateModified":"2024-07-12T00:01:51+00:00","breadcrumb":{"@id":"https:\/\/shrimataji.org\/test\/tr\/ailenin-onemi\/#breadcrumb"},"inLanguage":"en-US","potentialAction":[{"@type":"ReadAction","target":["https:\/\/shrimataji.org\/test\/tr\/ailenin-onemi\/"]}]},{"@type":"ImageObject","inLanguage":"en-US","@id":"https:\/\/shrimataji.org\/test\/tr\/ailenin-onemi\/#primaryimage","url":"https:\/\/shrimataji.org\/test\/wp-content\/uploads\/2018\/07\/media_originals\/images\/headers-work-importance-of-family\/sunset-over-the-jesus-hill-in-glastonbury-uk.jpg","contentUrl":"https:\/\/shrimataji.org\/test\/wp-content\/uploads\/2018\/07\/media_originals\/images\/headers-work-importance-of-family\/sunset-over-the-jesus-hill-in-glastonbury-uk.jpg","width":990,"height":350},{"@type":"BreadcrumbList","@id":"https:\/\/shrimataji.org\/test\/tr\/ailenin-onemi\/#breadcrumb","itemListElement":[{"@type":"ListItem","position":1,"name":"Home","item":"https:\/\/shrimataji.org\/test\/uk\/home-en\/"},{"@type":"ListItem","position":2,"name":"Ailenin \u00d6nemi"}]},{"@type":"WebSite","@id":"https:\/\/shrimataji.org\/test\/#website","url":"https:\/\/shrimataji.org\/test\/","name":"Shri Mataji Nirmala Devi","description":"A Life Dedicated to Humanity","publisher":{"@id":"https:\/\/shrimataji.org\/test\/#\/schema\/person\/a1b3419c6585f164aa96da1ff85715d1"},"potentialAction":[{"@type":"SearchAction","target":{"@type":"EntryPoint","urlTemplate":"https:\/\/shrimataji.org\/test\/?s={search_term_string}"},"query-input":{"@type":"PropertyValueSpecification","valueRequired":true,"valueName":"search_term_string"}}],"inLanguage":"en-US"},{"@type":["Person","Organization"],"@id":"https:\/\/shrimataji.org\/test\/#\/schema\/person\/a1b3419c6585f164aa96da1ff85715d1","name":"Nirmala Shrivastava","image":{"@type":"ImageObject","inLanguage":"en-US","@id":"https:\/\/shrimataji.org\/test\/wp-content\/uploads\/2023\/02\/SMO_LOGO-03.svg","url":"https:\/\/shrimataji.org\/test\/wp-content\/uploads\/2023\/02\/SMO_LOGO-03.svg","contentUrl":"https:\/\/shrimataji.org\/test\/wp-content\/uploads\/2023\/02\/SMO_LOGO-03.svg","width":"1024","height":"1024","caption":"Nirmala Shrivastava"},"logo":{"@id":"https:\/\/shrimataji.org\/test\/wp-content\/uploads\/2023\/02\/SMO_LOGO-03.svg"},"sameAs":["https:\/\/shrimataji.org\/test","https:\/\/www.facebook.com\/shrimataji","https:\/\/x.com\/shrimataji","https:\/\/www.youtube.com\/@Shri_Mataji_Nirmala_Devi\/featured"]}]}},"lang":"tr","translations":{"tr":15475},"pll_sync_post":{},"_links":{"self":[{"href":"https:\/\/shrimataji.org\/test\/wp-json\/wp\/v2\/pages\/15475","targetHints":{"allow":["GET"]}}],"collection":[{"href":"https:\/\/shrimataji.org\/test\/wp-json\/wp\/v2\/pages"}],"about":[{"href":"https:\/\/shrimataji.org\/test\/wp-json\/wp\/v2\/types\/page"}],"author":[{"embeddable":true,"href":"https:\/\/shrimataji.org\/test\/wp-json\/wp\/v2\/users\/12"}],"replies":[{"embeddable":true,"href":"https:\/\/shrimataji.org\/test\/wp-json\/wp\/v2\/comments?post=15475"}],"version-history":[{"count":0,"href":"https:\/\/shrimataji.org\/test\/wp-json\/wp\/v2\/pages\/15475\/revisions"}],"wp:featuredmedia":[{"embeddable":true,"href":"https:\/\/shrimataji.org\/test\/wp-json\/wp\/v2\/media\/15476"}],"wp:attachment":[{"href":"https:\/\/shrimataji.org\/test\/wp-json\/wp\/v2\/media?parent=15475"}],"curies":[{"name":"wp","href":"https:\/\/api.w.org\/{rel}","templated":true}]}}