{"id":19440,"date":"2022-01-29T10:07:35","date_gmt":"2022-01-29T10:07:35","guid":{"rendered":"https:\/\/test.shrimataji.org\/?page_id=6397"},"modified":"2026-04-18T14:29:03","modified_gmt":"2026-04-18T14:29:03","slug":"atma","status":"publish","type":"page","link":"https:\/\/shrimataji.org\/test\/hu\/atma\/","title":{"rendered":"A L\u00e9lek"},"content":{"rendered":"\n\n\t<h1>A L\u00e9lek<\/h1>\n<h2>\u00c9n\u00fcnk \u00f6r\u00f6k r\u00e9sze<\/h2>\n<div class=\"su-quote su-quote-style-default\"><div class=\"su-quote-inner su-u-clearfix su-u-trim\">Egy csillag ragyog benn\u00fcnk, \u00e9s ez a Lelk\u00fcnk.<\/div><\/div>\n\t<h4>Az emberi magzat fejl\u0151d\u00e9s\u00e9nek egy nagyon korai szakasz\u00e1ban az Atma (szanszkrit sz\u00f3, jelent\u00e9se \u00f6r\u00f6k L\u00e9lek) el\u0151sz\u00f6r bel\u00e9p a magzat sz\u00edv\u00e9be, amely ekkor l\u00fcktetni kezd. Biol\u00f3giailag a sz\u00edv\u00fcnk az embri\u00f3 feje k\u00f6zel\u00e9ben, a kardiog\u00e9n ter\u00fcleten fejl\u0151dik ki, majd k\u00e9s\u0151bb, test\u00fcnk fejl\u0151d\u00e9s\u00e9vel lefel\u00e9 v\u00e1ndorol a mellkasba. Az Atma a sz\u00edvben lakozik, mint \u00e9let\u00fcnk csendes szeml\u00e9l\u0151je, \u00e9s csak az \u00f6nmegval\u00f3sul\u00e1s r\u00e9v\u00e9n ker\u00fcl a tudatoss\u00e1gunkba. Ez az \u0151si l\u00e9ny t\u00fck\u00f6rk\u00e9pe benn\u00fcnk. A L\u00e9lek nem fejl\u0151dik, hanem ink\u00e1bb az evol\u00faci\u00f3nk c\u00e9lja, vagy mondhatni az emberi tudatoss\u00e1g evol\u00faci\u00f3j\u00e1nak a c\u00e9lja az, hogy el\u00e9rj\u00fck a L\u00e9lek \u00e1llapot\u00e1t.<\/h4>\n\t<p>M\u00edg a nyugati filoz\u00f3fia az individualizmus \u00e9s a szem\u00e9lyis\u00e9g vagy ego fejl\u0151d\u00e9se k\u00f6r\u00fcl forog, a keleti filoz\u00f3fia a kollektivizmushoz kapcsol\u00f3dik, \u00e9s arra t\u00f6rekszik, hogy az egy\u00e9nt befel\u00e9, kollekt\u00edv l\u00e9ny\u00fcnkh\u00f6z, a mindent \u00e1that\u00f3 L\u00e9lek fel\u00e9 ford\u00edtsa.<\/p>\n<figure itemscope itemtype=\"https:\/\/schema.org\/ImageObject\">\n\t\t\t\t<a href=\"https:\/\/shrimataji.org\/test\/wp-content\/uploads\/2023\/02\/4a-Atma-01.png\"  target=\"_blank\" rel=\"noopener\"  itemprop=\"url\">\n\t\t\t\t<img decoding=\"async\" src=\"https:\/\/shrimataji.org\/test\/wp-content\/uploads\/2026\/04\/hu-4a-Atma-01-scaled.png\" alt=\"hu-4a-Atma-01\" height=\"2560\" width=\"2402\" title=\"hu-4a-Atma-01\" onerror=\"this.style.display='none'\" loading=\"lazy\" \/>\n\t\t\t\t<\/a>\n\t<\/figure>\n\t<p>Shri Mataji le\u00edrja, hogy sz\u00fclet\u00e9s\u00fcnk ut\u00e1n a k\u00f6ld\u00f6kzsin\u00f3r elv\u00e1g\u00e1sa hogyan okozza a tudatoss\u00e1gunkban az abszol\u00fat isteni tudatoss\u00e1gt\u00f3l val\u00f3 elszakad\u00e1st, amely finomszinten a Sushumna csatorn\u00e1ban van. Durva szinten ez a paraszimpatikus idegek craniosacralis kil\u00e9p\u00e9s\u00e9ben jelenik meg. Ezt a jelens\u00e9get sz\u00e1mos \u0151si szent\u00edr\u00e1sban le\u00edrj\u00e1k, p\u00e9ld\u00e1ul a Zen rendszer\u00e9ben Voidnak (\u00dcress\u00e9g), a hinduizmusban pedig M\u00e1j\u00e1nak (Ill\u00fazi\u00f3). K\u00e9s\u0151bb, feln\u00f6veked\u00e9s\u00fcnk sor\u00e1n, alakulnak ki a korl\u00e1tozott emberi azonosul\u00e1saink. Ezeket a finomszinten az ego \u00e9s szuperego szimboliz\u00e1lja, amelyek a bal \u00e9s jobb szimpatikus idegrendszer v\u00e9g\u00e9nek felelnek meg, ezek lufikk\u00e9nt felf\u00faj\u00f3dnak, melyek bebor\u00edtj\u00e1k az agy bal \u00e9s jobb f\u00e9ltek\u00e9j\u00e9t, k\u00fcl\u00f6n\u00e1ll\u00f3 entit\u00e1sk\u00e9nt teljesen lefedve tudatunkat, ez\u00e1ltal az \u201e\u00e9n&#8221; (aham) tudata v\u00e1lik uralkod\u00f3v\u00e1.<\/p>\n\t<p>Az <a href=\"https:\/\/shrimataji.org\/test\/experience-your-self-realization\/\" target=\"_blank\" rel=\"noopener\"><u>\u00f6nmegval\u00f3sul\u00e1s<\/u><\/a> folyamata sor\u00e1n, amikor a <a href=\"https:\/\/shrimataji.org\/test\/kundalini\/\" target=\"_blank\" rel=\"noopener\"><u>Kundalini<\/u><\/a> a sz\u00edvbe emelkedik, megvil\u00e1gos\u00edtja az Atm\u00e1t (L\u00e9lek), \u00e9s elkezdj\u00fck \u00e9rezni az Atma velesz\u00fcletett min\u0151s\u00e9g\u00e9t, a l\u00e9tez\u00e9s tiszta \u00f6r\u00f6m\u00e9t. Amikor a Kundalini tov\u00e1bb emelkedik a <a href=\"https:\/\/shrimataji.org\/test\/sahasrara-chakra\/\" target=\"_blank\" rel=\"noopener\">Sahasrara csakr\u00e1ba<\/a>, a fej\u00fcnk tetej\u00e9n, a kutacsokn\u00e1l tal\u00e1lhat\u00f3 legmagasabb energiak\u00f6zpontba, egy\u00e9ni Atm\u00e1nk \u00f6sszekapcsol\u00f3dik a mindent \u00e1that\u00f3 univerz\u00e1lis er\u0151vel, \u00e9s el\u00e1raszt minket az \u00f6nmagunkkal \u00e9s az univerzumot \u00e1that\u00f3 er\u0151vel val\u00f3 eggy\u00e9 v\u00e1l\u00e1s boldogs\u00e1ga. Ennek az \u00f6r\u00f6mnek m\u00e1r a leghalv\u00e1nyabb \u00e9rz\u00e9kel\u00e9se is (amit akkor \u00e9rezhet\u00fcnk, amikor a Kundalini n\u00e9h\u00e1ny sz\u00e1la a fej\u00fcnk f\u00f6l\u00e9 emelkedik) vez\u00e9rcsillagk\u00e9nt szolg\u00e1lhat spiritu\u00e1lis utunkon. Amint meg\u00e9rezz\u00fck ezt az \u00f6r\u00f6m\u00f6t, nem akarjuk elvesz\u00edteni, \u00e9s automatikusan tart\u00f3zkodunk azokt\u00f3l a szeml\u00e9letekt\u0151l \u00e9s viselked\u00e9sekt\u0151l, amelyek k\u00e1rosak annak fenntart\u00e1s\u00e1ra \u00e9s n\u00f6veked\u00e9s\u00e9re. Ez\u00e9rt a Sahaja J\u00f3g\u00e1ban nagyon kev\u00e9s szab\u00e1ly van, \u00e9s nincsenek \u00fagynevezett dogm\u00e1k.<\/p>\n<figure itemscope itemtype=\"https:\/\/schema.org\/ImageObject\">\n\t\t\t\t<img decoding=\"async\" src=\"https:\/\/shrimataji.org\/test\/wp-content\/uploads\/2023\/02\/GISELE_MOURA_HAF_10DEZ2022__14-scaled.jpg\" alt=\"GISELE_MOURA_HAF_10DEZ2022__14\" height=\"1918\" width=\"2560\" title=\"GISELE_MOURA_HAF_10DEZ2022__14\" onerror=\"this.style.display='none'\" loading=\"lazy\" \/>\n\t<\/figure>\n\t<div class=\"su-quote su-quote-style-default\"><div class=\"su-quote-inner su-u-clearfix su-u-trim\">Akkor tudnunk kell, hogy mi magunk vagyunk a b\u00e9ke, mert a L\u00e9lek a b\u00e9ke forr\u00e1sa. Amint a L\u00e9lekk\u00e9 v\u00e1lunk, az a figyelm\u00fcnkbe ker\u00fcl, \u00e9s nagyon b\u00e9k\u00e9s emberr\u00e9 v\u00e1lunk. Olyan, mint amikor a perif\u00e9ri\u00e1n lenn\u00e9nk, mint a ker\u00e9ken: ha a sz\u00e9l\u00e9n vagyunk, folyamatosan mozgunk, de a ker\u00e9k tengelye abszol\u00fat b\u00e9k\u00e9s. Teh\u00e1t, mintha a k\u00f6z\u00e9ppontunkba ugran\u00e1nk, onnan l\u00e1tni fogjuk a ker\u00e9k minden mozg\u00e1s\u00e1t, de a k\u00f6z\u00e9ppontban vagyunk, \u00e9s semmi sem zavar minket. L\u00e1thatjuk, hogy a probl\u00e9m\u00e1kat nagyon k\u00f6nny\u0171 kezelni.<\/div><\/div>\n\t\t<img decoding=\"async\" data-spai-excluded=\"true\" loading=\"lazy\"  alt=\"YouTube player\"  src=\"https:\/\/i.ytimg.com\/vi\/8-7C4nLmAI4\/maxresdefault.jpg\"  \/><button aria-label=\"Play\"><\/button><meta itemprop=\"embedUrl\" content=\"https:\/\/www.youtube.com\/embed\/8-7C4nLmAI4\"\/><meta itemprop=\"name\" content=\"The nature of the Spirit\"\/><meta itemprop=\"description\" content=\"YouTube video\"\/><meta itemprop=\"thumbnailUrl\" content=\"https:\/\/i.ytimg.com\/vi\/8-7C4nLmAI4\/0.jpg\"\/><meta itemprop=\"duration\" content=\"PT1M54S\"\/><meta itemprop=\"uploadDate\" content=\"2022-11-12T03:25:59Z\"\/>\t\n\t<p>Adi Shankaracharya, India egyik neves spiritu\u00e1lis mestere, az \u201eAtma Shatakam&#8221; gy\u00f6ny\u00f6r\u0171 verseiben \u00f6r\u00f6k boldogs\u00e1gk\u00e9nt \u00edrja le a kollekt\u00edv l\u00e9ny sz\u00edv\u00fcnkben t\u00fckr\u00f6z\u0151d\u0151 abszol\u00fat tudatoss\u00e1g\u00e1nak \u00e1llapot\u00e1t.<\/p>\n\t<p><em>&#8220;Manobuddhyahamkar. Chittani Na Aham<\/em><\/p>\n<p><em>\u00c9n nem vagyok sem intelligencia, sem elme, sem figyelem, sem ego.<\/em><\/p>\n<p><em>Na cha Shrotr. Jihve, Na cha ghraan Netreghraan Netre<\/em><\/p>\n<p><em>\u00c9n nem vagyok sem a hall\u00e1s, sem az \u00edzlel\u00e9s, a szagl\u00e1s vagy a l\u00e1t\u00e1s szerve.<\/em><\/p>\n<p><em>Na cha vyom. Bhumir Na Tejo Na Vayu<\/em><\/p>\n<p><em>\u00c9n nem vagyok sem az \u00c9g, sem a F\u00f6ld, sem a T\u0171z, sem a Leveg\u0151.<\/em><\/p>\n<p><em>Chidanand. Rupah., Shivo.ham, Shivo.ham<\/em><\/p>\n<p><em>\u00c9n vagyok az \u00f6r\u00f6k boldogs\u00e1g \u00e9s tudatoss\u00e1g, \u00e9n vagyok Shiva, \u00e9n vagyok Shiva &#8220;<\/em><\/p>\n\t<div class=\"su-quote su-quote-style-default\"><div class=\"su-quote-inner su-u-clearfix su-u-trim\">Az igazs\u00e1g az, hogy te nem ez a test vagy, te nem ez az \u00e9rtelem vagy, te nem az \u00e9rzelmek vagy, hanem a L\u00e9lek vagy.<\/div><\/div>\n\n","protected":false},"excerpt":{"rendered":"<p>A L\u00e9lek \u00c9n\u00fcnk \u00f6r\u00f6k r\u00e9sze Az emberi magzat fejl\u0151d\u00e9s\u00e9nek egy nagyon korai szakasz\u00e1ban az Atma (szanszkrit sz\u00f3, jelent\u00e9se \u00f6r\u00f6k L\u00e9lek) el\u0151sz\u00f6r bel\u00e9p a magzat sz\u00edv\u00e9be, amely ekkor l\u00fcktetni kezd. Biol\u00f3giailag a sz\u00edv\u00fcnk az embri\u00f3 feje k\u00f6zel\u00e9ben, a kardiog\u00e9n ter\u00fcleten fejl\u0151dik ki, majd k\u00e9s\u0151bb, test\u00fcnk fejl\u0151d\u00e9s\u00e9vel lefel\u00e9 v\u00e1ndorol a mellkasba. Az Atma a sz\u00edvben lakozik, mint&hellip; <br \/> <a class=\"read-more\" href=\"https:\/\/shrimataji.org\/test\/hu\/atma\/\">Read more<\/a><\/p>\n","protected":false},"author":1,"featured_media":19166,"parent":0,"menu_order":0,"comment_status":"closed","ping_status":"closed","template":"","meta":{"inline_featured_image":false,"footnotes":""},"class_list":["post-19440","page","type-page","status-publish","has-post-thumbnail","hentry"],"yoast_head":"<!-- This site is optimized with the Yoast SEO plugin v27.4 - https:\/\/yoast.com\/product\/yoast-seo-wordpress\/ -->\n<title>A L\u00e9lek - TEST - SMND<\/title>\n<meta name=\"robots\" content=\"noindex, follow, max-snippet:-1, max-image-preview:large, max-video-preview:-1\" \/>\n<meta property=\"og:locale\" content=\"en_US\" \/>\n<meta property=\"og:type\" content=\"article\" \/>\n<meta property=\"og:title\" content=\"A L\u00e9lek - TEST - SMND\" \/>\n<meta property=\"og:description\" content=\"A L\u00e9lek \u00c9n\u00fcnk \u00f6r\u00f6k r\u00e9sze Az emberi magzat fejl\u0151d\u00e9s\u00e9nek egy nagyon korai szakasz\u00e1ban az Atma (szanszkrit sz\u00f3, jelent\u00e9se \u00f6r\u00f6k L\u00e9lek) el\u0151sz\u00f6r bel\u00e9p a magzat sz\u00edv\u00e9be, amely ekkor l\u00fcktetni kezd. Biol\u00f3giailag a sz\u00edv\u00fcnk az embri\u00f3 feje k\u00f6zel\u00e9ben, a kardiog\u00e9n ter\u00fcleten fejl\u0151dik ki, majd k\u00e9s\u0151bb, test\u00fcnk fejl\u0151d\u00e9s\u00e9vel lefel\u00e9 v\u00e1ndorol a mellkasba. Az Atma a sz\u00edvben lakozik, mint&hellip; Read more\" \/>\n<meta property=\"og:url\" content=\"https:\/\/shrimataji.org\/test\/hu\/atma\/\" \/>\n<meta property=\"og:site_name\" content=\"TEST - SMND\" \/>\n<meta property=\"article:publisher\" content=\"https:\/\/www.facebook.com\/shrimataji\" \/>\n<meta property=\"article:modified_time\" content=\"2026-04-18T14:29:03+00:00\" \/>\n<meta property=\"og:image\" content=\"https:\/\/shrimataji.org\/test\/wp-content\/uploads\/2023\/03\/8_Banner-SY-Atma-scaled.jpg\" \/>\n\t<meta property=\"og:image:width\" content=\"2560\" \/>\n\t<meta property=\"og:image:height\" content=\"905\" \/>\n\t<meta property=\"og:image:type\" content=\"image\/jpeg\" \/>\n<meta name=\"twitter:card\" content=\"summary_large_image\" \/>\n<meta name=\"twitter:site\" content=\"@shrimataji\" \/>\n<meta name=\"twitter:label1\" content=\"Est. reading time\" \/>\n\t<meta name=\"twitter:data1\" content=\"4 minutes\" \/>\n<script type=\"application\/ld+json\" class=\"yoast-schema-graph\">{\"@context\":\"https:\\\/\\\/schema.org\",\"@graph\":[{\"@type\":\"WebPage\",\"@id\":\"https:\\\/\\\/shrimataji.org\\\/test\\\/hu\\\/atma\\\/\",\"url\":\"https:\\\/\\\/shrimataji.org\\\/test\\\/hu\\\/atma\\\/\",\"name\":\"A L\u00e9lek - TEST - SMND\",\"isPartOf\":{\"@id\":\"https:\\\/\\\/shrimataji.org\\\/test\\\/#website\"},\"primaryImageOfPage\":{\"@id\":\"https:\\\/\\\/shrimataji.org\\\/test\\\/hu\\\/atma\\\/#primaryimage\"},\"image\":{\"@id\":\"https:\\\/\\\/shrimataji.org\\\/test\\\/hu\\\/atma\\\/#primaryimage\"},\"thumbnailUrl\":\"https:\\\/\\\/shrimataji.org\\\/test\\\/wp-content\\\/uploads\\\/2023\\\/03\\\/8_Banner-SY-Atma-scaled.jpg\",\"datePublished\":\"2022-01-29T10:07:35+00:00\",\"dateModified\":\"2026-04-18T14:29:03+00:00\",\"breadcrumb\":{\"@id\":\"https:\\\/\\\/shrimataji.org\\\/test\\\/hu\\\/atma\\\/#breadcrumb\"},\"inLanguage\":\"en-US\",\"potentialAction\":[{\"@type\":\"ReadAction\",\"target\":[\"https:\\\/\\\/shrimataji.org\\\/test\\\/hu\\\/atma\\\/\"]}]},{\"@type\":\"ImageObject\",\"inLanguage\":\"en-US\",\"@id\":\"https:\\\/\\\/shrimataji.org\\\/test\\\/hu\\\/atma\\\/#primaryimage\",\"url\":\"https:\\\/\\\/shrimataji.org\\\/test\\\/wp-content\\\/uploads\\\/2023\\\/03\\\/8_Banner-SY-Atma-scaled.jpg\",\"contentUrl\":\"https:\\\/\\\/shrimataji.org\\\/test\\\/wp-content\\\/uploads\\\/2023\\\/03\\\/8_Banner-SY-Atma-scaled.jpg\",\"width\":2560,\"height\":905},{\"@type\":\"BreadcrumbList\",\"@id\":\"https:\\\/\\\/shrimataji.org\\\/test\\\/hu\\\/atma\\\/#breadcrumb\",\"itemListElement\":[{\"@type\":\"ListItem\",\"position\":1,\"name\":\"Home\",\"item\":\"https:\\\/\\\/shrimataji.org\\\/test\\\/uk\\\/home-en\\\/\"},{\"@type\":\"ListItem\",\"position\":2,\"name\":\"A L\u00e9lek\"}]},{\"@type\":\"WebSite\",\"@id\":\"https:\\\/\\\/shrimataji.org\\\/test\\\/#website\",\"url\":\"https:\\\/\\\/shrimataji.org\\\/test\\\/\",\"name\":\"Shri Mataji Nirmala Devi\",\"description\":\"A Life Dedicated to Humanity\",\"publisher\":{\"@id\":\"https:\\\/\\\/shrimataji.org\\\/test\\\/#\\\/schema\\\/person\\\/a1b3419c6585f164aa96da1ff85715d1\"},\"potentialAction\":[{\"@type\":\"SearchAction\",\"target\":{\"@type\":\"EntryPoint\",\"urlTemplate\":\"https:\\\/\\\/shrimataji.org\\\/test\\\/?s={search_term_string}\"},\"query-input\":{\"@type\":\"PropertyValueSpecification\",\"valueRequired\":true,\"valueName\":\"search_term_string\"}}],\"inLanguage\":\"en-US\"},{\"@type\":[\"Person\",\"Organization\"],\"@id\":\"https:\\\/\\\/shrimataji.org\\\/test\\\/#\\\/schema\\\/person\\\/a1b3419c6585f164aa96da1ff85715d1\",\"name\":\"Nirmala Shrivastava\",\"image\":{\"@type\":\"ImageObject\",\"inLanguage\":\"en-US\",\"@id\":\"https:\\\/\\\/shrimataji.org\\\/test\\\/wp-content\\\/uploads\\\/2023\\\/02\\\/SMO_LOGO-03.svg\",\"url\":\"https:\\\/\\\/shrimataji.org\\\/test\\\/wp-content\\\/uploads\\\/2023\\\/02\\\/SMO_LOGO-03.svg\",\"contentUrl\":\"https:\\\/\\\/shrimataji.org\\\/test\\\/wp-content\\\/uploads\\\/2023\\\/02\\\/SMO_LOGO-03.svg\",\"width\":\"1024\",\"height\":\"1024\",\"caption\":\"Nirmala Shrivastava\"},\"logo\":{\"@id\":\"https:\\\/\\\/shrimataji.org\\\/test\\\/wp-content\\\/uploads\\\/2023\\\/02\\\/SMO_LOGO-03.svg\"},\"sameAs\":[\"https:\\\/\\\/shrimataji.org\\\/test\",\"https:\\\/\\\/www.facebook.com\\\/shrimataji\",\"https:\\\/\\\/x.com\\\/shrimataji\",\"https:\\\/\\\/www.youtube.com\\\/@Shri_Mataji_Nirmala_Devi\\\/featured\"]}]}<\/script>\n<!-- \/ Yoast SEO plugin. -->","yoast_head_json":{"title":"A L\u00e9lek - TEST - SMND","robots":{"index":"noindex","follow":"follow","max-snippet":"max-snippet:-1","max-image-preview":"max-image-preview:large","max-video-preview":"max-video-preview:-1"},"og_locale":"en_US","og_type":"article","og_title":"A L\u00e9lek - TEST - SMND","og_description":"A L\u00e9lek \u00c9n\u00fcnk \u00f6r\u00f6k r\u00e9sze Az emberi magzat fejl\u0151d\u00e9s\u00e9nek egy nagyon korai szakasz\u00e1ban az Atma (szanszkrit sz\u00f3, jelent\u00e9se \u00f6r\u00f6k L\u00e9lek) el\u0151sz\u00f6r bel\u00e9p a magzat sz\u00edv\u00e9be, amely ekkor l\u00fcktetni kezd. Biol\u00f3giailag a sz\u00edv\u00fcnk az embri\u00f3 feje k\u00f6zel\u00e9ben, a kardiog\u00e9n ter\u00fcleten fejl\u0151dik ki, majd k\u00e9s\u0151bb, test\u00fcnk fejl\u0151d\u00e9s\u00e9vel lefel\u00e9 v\u00e1ndorol a mellkasba. Az Atma a sz\u00edvben lakozik, mint&hellip; Read more","og_url":"https:\/\/shrimataji.org\/test\/hu\/atma\/","og_site_name":"TEST - SMND","article_publisher":"https:\/\/www.facebook.com\/shrimataji","article_modified_time":"2026-04-18T14:29:03+00:00","og_image":[{"width":2560,"height":905,"url":"https:\/\/shrimataji.org\/test\/wp-content\/uploads\/2023\/03\/8_Banner-SY-Atma-scaled.jpg","type":"image\/jpeg"}],"twitter_card":"summary_large_image","twitter_site":"@shrimataji","twitter_misc":{"Est. reading time":"4 minutes"},"schema":{"@context":"https:\/\/schema.org","@graph":[{"@type":"WebPage","@id":"https:\/\/shrimataji.org\/test\/hu\/atma\/","url":"https:\/\/shrimataji.org\/test\/hu\/atma\/","name":"A L\u00e9lek - TEST - SMND","isPartOf":{"@id":"https:\/\/shrimataji.org\/test\/#website"},"primaryImageOfPage":{"@id":"https:\/\/shrimataji.org\/test\/hu\/atma\/#primaryimage"},"image":{"@id":"https:\/\/shrimataji.org\/test\/hu\/atma\/#primaryimage"},"thumbnailUrl":"https:\/\/shrimataji.org\/test\/wp-content\/uploads\/2023\/03\/8_Banner-SY-Atma-scaled.jpg","datePublished":"2022-01-29T10:07:35+00:00","dateModified":"2026-04-18T14:29:03+00:00","breadcrumb":{"@id":"https:\/\/shrimataji.org\/test\/hu\/atma\/#breadcrumb"},"inLanguage":"en-US","potentialAction":[{"@type":"ReadAction","target":["https:\/\/shrimataji.org\/test\/hu\/atma\/"]}]},{"@type":"ImageObject","inLanguage":"en-US","@id":"https:\/\/shrimataji.org\/test\/hu\/atma\/#primaryimage","url":"https:\/\/shrimataji.org\/test\/wp-content\/uploads\/2023\/03\/8_Banner-SY-Atma-scaled.jpg","contentUrl":"https:\/\/shrimataji.org\/test\/wp-content\/uploads\/2023\/03\/8_Banner-SY-Atma-scaled.jpg","width":2560,"height":905},{"@type":"BreadcrumbList","@id":"https:\/\/shrimataji.org\/test\/hu\/atma\/#breadcrumb","itemListElement":[{"@type":"ListItem","position":1,"name":"Home","item":"https:\/\/shrimataji.org\/test\/uk\/home-en\/"},{"@type":"ListItem","position":2,"name":"A L\u00e9lek"}]},{"@type":"WebSite","@id":"https:\/\/shrimataji.org\/test\/#website","url":"https:\/\/shrimataji.org\/test\/","name":"Shri Mataji Nirmala Devi","description":"A Life Dedicated to Humanity","publisher":{"@id":"https:\/\/shrimataji.org\/test\/#\/schema\/person\/a1b3419c6585f164aa96da1ff85715d1"},"potentialAction":[{"@type":"SearchAction","target":{"@type":"EntryPoint","urlTemplate":"https:\/\/shrimataji.org\/test\/?s={search_term_string}"},"query-input":{"@type":"PropertyValueSpecification","valueRequired":true,"valueName":"search_term_string"}}],"inLanguage":"en-US"},{"@type":["Person","Organization"],"@id":"https:\/\/shrimataji.org\/test\/#\/schema\/person\/a1b3419c6585f164aa96da1ff85715d1","name":"Nirmala Shrivastava","image":{"@type":"ImageObject","inLanguage":"en-US","@id":"https:\/\/shrimataji.org\/test\/wp-content\/uploads\/2023\/02\/SMO_LOGO-03.svg","url":"https:\/\/shrimataji.org\/test\/wp-content\/uploads\/2023\/02\/SMO_LOGO-03.svg","contentUrl":"https:\/\/shrimataji.org\/test\/wp-content\/uploads\/2023\/02\/SMO_LOGO-03.svg","width":"1024","height":"1024","caption":"Nirmala Shrivastava"},"logo":{"@id":"https:\/\/shrimataji.org\/test\/wp-content\/uploads\/2023\/02\/SMO_LOGO-03.svg"},"sameAs":["https:\/\/shrimataji.org\/test","https:\/\/www.facebook.com\/shrimataji","https:\/\/x.com\/shrimataji","https:\/\/www.youtube.com\/@Shri_Mataji_Nirmala_Devi\/featured"]}]}},"lang":"hu","translations":{"hu":19440,"ur":37394,"en":6397,"am":17965,"th":19892,"sq":18366,"zh":17263,"hi":7360,"tr":10135,"pt":10352,"de":10625,"fr":10723,"it":10821,"es":10919,"ja":11216,"ru":11404,"bn":11596,"te":11704,"sw":11827,"he":11975,"el":12266,"sk":12364,"fa":12462,"fi":12560,"bg":13393,"ro":14467,"cs":14660,"nl":16526,"ku":16686,"ar":16862,"be":18573,"kn":18847,"mr":20256,"uk":20548,"ml":20847,"ta":22681,"sv":22954,"gu":28802,"pa":28960,"fil":29400,"da":37708,"pl":37925,"nn":38260},"pll_sync_post":[],"_links":{"self":[{"href":"https:\/\/shrimataji.org\/test\/wp-json\/wp\/v2\/pages\/19440","targetHints":{"allow":["GET"]}}],"collection":[{"href":"https:\/\/shrimataji.org\/test\/wp-json\/wp\/v2\/pages"}],"about":[{"href":"https:\/\/shrimataji.org\/test\/wp-json\/wp\/v2\/types\/page"}],"author":[{"embeddable":true,"href":"https:\/\/shrimataji.org\/test\/wp-json\/wp\/v2\/users\/1"}],"replies":[{"embeddable":true,"href":"https:\/\/shrimataji.org\/test\/wp-json\/wp\/v2\/comments?post=19440"}],"version-history":[{"count":0,"href":"https:\/\/shrimataji.org\/test\/wp-json\/wp\/v2\/pages\/19440\/revisions"}],"wp:featuredmedia":[{"embeddable":true,"href":"https:\/\/shrimataji.org\/test\/wp-json\/wp\/v2\/media\/19166"}],"wp:attachment":[{"href":"https:\/\/shrimataji.org\/test\/wp-json\/wp\/v2\/media?parent=19440"}],"curies":[{"name":"wp","href":"https:\/\/api.w.org\/{rel}","templated":true}]}}