{"id":19450,"date":"2018-07-10T06:54:46","date_gmt":"2018-07-10T06:54:46","guid":{"rendered":"http:\/\/testwordpress.nirmalnagari.org\/smnd\/index.php\/college-years\/"},"modified":"2026-04-21T18:39:18","modified_gmt":"2026-04-21T18:39:18","slug":"college-years","status":"publish","type":"page","link":"https:\/\/shrimataji.org\/test\/hu\/college-years\/","title":{"rendered":"Egyetemi \u00e9vek"},"content":{"rendered":"\n\n\t<h1>Egyetemi \u00e9vek<\/h1>\n<h2>India f\u00fcggetlens\u00e9g\u00e9\u00e9rt folytatott k\u00fczdelem<\/h2>\n\t<div class=\"su-quote su-quote-style-default\"><div class=\"su-quote-inner su-u-clearfix su-u-trim\">Falvaid mez\u0151i dics\u0151s\u00e9gedr\u0151l \u00e9nekeltek, \u00e9s a v\u00e1rosok visszhangozt\u00e1k a dallamot<br \/>\n&#8211; Gy\u0151zelem Any\u00e1nak Indi\u00e1nak, gy\u0151zelem N\u00e9ked!\u00a0<\/div><\/div>\n\t<h4>1947. augusztus 15-\u00e9n \u00e9jf\u00e9lkor milli\u00f3k \u00fcnnepelt\u00e9k haz\u00e1juk szabads\u00e1g\u00e1t. India-szerte v\u00e1rosok \u00e9s falvak t\u0171zt\u00e9k fel a trikol\u00f3rt.<\/h4>\n<figure itemscope itemtype=\"https:\/\/schema.org\/ImageObject\">\n\t\t\t\t<img decoding=\"async\" src=\"https:\/\/shrimataji.org\/test\/wp-content\/uploads\/2018\/07\/media_originals\/images\/shri-mataji-portraits\/shri-mataji-nirmala-devi-portrait-13yrs-old.jpg\" alt=\"Shri Mataji, jeune fille\" height=\"1141\" width=\"850\" title=\"shri-mataji-nirmala-devi-portrait-13yrs-old\" onerror=\"this.style.display='none'\" loading=\"lazy\" \/>\n\t\t<figcaption>Shri Mataji fiatal n\u0151k\u00e9nt<\/figcaption>\n\t<\/figure>\n\t<p>\u201eL\u00e1ttam a Union Jacket lefel\u00e9 j\u00f6nni, \u00e9s l\u00e1ttam a Trikol\u00f3rt felh\u00fazni. Ez volt az a pillanat &#8211; ez meghalad engem,&#8221; &#8211; eml\u00e9kezett vissza Shri Mataji. \u201eNem tudom elmondani, mit \u00e9reztem abban a pillanatban &#8211; olyan \u00e9rz\u00e9st, hogy az igazs\u00e1g valahogy legy\u0151zte a hazugs\u00e1got. Az igazs\u00e1goss\u00e1g megmutatkozott az igazs\u00e1gtalans\u00e1g felett.&#8221;<\/p>\n<p>Az \u00e9vekig tart\u00f3 brit uralom ut\u00e1n a f\u00fcggetlens\u00e9g\u00e9rt folytatott k\u00fczdelem v\u00e9gre gy\u00fcm\u00f6lcs\u00f6t hozott, sz\u00e1mtalan polg\u00e1r b\u00e1tors\u00e1g\u00e1nak \u00e9s \u00e1ldozathozatal\u00e1nak k\u00f6sz\u00f6nhet\u0151en. \u201eH\u00e1ny ember hozott \u00e1ldozatot, h\u00e1ny m\u00e1rt\u00edr volt&#8221; &#8211; mondta.<\/p>\n<p>Csal\u00e1dja \u00e1ldozathozatala akkor kezd\u0151d\u00f6tt, amikor Shri Mataji mind\u00f6ssze nyolc\u00e9ves volt, amikor sz\u00fcleit b\u00f6rt\u00f6nbe z\u00e1rt\u00e1k a szabads\u00e1gharcban val\u00f3 r\u00e9szv\u00e9tel\u00fck\u00e9rt. Ilyen fiatalon mag\u00e1ra v\u00e1llalta fiatalabb testv\u00e9rei gondoz\u00e1s\u00e1nak felel\u0151ss\u00e9g\u00e9t. K\u00e9nyelmes otthonukb\u00f3l ki\u0171zve a csal\u00e1d sp\u00e1rtai \u00e9letm\u00f3dot folytatott: kis kunyh\u00f3kban \u00e9ltek, a f\u00f6ld\u00f6n aludtak, \u00e9s n\u00e9ha ennival\u00f3 n\u00e9lk\u00fcl maradtak. \u201eAz az \u00e9rz\u00e9s, hogy b\u00e1rmit is tesznek a sz\u00fcleink, az orsz\u00e1gunk szabads\u00e1g\u00e1\u00e9rt van, annyira felemel\u0151 volt&#8230; hogy soha nem gondoltunk azokra az apr\u00f3 k\u00e9nyelmekre, amiket a gyerekek k\u00e9rnek&#8221; &#8211; eml\u00e9kezett vissza Shri Mataji.<\/p>\n\t<p>M\u00edg a Lahore-i Kereszt\u00e9ny Orvosi F\u0151iskol\u00e1n tanult, Shri Mataji ifj\u00fas\u00e1gi vezet\u0151v\u00e9 v\u00e1lt, \u00e9s akt\u00edvan r\u00e9szt vett Mahatma Gandhi 1942-es \u201eHagyj\u00e1tok el Indi\u00e1t&#8221; mozgalm\u00e1ban. <a href=\"https:\/\/shrimataji.org\/test\/college-years\/#citation-note-1\">[1]<\/a>\u00a0Gyakran letart\u00f3ztatt\u00e1k, meg is k\u00ednozt\u00e1k, de ez nem befoly\u00e1solta elhat\u00e1roz\u00e1s\u00e1t, hogy r\u00e9szt vegyen India szabads\u00e1g\u00e1\u00e9rt folytatott k\u00fczdelemben.<\/p>\n<p>Ez id\u0151 alatt tal\u00e1lkozott egy agg\u00f3d\u00f3 indiai f\u00e9rfival, aki azt tan\u00e1csolta neki, hogy ne vegyen r\u00e9szt a \u201eHagyj\u00e1tok el Indi\u00e1t&#8221; mozgalomban, mivel az nagyon vesz\u00e9lyes lenne egy hozz\u00e1 hasonl\u00f3 fiatal n\u0151 sz\u00e1m\u00e1ra. A f\u00e9rfi azt mondta neki, hogy maradjon otthon \u00e9s legyen az anyj\u00e1val, de az apja hallani sem akart r\u00f3la. \u201eAp\u00e1m f\u00e9lreh\u00edvott&#8221; &#8211; eml\u00e9kezett vissza Shri Mataji. \u201eAzt mondta: \u00bbNe hallgass erre az \u00f6reg Johnnyra! Hogy mer ez az \u00f6regember ilyen ostobas\u00e1gokat mondani neked? Annyira b\u00fcszke vagyok r\u00e1d. Rem\u00e9lem, minden gyermekem olyan lesz, mint te.\u00ab&#8221;<\/p>\n\t<div class=\"epyt-video-wrapper\"><div  data-ep-a=\"fadeIn\"  style=\"display: block; margin: 0px auto;\"  id=\"_ytid_86954\"  width=\"3840\" height=\"2160\"  data-origwidth=\"3840\" data-origheight=\"2160\" data-facadesrc=\"https:\/\/www.youtube.com\/embed\/o43faH-pzzc?enablejsapi=1&autoplay=0&cc_load_policy=0&cc_lang_pref=&iv_load_policy=1&loop=0&rel=0&fs=1&playsinline=1&autohide=2&theme=dark&color=red&controls=1&disablekb=0&\" class=\"__youtube_prefs__ epyt-facade  no-lazyload\" data-epautoplay=\"1\" ><img decoding=\"async\" data-spai-excluded=\"true\" class=\"epyt-facade-poster skip-lazy\" loading=\"lazy\"  alt=\"YouTube player\"  src=\"https:\/\/i.ytimg.com\/vi\/o43faH-pzzc\/maxresdefault.jpg\"  \/><button class=\"epyt-facade-play\" aria-label=\"Play\"><svg data-no-lazy=\"1\" height=\"100%\" version=\"1.1\" viewBox=\"0 0 68 48\" width=\"100%\"><path class=\"ytp-large-play-button-bg\" d=\"M66.52,7.74c-0.78-2.93-2.49-5.41-5.42-6.19C55.79,.13,34,0,34,0S12.21,.13,6.9,1.55 C3.97,2.33,2.27,4.81,1.48,7.74C0.06,13.05,0,24,0,24s0.06,10.95,1.48,16.26c0.78,2.93,2.49,5.41,5.42,6.19 C12.21,47.87,34,48,34,48s21.79-0.13,27.1-1.55c2.93-0.78,4.64-3.26,5.42-6.19C67.94,34.95,68,24,68,24S67.94,13.05,66.52,7.74z\" fill=\"#f00\"><\/path><path d=\"M 45,24 27,14 27,34\" fill=\"#fff\"><\/path><\/svg><\/button><\/div><\/div><span itemprop=\"video\" itemscope itemtype=\"http:\/\/schema.org\/VideoObject\"><meta itemprop=\"embedUrl\" content=\"https:\/\/www.youtube.com\/embed\/o43faH-pzzc\"><meta itemprop=\"name\" content=\"India&#039;s Freedom And Independence\"><meta itemprop=\"description\" content=\"Shri Mataji remembers her family&#039;s role in the struggle for Indian independence. Sacrifices were made for the sake of political freedom, as Mahatma Gandhi, with a special charm, transformed the people into a new personality. Indians felt themselves to be no longer helpless individuals, but a part of something great. From this political struggle, we can today learn how to attain the freedom of our spirit. More videos at: http:\/\/ShriMataji.org ~ A Life Dedicated to Humanity ~\"><meta itemprop=\"thumbnailUrl\" content=\"https:\/\/i.ytimg.com\/vi\/o43faH-pzzc\/0.jpg\"><meta itemprop=\"duration\" content=\"PT3M52S\"><meta itemprop=\"uploadDate\" content=\"2020-07-20T00:28:05Z\"><\/span>\n\t<p>India val\u00f3ban szabadd\u00e1 v\u00e1lt, b\u00e1r a brit \u201eoszd meg \u00e9s uralkodj&#8221; politika nyomot hagyott, ami v\u00e9g\u00fcl h\u00e1rom k\u00fcl\u00f6n\u00e1ll\u00f3 orsz\u00e1g &#8211; India, Pakiszt\u00e1n \u00e9s Banglades &#8211; l\u00e9trej\u00f6tt\u00e9t eredm\u00e9nyezte. A f\u00fcggetlens\u00e9get k\u00f6vet\u0151 z\u0171rzavar idej\u00e9n, a saj\u00e1t \u00e9let\u00e9t fenyeget\u0151 k\u00f6zvetlen vesz\u00e9ly ellen\u00e9re, Shri Mataji megnyitotta otthon\u00e1t egy mened\u00e9ket keres\u0151 muszlim csal\u00e1d el\u0151tt. Soha sem k\u00fcl\u00f6nb\u00f6ztetett meg h\u00e1tr\u00e1nyosan senkit, vall\u00e1sa vagy h\u00e1ttere miatt, mindenkor \u00f6szt\u00f6n\u00f6zte az integr\u00e1ci\u00f3t.<\/p>\n\t<div class=\"su-quote su-quote-style-default\"><div class=\"su-quote-inner su-u-clearfix su-u-trim\">\u00dagy kell szeretned a haz\u00e1dat, hogy egy napon mindannyiunknak egy vil\u00e1gunk lesz. <\/div><\/div>\n\t\t<iframe loading=\"lazy\" title=\"Her Studies, Indian Independence, Gandhi\" width=\"1440\" height=\"1080\" src=\"https:\/\/www.youtube.com\/embed\/R3BuPaDgo4c?feature=oembed\" frameborder=\"0\" allow=\"accelerometer; autoplay; clipboard-write; encrypted-media; gyroscope; picture-in-picture; web-share\" allowfullscreen><\/iframe>\t\n\t\t<iframe loading=\"lazy\" title=\"Independence And Education\" width=\"1440\" height=\"1080\" src=\"https:\/\/www.youtube.com\/embed\/6zp6ERRkSy8?feature=oembed\" frameborder=\"0\" allow=\"accelerometer; autoplay; clipboard-write; encrypted-media; gyroscope; picture-in-picture; web-share\" allowfullscreen><\/iframe> \t\n\t<hr \/>\n<h3>1. <a href=\"#citation-ref-1\">^<\/a><a name=\"citation-note-1\"><\/a> MK Gandhi \u00e9s az Indiai Nemzeti Kongresszus \u00e1ltal 1942 augusztus\u00e1ban ind\u00edtott polg\u00e1ri engedetlens\u00e9gi mozgalom, amely hat\u00e1rozott, de passz\u00edv ellen\u00e1ll\u00e1st k\u00f6vetelt a brit uralommal szemben, valamint k\u00f6vetelte \u201erendezett brit kivonul\u00e1st&#8221; Indi\u00e1b\u00f3l (Wikip\u00e9dia, szabad enciklop\u00e9dia).<\/h3>\n\n","protected":false},"excerpt":{"rendered":"<p>Egyetemi \u00e9vek India f\u00fcggetlens\u00e9g\u00e9\u00e9rt folytatott k\u00fczdelem 1947. augusztus 15-\u00e9n \u00e9jf\u00e9lkor milli\u00f3k \u00fcnnepelt\u00e9k haz\u00e1juk szabads\u00e1g\u00e1t. India-szerte v\u00e1rosok \u00e9s falvak t\u0171zt\u00e9k fel a trikol\u00f3rt. Shri Mataji fiatal n\u0151k\u00e9nt \u201eL\u00e1ttam a Union Jacket lefel\u00e9 j\u00f6nni, \u00e9s l\u00e1ttam a Trikol\u00f3rt felh\u00fazni. Ez volt az a pillanat &#8211; ez meghalad engem,&#8221; &#8211; eml\u00e9kezett vissza Shri Mataji. \u201eNem tudom elmondani, mit&hellip; <br \/> <a class=\"read-more\" href=\"https:\/\/shrimataji.org\/test\/hu\/college-years\/\">Read more<\/a><\/p>\n","protected":false},"author":1,"featured_media":19182,"parent":0,"menu_order":0,"comment_status":"closed","ping_status":"closed","template":"","meta":{"inline_featured_image":false,"footnotes":""},"class_list":["post-19450","page","type-page","status-publish","has-post-thumbnail","hentry"],"yoast_head":"<!-- This site is optimized with the Yoast SEO plugin v27.4 - https:\/\/yoast.com\/product\/yoast-seo-wordpress\/ -->\n<title>Egyetemi \u00e9vek - TEST - SMND<\/title>\n<meta name=\"robots\" content=\"noindex, follow, max-snippet:-1, max-image-preview:large, max-video-preview:-1\" \/>\n<meta property=\"og:locale\" content=\"en_US\" \/>\n<meta property=\"og:type\" content=\"article\" \/>\n<meta property=\"og:title\" content=\"Egyetemi \u00e9vek - TEST - SMND\" \/>\n<meta property=\"og:description\" content=\"Egyetemi \u00e9vek India f\u00fcggetlens\u00e9g\u00e9\u00e9rt folytatott k\u00fczdelem 1947. augusztus 15-\u00e9n \u00e9jf\u00e9lkor milli\u00f3k \u00fcnnepelt\u00e9k haz\u00e1juk szabads\u00e1g\u00e1t. India-szerte v\u00e1rosok \u00e9s falvak t\u0171zt\u00e9k fel a trikol\u00f3rt. Shri Mataji fiatal n\u0151k\u00e9nt \u201eL\u00e1ttam a Union Jacket lefel\u00e9 j\u00f6nni, \u00e9s l\u00e1ttam a Trikol\u00f3rt felh\u00fazni. Ez volt az a pillanat &#8211; ez meghalad engem,&#8221; &#8211; eml\u00e9kezett vissza Shri Mataji. \u201eNem tudom elmondani, mit&hellip; Read more\" \/>\n<meta property=\"og:url\" content=\"https:\/\/shrimataji.org\/test\/hu\/college-years\/\" \/>\n<meta property=\"og:site_name\" content=\"TEST - SMND\" \/>\n<meta property=\"article:publisher\" content=\"https:\/\/www.facebook.com\/shrimataji\" \/>\n<meta property=\"article:modified_time\" content=\"2026-04-21T18:39:18+00:00\" \/>\n<meta property=\"og:image\" content=\"https:\/\/shrimataji.org\/test\/wp-content\/uploads\/2023\/03\/2_Banner_EarlyLife-College-2-scaled.jpg\" \/>\n\t<meta property=\"og:image:width\" content=\"2560\" \/>\n\t<meta property=\"og:image:height\" content=\"905\" \/>\n\t<meta property=\"og:image:type\" content=\"image\/jpeg\" \/>\n<meta name=\"twitter:card\" content=\"summary_large_image\" \/>\n<meta name=\"twitter:site\" content=\"@shrimataji\" \/>\n<meta name=\"twitter:label1\" content=\"Est. reading time\" \/>\n\t<meta name=\"twitter:data1\" content=\"3 minutes\" \/>\n<script type=\"application\/ld+json\" class=\"yoast-schema-graph\">{\"@context\":\"https:\\\/\\\/schema.org\",\"@graph\":[{\"@type\":\"WebPage\",\"@id\":\"https:\\\/\\\/shrimataji.org\\\/test\\\/hu\\\/college-years\\\/\",\"url\":\"https:\\\/\\\/shrimataji.org\\\/test\\\/hu\\\/college-years\\\/\",\"name\":\"Egyetemi \u00e9vek - TEST - SMND\",\"isPartOf\":{\"@id\":\"https:\\\/\\\/shrimataji.org\\\/test\\\/#website\"},\"primaryImageOfPage\":{\"@id\":\"https:\\\/\\\/shrimataji.org\\\/test\\\/hu\\\/college-years\\\/#primaryimage\"},\"image\":{\"@id\":\"https:\\\/\\\/shrimataji.org\\\/test\\\/hu\\\/college-years\\\/#primaryimage\"},\"thumbnailUrl\":\"https:\\\/\\\/shrimataji.org\\\/test\\\/wp-content\\\/uploads\\\/2023\\\/03\\\/2_Banner_EarlyLife-College-2-scaled.jpg\",\"datePublished\":\"2018-07-10T06:54:46+00:00\",\"dateModified\":\"2026-04-21T18:39:18+00:00\",\"breadcrumb\":{\"@id\":\"https:\\\/\\\/shrimataji.org\\\/test\\\/hu\\\/college-years\\\/#breadcrumb\"},\"inLanguage\":\"en-US\",\"potentialAction\":[{\"@type\":\"ReadAction\",\"target\":[\"https:\\\/\\\/shrimataji.org\\\/test\\\/hu\\\/college-years\\\/\"]}]},{\"@type\":\"ImageObject\",\"inLanguage\":\"en-US\",\"@id\":\"https:\\\/\\\/shrimataji.org\\\/test\\\/hu\\\/college-years\\\/#primaryimage\",\"url\":\"https:\\\/\\\/shrimataji.org\\\/test\\\/wp-content\\\/uploads\\\/2023\\\/03\\\/2_Banner_EarlyLife-College-2-scaled.jpg\",\"contentUrl\":\"https:\\\/\\\/shrimataji.org\\\/test\\\/wp-content\\\/uploads\\\/2023\\\/03\\\/2_Banner_EarlyLife-College-2-scaled.jpg\",\"width\":2560,\"height\":905},{\"@type\":\"BreadcrumbList\",\"@id\":\"https:\\\/\\\/shrimataji.org\\\/test\\\/hu\\\/college-years\\\/#breadcrumb\",\"itemListElement\":[{\"@type\":\"ListItem\",\"position\":1,\"name\":\"Home\",\"item\":\"https:\\\/\\\/shrimataji.org\\\/test\\\/uk\\\/home-en\\\/\"},{\"@type\":\"ListItem\",\"position\":2,\"name\":\"Egyetemi \u00e9vek\"}]},{\"@type\":\"WebSite\",\"@id\":\"https:\\\/\\\/shrimataji.org\\\/test\\\/#website\",\"url\":\"https:\\\/\\\/shrimataji.org\\\/test\\\/\",\"name\":\"Shri Mataji Nirmala Devi\",\"description\":\"A Life Dedicated to Humanity\",\"publisher\":{\"@id\":\"https:\\\/\\\/shrimataji.org\\\/test\\\/#\\\/schema\\\/person\\\/a1b3419c6585f164aa96da1ff85715d1\"},\"potentialAction\":[{\"@type\":\"SearchAction\",\"target\":{\"@type\":\"EntryPoint\",\"urlTemplate\":\"https:\\\/\\\/shrimataji.org\\\/test\\\/?s={search_term_string}\"},\"query-input\":{\"@type\":\"PropertyValueSpecification\",\"valueRequired\":true,\"valueName\":\"search_term_string\"}}],\"inLanguage\":\"en-US\"},{\"@type\":[\"Person\",\"Organization\"],\"@id\":\"https:\\\/\\\/shrimataji.org\\\/test\\\/#\\\/schema\\\/person\\\/a1b3419c6585f164aa96da1ff85715d1\",\"name\":\"Nirmala Shrivastava\",\"image\":{\"@type\":\"ImageObject\",\"inLanguage\":\"en-US\",\"@id\":\"https:\\\/\\\/shrimataji.org\\\/test\\\/wp-content\\\/uploads\\\/2023\\\/02\\\/SMO_LOGO-03.svg\",\"url\":\"https:\\\/\\\/shrimataji.org\\\/test\\\/wp-content\\\/uploads\\\/2023\\\/02\\\/SMO_LOGO-03.svg\",\"contentUrl\":\"https:\\\/\\\/shrimataji.org\\\/test\\\/wp-content\\\/uploads\\\/2023\\\/02\\\/SMO_LOGO-03.svg\",\"width\":\"1024\",\"height\":\"1024\",\"caption\":\"Nirmala Shrivastava\"},\"logo\":{\"@id\":\"https:\\\/\\\/shrimataji.org\\\/test\\\/wp-content\\\/uploads\\\/2023\\\/02\\\/SMO_LOGO-03.svg\"},\"sameAs\":[\"https:\\\/\\\/shrimataji.org\\\/test\",\"https:\\\/\\\/www.facebook.com\\\/shrimataji\",\"https:\\\/\\\/x.com\\\/shrimataji\",\"https:\\\/\\\/www.youtube.com\\\/@Shri_Mataji_Nirmala_Devi\\\/featured\"]}]}<\/script>\n<!-- \/ Yoast SEO plugin. -->","yoast_head_json":{"title":"Egyetemi \u00e9vek - TEST - SMND","robots":{"index":"noindex","follow":"follow","max-snippet":"max-snippet:-1","max-image-preview":"max-image-preview:large","max-video-preview":"max-video-preview:-1"},"og_locale":"en_US","og_type":"article","og_title":"Egyetemi \u00e9vek - TEST - SMND","og_description":"Egyetemi \u00e9vek India f\u00fcggetlens\u00e9g\u00e9\u00e9rt folytatott k\u00fczdelem 1947. augusztus 15-\u00e9n \u00e9jf\u00e9lkor milli\u00f3k \u00fcnnepelt\u00e9k haz\u00e1juk szabads\u00e1g\u00e1t. India-szerte v\u00e1rosok \u00e9s falvak t\u0171zt\u00e9k fel a trikol\u00f3rt. Shri Mataji fiatal n\u0151k\u00e9nt \u201eL\u00e1ttam a Union Jacket lefel\u00e9 j\u00f6nni, \u00e9s l\u00e1ttam a Trikol\u00f3rt felh\u00fazni. Ez volt az a pillanat &#8211; ez meghalad engem,&#8221; &#8211; eml\u00e9kezett vissza Shri Mataji. \u201eNem tudom elmondani, mit&hellip; Read more","og_url":"https:\/\/shrimataji.org\/test\/hu\/college-years\/","og_site_name":"TEST - SMND","article_publisher":"https:\/\/www.facebook.com\/shrimataji","article_modified_time":"2026-04-21T18:39:18+00:00","og_image":[{"width":2560,"height":905,"url":"https:\/\/shrimataji.org\/test\/wp-content\/uploads\/2023\/03\/2_Banner_EarlyLife-College-2-scaled.jpg","type":"image\/jpeg"}],"twitter_card":"summary_large_image","twitter_site":"@shrimataji","twitter_misc":{"Est. reading time":"3 minutes"},"schema":{"@context":"https:\/\/schema.org","@graph":[{"@type":"WebPage","@id":"https:\/\/shrimataji.org\/test\/hu\/college-years\/","url":"https:\/\/shrimataji.org\/test\/hu\/college-years\/","name":"Egyetemi \u00e9vek - TEST - SMND","isPartOf":{"@id":"https:\/\/shrimataji.org\/test\/#website"},"primaryImageOfPage":{"@id":"https:\/\/shrimataji.org\/test\/hu\/college-years\/#primaryimage"},"image":{"@id":"https:\/\/shrimataji.org\/test\/hu\/college-years\/#primaryimage"},"thumbnailUrl":"https:\/\/shrimataji.org\/test\/wp-content\/uploads\/2023\/03\/2_Banner_EarlyLife-College-2-scaled.jpg","datePublished":"2018-07-10T06:54:46+00:00","dateModified":"2026-04-21T18:39:18+00:00","breadcrumb":{"@id":"https:\/\/shrimataji.org\/test\/hu\/college-years\/#breadcrumb"},"inLanguage":"en-US","potentialAction":[{"@type":"ReadAction","target":["https:\/\/shrimataji.org\/test\/hu\/college-years\/"]}]},{"@type":"ImageObject","inLanguage":"en-US","@id":"https:\/\/shrimataji.org\/test\/hu\/college-years\/#primaryimage","url":"https:\/\/shrimataji.org\/test\/wp-content\/uploads\/2023\/03\/2_Banner_EarlyLife-College-2-scaled.jpg","contentUrl":"https:\/\/shrimataji.org\/test\/wp-content\/uploads\/2023\/03\/2_Banner_EarlyLife-College-2-scaled.jpg","width":2560,"height":905},{"@type":"BreadcrumbList","@id":"https:\/\/shrimataji.org\/test\/hu\/college-years\/#breadcrumb","itemListElement":[{"@type":"ListItem","position":1,"name":"Home","item":"https:\/\/shrimataji.org\/test\/uk\/home-en\/"},{"@type":"ListItem","position":2,"name":"Egyetemi \u00e9vek"}]},{"@type":"WebSite","@id":"https:\/\/shrimataji.org\/test\/#website","url":"https:\/\/shrimataji.org\/test\/","name":"Shri Mataji Nirmala Devi","description":"A Life Dedicated to Humanity","publisher":{"@id":"https:\/\/shrimataji.org\/test\/#\/schema\/person\/a1b3419c6585f164aa96da1ff85715d1"},"potentialAction":[{"@type":"SearchAction","target":{"@type":"EntryPoint","urlTemplate":"https:\/\/shrimataji.org\/test\/?s={search_term_string}"},"query-input":{"@type":"PropertyValueSpecification","valueRequired":true,"valueName":"search_term_string"}}],"inLanguage":"en-US"},{"@type":["Person","Organization"],"@id":"https:\/\/shrimataji.org\/test\/#\/schema\/person\/a1b3419c6585f164aa96da1ff85715d1","name":"Nirmala Shrivastava","image":{"@type":"ImageObject","inLanguage":"en-US","@id":"https:\/\/shrimataji.org\/test\/wp-content\/uploads\/2023\/02\/SMO_LOGO-03.svg","url":"https:\/\/shrimataji.org\/test\/wp-content\/uploads\/2023\/02\/SMO_LOGO-03.svg","contentUrl":"https:\/\/shrimataji.org\/test\/wp-content\/uploads\/2023\/02\/SMO_LOGO-03.svg","width":"1024","height":"1024","caption":"Nirmala Shrivastava"},"logo":{"@id":"https:\/\/shrimataji.org\/test\/wp-content\/uploads\/2023\/02\/SMO_LOGO-03.svg"},"sameAs":["https:\/\/shrimataji.org\/test","https:\/\/www.facebook.com\/shrimataji","https:\/\/x.com\/shrimataji","https:\/\/www.youtube.com\/@Shri_Mataji_Nirmala_Devi\/featured"]}]}},"lang":"hu","translations":{"hu":19450,"ur":37404,"en":413,"am":17975,"th":19907,"sq":18376,"zh":17273,"hi":8384,"tr":10144,"pt":10357,"de":10631,"fr":10729,"it":10827,"es":10924,"ja":11221,"ru":11409,"bn":11601,"te":11709,"sw":11832,"he":11980,"el":12271,"sk":12369,"fa":12467,"fi":12565,"bg":13452,"ro":14526,"cs":14719,"nl":16536,"ku":16696,"ar":16872,"be":18583,"kn":18857,"mr":20271,"uk":20563,"ml":20862,"ta":22691,"sv":22964,"gu":28812,"pa":28970,"fil":29410,"da":37718,"pl":37935,"nn":38270},"pll_sync_post":[],"_links":{"self":[{"href":"https:\/\/shrimataji.org\/test\/wp-json\/wp\/v2\/pages\/19450","targetHints":{"allow":["GET"]}}],"collection":[{"href":"https:\/\/shrimataji.org\/test\/wp-json\/wp\/v2\/pages"}],"about":[{"href":"https:\/\/shrimataji.org\/test\/wp-json\/wp\/v2\/types\/page"}],"author":[{"embeddable":true,"href":"https:\/\/shrimataji.org\/test\/wp-json\/wp\/v2\/users\/1"}],"replies":[{"embeddable":true,"href":"https:\/\/shrimataji.org\/test\/wp-json\/wp\/v2\/comments?post=19450"}],"version-history":[{"count":0,"href":"https:\/\/shrimataji.org\/test\/wp-json\/wp\/v2\/pages\/19450\/revisions"}],"wp:featuredmedia":[{"embeddable":true,"href":"https:\/\/shrimataji.org\/test\/wp-json\/wp\/v2\/media\/19182"}],"wp:attachment":[{"href":"https:\/\/shrimataji.org\/test\/wp-json\/wp\/v2\/media?parent=19450"}],"curies":[{"name":"wp","href":"https:\/\/api.w.org\/{rel}","templated":true}]}}