{"id":19505,"date":"2022-01-29T10:17:23","date_gmt":"2022-01-29T10:17:23","guid":{"rendered":"https:\/\/test.shrimataji.org\/?page_id=6401"},"modified":"2026-04-21T18:48:33","modified_gmt":"2026-04-21T18:48:33","slug":"kundalini","status":"publish","type":"page","link":"https:\/\/shrimataji.org\/test\/hu\/kundalini\/","title":{"rendered":"Kundalini"},"content":{"rendered":"\n\n\t<h1>Kundalini<\/h1>\n<h2>A szeretet evol\u00faci\u00f3s ereje<\/h2>\n\t<div class=\"su-quote su-quote-style-default\"><div class=\"su-quote-inner su-u-clearfix su-u-trim\">L\u00e1ttam az \u0151si Kundalinit felemelkedni, olyan volt, mint egy \u00f3ri\u00e1si, de nagyon cs\u00f6ndes kemence, amely izzott \u00e9s \u00fagy n\u00e9zett ki, mintha valami f\u00e9met hev\u00edten\u00e9nek, aminek sok sz\u00edne volt. Ehhez hasonl\u00f3an n\u00e9zett ki a Kundalini, mint egy alag\u00fatszer\u0171 kemence, mint amilyenek az elektromos \u00e1ram termel\u00e9s\u00e9re szolg\u00e1l\u00f3 sz\u00e9ner\u0151m\u0171vek,- megny\u00falt, mint egy teleszk\u00f3p, kiny\u00edlt egyik a m\u00e1sik ut\u00e1n, \u00fagy mint a l\u00f6v\u00e9sek.<\/div><\/div>\n\t<h4>Shri Mataji bels\u0151 spiritu\u00e1lis tapasztalata a Kundalini fel\u00e9bred\u00e9s\u00e9r\u0151l \u00e9s annak bonyolult m\u0171k\u00f6d\u00e9s\u00e9r\u0151l a finomrendszer\u00fcnkben a Sahaja J\u00f3ga medit\u00e1ci\u00f3 alapj\u00e1v\u00e1 v\u00e1lt, amelyet \u0151 terjesztett el a vil\u00e1gban. A ter\u00fclet abszol\u00fat mesterek\u00e9nt \u00e9s tekint\u00e9lyek\u00e9nt r\u00e9szletesen le\u00edrja a Kundalini isteni term\u00e9szet\u00e9t \u00e9s azt, ahogyan a fejl\u0151d\u00e9s nagyon korai szakasz\u00e1ban bel\u00e9p a magzatba, \u00e9s azokat az okokat, amelyek miatt a szeretet eme hatalmas isteni ereje tiszteletben tartja szabads\u00e1gunkat, \u00e9s nem avatkozik bele szabad akaratunkba.<\/h4>\n<p>Csak a tiszta v\u00e1gyunk, hogy megtapasztaljuk az abszol\u00fat igazs\u00e1got, ind\u00edtja el ennek a spiritu\u00e1lis er\u0151nek az \u00e9bred\u00e9s\u00e9t a tudatoss\u00e1gunkban, \u00e9s vezet el \u00f6nmegval\u00f3sul\u00e1sunkhoz.<\/p>\n\t<p>Minden emberben a gerincoszlop alj\u00e1n, a keretsztcsontban lakik egy finom, n\u0151i archet\u00edpus\u00fa spiritu\u00e1lis energia. Ezt az anyai jelleg\u0171 energi\u00e1t szanszkrit\u00fcl Kundalininek nevezik, ami csavarulatot jelent, mivel ez az energia h\u00e1rom \u00e9s f\u00e9l fordulatban feltekeredett \u00e1llapotban van fel\u00e9breszt\u00e9se el\u0151tt. Amikor a Kundalini fel\u00e9bred, felemelkedik a gerincvel\u0151ben, \u00e9s \u00e1thalad energiak\u00f6zpontjainkon &#8211; <a href=\"https:\/\/shrimataji.org\/test\/chakras-qualities\/\"><u>Csakr\u00e1k<\/u><\/a>\u00a0-, \u00e9s a kutacs ter\u00fclet\u00e9n l\u00e9p ki, ott ahol a csecsem\u0151k feje puha. Azt, amikor a Kundalini \u00e1thalad ezen a ter\u00fcleten, egy gyeng\u00e9d, h\u0171v\u00f6s szell\u0151k\u00e9nt tapasztaljuk meg, mintha egy sz\u00f6k\u0151k\u00fatb\u00f3l j\u00f6nne. \u00c9rdekes m\u00f3don a fontanel n\u00e9v a r\u00e9gi francia fontanelle sz\u00f3b\u00f3l sz\u00e1rmazik, ami &#8220;kis sz\u00f6k\u0151kutat&#8221; jelent.<\/p>\n<p>A Kundalini nem m\u00e1s, mint az isteni szeretet \u00f6r\u00f6k erej\u00e9nek t\u00fckr\u00f6z\u0151d\u00e9se, ami minden teremt\u00e9s forr\u00e1sa. Ez az egyetemes er\u0151 gondolkodik, meg\u00e9rt, szervez, egy\u00fcttm\u0171k\u00f6dik \u00e9s harmonikus mint\u00e1zatban fejleszt mindent, a legkisebb atomi r\u00e9szecsk\u00e9kt\u0151l az \u00f6sszes \u00e9letform\u00e1ig.<\/p>\n<figure itemscope itemtype=\"https:\/\/schema.org\/ImageObject\">\n\t\t\t\t<a href=\"https:\/\/shrimataji.org\/test\/wp-content\/uploads\/2023\/02\/1a-Kundalini-01.png\"  target=\"_blank\" rel=\"noopener\"  itemprop=\"url\">\n\t\t\t\t<img decoding=\"async\" src=\"https:\/\/shrimataji.org\/test\/wp-content\/uploads\/2026\/04\/hu-1a-Kundalini-01-scaled.png\" alt=\"hu-1a-Kundalini-01\" height=\"2560\" width=\"2403\" title=\"hu-1a-Kundalini-01\" onerror=\"this.style.display='none'\" loading=\"lazy\" \/>\n\t\t\t\t<\/a>\n\t<\/figure>\n<figure itemscope itemtype=\"https:\/\/schema.org\/ImageObject\">\n\t\t\t\t<img decoding=\"async\" src=\"https:\/\/shrimataji.org\/test\/wp-content\/uploads\/2023\/02\/Sacrum-1-scaled.jpg\" alt=\"Sacrum\" height=\"2225\" width=\"2560\" title=\"Sacrum\" onerror=\"this.style.display='none'\" loading=\"lazy\" \/>\n\t<\/figure>\n\t<p>Shri Mataji r\u00e1mutatott, hogy b\u00e1r a Kundalini tud\u00e1s\u00e1t bizonyos j\u00f3ga hagyom\u00e1nyokban, p\u00e9ld\u00e1ul a Natha Panthik, titokban tartott\u00e1k, sz\u00e1mos \u0151si kult\u00far\u00e1ban \u00e9s hagyom\u00e1nyban b\u0151s\u00e9gesen tal\u00e1lunk utal\u00e1sokat a Kundalini vonatkoz\u00e1s\u00e1ban. Ezek k\u00f6z\u00e9 tartoznak az \u0151si utal\u00e1sok a gerincoszlop alj\u00e1n tal\u00e1lhat\u00f3 h\u00e1romsz\u00f6g alak\u00fa csontra, ahol a Kundalini lakik, az \u00fagynevezett &#8220;Os Sacrumra&#8221;, ami szent csontot jelent, \u00e9s a r\u00e9gebbi g\u00f6r\u00f6g &#8220;Hieron osteon&#8221; sz\u00f3 k\u00f6zvetlen ford\u00edt\u00e1sa. Utal\u00e1sok tal\u00e1lhat\u00f3k az \u00f3kori egyiptomi kult\u00far\u00e1ban is, amely ezt a csontot Ozirisz, a felt\u00e1mad\u00e1s \u00e9s a mez\u0151gazdas\u00e1g istene szent csontj\u00e1nak tekintette. A Bibli\u00e1ban a Zsolt\u00e1rok 34:20-ban is tal\u00e1lhat\u00f3 utal\u00e1s erre a szent csontra: &#8220;Megv\u00e9di minden csontj\u00e1t, egy sem t\u00f6rik el k\u00f6z\u00fcl\u00fck.&#8221; A Caduceus, amely a k\u00f6z\u00e9pkori Eur\u00f3p\u00e1ban az alk\u00edmia \u00e9s a gy\u00f3gyszer\u00e9szet szimb\u00f3lum\u00e1v\u00e1 v\u00e1lt, k\u00e9t k\u00edgy\u00f3t \u00e1br\u00e1zol, amelyek h\u00e9tszer tekerednek fel egy r\u00fadra. Sz\u00e1mos \u0151si m\u0171alkot\u00e1s \u00e1br\u00e1zolja a Kundalini h\u00e1rom \u00e9s f\u00e9l fordulat\u00fa spir\u00e1lis form\u00e1j\u00e1t. Mindez arra utal, hogy a t\u00f6rt\u00e9nelem sor\u00e1n az embereket tudat alatt ez a finom er\u0151 vezette.<\/p>\n\t<div class=\"epyt-video-wrapper\"><div  data-ep-a=\"fadeIn\"  style=\"display: block; margin: 0px auto;\"  id=\"_ytid_89539\"  width=\"3840\" height=\"2160\"  data-origwidth=\"3840\" data-origheight=\"2160\" data-facadesrc=\"https:\/\/www.youtube.com\/embed\/d9vKBI_X_QY?enablejsapi=1&autoplay=0&cc_load_policy=0&cc_lang_pref=&iv_load_policy=1&loop=0&rel=0&fs=1&playsinline=1&autohide=2&theme=dark&color=red&controls=1&disablekb=0&\" class=\"__youtube_prefs__ epyt-facade  no-lazyload\" data-epautoplay=\"1\" ><img decoding=\"async\" data-spai-excluded=\"true\" class=\"epyt-facade-poster skip-lazy\" loading=\"lazy\"  alt=\"YouTube player\"  src=\"https:\/\/i.ytimg.com\/vi\/d9vKBI_X_QY\/maxresdefault.jpg\"  \/><button class=\"epyt-facade-play\" aria-label=\"Play\"><svg data-no-lazy=\"1\" height=\"100%\" version=\"1.1\" viewBox=\"0 0 68 48\" width=\"100%\"><path class=\"ytp-large-play-button-bg\" d=\"M66.52,7.74c-0.78-2.93-2.49-5.41-5.42-6.19C55.79,.13,34,0,34,0S12.21,.13,6.9,1.55 C3.97,2.33,2.27,4.81,1.48,7.74C0.06,13.05,0,24,0,24s0.06,10.95,1.48,16.26c0.78,2.93,2.49,5.41,5.42,6.19 C12.21,47.87,34,48,34,48s21.79-0.13,27.1-1.55c2.93-0.78,4.64-3.26,5.42-6.19C67.94,34.95,68,24,68,24S67.94,13.05,66.52,7.74z\" fill=\"#f00\"><\/path><path d=\"M 45,24 27,14 27,34\" fill=\"#fff\"><\/path><\/svg><\/button><\/div><\/div><span itemprop=\"video\" itemscope itemtype=\"http:\/\/schema.org\/VideoObject\"><meta itemprop=\"embedUrl\" content=\"https:\/\/www.youtube.com\/embed\/d9vKBI_X_QY\"><meta itemprop=\"name\" content=\"Kundalini, the pure desire\"><meta itemprop=\"description\" content=\"YouTube video\"><meta itemprop=\"thumbnailUrl\" content=\"https:\/\/i.ytimg.com\/vi\/d9vKBI_X_QY\/0.jpg\"><meta itemprop=\"duration\" content=\"PT3M57S\"><meta itemprop=\"uploadDate\" content=\"2022-11-12T03:31:46Z\"><\/span>\n\t<p>Shri Mataji sz\u00e1mos t\u00e9ves elk\u00e9pzel\u00e9st tiszt\u00e1zott a Kundalini fel\u00e9bred\u00e9s\u00e9vel kapcsolatban, amelyek annak vesz\u00e9lyess\u00e9g\u00e9re vagy k\u00e1ross\u00e1g\u00e1ra utaltak. \u00dagy \u00edrta le a Kundalinit, mint vel\u00fcnk sz\u00fcletett spiritu\u00e1lis any\u00e1nkat, aki elk\u00eds\u00e9r minket \u00e9let\u00fcnk \u00fatjain, sz\u00e1mos sz\u00fclet\u00e9sen kereszt\u00fcl, \u00e9s t\u00fcrelmesen v\u00e1r arra, hogy fel\u00e9bredjen a v\u00e1gyunk az \u00f6nmegval\u00f3sul\u00e1sra. A F\u00f6ld\u00f6n egyetlen term\u00e9szetes fajn\u00e1l sem fordul el\u0151, hogy egy anya \u00e1rtson a saj\u00e1t gyermek\u00e9nek. Ink\u00e1bb az anya az, aki v\u00e9di, t\u00e1pl\u00e1lja \u00e9s t\u00e1mogatja a gyermeket, hogy az el\u00e9rhesse teljes evol\u00faci\u00f3s potenci\u00e1lj\u00e1t.<\/p>\n<h5>\u201eAlaktalan, m\u00e9gis teljes, l\u00e9tezett az \u00c9g \u00e9s a F\u00f6ld el\u0151tt. Csendes \u00e9s hat\u00e1rtalan, egyed\u00fcli \u00e9s v\u00e1ltozatlan. Mindent \u00e1that\u00f3, m\u00e9gis f\u00e1radhatatlan. \u0150 az \u00c9g alatt minden dolog Anyja. Nem tudom a nev\u00e9t, ez\u00e9rt Ta\u00f3nak h\u00edvom.&#8221;<\/h5>\n<h5>Lao Ce &#8211; Tao Te King<\/h5>\n<p>A Kundalini e misztikus \u00e9lm\u00e9ny\u00e9t sz\u00e1mos indiai szent \u00edrta le, mint p\u00e9ld\u00e1ul Adi Shankaracharya (Kr. u. 700), Kabir (Kr. u. 1400) \u00e9s Jnanadeva (Kr. u. 1200), t\u00f6bbek k\u00f6z\u00f6tt.<\/p>\n<p>A Kundalini energia \u00e1ltal\u00e1ban szunnyad\u00f3 \u00e1llapotban van. Az \u00f6nmegval\u00f3sul\u00e1s c\u00e9lja ennek az energi\u00e1nak a fel\u00e9breszt\u00e9se, hogy tulajdons\u00e1gai megnyilv\u00e1nuljanak. A tiszta v\u00e1gyunk erej\u00e9n kereszt\u00fcl \u00e9bresztehet\u0151 fel. Az ir\u00e1nti v\u00e1gyunk r\u00e9v\u00e9n, hogy megismerj\u00fck val\u00f3di \u00e9n\u00fcnket, Lelk\u00fcnket. Val\u00f3di \u00e9n\u00fcnket gyakran elrejtik el\u0151l\u00fcnk a saj\u00e1t gondolataink \u00e9s \u00e9rzelmeink, de amikor a Kundalini felemelkedik, spont\u00e1n m\u00f3don medit\u00e1ci\u00f3s \u00e1llapotba hoz minket, lehet\u0151v\u00e9 t\u00e9ve tiszta Lelk\u00fcnk megnyilv\u00e1nul\u00e1s\u00e1t a csendes figyelm\u00fcnkben. \u00cdgy elszakadhatunk ezekt\u0151l a gondolatokt\u00f3l \u00e9s \u00e9rzelmekt\u0151l, hogy megtapasztalhassuk a mindannyiunkban \u00f6r\u00f6kk\u00e9 l\u00e9tez\u0151 tiszta \u00f6r\u00f6m\u00f6t \u00e9s b\u00e9k\u00e9t.<\/p>\n<h5>\u201eElfordulva az anyagiass\u00e1gt\u00f3l&#8230; bel\u00e9ptem az elme \u00e9gboltj\u00e1ba, \u00e9s megnyitottam a tizedik kaput. A tekerv\u00e9nyes Kundalini energia csakr\u00e1i megny\u00edltak, \u00e9s f\u00e9lelem n\u00e9lk\u00fcl tal\u00e1lkoztam a Legf\u0151bb \u00dar Kir\u00e1llyal.&#8221;<\/h5>\n<h5>Szent Kabir<\/h5>\n<p>A Kundalini hat\u00e1sai a finomrendszeren \u00e9rezhet\u0151ek, melyet fizikai szinten a k\u00f6zponti idegrendszer k\u00e9pvisel. Amikor a Kundalini felemelkedik, \u00e1thalad a csakr\u00e1kon, melyek a gerinc\u00fcnk ment\u00e9n tal\u00e1lhat\u00f3 f\u0151 idegfonatoknak felelnek meg. Shri Mataji elmagyar\u00e1zta, hogy a Kundalinit t\u00f6bb milli\u00f3 sz\u00e1lb\u00f3l \u00e1ll\u00f3 k\u00f6t\u00e9lk\u00e9nt k\u00e9pzelhetj\u00fck el. Els\u0151 alkalmakkor, amikor megkapjuk az \u00f6nmegval\u00f3sul\u00e1sunkat, csak egy vagy k\u00e9t sz\u00e1la jut el a csakr\u00e1kon kereszt\u00fcl a fej\u00fcnk tetej\u00e9n l\u00e9v\u0151 Sahasrar\u00e1ba. A rendszeres medit\u00e1ci\u00f3val a Kundalini egyre t\u00f6bb sz\u00e1la emelkedik fel, er\u0151s\u00edtve kapcsolatunkat a medit\u00e1ci\u00f3 \u00e9lm\u00e9ny\u00e9vel, amely elm\u00e9ly\u00fcl, egyre m\u00e9lyebb\u00e9 \u00e9s boldogabb\u00e1 v\u00e1lik.<\/p>\n<p>&nbsp;<\/p>\n<div class=\"su-quote su-quote-style-default\"><div class=\"su-quote-inner su-u-clearfix su-u-trim\">A gond az. hogy hogyan lehet a gondolatokt\u00f3l megszabadulni? A gondolatok \u00e1lland\u00f3an az elm\u00e9nkben vannak&#8230; de amikor a Kundalini felemelkedik, akkor ezek a gondolatok megny\u00falnak&#8230; \u00e9s egy r\u00e9s tal\u00e1lhat\u00f3 a gondolatok k\u00f6z\u00f6tt, \u00e9s ez a r\u00e9s a b\u00e9k\u00e9nk helye. Ha el\u00e9rj\u00fck ezt a b\u00e9k\u00e9t, akkor a b\u00e9ke el\u00e9rhet\u0151v\u00e9 v\u00e1lik a vil\u00e1gban is. Ha csak transzparenseket tartunk a kez\u00fcnkben, a b\u00e9k\u00e9\u00e9rt kiab\u00e1lunk, nem teremthetj\u00fck meg a b\u00e9k\u00e9t. A b\u00e9k\u00e9nek az emberi l\u00e9nyek sz\u00edv\u00e9b\u0151l kell fakadnia. Az emberi l\u00e9nyek sz\u00edv\u00e9ben a b\u00e9ke csak akkor teremthet\u0151 meg, ha megalapozzuk benne a Lelket, ahol az kifejezi a b\u00e9ke boldogs\u00e1g\u00e1t. Amikor elkezditek \u00e9lvezni a b\u00e9ke boldogs\u00e1g\u00e1t, nem akartok h\u00e1bor\u00fakat, nem gondoltok h\u00e1bor\u00fara, \u00e9s ebbe az \u00e1llapotba kell most az embereknek felemelkedni\u00fck \u00e9s eljutniuk.<\/div><\/div>\n\n","protected":false},"excerpt":{"rendered":"<p>Kundalini A szeretet evol\u00faci\u00f3s ereje Shri Mataji bels\u0151 spiritu\u00e1lis tapasztalata a Kundalini fel\u00e9bred\u00e9s\u00e9r\u0151l \u00e9s annak bonyolult m\u0171k\u00f6d\u00e9s\u00e9r\u0151l a finomrendszer\u00fcnkben a Sahaja J\u00f3ga medit\u00e1ci\u00f3 alapj\u00e1v\u00e1 v\u00e1lt, amelyet \u0151 terjesztett el a vil\u00e1gban. A ter\u00fclet abszol\u00fat mesterek\u00e9nt \u00e9s tekint\u00e9lyek\u00e9nt r\u00e9szletesen le\u00edrja a Kundalini isteni term\u00e9szet\u00e9t \u00e9s azt, ahogyan a fejl\u0151d\u00e9s nagyon korai szakasz\u00e1ban bel\u00e9p a magzatba, \u00e9s&hellip; <br \/> <a class=\"read-more\" href=\"https:\/\/shrimataji.org\/test\/hu\/kundalini\/\">Read more<\/a><\/p>\n","protected":false},"author":1,"featured_media":19256,"parent":0,"menu_order":0,"comment_status":"closed","ping_status":"closed","template":"","meta":{"inline_featured_image":false,"footnotes":""},"class_list":["post-19505","page","type-page","status-publish","has-post-thumbnail","hentry"],"yoast_head":"<!-- This site is optimized with the Yoast SEO plugin v27.4 - https:\/\/yoast.com\/product\/yoast-seo-wordpress\/ -->\n<title>Kundalini - TEST - SMND<\/title>\n<meta name=\"robots\" content=\"noindex, follow, max-snippet:-1, max-image-preview:large, max-video-preview:-1\" \/>\n<meta property=\"og:locale\" content=\"en_US\" \/>\n<meta property=\"og:type\" content=\"article\" \/>\n<meta property=\"og:title\" content=\"Kundalini - TEST - SMND\" \/>\n<meta property=\"og:description\" content=\"Kundalini A szeretet evol\u00faci\u00f3s ereje Shri Mataji bels\u0151 spiritu\u00e1lis tapasztalata a Kundalini fel\u00e9bred\u00e9s\u00e9r\u0151l \u00e9s annak bonyolult m\u0171k\u00f6d\u00e9s\u00e9r\u0151l a finomrendszer\u00fcnkben a Sahaja J\u00f3ga medit\u00e1ci\u00f3 alapj\u00e1v\u00e1 v\u00e1lt, amelyet \u0151 terjesztett el a vil\u00e1gban. A ter\u00fclet abszol\u00fat mesterek\u00e9nt \u00e9s tekint\u00e9lyek\u00e9nt r\u00e9szletesen le\u00edrja a Kundalini isteni term\u00e9szet\u00e9t \u00e9s azt, ahogyan a fejl\u0151d\u00e9s nagyon korai szakasz\u00e1ban bel\u00e9p a magzatba, \u00e9s&hellip; Read more\" \/>\n<meta property=\"og:url\" content=\"https:\/\/shrimataji.org\/test\/hu\/kundalini\/\" \/>\n<meta property=\"og:site_name\" content=\"TEST - SMND\" \/>\n<meta property=\"article:publisher\" content=\"https:\/\/www.facebook.com\/shrimataji\" \/>\n<meta property=\"article:modified_time\" content=\"2026-04-21T18:48:33+00:00\" \/>\n<meta property=\"og:image\" content=\"https:\/\/shrimataji.org\/test\/wp-content\/uploads\/2023\/03\/9_Banner-SY-Kundalini-scaled.jpg\" \/>\n\t<meta property=\"og:image:width\" content=\"2560\" \/>\n\t<meta property=\"og:image:height\" content=\"905\" \/>\n\t<meta property=\"og:image:type\" content=\"image\/jpeg\" \/>\n<meta name=\"twitter:card\" content=\"summary_large_image\" \/>\n<meta name=\"twitter:site\" content=\"@shrimataji\" \/>\n<meta name=\"twitter:label1\" content=\"Est. reading time\" \/>\n\t<meta name=\"twitter:data1\" content=\"6 minutes\" \/>\n<script type=\"application\/ld+json\" class=\"yoast-schema-graph\">{\"@context\":\"https:\\\/\\\/schema.org\",\"@graph\":[{\"@type\":\"WebPage\",\"@id\":\"https:\\\/\\\/shrimataji.org\\\/test\\\/hu\\\/kundalini\\\/\",\"url\":\"https:\\\/\\\/shrimataji.org\\\/test\\\/hu\\\/kundalini\\\/\",\"name\":\"Kundalini - TEST - SMND\",\"isPartOf\":{\"@id\":\"https:\\\/\\\/shrimataji.org\\\/test\\\/#website\"},\"primaryImageOfPage\":{\"@id\":\"https:\\\/\\\/shrimataji.org\\\/test\\\/hu\\\/kundalini\\\/#primaryimage\"},\"image\":{\"@id\":\"https:\\\/\\\/shrimataji.org\\\/test\\\/hu\\\/kundalini\\\/#primaryimage\"},\"thumbnailUrl\":\"https:\\\/\\\/shrimataji.org\\\/test\\\/wp-content\\\/uploads\\\/2023\\\/03\\\/9_Banner-SY-Kundalini-scaled.jpg\",\"datePublished\":\"2022-01-29T10:17:23+00:00\",\"dateModified\":\"2026-04-21T18:48:33+00:00\",\"breadcrumb\":{\"@id\":\"https:\\\/\\\/shrimataji.org\\\/test\\\/hu\\\/kundalini\\\/#breadcrumb\"},\"inLanguage\":\"en-US\",\"potentialAction\":[{\"@type\":\"ReadAction\",\"target\":[\"https:\\\/\\\/shrimataji.org\\\/test\\\/hu\\\/kundalini\\\/\"]}]},{\"@type\":\"ImageObject\",\"inLanguage\":\"en-US\",\"@id\":\"https:\\\/\\\/shrimataji.org\\\/test\\\/hu\\\/kundalini\\\/#primaryimage\",\"url\":\"https:\\\/\\\/shrimataji.org\\\/test\\\/wp-content\\\/uploads\\\/2023\\\/03\\\/9_Banner-SY-Kundalini-scaled.jpg\",\"contentUrl\":\"https:\\\/\\\/shrimataji.org\\\/test\\\/wp-content\\\/uploads\\\/2023\\\/03\\\/9_Banner-SY-Kundalini-scaled.jpg\",\"width\":2560,\"height\":905},{\"@type\":\"BreadcrumbList\",\"@id\":\"https:\\\/\\\/shrimataji.org\\\/test\\\/hu\\\/kundalini\\\/#breadcrumb\",\"itemListElement\":[{\"@type\":\"ListItem\",\"position\":1,\"name\":\"Home\",\"item\":\"https:\\\/\\\/shrimataji.org\\\/test\\\/uk\\\/home-en\\\/\"},{\"@type\":\"ListItem\",\"position\":2,\"name\":\"Kundalini\"}]},{\"@type\":\"WebSite\",\"@id\":\"https:\\\/\\\/shrimataji.org\\\/test\\\/#website\",\"url\":\"https:\\\/\\\/shrimataji.org\\\/test\\\/\",\"name\":\"Shri Mataji Nirmala Devi\",\"description\":\"A Life Dedicated to Humanity\",\"publisher\":{\"@id\":\"https:\\\/\\\/shrimataji.org\\\/test\\\/#\\\/schema\\\/person\\\/a1b3419c6585f164aa96da1ff85715d1\"},\"potentialAction\":[{\"@type\":\"SearchAction\",\"target\":{\"@type\":\"EntryPoint\",\"urlTemplate\":\"https:\\\/\\\/shrimataji.org\\\/test\\\/?s={search_term_string}\"},\"query-input\":{\"@type\":\"PropertyValueSpecification\",\"valueRequired\":true,\"valueName\":\"search_term_string\"}}],\"inLanguage\":\"en-US\"},{\"@type\":[\"Person\",\"Organization\"],\"@id\":\"https:\\\/\\\/shrimataji.org\\\/test\\\/#\\\/schema\\\/person\\\/a1b3419c6585f164aa96da1ff85715d1\",\"name\":\"Nirmala Shrivastava\",\"image\":{\"@type\":\"ImageObject\",\"inLanguage\":\"en-US\",\"@id\":\"https:\\\/\\\/shrimataji.org\\\/test\\\/wp-content\\\/uploads\\\/2023\\\/02\\\/SMO_LOGO-03.svg\",\"url\":\"https:\\\/\\\/shrimataji.org\\\/test\\\/wp-content\\\/uploads\\\/2023\\\/02\\\/SMO_LOGO-03.svg\",\"contentUrl\":\"https:\\\/\\\/shrimataji.org\\\/test\\\/wp-content\\\/uploads\\\/2023\\\/02\\\/SMO_LOGO-03.svg\",\"width\":\"1024\",\"height\":\"1024\",\"caption\":\"Nirmala Shrivastava\"},\"logo\":{\"@id\":\"https:\\\/\\\/shrimataji.org\\\/test\\\/wp-content\\\/uploads\\\/2023\\\/02\\\/SMO_LOGO-03.svg\"},\"sameAs\":[\"https:\\\/\\\/shrimataji.org\\\/test\",\"https:\\\/\\\/www.facebook.com\\\/shrimataji\",\"https:\\\/\\\/x.com\\\/shrimataji\",\"https:\\\/\\\/www.youtube.com\\\/@Shri_Mataji_Nirmala_Devi\\\/featured\"]}]}<\/script>\n<!-- \/ Yoast SEO plugin. -->","yoast_head_json":{"title":"Kundalini - TEST - SMND","robots":{"index":"noindex","follow":"follow","max-snippet":"max-snippet:-1","max-image-preview":"max-image-preview:large","max-video-preview":"max-video-preview:-1"},"og_locale":"en_US","og_type":"article","og_title":"Kundalini - TEST - SMND","og_description":"Kundalini A szeretet evol\u00faci\u00f3s ereje Shri Mataji bels\u0151 spiritu\u00e1lis tapasztalata a Kundalini fel\u00e9bred\u00e9s\u00e9r\u0151l \u00e9s annak bonyolult m\u0171k\u00f6d\u00e9s\u00e9r\u0151l a finomrendszer\u00fcnkben a Sahaja J\u00f3ga medit\u00e1ci\u00f3 alapj\u00e1v\u00e1 v\u00e1lt, amelyet \u0151 terjesztett el a vil\u00e1gban. A ter\u00fclet abszol\u00fat mesterek\u00e9nt \u00e9s tekint\u00e9lyek\u00e9nt r\u00e9szletesen le\u00edrja a Kundalini isteni term\u00e9szet\u00e9t \u00e9s azt, ahogyan a fejl\u0151d\u00e9s nagyon korai szakasz\u00e1ban bel\u00e9p a magzatba, \u00e9s&hellip; Read more","og_url":"https:\/\/shrimataji.org\/test\/hu\/kundalini\/","og_site_name":"TEST - SMND","article_publisher":"https:\/\/www.facebook.com\/shrimataji","article_modified_time":"2026-04-21T18:48:33+00:00","og_image":[{"width":2560,"height":905,"url":"https:\/\/shrimataji.org\/test\/wp-content\/uploads\/2023\/03\/9_Banner-SY-Kundalini-scaled.jpg","type":"image\/jpeg"}],"twitter_card":"summary_large_image","twitter_site":"@shrimataji","twitter_misc":{"Est. reading time":"6 minutes"},"schema":{"@context":"https:\/\/schema.org","@graph":[{"@type":"WebPage","@id":"https:\/\/shrimataji.org\/test\/hu\/kundalini\/","url":"https:\/\/shrimataji.org\/test\/hu\/kundalini\/","name":"Kundalini - TEST - SMND","isPartOf":{"@id":"https:\/\/shrimataji.org\/test\/#website"},"primaryImageOfPage":{"@id":"https:\/\/shrimataji.org\/test\/hu\/kundalini\/#primaryimage"},"image":{"@id":"https:\/\/shrimataji.org\/test\/hu\/kundalini\/#primaryimage"},"thumbnailUrl":"https:\/\/shrimataji.org\/test\/wp-content\/uploads\/2023\/03\/9_Banner-SY-Kundalini-scaled.jpg","datePublished":"2022-01-29T10:17:23+00:00","dateModified":"2026-04-21T18:48:33+00:00","breadcrumb":{"@id":"https:\/\/shrimataji.org\/test\/hu\/kundalini\/#breadcrumb"},"inLanguage":"en-US","potentialAction":[{"@type":"ReadAction","target":["https:\/\/shrimataji.org\/test\/hu\/kundalini\/"]}]},{"@type":"ImageObject","inLanguage":"en-US","@id":"https:\/\/shrimataji.org\/test\/hu\/kundalini\/#primaryimage","url":"https:\/\/shrimataji.org\/test\/wp-content\/uploads\/2023\/03\/9_Banner-SY-Kundalini-scaled.jpg","contentUrl":"https:\/\/shrimataji.org\/test\/wp-content\/uploads\/2023\/03\/9_Banner-SY-Kundalini-scaled.jpg","width":2560,"height":905},{"@type":"BreadcrumbList","@id":"https:\/\/shrimataji.org\/test\/hu\/kundalini\/#breadcrumb","itemListElement":[{"@type":"ListItem","position":1,"name":"Home","item":"https:\/\/shrimataji.org\/test\/uk\/home-en\/"},{"@type":"ListItem","position":2,"name":"Kundalini"}]},{"@type":"WebSite","@id":"https:\/\/shrimataji.org\/test\/#website","url":"https:\/\/shrimataji.org\/test\/","name":"Shri Mataji Nirmala Devi","description":"A Life Dedicated to Humanity","publisher":{"@id":"https:\/\/shrimataji.org\/test\/#\/schema\/person\/a1b3419c6585f164aa96da1ff85715d1"},"potentialAction":[{"@type":"SearchAction","target":{"@type":"EntryPoint","urlTemplate":"https:\/\/shrimataji.org\/test\/?s={search_term_string}"},"query-input":{"@type":"PropertyValueSpecification","valueRequired":true,"valueName":"search_term_string"}}],"inLanguage":"en-US"},{"@type":["Person","Organization"],"@id":"https:\/\/shrimataji.org\/test\/#\/schema\/person\/a1b3419c6585f164aa96da1ff85715d1","name":"Nirmala Shrivastava","image":{"@type":"ImageObject","inLanguage":"en-US","@id":"https:\/\/shrimataji.org\/test\/wp-content\/uploads\/2023\/02\/SMO_LOGO-03.svg","url":"https:\/\/shrimataji.org\/test\/wp-content\/uploads\/2023\/02\/SMO_LOGO-03.svg","contentUrl":"https:\/\/shrimataji.org\/test\/wp-content\/uploads\/2023\/02\/SMO_LOGO-03.svg","width":"1024","height":"1024","caption":"Nirmala Shrivastava"},"logo":{"@id":"https:\/\/shrimataji.org\/test\/wp-content\/uploads\/2023\/02\/SMO_LOGO-03.svg"},"sameAs":["https:\/\/shrimataji.org\/test","https:\/\/www.facebook.com\/shrimataji","https:\/\/x.com\/shrimataji","https:\/\/www.youtube.com\/@Shri_Mataji_Nirmala_Devi\/featured"]}]}},"lang":"hu","translations":{"hu":19505,"am":18025,"th":19981,"be":6401,"sq":18426,"zh":17323,"hi":8293,"tr":10175,"pt":10387,"de":10661,"fr":10759,"it":10857,"es":10954,"ja":11251,"ru":11439,"bn":11631,"te":11739,"sw":11862,"he":12010,"el":12302,"sk":12400,"fa":12498,"fi":12596,"bg":13390,"ro":14464,"cs":14657,"nl":16586,"ku":16746,"ar":16922,"kn":18907,"mr":20345,"uk":20637,"ml":20932,"ta":22744,"sv":23016,"gu":28858,"pa":29018},"pll_sync_post":[],"_links":{"self":[{"href":"https:\/\/shrimataji.org\/test\/wp-json\/wp\/v2\/pages\/19505","targetHints":{"allow":["GET"]}}],"collection":[{"href":"https:\/\/shrimataji.org\/test\/wp-json\/wp\/v2\/pages"}],"about":[{"href":"https:\/\/shrimataji.org\/test\/wp-json\/wp\/v2\/types\/page"}],"author":[{"embeddable":true,"href":"https:\/\/shrimataji.org\/test\/wp-json\/wp\/v2\/users\/1"}],"replies":[{"embeddable":true,"href":"https:\/\/shrimataji.org\/test\/wp-json\/wp\/v2\/comments?post=19505"}],"version-history":[{"count":0,"href":"https:\/\/shrimataji.org\/test\/wp-json\/wp\/v2\/pages\/19505\/revisions"}],"wp:featuredmedia":[{"embeddable":true,"href":"https:\/\/shrimataji.org\/test\/wp-json\/wp\/v2\/media\/19256"}],"wp:attachment":[{"href":"https:\/\/shrimataji.org\/test\/wp-json\/wp\/v2\/media?parent=19505"}],"curies":[{"name":"wp","href":"https:\/\/api.w.org\/{rel}","templated":true}]}}