{"id":19515,"date":"2018-07-10T06:54:50","date_gmt":"2018-07-10T06:54:50","guid":{"rendered":"http:\/\/testwordpress.nirmalnagari.org\/smnd\/index.php\/marriage-and-independence\/"},"modified":"2026-04-11T13:21:08","modified_gmt":"2026-04-11T13:21:08","slug":"marriage-and-independence","status":"publish","type":"page","link":"https:\/\/shrimataji.org\/test\/hu\/marriage-and-independence\/","title":{"rendered":"H\u00e1zass\u00e1g \u00e9s India f\u00fcggetlens\u00e9ge"},"content":{"rendered":"\n\n\t<h1>H\u00e1zass\u00e1g \u00e9s India f\u00fcggetlens\u00e9ge<\/h1>\n<h2>A csal\u00e1d \u00e9s a t\u00e1rsadalom alapja<\/h2>\n\t<h4>Shri Mataji gyermekkora \u00e9s tin\u00e9dzserkora \u00f6sszefon\u00f3dott az \u00faj indiai nemzet sz\u00fclet\u00e9s\u00e9vel, de feles\u00e9gk\u00e9nt \u00e9s fiatal anyak\u00e9nt t\u00f6lt\u00f6tt \u00e9vei is ugyanilyen fontosnak bizonyultak.<\/h4>\n<p>Nirmala Salve, akit ma sz\u00e9les k\u00f6rben Shri Mataji Nirmala Devi n\u00e9ven ismernek, 1947. \u00e1prilis 7-\u00e9n feles\u00e9g\u00fcl ment Chandrika Prasad Srivastav\u00e1hoz. Sz\u00e1zhuszonkilenc nappal k\u00e9s\u0151bb, augusztus 14-\u00e9n, \u00e9jf\u00e9lkor India szabadd\u00e1 v\u00e1lt.<\/p>\n<p>Ahogy Shri Mataji \u00f6ccse, H.P. Salve, akit szeretetteljesen Babamamak\u00e9nt emlegettek, felid\u00e9zte: \u201eA helyi zavarg\u00e1sok sor\u00e1n (az 1947-es feloszt\u00e1s idej\u00e9n) t\u00f6rt\u00e9nt, hogy valaki kopogott az ajt\u00f3n. Amikor Nirmala kinyitotta, egy h\u00f6lgyet \u00e9s k\u00e9t urat tal\u00e1lt a bej\u00e1ratn\u00e1l, akik rendk\u00edv\u00fcl riadtnak t\u0171ntek \u00e9s f\u00e9ltek. Azt mondt\u00e1k Nirmal\u00e1nak, hogy pakiszt\u00e1ni menek\u00fcltek, \u00e9s mivel egyik\u00fck muszlim, a hinduk a nyomukban voltak, kivont kardokkal \u00fcld\u00f6zt\u00e9k \u0151ket. Nirmala egy pillanatnyi haboz\u00e1s n\u00e9lk\u00fcl befogadta, \u00e9s elrejtette \u0151ket egy szob\u00e1ban.&#8221;<\/p>\n\t<div class=\"epyt-video-wrapper\"><div  data-ep-a=\"fadeIn\"  style=\"display: block; margin: 0px auto;\"  id=\"_ytid_60766\"  width=\"3840\" height=\"2880\"  data-origwidth=\"3840\" data-origheight=\"2880\" data-facadesrc=\"https:\/\/www.youtube.com\/embed\/uiqY4Jc81Bw?enablejsapi=1&autoplay=0&cc_load_policy=0&cc_lang_pref=&iv_load_policy=1&loop=0&rel=0&fs=1&playsinline=1&autohide=2&theme=dark&color=red&controls=1&disablekb=0&\" class=\"__youtube_prefs__ epyt-facade  no-lazyload\" data-epautoplay=\"1\" ><img decoding=\"async\" data-spai-excluded=\"true\" class=\"epyt-facade-poster skip-lazy\" loading=\"lazy\"  alt=\"YouTube player\"  src=\"https:\/\/i.ytimg.com\/vi\/uiqY4Jc81Bw\/maxresdefault.jpg\"  \/><button class=\"epyt-facade-play\" aria-label=\"Play\"><svg data-no-lazy=\"1\" height=\"100%\" version=\"1.1\" viewBox=\"0 0 68 48\" width=\"100%\"><path class=\"ytp-large-play-button-bg\" d=\"M66.52,7.74c-0.78-2.93-2.49-5.41-5.42-6.19C55.79,.13,34,0,34,0S12.21,.13,6.9,1.55 C3.97,2.33,2.27,4.81,1.48,7.74C0.06,13.05,0,24,0,24s0.06,10.95,1.48,16.26c0.78,2.93,2.49,5.41,5.42,6.19 C12.21,47.87,34,48,34,48s21.79-0.13,27.1-1.55c2.93-0.78,4.64-3.26,5.42-6.19C67.94,34.95,68,24,68,24S67.94,13.05,66.52,7.74z\" fill=\"#f00\"><\/path><path d=\"M 45,24 27,14 27,34\" fill=\"#fff\"><\/path><\/svg><\/button><\/div><\/div><span itemprop=\"video\" itemscope itemtype=\"http:\/\/schema.org\/VideoObject\"><meta itemprop=\"embedUrl\" content=\"https:\/\/www.youtube.com\/embed\/uiqY4Jc81Bw\"><meta itemprop=\"name\" content=\"Family Life And Nationhood\"><meta itemprop=\"description\" content=\"Shri Mataji marries a man from a family of opposing political beliefs. They are, however, united in their love for their country. Independence is the fulfillment of a dream for both of them. Shri Mataji&#039;s life as a housewife and a mother is centred on her family, tending to her daughters, but she also advises her husband in his career. She is not silent, but participates in the direction of her country. Her own public life is soon to follow. More videos at: http:\/\/ShriMataji.org ~ A Life Dedicated to Humanity ~\"><meta itemprop=\"thumbnailUrl\" content=\"https:\/\/i.ytimg.com\/vi\/uiqY4Jc81Bw\/0.jpg\"><meta itemprop=\"duration\" content=\"PT5M21S\"><meta itemprop=\"uploadDate\" content=\"2020-07-20T00:21:18Z\"><\/span>\n\t<p>\u201eEgy id\u0151 ut\u00e1n n\u00e9h\u00e1nyan kivont karddal j\u00f6ttek&#8221; &#8211; folytatta -, \u201e\u00e9s azt mondt\u00e1k, hogy egy muszlim rejt\u0151zk\u00f6dik a h\u00e1zban. Nirmala kategorikusan tagadta ezt, bl\u00f6ff\u00f6lt, azt \u00e1ll\u00edtotta, hogy \u0151 maga is meggy\u0151z\u0151d\u00e9ses hindu, sz\u00f3val hogyan tudna v\u00e9delmet ny\u00fajtani egy muszlimnak. A karddal rendelkez\u0151 emberek eleinte nem hittek neki, de l\u00e1tt\u00e1k a nagy bindit a homlok\u00e1n, ami a hindu f\u00e9rjezett asszonyok jelk\u00e9pe, ez\u00e9rt meggy\u0151zve elmentek&#8230;&#8221; <a href=\"#citation-note-1\" target=\"_blank\" rel=\"noopener\">[1]<\/a><\/p>\n<figure itemscope itemtype=\"https:\/\/schema.org\/ImageObject\">\n\t\t\t\t<img decoding=\"async\" src=\"https:\/\/shrimataji.org\/test\/wp-content\/uploads\/2018\/07\/media_originals\/images\/shri-mataji-and-family\/shri-mataji-with-infant-daughter-kalpana.jpg\" alt=\"shri-mataji-with-infant-daughter-kalpana\" height=\"400\" width=\"279\" title=\"shri-mataji-with-infant-daughter-kalpana\" onerror=\"this.style.display='none'\" loading=\"lazy\" \/>\n\t\t\n\t<\/figure>\n\t<p>Ez az incidens a terhess\u00e9ge alatt t\u00f6rt\u00e9nt, \u00e9s 1947 december\u00e9ben sz\u00fclte meg els\u0151 gyermek\u00e9t, Kalpan\u00e1t. 1948. janu\u00e1r 29-\u00e9n Shri Mataji ism\u00e9t tal\u00e1lkozott Mahatma Gandhival, aki az \u00f6l\u00e9be vette Kalpan\u00e1t, \u00e9s \u00edgy sz\u00f3lt: \u201eNep\u00e1li (egy szeretetteljes becen\u00e9v, amit Shri Matajinak adott), ugyan\u00fagy n\u00e9zel ki, de most m\u00e1r anya vagy. Mikor kezded el a spiritu\u00e1lis munk\u00e1dat? Most, hogy szabadok vagyunk, el kell kezdened azt, amit akart\u00e1l.&#8221; Tragikus m\u00f3don m\u00e1snap egy politikai sz\u00e9ls\u0151s\u00e9ges meggyilkolta Mahatma Gandhit, mik\u00f6zben r\u00e9szt vett az esti im\u00e1n.<\/p>\n<p>1948-ban Shri Mataji f\u00e9rj\u00e9t, Chandrika Prasadot (k\u00e9s\u0151bb Sir C.P. Srivastava n\u00e9ven ismert\u00e9k sz\u00e9les k\u00f6rben, mert 1990-ben II. Erzs\u00e9bet kir\u00e1lyn\u0151 lovagg\u00e1 \u00fct\u00f6tte) bev\u00e1lasztott\u00e1k az Indiai K\u00fcl\u00fcgyi Szolg\u00e1latba \u00e9s az Indiai K\u00f6zigazgat\u00e1si Szolg\u00e1latba (I.A.S). Shri Mataji tan\u00e1cs\u00e1t k\u00f6vetve Sir C.P. \u00fagy d\u00f6nt\u00f6tt, hogy az I.A.S.-ben marad, \u00e9s annak hat\u00e1rain bel\u00fclr\u0151l szolg\u00e1lja haz\u00e1j\u00e1t. H\u00e1zass\u00e1guk els\u0151, mozgalmas \u00e9veiben, 1950 febru\u00e1rj\u00e1ban megsz\u00fcletett m\u00e1sodik gyermek\u00fck, Sadhana. Az \u00e9v m\u00e1jus\u00e1ban Sir C.P.-t Lucknow v\u00e1rosi b\u00edr\u00f3j\u00e1nak nevezt\u00e9k ki, \u00e9s a fiatal csal\u00e1d egy ideig ott is maradt.<\/p>\n\t<p>1951 v\u00e9g\u00e9n Sir C.P. Meerutba ker\u00fclt, mint kieg\u00e9sz\u00edt\u0151 ker\u00fcleti b\u00edr\u00f3. A szem\u00e9lyzeti bungal\u00f3 egy nagy birtokon helyezkedett el, \u00e9s hagyom\u00e1nyos brit st\u00edlusban \u00e9p\u00fclt. Shri Mataji, aki ekkor m\u00e1r k\u00e9t kisgyermeket nevelt, megm\u0171velte a bungal\u00f3 melletti f\u00f6ldet. Egy mez\u0151gazdas\u00e1gi munk\u00e1s seg\u00edts\u00e9g\u00e9vel a kihaszn\u00e1latlan ter\u00fcletet nagyon term\u00e9keny z\u00f6lds\u00e9geskertt\u00e9 alak\u00edtotta. A z\u00f6lds\u00e9geket saj\u00e1t fogyaszt\u00e1sra termesztette, a felesleget pedig eladta, hogy kieg\u00e9sz\u00edtse a csal\u00e1di j\u00f6vedelmet.<\/p>\n<p>H.P. Salve visszaeml\u00e9kez\u00e9seiben \u00edgy eml\u00e9kezett vissza: \u201eShri Mataji farmj\u00e1t a k\u00f6rny\u00e9k legjobb farmj\u00e1nak tartott\u00e1k. A padlizs\u00e1nok olyan nagyok voltak, hogy fel sem tudtam emelni \u0151ket. Nagyon-nagyon nagy karfiolt, nagyon nagy paradicsomot, nagyon nagy ubork\u00e1t termett. Hihetetlen volt, hogyan tudott ilyen hatalmas z\u00f6lds\u00e9geket termeszteni.&#8221;<\/p>\n<p>1953-ban Shri Mataji csal\u00e1dja Mumbaiba k\u00f6lt\u00f6z\u00f6tt, amikor Sir C.P.-t a Haj\u00f3z\u00e1si F\u0151igazgat\u00f3s\u00e1ghoz (k\u00e9s\u0151bb Indiai Haj\u00f3z\u00e1si T\u00e1rsas\u00e1g) nevezt\u00e9k ki. H.P. Salve felid\u00e9zte a csod\u00e1latos ny\u00e1ri vak\u00e1ci\u00f3kat, amelyeket Shri Matajival \u00e9s gyermekeivel t\u00f6lt\u00f6tt Pachmarhiban, egy hegyvid\u00e9ki \u00fcd\u00fcl\u0151helyen Chhindwara k\u00f6zel\u00e9ben, K\u00f6z\u00e9p-Indi\u00e1ban, egy gy\u00f6ny\u00f6r\u0171 ter\u00fcleten, \u0151si barlangokkal, v\u00edzes\u00e9sekkel, erd\u0151kkel \u00e9s vadvil\u00e1ggal. Shri Mataji \u00e9s csal\u00e1dja sok id\u0151t t\u00f6lt\u00f6tt Nagpurban is, ahol sok rokona \u00e9lt.<\/p>\n<p>1955. febru\u00e1r 8-\u00e1n, vas\u00e1rnap az orvosok k\u00f3rh\u00e1zba sz\u00e1ll\u00edtott\u00e1k Shri Mataji \u00e9desapj\u00e1t. Egy h\u00e9ttel k\u00e9s\u0151bb minden gyermeke k\u00f6r\u00e9 gy\u0171lt. Shri Mataji rendk\u00edv\u00fcl k\u00f6zel \u00e1llt az \u00e9desapj\u00e1hoz, \u00e9s mindig is nagyra \u00e9rt\u00e9kelte a tan\u00e1csait, k\u00fcl\u00f6n\u00f6sen spiritu\u00e1lis k\u00e9rd\u00e9sekben. B\u00e1tyja felid\u00e9zte, hogy apjuk megk\u00e9rdezte Nirmal\u00e1t\u00f3l: \u201eMegtal\u00e1ltad a m\u00f3dszert?&#8221; &#8211; utalva a t\u00f6meges \u00f6nmegval\u00f3sul\u00e1s megad\u00e1s\u00e1nak m\u00f3dszer\u00e9re. Csal\u00e1dja k\u00f6r\u00e9ben Prasad Salve k\u00e9t nappal k\u00e9s\u0151bb, 1955. febru\u00e1r 17-\u00e9n hunyt el. H.P. Salve csod\u00e1lta, hogy Shri Mataji, \u201eaki ak\u00e1r egyetlen koldus l\u00e1tt\u00e1n is k\u00f6nnyekkel telt meg, a nagy szem\u00e9lyes vesztes\u00e9g pillanat\u00e1ban \u00f6sszeszedte minden b\u00e1tors\u00e1g\u00e1t, \u00e9s elkezdte megszervezni a temet\u00e9st.&#8221;<\/p>\n\t<h5>\u201eAmennyire meg tudjuk \u00edt\u00e9lni, a l\u00e9tez\u00e9s egyetlen c\u00e9lja, hogy f\u00e9nyt gy\u00fajtson a l\u00e9t s\u00f6t\u00e9ts\u00e9g\u00e9ben.&#8221;<\/h5>\n<h5>Carl Gustav Jung<\/h5>\n\t<hr \/>\n<h3>1. <a href=\"#citation-ref-1\">^<\/a> <a name=\"citation-note-1\"><\/a>H. P. Salve, \u201eEml\u00e9kirataim&#8221;, \u00dajdelhi: Life Eternal Trust, 2000.<\/h3>\n\n","protected":false},"excerpt":{"rendered":"<p>H\u00e1zass\u00e1g \u00e9s India f\u00fcggetlens\u00e9ge A csal\u00e1d \u00e9s a t\u00e1rsadalom alapja Shri Mataji gyermekkora \u00e9s tin\u00e9dzserkora \u00f6sszefon\u00f3dott az \u00faj indiai nemzet sz\u00fclet\u00e9s\u00e9vel, de feles\u00e9gk\u00e9nt \u00e9s fiatal anyak\u00e9nt t\u00f6lt\u00f6tt \u00e9vei is ugyanilyen fontosnak bizonyultak. Nirmala Salve, akit ma sz\u00e9les k\u00f6rben Shri Mataji Nirmala Devi n\u00e9ven ismernek, 1947. \u00e1prilis 7-\u00e9n feles\u00e9g\u00fcl ment Chandrika Prasad Srivastav\u00e1hoz. Sz\u00e1zhuszonkilenc nappal k\u00e9s\u0151bb,&hellip; <br \/> <a class=\"read-more\" href=\"https:\/\/shrimataji.org\/test\/hu\/marriage-and-independence\/\">Read more<\/a><\/p>\n","protected":false},"author":1,"featured_media":19269,"parent":0,"menu_order":0,"comment_status":"closed","ping_status":"closed","template":"","meta":{"inline_featured_image":false,"footnotes":""},"class_list":["post-19515","page","type-page","status-publish","has-post-thumbnail","hentry"],"yoast_head":"<!-- This site is optimized with the Yoast SEO plugin v27.4 - https:\/\/yoast.com\/product\/yoast-seo-wordpress\/ -->\n<title>H\u00e1zass\u00e1g \u00e9s India f\u00fcggetlens\u00e9ge - TEST - SMND<\/title>\n<meta name=\"robots\" content=\"noindex, follow, max-snippet:-1, max-image-preview:large, max-video-preview:-1\" \/>\n<meta property=\"og:locale\" content=\"en_US\" \/>\n<meta property=\"og:type\" content=\"article\" \/>\n<meta property=\"og:title\" content=\"H\u00e1zass\u00e1g \u00e9s India f\u00fcggetlens\u00e9ge - TEST - SMND\" \/>\n<meta property=\"og:description\" content=\"H\u00e1zass\u00e1g \u00e9s India f\u00fcggetlens\u00e9ge A csal\u00e1d \u00e9s a t\u00e1rsadalom alapja Shri Mataji gyermekkora \u00e9s tin\u00e9dzserkora \u00f6sszefon\u00f3dott az \u00faj indiai nemzet sz\u00fclet\u00e9s\u00e9vel, de feles\u00e9gk\u00e9nt \u00e9s fiatal anyak\u00e9nt t\u00f6lt\u00f6tt \u00e9vei is ugyanilyen fontosnak bizonyultak. Nirmala Salve, akit ma sz\u00e9les k\u00f6rben Shri Mataji Nirmala Devi n\u00e9ven ismernek, 1947. \u00e1prilis 7-\u00e9n feles\u00e9g\u00fcl ment Chandrika Prasad Srivastav\u00e1hoz. Sz\u00e1zhuszonkilenc nappal k\u00e9s\u0151bb,&hellip; Read more\" \/>\n<meta property=\"og:url\" content=\"https:\/\/shrimataji.org\/test\/hu\/marriage-and-independence\/\" \/>\n<meta property=\"og:site_name\" content=\"TEST - SMND\" \/>\n<meta property=\"article:publisher\" content=\"https:\/\/www.facebook.com\/shrimataji\" \/>\n<meta property=\"article:modified_time\" content=\"2026-04-11T13:21:08+00:00\" \/>\n<meta property=\"og:image\" content=\"https:\/\/shrimataji.org\/test\/wp-content\/uploads\/2023\/03\/4_Banner_EarlyLife-Mariage-Independance_2-scaled.jpg\" \/>\n\t<meta property=\"og:image:width\" content=\"2560\" \/>\n\t<meta property=\"og:image:height\" content=\"905\" \/>\n\t<meta property=\"og:image:type\" content=\"image\/jpeg\" \/>\n<meta name=\"twitter:card\" content=\"summary_large_image\" \/>\n<meta name=\"twitter:site\" content=\"@shrimataji\" \/>\n<meta name=\"twitter:label1\" content=\"Est. reading time\" \/>\n\t<meta name=\"twitter:data1\" content=\"4 minutes\" \/>\n<script type=\"application\/ld+json\" class=\"yoast-schema-graph\">{\"@context\":\"https:\\\/\\\/schema.org\",\"@graph\":[{\"@type\":\"WebPage\",\"@id\":\"https:\\\/\\\/shrimataji.org\\\/test\\\/hu\\\/marriage-and-independence\\\/\",\"url\":\"https:\\\/\\\/shrimataji.org\\\/test\\\/hu\\\/marriage-and-independence\\\/\",\"name\":\"H\u00e1zass\u00e1g \u00e9s India f\u00fcggetlens\u00e9ge - TEST - SMND\",\"isPartOf\":{\"@id\":\"https:\\\/\\\/shrimataji.org\\\/test\\\/#website\"},\"primaryImageOfPage\":{\"@id\":\"https:\\\/\\\/shrimataji.org\\\/test\\\/hu\\\/marriage-and-independence\\\/#primaryimage\"},\"image\":{\"@id\":\"https:\\\/\\\/shrimataji.org\\\/test\\\/hu\\\/marriage-and-independence\\\/#primaryimage\"},\"thumbnailUrl\":\"https:\\\/\\\/shrimataji.org\\\/test\\\/wp-content\\\/uploads\\\/2023\\\/03\\\/4_Banner_EarlyLife-Mariage-Independance_2-scaled.jpg\",\"datePublished\":\"2018-07-10T06:54:50+00:00\",\"dateModified\":\"2026-04-11T13:21:08+00:00\",\"breadcrumb\":{\"@id\":\"https:\\\/\\\/shrimataji.org\\\/test\\\/hu\\\/marriage-and-independence\\\/#breadcrumb\"},\"inLanguage\":\"en-US\",\"potentialAction\":[{\"@type\":\"ReadAction\",\"target\":[\"https:\\\/\\\/shrimataji.org\\\/test\\\/hu\\\/marriage-and-independence\\\/\"]}]},{\"@type\":\"ImageObject\",\"inLanguage\":\"en-US\",\"@id\":\"https:\\\/\\\/shrimataji.org\\\/test\\\/hu\\\/marriage-and-independence\\\/#primaryimage\",\"url\":\"https:\\\/\\\/shrimataji.org\\\/test\\\/wp-content\\\/uploads\\\/2023\\\/03\\\/4_Banner_EarlyLife-Mariage-Independance_2-scaled.jpg\",\"contentUrl\":\"https:\\\/\\\/shrimataji.org\\\/test\\\/wp-content\\\/uploads\\\/2023\\\/03\\\/4_Banner_EarlyLife-Mariage-Independance_2-scaled.jpg\",\"width\":2560,\"height\":905},{\"@type\":\"BreadcrumbList\",\"@id\":\"https:\\\/\\\/shrimataji.org\\\/test\\\/hu\\\/marriage-and-independence\\\/#breadcrumb\",\"itemListElement\":[{\"@type\":\"ListItem\",\"position\":1,\"name\":\"Home\",\"item\":\"https:\\\/\\\/shrimataji.org\\\/test\\\/uk\\\/home-en\\\/\"},{\"@type\":\"ListItem\",\"position\":2,\"name\":\"H\u00e1zass\u00e1g \u00e9s India f\u00fcggetlens\u00e9ge\"}]},{\"@type\":\"WebSite\",\"@id\":\"https:\\\/\\\/shrimataji.org\\\/test\\\/#website\",\"url\":\"https:\\\/\\\/shrimataji.org\\\/test\\\/\",\"name\":\"Shri Mataji Nirmala Devi\",\"description\":\"A Life Dedicated to Humanity\",\"publisher\":{\"@id\":\"https:\\\/\\\/shrimataji.org\\\/test\\\/#\\\/schema\\\/person\\\/a1b3419c6585f164aa96da1ff85715d1\"},\"potentialAction\":[{\"@type\":\"SearchAction\",\"target\":{\"@type\":\"EntryPoint\",\"urlTemplate\":\"https:\\\/\\\/shrimataji.org\\\/test\\\/?s={search_term_string}\"},\"query-input\":{\"@type\":\"PropertyValueSpecification\",\"valueRequired\":true,\"valueName\":\"search_term_string\"}}],\"inLanguage\":\"en-US\"},{\"@type\":[\"Person\",\"Organization\"],\"@id\":\"https:\\\/\\\/shrimataji.org\\\/test\\\/#\\\/schema\\\/person\\\/a1b3419c6585f164aa96da1ff85715d1\",\"name\":\"Nirmala Shrivastava\",\"image\":{\"@type\":\"ImageObject\",\"inLanguage\":\"en-US\",\"@id\":\"https:\\\/\\\/shrimataji.org\\\/test\\\/wp-content\\\/uploads\\\/2023\\\/02\\\/SMO_LOGO-03.svg\",\"url\":\"https:\\\/\\\/shrimataji.org\\\/test\\\/wp-content\\\/uploads\\\/2023\\\/02\\\/SMO_LOGO-03.svg\",\"contentUrl\":\"https:\\\/\\\/shrimataji.org\\\/test\\\/wp-content\\\/uploads\\\/2023\\\/02\\\/SMO_LOGO-03.svg\",\"width\":\"1024\",\"height\":\"1024\",\"caption\":\"Nirmala Shrivastava\"},\"logo\":{\"@id\":\"https:\\\/\\\/shrimataji.org\\\/test\\\/wp-content\\\/uploads\\\/2023\\\/02\\\/SMO_LOGO-03.svg\"},\"sameAs\":[\"https:\\\/\\\/shrimataji.org\\\/test\",\"https:\\\/\\\/www.facebook.com\\\/shrimataji\",\"https:\\\/\\\/x.com\\\/shrimataji\",\"https:\\\/\\\/www.youtube.com\\\/@Shri_Mataji_Nirmala_Devi\\\/featured\"]}]}<\/script>\n<!-- \/ Yoast SEO plugin. -->","yoast_head_json":{"title":"H\u00e1zass\u00e1g \u00e9s India f\u00fcggetlens\u00e9ge - TEST - SMND","robots":{"index":"noindex","follow":"follow","max-snippet":"max-snippet:-1","max-image-preview":"max-image-preview:large","max-video-preview":"max-video-preview:-1"},"og_locale":"en_US","og_type":"article","og_title":"H\u00e1zass\u00e1g \u00e9s India f\u00fcggetlens\u00e9ge - TEST - SMND","og_description":"H\u00e1zass\u00e1g \u00e9s India f\u00fcggetlens\u00e9ge A csal\u00e1d \u00e9s a t\u00e1rsadalom alapja Shri Mataji gyermekkora \u00e9s tin\u00e9dzserkora \u00f6sszefon\u00f3dott az \u00faj indiai nemzet sz\u00fclet\u00e9s\u00e9vel, de feles\u00e9gk\u00e9nt \u00e9s fiatal anyak\u00e9nt t\u00f6lt\u00f6tt \u00e9vei is ugyanilyen fontosnak bizonyultak. Nirmala Salve, akit ma sz\u00e9les k\u00f6rben Shri Mataji Nirmala Devi n\u00e9ven ismernek, 1947. \u00e1prilis 7-\u00e9n feles\u00e9g\u00fcl ment Chandrika Prasad Srivastav\u00e1hoz. Sz\u00e1zhuszonkilenc nappal k\u00e9s\u0151bb,&hellip; Read more","og_url":"https:\/\/shrimataji.org\/test\/hu\/marriage-and-independence\/","og_site_name":"TEST - SMND","article_publisher":"https:\/\/www.facebook.com\/shrimataji","article_modified_time":"2026-04-11T13:21:08+00:00","og_image":[{"width":2560,"height":905,"url":"https:\/\/shrimataji.org\/test\/wp-content\/uploads\/2023\/03\/4_Banner_EarlyLife-Mariage-Independance_2-scaled.jpg","type":"image\/jpeg"}],"twitter_card":"summary_large_image","twitter_site":"@shrimataji","twitter_misc":{"Est. reading time":"4 minutes"},"schema":{"@context":"https:\/\/schema.org","@graph":[{"@type":"WebPage","@id":"https:\/\/shrimataji.org\/test\/hu\/marriage-and-independence\/","url":"https:\/\/shrimataji.org\/test\/hu\/marriage-and-independence\/","name":"H\u00e1zass\u00e1g \u00e9s India f\u00fcggetlens\u00e9ge - TEST - SMND","isPartOf":{"@id":"https:\/\/shrimataji.org\/test\/#website"},"primaryImageOfPage":{"@id":"https:\/\/shrimataji.org\/test\/hu\/marriage-and-independence\/#primaryimage"},"image":{"@id":"https:\/\/shrimataji.org\/test\/hu\/marriage-and-independence\/#primaryimage"},"thumbnailUrl":"https:\/\/shrimataji.org\/test\/wp-content\/uploads\/2023\/03\/4_Banner_EarlyLife-Mariage-Independance_2-scaled.jpg","datePublished":"2018-07-10T06:54:50+00:00","dateModified":"2026-04-11T13:21:08+00:00","breadcrumb":{"@id":"https:\/\/shrimataji.org\/test\/hu\/marriage-and-independence\/#breadcrumb"},"inLanguage":"en-US","potentialAction":[{"@type":"ReadAction","target":["https:\/\/shrimataji.org\/test\/hu\/marriage-and-independence\/"]}]},{"@type":"ImageObject","inLanguage":"en-US","@id":"https:\/\/shrimataji.org\/test\/hu\/marriage-and-independence\/#primaryimage","url":"https:\/\/shrimataji.org\/test\/wp-content\/uploads\/2023\/03\/4_Banner_EarlyLife-Mariage-Independance_2-scaled.jpg","contentUrl":"https:\/\/shrimataji.org\/test\/wp-content\/uploads\/2023\/03\/4_Banner_EarlyLife-Mariage-Independance_2-scaled.jpg","width":2560,"height":905},{"@type":"BreadcrumbList","@id":"https:\/\/shrimataji.org\/test\/hu\/marriage-and-independence\/#breadcrumb","itemListElement":[{"@type":"ListItem","position":1,"name":"Home","item":"https:\/\/shrimataji.org\/test\/uk\/home-en\/"},{"@type":"ListItem","position":2,"name":"H\u00e1zass\u00e1g \u00e9s India f\u00fcggetlens\u00e9ge"}]},{"@type":"WebSite","@id":"https:\/\/shrimataji.org\/test\/#website","url":"https:\/\/shrimataji.org\/test\/","name":"Shri Mataji Nirmala Devi","description":"A Life Dedicated to Humanity","publisher":{"@id":"https:\/\/shrimataji.org\/test\/#\/schema\/person\/a1b3419c6585f164aa96da1ff85715d1"},"potentialAction":[{"@type":"SearchAction","target":{"@type":"EntryPoint","urlTemplate":"https:\/\/shrimataji.org\/test\/?s={search_term_string}"},"query-input":{"@type":"PropertyValueSpecification","valueRequired":true,"valueName":"search_term_string"}}],"inLanguage":"en-US"},{"@type":["Person","Organization"],"@id":"https:\/\/shrimataji.org\/test\/#\/schema\/person\/a1b3419c6585f164aa96da1ff85715d1","name":"Nirmala Shrivastava","image":{"@type":"ImageObject","inLanguage":"en-US","@id":"https:\/\/shrimataji.org\/test\/wp-content\/uploads\/2023\/02\/SMO_LOGO-03.svg","url":"https:\/\/shrimataji.org\/test\/wp-content\/uploads\/2023\/02\/SMO_LOGO-03.svg","contentUrl":"https:\/\/shrimataji.org\/test\/wp-content\/uploads\/2023\/02\/SMO_LOGO-03.svg","width":"1024","height":"1024","caption":"Nirmala Shrivastava"},"logo":{"@id":"https:\/\/shrimataji.org\/test\/wp-content\/uploads\/2023\/02\/SMO_LOGO-03.svg"},"sameAs":["https:\/\/shrimataji.org\/test","https:\/\/www.facebook.com\/shrimataji","https:\/\/x.com\/shrimataji","https:\/\/www.youtube.com\/@Shri_Mataji_Nirmala_Devi\/featured"]}]}},"lang":"hu","translations":{"hu":19515,"ur":37462,"en":439,"am":18034,"th":19994,"sq":18435,"zh":17332,"tr":10181,"pt":10393,"de":10667,"fr":10765,"it":10863,"es":10960,"ja":11257,"ru":11445,"bn":11637,"te":11745,"sw":11868,"he":12016,"el":12308,"sk":12406,"fa":12504,"fi":12602,"bg":13442,"ro":14516,"cs":14709,"nl":16595,"ku":16755,"ar":16931,"be":18642,"kn":18916,"mr":20358,"uk":20652,"ml":20947,"ta":22753,"sv":23024,"gu":28867,"pa":29027,"fil":29472,"da":37775,"pl":37987,"nn":38327},"pll_sync_post":[],"_links":{"self":[{"href":"https:\/\/shrimataji.org\/test\/wp-json\/wp\/v2\/pages\/19515","targetHints":{"allow":["GET"]}}],"collection":[{"href":"https:\/\/shrimataji.org\/test\/wp-json\/wp\/v2\/pages"}],"about":[{"href":"https:\/\/shrimataji.org\/test\/wp-json\/wp\/v2\/types\/page"}],"author":[{"embeddable":true,"href":"https:\/\/shrimataji.org\/test\/wp-json\/wp\/v2\/users\/1"}],"replies":[{"embeddable":true,"href":"https:\/\/shrimataji.org\/test\/wp-json\/wp\/v2\/comments?post=19515"}],"version-history":[{"count":0,"href":"https:\/\/shrimataji.org\/test\/wp-json\/wp\/v2\/pages\/19515\/revisions"}],"wp:featuredmedia":[{"embeddable":true,"href":"https:\/\/shrimataji.org\/test\/wp-json\/wp\/v2\/media\/19269"}],"wp:attachment":[{"href":"https:\/\/shrimataji.org\/test\/wp-json\/wp\/v2\/media?parent=19515"}],"curies":[{"name":"wp","href":"https:\/\/api.w.org\/{rel}","templated":true}]}}