{"id":19520,"date":"2022-02-25T05:44:57","date_gmt":"2022-02-25T05:44:57","guid":{"rendered":"https:\/\/test.shrimataji.org\/?page_id=6480"},"modified":"2026-04-18T15:07:19","modified_gmt":"2026-04-18T15:07:19","slug":"mooladhara-chakra","status":"publish","type":"page","link":"https:\/\/shrimataji.org\/test\/hu\/mooladhara-chakra\/","title":{"rendered":"Muladhara csakra"},"content":{"rendered":"\n\n\t<h1>Muladhara csakra<\/h1>\n<h2>\u00c1rtatlans\u00e1g \u00e9s b\u00f6lcsess\u00e9g<\/h2>\n<div class=\"su-quote su-quote-style-default\"><div class=\"su-quote-inner su-u-clearfix su-u-trim\">A muladhara k\u00e9t szanszkrit sz\u00f3b\u00f3l sz\u00e1rmazik: a \u201emula&#8221; jelent\u00e9se \u201egy\u00f6k\u00e9r&#8221;, az \u201eadhara&#8221; pedig \u201et\u00e1masz&#8221;, teh\u00e1t a teremt\u00e9s gy\u00f6ker\u00e9nek t\u00e1masz\u00e1t jelenti.<\/div><\/div>\n<h4>\u00c1rtatlan csecsem\u0151k\u00e9nt j\u00f6v\u00fcnk a vil\u00e1gra, ez\u00e9rt mondhatjuk azt, hogy a gyermeki tulajdons\u00e1g vel\u00fcnk sz\u00fcletett szem\u00e9lyis\u00e9gjegy. Az \u00e1rtatlans\u00e1g, a spontaneit\u00e1s \u00e9s a b\u00f6lcsess\u00e9g ennek a k\u00f6zpontnak a megnyilv\u00e1nul\u00e1sai. Ez k\u00e9pviseli benn\u00fcnk az \u00f6r\u00f6k \u00e9s elpuszt\u00edthatatlan tulajdons\u00e1gokat. Ezek a tulajdons\u00e1gok akkor nyilv\u00e1nulnak meg teljes m\u00e9rt\u00e9kben, amikor a Kundalini energi\u00e1nk aktiv\u00e1lja ezt a csakr\u00e1t. Fizikai szinten ez a k\u00f6zpont ir\u00e1ny\u00edtja a kiv\u00e1laszt\u00f3 \u00e9s a reprodukt\u00edv rendszert. Spiritu\u00e1lis szinten a Muladhara csakr\u00e1nk alkotja az eg\u00e9sz finomrendszer alapj\u00e1t.<\/h4>\n<h4>Ahogy a medit\u00e1ci\u00f3 \u00e1ltal fejl\u0151d\u00fcnk, m\u00e9ly \u00e1rtatlans\u00e1got, tiszteletet \u00e9s szeretetet kezd\u00fcnk \u00e9rezni \u00f6nmagunk \u00e9s m\u00e1sok ir\u00e1nt. Azt is tapasztaljuk, hogy mem\u00f3ri\u00e1nk \u00f3ri\u00e1si m\u00e9rt\u00e9kben javul, ahogy elm\u00e9nk megtisztul a l\u00e9nyegtelen zavar\u00f3 t\u00e9nyez\u0151kt\u0151l. Ahogy ez a k\u00f6zpont fejl\u0151dik benn\u00fcnk, szem\u00e9lyis\u00e9g\u00fcnk egyre vonz\u00f3bb\u00e1 v\u00e1lik.<\/h4>\n\t\t<iframe loading=\"lazy\" title=\"Mooladhara Chakra\" width=\"1920\" height=\"1080\" src=\"https:\/\/www.youtube.com\/embed\/k_tSck7QxHQ?feature=oembed\" frameborder=\"0\" allow=\"accelerometer; autoplay; clipboard-write; encrypted-media; gyroscope; picture-in-picture; web-share\" allowfullscreen><\/iframe>\t\n\t<strong>Elhelyezked\u00e9s:<\/strong><br \/>\nA Muladhara csakra a gerinc\u00fcnk alj\u00e1n\u00e1l, a medencefonatban tal\u00e1lhat\u00f3. A gy\u00f6k\u00e9rcsakra \u00e1llapot\u00e1t, vibr\u00e1ci\u00f3it a teny\u00e9r t\u00f6v\u00e9ben \u00e9rezhetj\u00fck.\n<strong>Sz\u00edn:<br \/>\n<\/strong>Ezt a csakr\u00e1t a korallv\u00f6r\u00f6s sz\u00edn jelk\u00e9pezi. Szoros \u00f6sszhangban van a f\u00f6ld elemmel.\n<p><strong>A Muladhara csakra finom szint\u0171 tulajdons\u00e1gai a k\u00f6vetkez\u0151k:<\/strong><\/p>\n\u2022 \u00c1rtatlans\u00e1g<br \/>\n\u2022 Tisztas\u00e1g<br \/>\n\u2022 Egyszer\u0171s\u00e9g<br \/>\n\u2022 Gyermeki \u00f6r\u00f6m<br \/>\n\u2022 Bels\u0151 b\u00f6lcsess\u00e9g<br \/>\n\u2022 M\u00e9lt\u00f3s\u00e1g<br \/>\n\u2022 Egyens\u00faly<br \/>\n\u2022 C\u00e9l \u00e9s ir\u00e1ny<br \/>\n\u2022 Kapcsolat a F\u00f6lddel<br \/>\n\u2022 Harm\u00f3nia a term\u00e9szettel\n<figure itemscope itemtype=\"https:\/\/schema.org\/ImageObject\">\n\t\t\t\t<a href=\"https:\/\/shrimataji.org\/test\/wp-content\/uploads\/2023\/02\/1-Mooladhara-01.png\"  target=\"_blank\" rel=\"noopener\"  itemprop=\"url\">\n\t\t\t\t<img decoding=\"async\" src=\"https:\/\/shrimataji.org\/test\/wp-content\/uploads\/2026\/04\/hu-1-Mooladhara-01-scaled.png\" alt=\"hu-1-Mooladhara-01\" height=\"2560\" width=\"2402\" title=\"hu-1-Mooladhara-01\" onerror=\"this.style.display='none'\" loading=\"lazy\" \/>\n\t\t\t\t<\/a>\n\t<\/figure>\n\t<div class=\"su-quote su-quote-style-default\"><div class=\"su-quote-inner su-u-clearfix su-u-trim\">A legals\u00f3 k\u00f6zpont az \u00e1rtatlans\u00e1gunk\u00e9. \u00c1rtatlans\u00e1gunk soha nem pusztulhat el, mert \u00f6r\u00f6k. Csak n\u00e9h\u00e1ny felh\u0151 bor\u00edthatja be. De a Kundalini fel\u00e9bred\u00e9s\u00e9vel az \u00e1rtatlans\u00e1g visszat\u00e9r hozz\u00e1nk. Figyelm\u00fcnk teljesen \u00e1rtatlann\u00e1 v\u00e1lik, \u00e9s nincs benne k\u00e9j \u00e9s kapzsis\u00e1g.<\/div><\/div>\n\t<strong>Tapasztalat \u00e9s el\u0151ny\u00f6k:<br \/>\n<\/strong>A kiegyens\u00falyozott Muladhara csakra seg\u00edt fenntartani \u00e9s kiterjeszteni a bels\u0151 b\u00f6lcsess\u00e9gedet. Bels\u0151 k\u00e9pess\u00e9ged lesz k\u00fcl\u00f6nbs\u00e9get tenni j\u00f3 \u00e9s rossz k\u00f6z\u00f6tt. Amikor az igazi b\u00f6lcsess\u00e9g gy\u0151zedelmeskedik, az ember elker\u00fcli azokat a cselekedeteket (vagy t\u00e9tlens\u00e9geket), amelyek \u00f6nmaga vagy m\u00e1sok k\u00e1r\u00e1ra v\u00e1lnak.\n<p>A kiegyens\u00falyozott Muladhara csakra j\u00f3 mem\u00f3ri\u00e1hoz, figyelemhez \u00e9s koncentr\u00e1ci\u00f3s k\u00e9pess\u00e9ghez is vezet. Az ember k\u00e9pes hat\u00e9konyan \u00e9s eredm\u00e9nyesen intellektu\u00e1lis d\u00f6nt\u00e9seket hozni, mik\u00f6zben meg\u0151rzi \u00e9rzelmi egyens\u00faly\u00e1t \u00e9s stabilit\u00e1s\u00e1t. Mivel a Muladhara csakra a f\u00f6ld elemb\u0151l k\u00e9pz\u0151dik, fontos szerepet j\u00e1tszik abban, hogy tudatoss\u00e1gunkat \u00f6sszekapcsolja az Anyaterm\u00e9szettel, hogy annak kincseivel teljes harm\u00f3ni\u00e1ban l\u00e9v\u0151 \u00e9letet \u00e9lvezz\u00fcnk. Seg\u00edt elker\u00fclni a nem term\u00e9szetes vagy eg\u00e9szs\u00e9gtelen \u00e9letm\u00f3dot (azokat, amelyeket \u201eperverznek&#8221; vagy \u201eterm\u00e9szetellenesnek&#8221; tekinthet\u00fcnk). A fejlett Muladhara csakra lehet\u0151v\u00e9 teszi sz\u00e1munkra, hogy meg\u00e9rts\u00fck \u00e9s tisztelj\u00fck saj\u00e1t \u00e9s m\u00e1sok \u00e1rtatlans\u00e1g\u00e1t \u00e9s tisztas\u00e1g\u00e1t. Amikor zavart tapasztalunk a Muladhara csakr\u00e1nkban, sz\u00e1mos betegs\u00e9g alakulhat ki.<\/p>\n<p>A bal csatorna probl\u00e9m\u00e1i, mint p\u00e9ld\u00e1ul a depresszi\u00f3 vagy a letargia, megel\u0151zhet\u0151k a Muladhara csakra kiegyens\u00falyoz\u00e1s\u00e1val is. A jobb csatorna probl\u00e9m\u00e1i, mint p\u00e9ld\u00e1ul az agressz\u00edv viselked\u00e9s, a t\u00falzott gondolkod\u00e1s, a t\u00falzott tervez\u00e9s \u00e9s a t\u00falz\u00e1sba vitt teend\u0151k, szint\u00e9n kik\u00fcsz\u00f6b\u00f6lhet\u0151k a Muladhara csakra megfelel\u0151 egyens\u00faly\u00e1nak megalapoz\u00e1s\u00e1val.<\/p>\n<strong>\u00d6n\u00e9rt\u00e9kel\u00e9s:<br \/>\n<\/strong>Ha a Muladhara csakr\u00e1d egyens\u00falya felborul, gyenge lesz t\u00e1j\u00e9koz\u00f3d\u00e1si k\u00e9pess\u00e9get, mem\u00f3riazavarokat vagy egyens\u00faly\u00e9rz\u00e9k (gravit\u00e1ci\u00f3s \u00e9rz\u00e9kel\u00e9s) zavarait tapasztalhatod. A csakra zavar\u00e1nak egy\u00e9b t\u00fcnetei lehetnek a kiv\u00e1laszt\u00e1si probl\u00e9m\u00e1k, a szexu\u00e1lis zavarok \u00e9s a reprodukci\u00f3s neh\u00e9zs\u00e9gek.\n<p><strong>Az egyens\u00faly hi\u00e1ny\u00e1nak okai: <\/strong><\/p>\n<ul>\n<li>A t\u00falterhelt ment\u00e1lis tev\u00e9kenys\u00e9g \u00e9s az \u00e9rz\u00e9ki \u00f6r\u00f6m\u00f6k t\u00falzott \u00e9lvezete blokkolhatja ezt a k\u00f6zpontot.<\/li>\n<li>A negat\u00edv t\u00e1rsadalmi hat\u00e1sok szint\u00e9n befoly\u00e1solhatj\u00e1k a Muladhara csakra bels\u0151 tulajdons\u00e1gainak kifejez\u0151d\u00e9s\u00e9t, az \u00e1rtatlans\u00e1got \u00e9s a b\u00f6lcsess\u00e9get.<\/li>\n<\/ul>\n<strong>Hogyan hozzuk egyens\u00falyba:<\/strong><strong><br \/>\n<\/strong>A Sahaja J\u00f3ga medit\u00e1ci\u00f3 rendszeres gyakorl\u00e1sa seg\u00edt egyens\u00falyba hozni a Muladhara csakr\u00e1t, \u00e9s meger\u0151s\u00edti a tudatunkban ennek a k\u00f6zpontnak a gy\u00f6ny\u00f6r\u0171, bels\u0151 tulajdons\u00e1gait. Kezd\u00e9sk\u00e9nt \u00fclj k\u00f6zvetlen\u00fcl a f\u00f6ldre a lehet\u0151 leggyakrabban. Mik\u00f6zben \u00e9lvezed a b\u00e9k\u00e9s pillanatokat a szabadban, megtiszt\u00edthatod a Muladhara csakr\u00e1dat, ha t\u00f6r\u00f6k\u00fcl\u00e9sben a f\u00f6ld\u00f6n pihensz. Helyezd mindk\u00e9t kezed a magad mell\u00e9 a f\u00f6ldre, teny\u00e9rrel lefel\u00e9.\n<p>Ha nem tudsz id\u0151t t\u00f6lteni a szabadban, van egy m\u00e1sik lehet\u0151s\u00e9g is. <a href=\"https:\/\/shrimataji.org\/test\/wp-content\/uploads\/2024\/04\/Footsoaking.pdf\" target=\"_blank\" rel=\"noopener\">\u00c1ztasd a l\u00e1bad<\/a>\u00a0langyos, s\u00f3s v\u00edzben, ami szint\u00e9n seg\u00edti a Muladhara csakra egyens\u00faly\u00e1nak helyre\u00e1ll\u00edt\u00e1s\u00e1t.<\/p>\n\n","protected":false},"excerpt":{"rendered":"<p>Muladhara csakra \u00c1rtatlans\u00e1g \u00e9s b\u00f6lcsess\u00e9g \u00c1rtatlan csecsem\u0151k\u00e9nt j\u00f6v\u00fcnk a vil\u00e1gra, ez\u00e9rt mondhatjuk azt, hogy a gyermeki tulajdons\u00e1g vel\u00fcnk sz\u00fcletett szem\u00e9lyis\u00e9gjegy. Az \u00e1rtatlans\u00e1g, a spontaneit\u00e1s \u00e9s a b\u00f6lcsess\u00e9g ennek a k\u00f6zpontnak a megnyilv\u00e1nul\u00e1sai. Ez k\u00e9pviseli benn\u00fcnk az \u00f6r\u00f6k \u00e9s elpuszt\u00edthatatlan tulajdons\u00e1gokat. Ezek a tulajdons\u00e1gok akkor nyilv\u00e1nulnak meg teljes m\u00e9rt\u00e9kben, amikor a Kundalini energi\u00e1nk aktiv\u00e1lja ezt a&hellip; <br \/> <a class=\"read-more\" href=\"https:\/\/shrimataji.org\/test\/hu\/mooladhara-chakra\/\">Read more<\/a><\/p>\n","protected":false},"author":1,"featured_media":19274,"parent":0,"menu_order":0,"comment_status":"closed","ping_status":"closed","template":"","meta":{"inline_featured_image":false,"footnotes":""},"class_list":["post-19520","page","type-page","status-publish","has-post-thumbnail","hentry"],"yoast_head":"<!-- This site is optimized with the Yoast SEO plugin v27.4 - https:\/\/yoast.com\/product\/yoast-seo-wordpress\/ -->\n<title>Muladhara csakra - TEST - SMND<\/title>\n<meta name=\"robots\" content=\"noindex, follow, max-snippet:-1, max-image-preview:large, max-video-preview:-1\" \/>\n<meta property=\"og:locale\" content=\"en_US\" \/>\n<meta property=\"og:type\" content=\"article\" \/>\n<meta property=\"og:title\" content=\"Muladhara csakra - TEST - SMND\" \/>\n<meta property=\"og:description\" content=\"Muladhara csakra \u00c1rtatlans\u00e1g \u00e9s b\u00f6lcsess\u00e9g \u00c1rtatlan csecsem\u0151k\u00e9nt j\u00f6v\u00fcnk a vil\u00e1gra, ez\u00e9rt mondhatjuk azt, hogy a gyermeki tulajdons\u00e1g vel\u00fcnk sz\u00fcletett szem\u00e9lyis\u00e9gjegy. Az \u00e1rtatlans\u00e1g, a spontaneit\u00e1s \u00e9s a b\u00f6lcsess\u00e9g ennek a k\u00f6zpontnak a megnyilv\u00e1nul\u00e1sai. Ez k\u00e9pviseli benn\u00fcnk az \u00f6r\u00f6k \u00e9s elpuszt\u00edthatatlan tulajdons\u00e1gokat. Ezek a tulajdons\u00e1gok akkor nyilv\u00e1nulnak meg teljes m\u00e9rt\u00e9kben, amikor a Kundalini energi\u00e1nk aktiv\u00e1lja ezt a&hellip; Read more\" \/>\n<meta property=\"og:url\" content=\"https:\/\/shrimataji.org\/test\/hu\/mooladhara-chakra\/\" \/>\n<meta property=\"og:site_name\" content=\"TEST - SMND\" \/>\n<meta property=\"article:publisher\" content=\"https:\/\/www.facebook.com\/shrimataji\" \/>\n<meta property=\"article:modified_time\" content=\"2026-04-18T15:07:19+00:00\" \/>\n<meta property=\"og:image\" content=\"https:\/\/shrimataji.org\/test\/wp-content\/uploads\/2023\/03\/16_Banner-SY-Chakra-mool-scaled.jpg\" \/>\n\t<meta property=\"og:image:width\" content=\"2560\" \/>\n\t<meta property=\"og:image:height\" content=\"905\" \/>\n\t<meta property=\"og:image:type\" content=\"image\/jpeg\" \/>\n<meta name=\"twitter:card\" content=\"summary_large_image\" \/>\n<meta name=\"twitter:site\" content=\"@shrimataji\" \/>\n<meta name=\"twitter:label1\" content=\"Est. reading time\" \/>\n\t<meta name=\"twitter:data1\" content=\"3 minutes\" \/>\n<script type=\"application\/ld+json\" class=\"yoast-schema-graph\">{\"@context\":\"https:\\\/\\\/schema.org\",\"@graph\":[{\"@type\":\"WebPage\",\"@id\":\"https:\\\/\\\/shrimataji.org\\\/test\\\/hu\\\/mooladhara-chakra\\\/\",\"url\":\"https:\\\/\\\/shrimataji.org\\\/test\\\/hu\\\/mooladhara-chakra\\\/\",\"name\":\"Muladhara csakra - TEST - SMND\",\"isPartOf\":{\"@id\":\"https:\\\/\\\/shrimataji.org\\\/test\\\/#website\"},\"primaryImageOfPage\":{\"@id\":\"https:\\\/\\\/shrimataji.org\\\/test\\\/hu\\\/mooladhara-chakra\\\/#primaryimage\"},\"image\":{\"@id\":\"https:\\\/\\\/shrimataji.org\\\/test\\\/hu\\\/mooladhara-chakra\\\/#primaryimage\"},\"thumbnailUrl\":\"https:\\\/\\\/shrimataji.org\\\/test\\\/wp-content\\\/uploads\\\/2023\\\/03\\\/16_Banner-SY-Chakra-mool-scaled.jpg\",\"datePublished\":\"2022-02-25T05:44:57+00:00\",\"dateModified\":\"2026-04-18T15:07:19+00:00\",\"breadcrumb\":{\"@id\":\"https:\\\/\\\/shrimataji.org\\\/test\\\/hu\\\/mooladhara-chakra\\\/#breadcrumb\"},\"inLanguage\":\"en-US\",\"potentialAction\":[{\"@type\":\"ReadAction\",\"target\":[\"https:\\\/\\\/shrimataji.org\\\/test\\\/hu\\\/mooladhara-chakra\\\/\"]}]},{\"@type\":\"ImageObject\",\"inLanguage\":\"en-US\",\"@id\":\"https:\\\/\\\/shrimataji.org\\\/test\\\/hu\\\/mooladhara-chakra\\\/#primaryimage\",\"url\":\"https:\\\/\\\/shrimataji.org\\\/test\\\/wp-content\\\/uploads\\\/2023\\\/03\\\/16_Banner-SY-Chakra-mool-scaled.jpg\",\"contentUrl\":\"https:\\\/\\\/shrimataji.org\\\/test\\\/wp-content\\\/uploads\\\/2023\\\/03\\\/16_Banner-SY-Chakra-mool-scaled.jpg\",\"width\":2560,\"height\":905},{\"@type\":\"BreadcrumbList\",\"@id\":\"https:\\\/\\\/shrimataji.org\\\/test\\\/hu\\\/mooladhara-chakra\\\/#breadcrumb\",\"itemListElement\":[{\"@type\":\"ListItem\",\"position\":1,\"name\":\"Home\",\"item\":\"https:\\\/\\\/shrimataji.org\\\/test\\\/uk\\\/home-en\\\/\"},{\"@type\":\"ListItem\",\"position\":2,\"name\":\"Muladhara csakra\"}]},{\"@type\":\"WebSite\",\"@id\":\"https:\\\/\\\/shrimataji.org\\\/test\\\/#website\",\"url\":\"https:\\\/\\\/shrimataji.org\\\/test\\\/\",\"name\":\"Shri Mataji Nirmala Devi\",\"description\":\"A Life Dedicated to Humanity\",\"publisher\":{\"@id\":\"https:\\\/\\\/shrimataji.org\\\/test\\\/#\\\/schema\\\/person\\\/a1b3419c6585f164aa96da1ff85715d1\"},\"potentialAction\":[{\"@type\":\"SearchAction\",\"target\":{\"@type\":\"EntryPoint\",\"urlTemplate\":\"https:\\\/\\\/shrimataji.org\\\/test\\\/?s={search_term_string}\"},\"query-input\":{\"@type\":\"PropertyValueSpecification\",\"valueRequired\":true,\"valueName\":\"search_term_string\"}}],\"inLanguage\":\"en-US\"},{\"@type\":[\"Person\",\"Organization\"],\"@id\":\"https:\\\/\\\/shrimataji.org\\\/test\\\/#\\\/schema\\\/person\\\/a1b3419c6585f164aa96da1ff85715d1\",\"name\":\"Nirmala Shrivastava\",\"image\":{\"@type\":\"ImageObject\",\"inLanguage\":\"en-US\",\"@id\":\"https:\\\/\\\/shrimataji.org\\\/test\\\/wp-content\\\/uploads\\\/2023\\\/02\\\/SMO_LOGO-03.svg\",\"url\":\"https:\\\/\\\/shrimataji.org\\\/test\\\/wp-content\\\/uploads\\\/2023\\\/02\\\/SMO_LOGO-03.svg\",\"contentUrl\":\"https:\\\/\\\/shrimataji.org\\\/test\\\/wp-content\\\/uploads\\\/2023\\\/02\\\/SMO_LOGO-03.svg\",\"width\":\"1024\",\"height\":\"1024\",\"caption\":\"Nirmala Shrivastava\"},\"logo\":{\"@id\":\"https:\\\/\\\/shrimataji.org\\\/test\\\/wp-content\\\/uploads\\\/2023\\\/02\\\/SMO_LOGO-03.svg\"},\"sameAs\":[\"https:\\\/\\\/shrimataji.org\\\/test\",\"https:\\\/\\\/www.facebook.com\\\/shrimataji\",\"https:\\\/\\\/x.com\\\/shrimataji\",\"https:\\\/\\\/www.youtube.com\\\/@Shri_Mataji_Nirmala_Devi\\\/featured\"]}]}<\/script>\n<!-- \/ Yoast SEO plugin. -->","yoast_head_json":{"title":"Muladhara csakra - TEST - SMND","robots":{"index":"noindex","follow":"follow","max-snippet":"max-snippet:-1","max-image-preview":"max-image-preview:large","max-video-preview":"max-video-preview:-1"},"og_locale":"en_US","og_type":"article","og_title":"Muladhara csakra - TEST - SMND","og_description":"Muladhara csakra \u00c1rtatlans\u00e1g \u00e9s b\u00f6lcsess\u00e9g \u00c1rtatlan csecsem\u0151k\u00e9nt j\u00f6v\u00fcnk a vil\u00e1gra, ez\u00e9rt mondhatjuk azt, hogy a gyermeki tulajdons\u00e1g vel\u00fcnk sz\u00fcletett szem\u00e9lyis\u00e9gjegy. Az \u00e1rtatlans\u00e1g, a spontaneit\u00e1s \u00e9s a b\u00f6lcsess\u00e9g ennek a k\u00f6zpontnak a megnyilv\u00e1nul\u00e1sai. Ez k\u00e9pviseli benn\u00fcnk az \u00f6r\u00f6k \u00e9s elpuszt\u00edthatatlan tulajdons\u00e1gokat. Ezek a tulajdons\u00e1gok akkor nyilv\u00e1nulnak meg teljes m\u00e9rt\u00e9kben, amikor a Kundalini energi\u00e1nk aktiv\u00e1lja ezt a&hellip; Read more","og_url":"https:\/\/shrimataji.org\/test\/hu\/mooladhara-chakra\/","og_site_name":"TEST - SMND","article_publisher":"https:\/\/www.facebook.com\/shrimataji","article_modified_time":"2026-04-18T15:07:19+00:00","og_image":[{"width":2560,"height":905,"url":"https:\/\/shrimataji.org\/test\/wp-content\/uploads\/2023\/03\/16_Banner-SY-Chakra-mool-scaled.jpg","type":"image\/jpeg"}],"twitter_card":"summary_large_image","twitter_site":"@shrimataji","twitter_misc":{"Est. reading time":"3 minutes"},"schema":{"@context":"https:\/\/schema.org","@graph":[{"@type":"WebPage","@id":"https:\/\/shrimataji.org\/test\/hu\/mooladhara-chakra\/","url":"https:\/\/shrimataji.org\/test\/hu\/mooladhara-chakra\/","name":"Muladhara csakra - TEST - SMND","isPartOf":{"@id":"https:\/\/shrimataji.org\/test\/#website"},"primaryImageOfPage":{"@id":"https:\/\/shrimataji.org\/test\/hu\/mooladhara-chakra\/#primaryimage"},"image":{"@id":"https:\/\/shrimataji.org\/test\/hu\/mooladhara-chakra\/#primaryimage"},"thumbnailUrl":"https:\/\/shrimataji.org\/test\/wp-content\/uploads\/2023\/03\/16_Banner-SY-Chakra-mool-scaled.jpg","datePublished":"2022-02-25T05:44:57+00:00","dateModified":"2026-04-18T15:07:19+00:00","breadcrumb":{"@id":"https:\/\/shrimataji.org\/test\/hu\/mooladhara-chakra\/#breadcrumb"},"inLanguage":"en-US","potentialAction":[{"@type":"ReadAction","target":["https:\/\/shrimataji.org\/test\/hu\/mooladhara-chakra\/"]}]},{"@type":"ImageObject","inLanguage":"en-US","@id":"https:\/\/shrimataji.org\/test\/hu\/mooladhara-chakra\/#primaryimage","url":"https:\/\/shrimataji.org\/test\/wp-content\/uploads\/2023\/03\/16_Banner-SY-Chakra-mool-scaled.jpg","contentUrl":"https:\/\/shrimataji.org\/test\/wp-content\/uploads\/2023\/03\/16_Banner-SY-Chakra-mool-scaled.jpg","width":2560,"height":905},{"@type":"BreadcrumbList","@id":"https:\/\/shrimataji.org\/test\/hu\/mooladhara-chakra\/#breadcrumb","itemListElement":[{"@type":"ListItem","position":1,"name":"Home","item":"https:\/\/shrimataji.org\/test\/uk\/home-en\/"},{"@type":"ListItem","position":2,"name":"Muladhara csakra"}]},{"@type":"WebSite","@id":"https:\/\/shrimataji.org\/test\/#website","url":"https:\/\/shrimataji.org\/test\/","name":"Shri Mataji Nirmala Devi","description":"A Life Dedicated to Humanity","publisher":{"@id":"https:\/\/shrimataji.org\/test\/#\/schema\/person\/a1b3419c6585f164aa96da1ff85715d1"},"potentialAction":[{"@type":"SearchAction","target":{"@type":"EntryPoint","urlTemplate":"https:\/\/shrimataji.org\/test\/?s={search_term_string}"},"query-input":{"@type":"PropertyValueSpecification","valueRequired":true,"valueName":"search_term_string"}}],"inLanguage":"en-US"},{"@type":["Person","Organization"],"@id":"https:\/\/shrimataji.org\/test\/#\/schema\/person\/a1b3419c6585f164aa96da1ff85715d1","name":"Nirmala Shrivastava","image":{"@type":"ImageObject","inLanguage":"en-US","@id":"https:\/\/shrimataji.org\/test\/wp-content\/uploads\/2023\/02\/SMO_LOGO-03.svg","url":"https:\/\/shrimataji.org\/test\/wp-content\/uploads\/2023\/02\/SMO_LOGO-03.svg","contentUrl":"https:\/\/shrimataji.org\/test\/wp-content\/uploads\/2023\/02\/SMO_LOGO-03.svg","width":"1024","height":"1024","caption":"Nirmala Shrivastava"},"logo":{"@id":"https:\/\/shrimataji.org\/test\/wp-content\/uploads\/2023\/02\/SMO_LOGO-03.svg"},"sameAs":["https:\/\/shrimataji.org\/test","https:\/\/www.facebook.com\/shrimataji","https:\/\/x.com\/shrimataji","https:\/\/www.youtube.com\/@Shri_Mataji_Nirmala_Devi\/featured"]}]}},"lang":"hu","translations":{"hu":19520,"ur":37466,"en":10186,"am":18038,"th":20000,"sq":18439,"zh":17336,"ja":11260,"hi":8319,"pt":10396,"de":10670,"fr":10768,"it":10866,"es":10963,"ru":11448,"bn":11640,"te":11748,"sw":11871,"he":12019,"el":12311,"sk":12409,"fa":12507,"fi":12605,"bg":13376,"ro":14450,"cs":14643,"nl":16599,"ku":16759,"ar":16935,"be":18646,"kn":18920,"mr":20364,"uk":20658,"ml":20953,"ta":22757,"sv":23028,"gu":28871,"pa":29031,"fil":29476,"da":37778,"pl":37990,"nn":38330},"pll_sync_post":[],"_links":{"self":[{"href":"https:\/\/shrimataji.org\/test\/wp-json\/wp\/v2\/pages\/19520","targetHints":{"allow":["GET"]}}],"collection":[{"href":"https:\/\/shrimataji.org\/test\/wp-json\/wp\/v2\/pages"}],"about":[{"href":"https:\/\/shrimataji.org\/test\/wp-json\/wp\/v2\/types\/page"}],"author":[{"embeddable":true,"href":"https:\/\/shrimataji.org\/test\/wp-json\/wp\/v2\/users\/1"}],"replies":[{"embeddable":true,"href":"https:\/\/shrimataji.org\/test\/wp-json\/wp\/v2\/comments?post=19520"}],"version-history":[{"count":0,"href":"https:\/\/shrimataji.org\/test\/wp-json\/wp\/v2\/pages\/19520\/revisions"}],"wp:featuredmedia":[{"embeddable":true,"href":"https:\/\/shrimataji.org\/test\/wp-json\/wp\/v2\/media\/19274"}],"wp:attachment":[{"href":"https:\/\/shrimataji.org\/test\/wp-json\/wp\/v2\/media?parent=19520"}],"curies":[{"name":"wp","href":"https:\/\/api.w.org\/{rel}","templated":true}]}}