{"id":19522,"date":"2022-03-05T07:37:21","date_gmt":"2022-03-05T07:37:21","guid":{"rendered":"https:\/\/test.shrimataji.org\/?page_id=6487"},"modified":"2026-04-21T19:38:33","modified_gmt":"2026-04-21T19:38:33","slug":"nabhi-chakra","status":"publish","type":"page","link":"https:\/\/shrimataji.org\/test\/hu\/nabhi-chakra\/","title":{"rendered":"Nabhi csakra"},"content":{"rendered":"\n\n\t<h1>Nabhi csakra<\/h1>\n<h2>El\u00e9gedetts\u00e9g, Evol\u00faci\u00f3, J\u00f3ll\u00e9t<\/h2>\n<h4>Ahogy feln\u00f6v\u00fcnk, \u00e9s kil\u00e9p\u00fcnk gyermekkorunk \u00e9s neveltet\u00e9s\u00fcnk megszokott k\u00f6rnyezet\u00e9b\u0151l az \u00e9let val\u00f3s\u00e1g\u00e1ba, olyan kih\u00edv\u00e1sokkal szembes\u00fcl\u00fcnk, amelyeket annak j\u00e1t\u00e9ka vet el\u00e9nk. Azonban rendelkez\u00fcnk egy sor etikai k\u00f3dexszel, melyek szil\u00e1rd \u00fatmutat\u00e1st adnak arra vonatkoz\u00f3an, hogyan viselkedj\u00fcnk \u00e9s l\u00e9pj\u00fcnk kapcsolatba m\u00e9lt\u00f3s\u00e1gteljes \u00e9s pozit\u00edv m\u00f3don a t\u00e1rsadalom eg\u00e9sz\u00e9vel.<\/h4>\n<p>A harmadik tudatoss\u00e1gi k\u00f6zpont azt a vel\u00fcnk sz\u00fcletett tudatoss\u00e1got adja, melynek r\u00e9v\u00e9n etikusan viselked\u00fcnk. Ez a be\u00e9p\u00edtett viselked\u00e9si k\u00f3dex a k\u00fcl\u00f6nb\u00f6z\u0151 korokon \u00e1t sz\u00e1mos szent, l\u00e1tnok \u00e9s pr\u00f3f\u00e9ta \u00e9let\u00e9ben \u00e9s munk\u00e1ss\u00e1g\u00e1ban nyilv\u00e1nult meg, mint p\u00e9ld\u00e1ul M\u00f3zes, J\u00e9zus, Mohamed, \u00c1brah\u00e1m Lincoln \u00e9s sokan m\u00e1sok. Ez a k\u00f6zpont az \u00e9lettel val\u00f3 el\u00e9gedetts\u00e9g \u00e9rz\u00e9s\u00e9t adja \u00e9s azt a k\u00e9pess\u00e9get, hogy megtapasztaljuk a m\u00e1sokkal val\u00f3 megoszt\u00e1s, az ad\u00e1s \u00f6r\u00f6m\u00e9t.<\/p>\n<p>A m\u00e1sodik \u00e9s a harmadik csakr\u00e1t a Void (\u00dcress\u00e9g) veszi k\u00f6r\u00fcl. Ez spiritu\u00e1lisan az emberi tudatoss\u00e1gunk \u00e9s az isteni tudatoss\u00e1g k\u00f6z\u00f6tti szakad\u00e9kot szimboliz\u00e1lja, \u00e9s a benn\u00fcnk l\u00e9v\u0151 mesteri elvet k\u00e9pviseli. A Sahaja J\u00f3g\u00e1ban fejlesztj\u00fck azt a k\u00e9pess\u00e9get, hogy saj\u00e1t magunk mestereiv\u00e9 v\u00e1ljunk, a finomrendszer\u00fcnk megvil\u00e1gosodott spiritu\u00e1lis tudatoss\u00e1g\u00e1ra alapozva, amelyet mind a test\u00fcnkben, mind az ujjbegyeinken \u00e9rz\u00fcnk.<\/p>\n\t\t<iframe loading=\"lazy\" title=\"Nabhi Chakra\" width=\"1920\" height=\"1080\" src=\"https:\/\/www.youtube.com\/embed\/ZAdSAl2AKEw?feature=oembed\" frameborder=\"0\" allow=\"accelerometer; autoplay; clipboard-write; encrypted-media; gyroscope; picture-in-picture; web-share\" allowfullscreen><\/iframe>\t\n\t\t<iframe loading=\"lazy\" title=\"Void\" width=\"1920\" height=\"1080\" src=\"https:\/\/www.youtube.com\/embed\/Sa5uQpqfOrQ?feature=oembed\" frameborder=\"0\" allow=\"accelerometer; autoplay; clipboard-write; encrypted-media; gyroscope; picture-in-picture; web-share\" allowfullscreen><\/iframe>\t\n\t<strong>Elhelyezked\u00e9s:<\/strong><br \/>\nA Nabhi csakr\u00e1nk a gerincvel\u0151ben tal\u00e1lhat\u00f3, nagyj\u00e1b\u00f3l a k\u00f6ld\u00f6k magass\u00e1g\u00e1ban. Fizikai szinten a Napfonat m\u0171k\u00f6d\u00e9s\u00e9t befoly\u00e1solja. A Nabhi csakra vibr\u00e1ci\u00f3s \u00e1llapot\u00e1t mindk\u00e9t kez\u00fcnk k\u00f6z\u00e9ps\u0151 ujj\u00e1ban \u00e9rezhetj\u00fck. Hasi szerveink (gyomor, m\u00e1j, ves\u00e9k \u00e9s belek) m\u0171k\u00f6d\u00e9s\u00e9t a Nabhi \u00e9s a Swadhisthana csakra, valamint a Void szab\u00e1lyozza. A finomrendszer e h\u00e1rom eleme integr\u00e1lt egys\u00e9gk\u00e9nt m\u0171k\u00f6dik, biztos\u00edtva a harmonikus fiziol\u00f3giai k\u00f6rnyezetet test\u00fcnkben.\n<strong>Sz\u00edn:<br \/>\n<\/strong>A Nabhi csakr\u00e1t a z\u00f6ld sz\u00edn jelk\u00e9pezi. Finom szinten a v\u00edz elemmel van kapcsolatban.\n<strong>A Nabhi csakra tulajdons\u00e1gai a k\u00f6vetkez\u0151k:<\/strong><br \/>\n\u2022 Nagylelk\u0171s\u00e9g<br \/>\n\u2022 Gondoskod\u00e1s<br \/>\n\u2022 El\u00e9gedetts\u00e9g<br \/>\n\u2022 B\u00e9ke<br \/>\n\u2022 \u00d6r\u00f6m<br \/>\n\u2022 Egyens\u00faly<br \/>\n\u2022 Igazs\u00e1goss\u00e1g (vagy dharma)<br \/>\n\u2022 \u0150szintes\u00e9g<br \/>\n\u2022 Tiszta figyelem<br \/>\n\u2022 M\u00e9lt\u00f3s\u00e1g<br \/>\n\u2022 Evol\u00faci\u00f3\n<figure itemscope itemtype=\"https:\/\/schema.org\/ImageObject\">\n\t\t\t\t<a href=\"https:\/\/shrimataji.org\/test\/wp-content\/uploads\/2023\/02\/3-Nabhi-Void-01.png\"  target=\"_blank\" rel=\"noopener\"  itemprop=\"url\">\n\t\t\t\t<img decoding=\"async\" src=\"https:\/\/shrimataji.org\/test\/wp-content\/uploads\/2026\/04\/hu-3-Nabhi-Void-01-scaled.png\" alt=\"hu-3-Nabhi Void-01\" height=\"2560\" width=\"2402\" title=\"hu-3-Nabhi Void-01\" onerror=\"this.style.display='none'\" loading=\"lazy\" \/>\n\t\t\t\t<\/a>\n\t<\/figure>\n\t<p>A Nabhi csakra sz\u00e1mos alapvet\u0151 tulajdons\u00e1got ad nek\u00fcnk, bele\u00e9rtve a nagylelk\u0171s\u00e9get \u00e9s a fejl\u0151d\u00e9s k\u00e9pess\u00e9g\u00e9t. A Nabhi csakr\u00e1n kereszt\u00fcl \u00e9lj\u00fck meg a v\u00e1gyat a n\u00f6veked\u00e9sre, a fejl\u0151d\u00e9sre \u00e9s c\u00e9ljaink el\u00e9r\u00e9s\u00e9re. Befoly\u00e1solja \u00e9let\u00fcnk minden \u201ekeres\u00e9si&#8221; cselekedet\u00e9t, kezdve az \u00e9lelem \u00e9s a v\u00edz ir\u00e1nti alapvet\u0151 sz\u00fcks\u00e9glet kiel\u00e9g\u00edt\u00e9s\u00e9t\u0151l, a b\u00e9ke \u00e9s a spiritualit\u00e1s keres\u00e9s\u00e9ig. Ennek a csakr\u00e1nak k\u00f6sz\u00f6nhet\u0151en vagyunk k\u00e9pesek fokozatosan fejl\u0151dni az \u00e9let egy magasabb szintj\u00e9re.<\/p>\n<p>A Nabhi csakra egy m\u00e1sik kulcsfontoss\u00e1g\u00fa tulajdons\u00e1ga az el\u00e9gedetts\u00e9g. A Nabhi csakr\u00e1nkon kereszt\u00fcl vagyunk k\u00e9pesek ide\u00e1lis egyens\u00falyt teremteni \u00e9let\u00fcnk minden ter\u00fclet\u00e9n (bele\u00e9rtve a csal\u00e1dot, a munk\u00e1t \u00e9s a spiritualit\u00e1st is). Shri Mataji felt\u00e1rta, hogy a bal oldali Nabhi csakra egyik kulcsfontoss\u00e1g\u00fa aspektusa, amely a t\u00f6r\u0151d\u00e9s, a gondoskod\u00e1s \u00e9s a gyeng\u00e9ds\u00e9g tulajdons\u00e1gait k\u00f6zvet\u00edti, gyakran a szeret\u0151 feles\u00e9gekben \u00e9s any\u00e1kban tal\u00e1lhat\u00f3, mely tulajdons\u00e1gok r\u00e9v\u00e9n gondoskodnak a csal\u00e1djukr\u00f3l.<\/p>\n<strong>Tapasztalat \u00e9s el\u0151ny\u00f6k:<\/strong><br \/>\nA Nabhi csakra legfontosabb fiziol\u00f3giai funkci\u00f3ja sz\u00e1mos bels\u0151 szerv szab\u00e1lyoz\u00e1sa. A bal Nabhi a hasny\u00e1lmirigyet \u00e9s a l\u00e9pet szab\u00e1lyozza. A k\u00f6zponti Nabhi a gyomrot \u00e9s a beleket, a jobb Nabhi pedig a m\u00e1jat \u00e9s az epeh\u00f3lyagot. A m\u00e1j medit\u00e1ci\u00f3ban bet\u00f6lt\u00f6tt szerep\u00e9t nem lehet el\u00e9gg\u00e9 hangs\u00falyozni. A m\u00e1j szerepe l\u00e9tfontoss\u00e1g\u00fa a t\u00f6k\u00e9letes, gondolatmentes tudatoss\u00e1g \u00e9s figyelem \u00e1llapot\u00e1nak el\u00e9r\u00e9s\u00e9hez. Mivel hajlamosak vagyunk stresszes \u00e9letet \u00e9lni, a m\u00e1junk hajlamos a t\u00falmeleged\u00e9sre \u00e9s a kimer\u00fclts\u00e9gre. A Sahaja J\u00f3ga gyakorl\u00e1sa seg\u00edt egyens\u00falyban tartani \u00e9s megv\u00e9deni ezt a l\u00e9tfontoss\u00e1g\u00fa szervet.\n<p>A Nabhi csakra fontos szerepet j\u00e1tszik a megfelel\u0151 em\u00e9szt\u00e9sben \u00e9s anyagcser\u00e9ben is. A t\u00falzott \u00e9tkez\u00e9s hat\u00e1ssal van a Nabhi csakr\u00e1ra. A rendszeres id\u0151k\u00f6z\u00f6nk\u00e9nt fogyasztott j\u00f3, t\u00e1pl\u00e1l\u00f3 \u00e9telek seg\u00edtenek a Nabhi csakra egyens\u00faly\u00e1nak fenntart\u00e1s\u00e1ban.<\/p>\n<p>A Nabhi csakra a csal\u00e1di \u00e9letedben is elengedhetetlen. A medit\u00e1ci\u00f3 sor\u00e1n ez a csakra is egyens\u00falyba ker\u00fcl, felt\u00f6lt\u0151dik energi\u00e1val, \u00edgy meg\u00fajult er\u0151t ad a csal\u00e1di k\u00f6telezetts\u00e9gek teljes\u00edt\u00e9s\u00e9hez. Id\u0151vel, ak\u00e1r \u00e9lvezni is kezdheted azokat a feladatokat, amelyeket kor\u00e1bban elker\u00fclt\u00e9l.<\/p>\n<p>A j\u00f3l\u00e9t el\u00e9r\u00e9se sz\u00fcks\u00e9ges l\u00e9p\u00e9s az evol\u00faci\u00f3dban. A Nabhi csakr\u00e1d a p\u00e9nz\u00fcgyi j\u00f3l\u00e9ted k\u00f6z\u00e9ppontj\u00e1ban \u00e1ll. Seg\u00edt kiel\u00e9g\u00edteni alapvet\u0151 sz\u00fcks\u00e9gleteidet \u00e9s v\u00e1gyaidat. Minden olyan intellektu\u00e1lis \u00e9s fizikai tehets\u00e9ggel sz\u00fclett\u00e9l, amely lehet\u0151v\u00e9 teszi sz\u00e1modra, hogy p\u00e9nzt keress, amely kiel\u00e9g\u00edti ezeket a sz\u00fcks\u00e9gleteket. Egy er\u0151s Nabhi csakra azt jelenti, hogy amint p\u00e9nz\u00fcgyi sz\u00fcks\u00e9gleteid kiel\u00e9g\u00edt\u00e9sre ker\u00fclnek, elkezdesz a spiritu\u00e1lis j\u00f3l\u00e9tedre \u00f6sszpontos\u00edtani.<\/p>\n<strong>\u00d6n\u00e9rt\u00e9kel\u00e9s:<br \/>\n<\/strong>Ha a bal oldali Nabhi csakr\u00e1d elz\u00e1r\u00f3dik vagy egyens\u00falytalann\u00e1 v\u00e1lik, neh\u00e9zs\u00e9geket tapasztalhatsz a csal\u00e1dban \u00e9s a h\u00e1ztart\u00e1sban. P\u00e9nz\u00fcgyi aggodalmaid is lehetnek. Ha a k\u00f6z\u00e9ps\u0151 Nabhi csakr\u00e1d elz\u00e1r\u00f3dik, kisebb probl\u00e9m\u00e1kat vagy egyens\u00falyhi\u00e1nyt tapasztalhatsz az em\u00e9szt\u00e9sedben vagy az anyagcser\u00e9dben. Amikor a jobb Nabhi egyens\u00falya felborul, hajlamos lehetsz az aggodalomra \u00e9s a szorong\u00e1sra. Vonakodhatsz az adakoz\u00e1st\u00f3l, \u00e9s nem leszel nagylelk\u0171. Szerencs\u00e9re a Sahaja J\u00f3ga gyakorl\u00e1sa seg\u00edt egyens\u00falyba hozni \u00e9s helyre\u00e1ll\u00edtani ennek a l\u00e9tfontoss\u00e1g\u00fa csakr\u00e1nak az energi\u00e1j\u00e1t.\n<p><strong>Az egyens\u00faly hi\u00e1ny\u00e1nak okai:<\/strong><\/p>\n<ul>\n<li>T\u00falzott agg\u00f3d\u00e1s, stressz \u00e9s kiegyens\u00falyozatlan csal\u00e1di kapcsolatok.<\/li>\n<li>Munka ir\u00e1nti megsz\u00e1llotts\u00e1g, drog- \u00e9s alkoholfogyaszt\u00e1s, b\u00e1rmilyen fanatizmus.<\/li>\n<\/ul>\n<strong>Hogyan hozzuk egyens\u00falyba:<br \/>\n<\/strong>A jobb Nabhi csakra kiegyens\u00falyoz\u00e1sa meglehet\u0151sen egyszer\u0171. Csak tartsd a jobb kezed, tenyereddel befel\u00e9, n\u00e9h\u00e1ny centim\u00e9terrel a Nabhi csakra el\u0151tt. Amikor \u00e9rzed a vibr\u00e1ci\u00f3k \u00e1raml\u00e1s\u00e1t a kezedben, forgasd el az \u00f3ramutat\u00f3 j\u00e1r\u00e1s\u00e1val megegyez\u0151 ir\u00e1nyba a csakra k\u00f6r\u00fcl. Ism\u00e9teld meg n\u00e9h\u00e1nyszor. A jobb Nabhit \u00fagy is kiegyens\u00falyozhatod, hogy egy j\u00e9gzsel\u00e9t helyezel a jobb oldaladra, a m\u00e1jad f\u00f6l\u00e9. A bal Nabhi csakra kiegyens\u00falyoz\u00e1s\u00e1hoz <a href=\"https:\/\/shrimataji.org\/test\/wp-content\/uploads\/2024\/04\/Footsoaking.pdf\" target=\"_blank\" rel=\"noopener\">\u00e1ztasd a l\u00e1bad<\/a> egy lav\u00f3r meleg v\u00edzbe, mik\u00f6zben v\u00e9gzed a szok\u00e1sos medit\u00e1ci\u00f3dat.\n\n","protected":false},"excerpt":{"rendered":"<p>Nabhi csakra El\u00e9gedetts\u00e9g, Evol\u00faci\u00f3, J\u00f3ll\u00e9t Ahogy feln\u00f6v\u00fcnk, \u00e9s kil\u00e9p\u00fcnk gyermekkorunk \u00e9s neveltet\u00e9s\u00fcnk megszokott k\u00f6rnyezet\u00e9b\u0151l az \u00e9let val\u00f3s\u00e1g\u00e1ba, olyan kih\u00edv\u00e1sokkal szembes\u00fcl\u00fcnk, amelyeket annak j\u00e1t\u00e9ka vet el\u00e9nk. Azonban rendelkez\u00fcnk egy sor etikai k\u00f3dexszel, melyek szil\u00e1rd \u00fatmutat\u00e1st adnak arra vonatkoz\u00f3an, hogyan viselkedj\u00fcnk \u00e9s l\u00e9pj\u00fcnk kapcsolatba m\u00e9lt\u00f3s\u00e1gteljes \u00e9s pozit\u00edv m\u00f3don a t\u00e1rsadalom eg\u00e9sz\u00e9vel. A harmadik tudatoss\u00e1gi k\u00f6zpont azt a&hellip; <br \/> <a class=\"read-more\" href=\"https:\/\/shrimataji.org\/test\/hu\/nabhi-chakra\/\">Read more<\/a><\/p>\n","protected":false},"author":1,"featured_media":19277,"parent":0,"menu_order":0,"comment_status":"closed","ping_status":"closed","template":"","meta":{"inline_featured_image":false,"footnotes":""},"class_list":["post-19522","page","type-page","status-publish","has-post-thumbnail","hentry"],"yoast_head":"<!-- This site is optimized with the Yoast SEO plugin v27.4 - https:\/\/yoast.com\/product\/yoast-seo-wordpress\/ -->\n<title>Nabhi csakra - TEST - SMND<\/title>\n<meta name=\"robots\" content=\"noindex, follow, max-snippet:-1, max-image-preview:large, max-video-preview:-1\" \/>\n<meta property=\"og:locale\" content=\"en_US\" \/>\n<meta property=\"og:type\" content=\"article\" \/>\n<meta property=\"og:title\" content=\"Nabhi csakra - TEST - SMND\" \/>\n<meta property=\"og:description\" content=\"Nabhi csakra El\u00e9gedetts\u00e9g, Evol\u00faci\u00f3, J\u00f3ll\u00e9t Ahogy feln\u00f6v\u00fcnk, \u00e9s kil\u00e9p\u00fcnk gyermekkorunk \u00e9s neveltet\u00e9s\u00fcnk megszokott k\u00f6rnyezet\u00e9b\u0151l az \u00e9let val\u00f3s\u00e1g\u00e1ba, olyan kih\u00edv\u00e1sokkal szembes\u00fcl\u00fcnk, amelyeket annak j\u00e1t\u00e9ka vet el\u00e9nk. Azonban rendelkez\u00fcnk egy sor etikai k\u00f3dexszel, melyek szil\u00e1rd \u00fatmutat\u00e1st adnak arra vonatkoz\u00f3an, hogyan viselkedj\u00fcnk \u00e9s l\u00e9pj\u00fcnk kapcsolatba m\u00e9lt\u00f3s\u00e1gteljes \u00e9s pozit\u00edv m\u00f3don a t\u00e1rsadalom eg\u00e9sz\u00e9vel. A harmadik tudatoss\u00e1gi k\u00f6zpont azt a&hellip; Read more\" \/>\n<meta property=\"og:url\" content=\"https:\/\/shrimataji.org\/test\/hu\/nabhi-chakra\/\" \/>\n<meta property=\"og:site_name\" content=\"TEST - SMND\" \/>\n<meta property=\"article:publisher\" content=\"https:\/\/www.facebook.com\/shrimataji\" \/>\n<meta property=\"article:modified_time\" content=\"2026-04-21T19:38:33+00:00\" \/>\n<meta property=\"og:image\" content=\"https:\/\/shrimataji.org\/test\/wp-content\/uploads\/2023\/03\/18_Banner-SY-Chakra-nabhi-scaled.jpg\" \/>\n\t<meta property=\"og:image:width\" content=\"2560\" \/>\n\t<meta property=\"og:image:height\" content=\"905\" \/>\n\t<meta property=\"og:image:type\" content=\"image\/jpeg\" \/>\n<meta name=\"twitter:card\" content=\"summary_large_image\" \/>\n<meta name=\"twitter:site\" content=\"@shrimataji\" \/>\n<meta name=\"twitter:label1\" content=\"Est. reading time\" \/>\n\t<meta name=\"twitter:data1\" content=\"4 minutes\" \/>\n<script type=\"application\/ld+json\" class=\"yoast-schema-graph\">{\"@context\":\"https:\\\/\\\/schema.org\",\"@graph\":[{\"@type\":\"WebPage\",\"@id\":\"https:\\\/\\\/shrimataji.org\\\/test\\\/hu\\\/nabhi-chakra\\\/\",\"url\":\"https:\\\/\\\/shrimataji.org\\\/test\\\/hu\\\/nabhi-chakra\\\/\",\"name\":\"Nabhi csakra - TEST - SMND\",\"isPartOf\":{\"@id\":\"https:\\\/\\\/shrimataji.org\\\/test\\\/#website\"},\"primaryImageOfPage\":{\"@id\":\"https:\\\/\\\/shrimataji.org\\\/test\\\/hu\\\/nabhi-chakra\\\/#primaryimage\"},\"image\":{\"@id\":\"https:\\\/\\\/shrimataji.org\\\/test\\\/hu\\\/nabhi-chakra\\\/#primaryimage\"},\"thumbnailUrl\":\"https:\\\/\\\/shrimataji.org\\\/test\\\/wp-content\\\/uploads\\\/2023\\\/03\\\/18_Banner-SY-Chakra-nabhi-scaled.jpg\",\"datePublished\":\"2022-03-05T07:37:21+00:00\",\"dateModified\":\"2026-04-21T19:38:33+00:00\",\"breadcrumb\":{\"@id\":\"https:\\\/\\\/shrimataji.org\\\/test\\\/hu\\\/nabhi-chakra\\\/#breadcrumb\"},\"inLanguage\":\"en-US\",\"potentialAction\":[{\"@type\":\"ReadAction\",\"target\":[\"https:\\\/\\\/shrimataji.org\\\/test\\\/hu\\\/nabhi-chakra\\\/\"]}]},{\"@type\":\"ImageObject\",\"inLanguage\":\"en-US\",\"@id\":\"https:\\\/\\\/shrimataji.org\\\/test\\\/hu\\\/nabhi-chakra\\\/#primaryimage\",\"url\":\"https:\\\/\\\/shrimataji.org\\\/test\\\/wp-content\\\/uploads\\\/2023\\\/03\\\/18_Banner-SY-Chakra-nabhi-scaled.jpg\",\"contentUrl\":\"https:\\\/\\\/shrimataji.org\\\/test\\\/wp-content\\\/uploads\\\/2023\\\/03\\\/18_Banner-SY-Chakra-nabhi-scaled.jpg\",\"width\":2560,\"height\":905},{\"@type\":\"BreadcrumbList\",\"@id\":\"https:\\\/\\\/shrimataji.org\\\/test\\\/hu\\\/nabhi-chakra\\\/#breadcrumb\",\"itemListElement\":[{\"@type\":\"ListItem\",\"position\":1,\"name\":\"Home\",\"item\":\"https:\\\/\\\/shrimataji.org\\\/test\\\/uk\\\/home-en\\\/\"},{\"@type\":\"ListItem\",\"position\":2,\"name\":\"Nabhi csakra\"}]},{\"@type\":\"WebSite\",\"@id\":\"https:\\\/\\\/shrimataji.org\\\/test\\\/#website\",\"url\":\"https:\\\/\\\/shrimataji.org\\\/test\\\/\",\"name\":\"Shri Mataji Nirmala Devi\",\"description\":\"A Life Dedicated to Humanity\",\"publisher\":{\"@id\":\"https:\\\/\\\/shrimataji.org\\\/test\\\/#\\\/schema\\\/person\\\/a1b3419c6585f164aa96da1ff85715d1\"},\"potentialAction\":[{\"@type\":\"SearchAction\",\"target\":{\"@type\":\"EntryPoint\",\"urlTemplate\":\"https:\\\/\\\/shrimataji.org\\\/test\\\/?s={search_term_string}\"},\"query-input\":{\"@type\":\"PropertyValueSpecification\",\"valueRequired\":true,\"valueName\":\"search_term_string\"}}],\"inLanguage\":\"en-US\"},{\"@type\":[\"Person\",\"Organization\"],\"@id\":\"https:\\\/\\\/shrimataji.org\\\/test\\\/#\\\/schema\\\/person\\\/a1b3419c6585f164aa96da1ff85715d1\",\"name\":\"Nirmala Shrivastava\",\"image\":{\"@type\":\"ImageObject\",\"inLanguage\":\"en-US\",\"@id\":\"https:\\\/\\\/shrimataji.org\\\/test\\\/wp-content\\\/uploads\\\/2023\\\/02\\\/SMO_LOGO-03.svg\",\"url\":\"https:\\\/\\\/shrimataji.org\\\/test\\\/wp-content\\\/uploads\\\/2023\\\/02\\\/SMO_LOGO-03.svg\",\"contentUrl\":\"https:\\\/\\\/shrimataji.org\\\/test\\\/wp-content\\\/uploads\\\/2023\\\/02\\\/SMO_LOGO-03.svg\",\"width\":\"1024\",\"height\":\"1024\",\"caption\":\"Nirmala Shrivastava\"},\"logo\":{\"@id\":\"https:\\\/\\\/shrimataji.org\\\/test\\\/wp-content\\\/uploads\\\/2023\\\/02\\\/SMO_LOGO-03.svg\"},\"sameAs\":[\"https:\\\/\\\/shrimataji.org\\\/test\",\"https:\\\/\\\/www.facebook.com\\\/shrimataji\",\"https:\\\/\\\/x.com\\\/shrimataji\",\"https:\\\/\\\/www.youtube.com\\\/@Shri_Mataji_Nirmala_Devi\\\/featured\"]}]}<\/script>\n<!-- \/ Yoast SEO plugin. -->","yoast_head_json":{"title":"Nabhi csakra - TEST - SMND","robots":{"index":"noindex","follow":"follow","max-snippet":"max-snippet:-1","max-image-preview":"max-image-preview:large","max-video-preview":"max-video-preview:-1"},"og_locale":"en_US","og_type":"article","og_title":"Nabhi csakra - TEST - SMND","og_description":"Nabhi csakra El\u00e9gedetts\u00e9g, Evol\u00faci\u00f3, J\u00f3ll\u00e9t Ahogy feln\u00f6v\u00fcnk, \u00e9s kil\u00e9p\u00fcnk gyermekkorunk \u00e9s neveltet\u00e9s\u00fcnk megszokott k\u00f6rnyezet\u00e9b\u0151l az \u00e9let val\u00f3s\u00e1g\u00e1ba, olyan kih\u00edv\u00e1sokkal szembes\u00fcl\u00fcnk, amelyeket annak j\u00e1t\u00e9ka vet el\u00e9nk. Azonban rendelkez\u00fcnk egy sor etikai k\u00f3dexszel, melyek szil\u00e1rd \u00fatmutat\u00e1st adnak arra vonatkoz\u00f3an, hogyan viselkedj\u00fcnk \u00e9s l\u00e9pj\u00fcnk kapcsolatba m\u00e9lt\u00f3s\u00e1gteljes \u00e9s pozit\u00edv m\u00f3don a t\u00e1rsadalom eg\u00e9sz\u00e9vel. A harmadik tudatoss\u00e1gi k\u00f6zpont azt a&hellip; Read more","og_url":"https:\/\/shrimataji.org\/test\/hu\/nabhi-chakra\/","og_site_name":"TEST - SMND","article_publisher":"https:\/\/www.facebook.com\/shrimataji","article_modified_time":"2026-04-21T19:38:33+00:00","og_image":[{"width":2560,"height":905,"url":"https:\/\/shrimataji.org\/test\/wp-content\/uploads\/2023\/03\/18_Banner-SY-Chakra-nabhi-scaled.jpg","type":"image\/jpeg"}],"twitter_card":"summary_large_image","twitter_site":"@shrimataji","twitter_misc":{"Est. reading time":"4 minutes"},"schema":{"@context":"https:\/\/schema.org","@graph":[{"@type":"WebPage","@id":"https:\/\/shrimataji.org\/test\/hu\/nabhi-chakra\/","url":"https:\/\/shrimataji.org\/test\/hu\/nabhi-chakra\/","name":"Nabhi csakra - TEST - SMND","isPartOf":{"@id":"https:\/\/shrimataji.org\/test\/#website"},"primaryImageOfPage":{"@id":"https:\/\/shrimataji.org\/test\/hu\/nabhi-chakra\/#primaryimage"},"image":{"@id":"https:\/\/shrimataji.org\/test\/hu\/nabhi-chakra\/#primaryimage"},"thumbnailUrl":"https:\/\/shrimataji.org\/test\/wp-content\/uploads\/2023\/03\/18_Banner-SY-Chakra-nabhi-scaled.jpg","datePublished":"2022-03-05T07:37:21+00:00","dateModified":"2026-04-21T19:38:33+00:00","breadcrumb":{"@id":"https:\/\/shrimataji.org\/test\/hu\/nabhi-chakra\/#breadcrumb"},"inLanguage":"en-US","potentialAction":[{"@type":"ReadAction","target":["https:\/\/shrimataji.org\/test\/hu\/nabhi-chakra\/"]}]},{"@type":"ImageObject","inLanguage":"en-US","@id":"https:\/\/shrimataji.org\/test\/hu\/nabhi-chakra\/#primaryimage","url":"https:\/\/shrimataji.org\/test\/wp-content\/uploads\/2023\/03\/18_Banner-SY-Chakra-nabhi-scaled.jpg","contentUrl":"https:\/\/shrimataji.org\/test\/wp-content\/uploads\/2023\/03\/18_Banner-SY-Chakra-nabhi-scaled.jpg","width":2560,"height":905},{"@type":"BreadcrumbList","@id":"https:\/\/shrimataji.org\/test\/hu\/nabhi-chakra\/#breadcrumb","itemListElement":[{"@type":"ListItem","position":1,"name":"Home","item":"https:\/\/shrimataji.org\/test\/uk\/home-en\/"},{"@type":"ListItem","position":2,"name":"Nabhi csakra"}]},{"@type":"WebSite","@id":"https:\/\/shrimataji.org\/test\/#website","url":"https:\/\/shrimataji.org\/test\/","name":"Shri Mataji Nirmala Devi","description":"A Life Dedicated to Humanity","publisher":{"@id":"https:\/\/shrimataji.org\/test\/#\/schema\/person\/a1b3419c6585f164aa96da1ff85715d1"},"potentialAction":[{"@type":"SearchAction","target":{"@type":"EntryPoint","urlTemplate":"https:\/\/shrimataji.org\/test\/?s={search_term_string}"},"query-input":{"@type":"PropertyValueSpecification","valueRequired":true,"valueName":"search_term_string"}}],"inLanguage":"en-US"},{"@type":["Person","Organization"],"@id":"https:\/\/shrimataji.org\/test\/#\/schema\/person\/a1b3419c6585f164aa96da1ff85715d1","name":"Nirmala Shrivastava","image":{"@type":"ImageObject","inLanguage":"en-US","@id":"https:\/\/shrimataji.org\/test\/wp-content\/uploads\/2023\/02\/SMO_LOGO-03.svg","url":"https:\/\/shrimataji.org\/test\/wp-content\/uploads\/2023\/02\/SMO_LOGO-03.svg","contentUrl":"https:\/\/shrimataji.org\/test\/wp-content\/uploads\/2023\/02\/SMO_LOGO-03.svg","width":"1024","height":"1024","caption":"Nirmala Shrivastava"},"logo":{"@id":"https:\/\/shrimataji.org\/test\/wp-content\/uploads\/2023\/02\/SMO_LOGO-03.svg"},"sameAs":["https:\/\/shrimataji.org\/test","https:\/\/www.facebook.com\/shrimataji","https:\/\/x.com\/shrimataji","https:\/\/www.youtube.com\/@Shri_Mataji_Nirmala_Devi\/featured"]}]}},"lang":"hu","translations":{"hu":19522,"ur":37468,"en":6487,"am":18040,"th":20003,"sq":18441,"zh":17338,"hi":8327,"tr":10187,"pt":10397,"de":10671,"fr":10769,"it":10867,"es":10964,"ja":11261,"ru":11449,"bn":11641,"te":11749,"sw":11872,"he":12020,"el":12312,"sk":12410,"fa":12508,"fi":12606,"bg":13372,"ro":14446,"cs":14639,"nl":16601,"ku":16761,"ar":16937,"be":18648,"kn":18922,"mr":20367,"uk":20661,"ml":20956,"ta":22759,"sv":23030,"gu":28873,"pa":29033,"fil":29478,"da":37780,"pl":37992,"nn":38332},"pll_sync_post":[],"_links":{"self":[{"href":"https:\/\/shrimataji.org\/test\/wp-json\/wp\/v2\/pages\/19522","targetHints":{"allow":["GET"]}}],"collection":[{"href":"https:\/\/shrimataji.org\/test\/wp-json\/wp\/v2\/pages"}],"about":[{"href":"https:\/\/shrimataji.org\/test\/wp-json\/wp\/v2\/types\/page"}],"author":[{"embeddable":true,"href":"https:\/\/shrimataji.org\/test\/wp-json\/wp\/v2\/users\/1"}],"replies":[{"embeddable":true,"href":"https:\/\/shrimataji.org\/test\/wp-json\/wp\/v2\/comments?post=19522"}],"version-history":[{"count":0,"href":"https:\/\/shrimataji.org\/test\/wp-json\/wp\/v2\/pages\/19522\/revisions"}],"wp:featuredmedia":[{"embeddable":true,"href":"https:\/\/shrimataji.org\/test\/wp-json\/wp\/v2\/media\/19277"}],"wp:attachment":[{"href":"https:\/\/shrimataji.org\/test\/wp-json\/wp\/v2\/media?parent=19522"}],"curies":[{"name":"wp","href":"https:\/\/api.w.org\/{rel}","templated":true}]}}