{"id":19530,"date":"2012-09-02T10:00:00","date_gmt":"2012-09-02T10:00:00","guid":{"rendered":"http:\/\/testwordpress.nirmalnagari.org\/smnd\/index.php\/our-spiritual-ascent\/"},"modified":"2026-04-11T14:09:08","modified_gmt":"2026-04-11T14:09:08","slug":"our-spiritual-ascent","status":"publish","type":"page","link":"https:\/\/shrimataji.org\/test\/hu\/our-spiritual-ascent\/","title":{"rendered":"Spiritu\u00e1lis felemelked\u00e9s\u00fcnk"},"content":{"rendered":"\n\n\t<h1>Spiritu\u00e1lis felemelked\u00e9s\u00fcnk<\/h1>\n<h2>R\u00e9szlet egy el\u0151ad\u00e1sb\u00f3l, amelyet egy 1991. febru\u00e1r 16-\u00e1n, az olaszorsz\u00e1gi Chianciano Term\u00e9ben tartott szemin\u00e1riumon hangzott el.<\/h2>\n\t<p>A minap olvastam egy k\u00f6nyvet arr\u00f3l, hogy hogyan \u00e9rt\u00e9k el az \u00f6nmegval\u00f3sul\u00e1st, hogy megismerj\u00e9k a Lelket, \u00e9s hogy az emberek ez\u00e9rt mennyit szenvedtek.<\/p>\n\t<p>El\u00f5sz\u00f6r is azt k\u00e9rik t\u00f5led, hogy tagadj meg valamit. Szembesz\u00e1llnak a test\u00fckkel \u00e9s elutasitj\u00e1k azt. Ha a test k\u00e9nyelemre v\u00e1gyik, azt mondt\u00e1k, hogy el\u0151sz\u00f6r pr\u00f3b\u00e1lj meg a sz\u0151nyegen aludni, nem az \u00e1gyon, ez m\u00e9g mindig nem el\u00e9g, ezut\u00e1n menj a sz\u0151nyegr\u0151l egy gy\u00e9k\u00e9nyre, ez m\u00e9g mindig nem el\u00e9g, ezut\u00e1n aludj az anyaf\u00f6ld\u00f6n. Ha a test m\u00e9g mindig nincs rendben, akkor kezdj el k\u00f6v\u00f6n aludni, de a Himal\u00e1ja m\u00e9g mindig messze van, mert Shiva a Kailason lakozik. Teh\u00e1t menjetek a Himal\u00e1j\u00e1ba \u00e9s aludjatok a j\u00e9gen, ez volt a minimum k\u00f6vetelm\u00e9ny.<\/p>\n<p>Azt is mondt\u00e1k, hogy ha szereted a finom \u00e9teleket, enni akarsz, sokat eszel, rendben van, kezdetk\u00e9nt tagadj meg mindent, amit szeretsz, mindent, amit szeretsz. P\u00e9ld\u00e1ul, az olaszok nem ehetn\u00e9nek t\u00e9szt\u00e1t, meg kellene tagadniuk azt, de ez nem elegend\u00f5, ezut\u00e1n el kell kezdeni olyan dolgokat enni, amelyek nagyon keser\u0171ek, mint a Zen rendszerben, olyas-valamit etetnek meg veled, ami olyan, mint a kinin a 108-adikon, nagyon keser\u0171, vagy nagyon \u00e9des, \u00e9s \u00edgy teszik pr\u00f3b\u00e1ra a nyelvedet.<\/p>\n<p>De m\u00e9g mindig ott van a gyomor, teh\u00e1t, ha t\u00fal sokat eszel, akkor b\u00f6jt\u00f6ln\u00f6d kell egy napon kereszt\u00fcl, ha ez nem el\u00e9g, akkor h\u00e9t napon kereszt\u00fcl, azut\u00e1n negyven napig. Egy h\u00f3nap harminc napb\u00f3l \u00e1ll, ha negyven napig b\u00f6jt\u00f6lsz, az azt jelenti, hogy v\u00e9ged van. \u00cdgy kell vezekelned, hogy el\u00e9rd a Nirv\u00e1n\u00e1t, \u00e9s el\u00e9red a Nirv\u00e1n\u00e1t, mert v\u00e9ged van \u00e9s azt l\u00e1tod, hogy semmi nem marad bel\u0151led. Semmi m\u00e1s csak csontok, \u00e9s ezek a csontok lesznek a Nirv\u00e1na. V\u00e9g\u00fcl bek\u00f6vetkezik a hal\u00e1l, megsemmis\u00fclsz \u00e9s a Nirv\u00e1na ott van, k\u00e9ts\u00e9gtelen\u00fcl.<\/p>\n<figure itemscope itemtype=\"https:\/\/schema.org\/ImageObject\">\n\t\t\t\t<img decoding=\"async\" src=\"https:\/\/shrimataji.org\/test\/wp-content\/uploads\/2018\/07\/media_originals\/images\/shri-mataji-portraits\/shri-mataji-explaining-742x1024.jpg\" alt=\"shri-mataji-explaining\" height=\"1024\" width=\"742\" title=\"shri-mataji-explaining\" onerror=\"this.style.display='none'\" loading=\"lazy\" \/>\n\t<\/figure>\n\t<p>Nem lakhatsz h\u00e1zban, mert a h\u00e1z k\u00e9nyelem, lemondasz a feles\u00e9gedr\u0151l, a gyerekeidr\u0151l, a sz\u00fclet\u00e9sedr\u0151l, \u00e9s csak egy rongyod van, amit magad k\u00f6r\u00e9 tekersz \u00e9s alamizsn\u00e1t koldulsz az emberekt\u0151l. De m\u00e9g ezzel a ronggyal is probl\u00e9ma van, mert ragaszkodsz hozz\u00e1. Igy elm\u00e9sz a Himal\u00e1j\u00e1ba, ahol senki sem l\u00e1t, leveszed a ruh\u00e1idat, \u00e9s \u00edgy maradsz ott abban a hidegben reszketve, ezut\u00e1n el\u00e9red a Nirv\u00e1n\u00e1t. Ilyen felt\u00e9teleket szabtak, hogy a tested elv\u00e1r\u00e1sait lerombolj\u00e1k. Mondd azt a testednek, nem teszek semmit. Jobb, ha kidolgozod a Nirv\u00e1n\u00e1t.<\/p>\n\t<div class=\"su-quote su-quote-style-default\"><div class=\"su-quote-inner su-u-clearfix su-u-trim\">A sz\u00edvb\u0151l indul \u00e9s az agyba \u00e9rkezik, valami, ami az \u00f6r\u00f6m\u00f6t\u00f6k tapasztal\u00e1s\u00e1b\u00f3l sz\u00e1rmazik \u00e9s bebor\u00edtja az agyatokat.<\/p>\n<p>Teh\u00e1t az agyatok nem tagadhatja meg t\u00f6bb\u00e9. Ez nagyon fontos, f\u0151leg a nyugati emberek sz\u00e1m\u00e1ra, nyiss\u00e1tok ki a sz\u00edveteket, mert ez a sz\u00edvetekben kezd\u0151dik, nem az agyatokban.<\/div><\/div>\n\t<p>A m\u00e1sodik dolog az elme lerombol\u00e1sa volt, ami az \u00e9rz\u00e9kekhez, az \u00f6r\u00f6m\u00f6kh\u00f6z vezet. Tegy\u00fck fel, hogy valamit nagyon akarsz, tagadd meg azt, tagadj meg mindent, amit az elme sugall, mondd, hogy nem, nem, nem. A szanszkrit slok\u00e1ban ez \u00edgy hangzik: Ya nethi, nethi, nethi&#8230;nem ez, nem ez, nem ez. <\/p>\n<p>Ezut\u00e1n elkezdhetsz a Nirv\u00e1n\u00e1r\u00f3l besz\u00e9lni, de csak besz\u00e9lni, mindezek el\u0151tt nem vagy m\u00e9lt\u00f3 a Nirv\u00e1n\u00e1r\u00f3l m\u00e9g besz\u00e9lni sem. Amikor ezt a k\u00f6nyvet olvastam, azt mondtam, feladom, ez t\u00fal sok.<\/p>\n\t<p>De a Sahaja J\u00f3g\u00e1ban ez ford\u00edtva van, el\u00f5sz\u00f6r a h\u00e1z tetej\u00e9t \u00e9p\u00edtj\u00fck fel, azut\u00e1n az alapokat. A Sahasrara megnyit\u00e1sa volt az els\u0151 dolog, amit el\u00e9rtetek.<\/p>\n\u00c9s azut\u00e1n a Sahasrara f\u00e9ny\u00e9ben kell figyelnetek \u00e9s l\u00e1tnotok \u00f6nmagatokat. A fokozatosan v\u00e9gzett \u00f6nvizsg\u00e1lat a legjobb, l\u00e1tni a vibr\u00e1ci\u00f3k \u00e1ltal, hogy mi\u00e9rt akarom ezt, mi\u00e9rt ir\u00e1nyul a figyelmem a k\u00e9nyelemre, mi\u00e9rt ir\u00e1nyul a figyelmem az ennival\u00f3ra, a csal\u00e1domra, a gyerekeimre, amikor a legmagasabbat kell el\u00e9rnem.<br \/>\nElkezdtek \u00f6nvizsg\u00e1latot tartani, igy tudj\u00e1tok a vibr\u00e1ci\u00f3itokon kereszt\u00fcl, hogy valami nincs rendben veletek, nem azt pr\u00f3b\u00e1lj\u00e1tok megn\u00e9zni, hogy mi a baj m\u00e1sokkal. Elkezditek \u00f6nmagatokat l\u00e1tni, mert a saj\u00e1t felemelked\u00e9setek az, amit el kell \u00e9rnetek.\n\t<p>De r\u00e9gen mindezeket a dolgokat egy\u00e9nileg vitt\u00e9k v\u00e9ghez. Egy ember, aki elindult a Nirv\u00e1na \u00fatj\u00e1n, egy mag\u00e1nyos helyre vonult (Ekanath), hogy t\u00e1vol maradjon az emberekt\u0151l, elker\u00fclje \u0151ket, semmi k\u00f6ze ne legyen hozz\u00e1juk, \u00e9s az \u00f6nmegval\u00f3sul\u00e1st csak saj\u00e1t maga r\u00e9sz\u00e9re \u00e9rje el, nem pedig m\u00e1sok\u00e9rt. <\/p>\n<p>Ezut\u00e1n ez az \u00fariember teljesen egyediv\u00e9 v\u00e1lt, nem besz\u00e9lt senkivel, nem tal\u00e1lkozott senkivel, \u00e9s valahol egy t\u00e1voli hegy tetej\u00e9n \u00fclt. Aki megpr\u00f3b\u00e1lt vele tal\u00e1lkozni, azt k\u00f6vekkel dob\u00e1lta meg, \u00e9s mindenf\u00e9le sz\u00f6rny\u0171 dolgokat mondott neki \u00e9s soha nem tal\u00e1lkozott azzal az emberrel.<\/p>\n<p>De a Sahaja J\u00f3ga nem ilyen, a Sahaja J\u00f3ga az Eg\u00e9sz felemelked\u00e9se. Az eff\u00e9le egy\u00e9ni eredm\u00e9nyek nem vezett\u00e9k az embereket sehova. A szentek term\u00e9szetesen megpr\u00f3b\u00e1ltak besz\u00e9lni az emberekkel, az \u00f6nmegval\u00f3sul\u00e1sr\u00f3l, Istenr\u0151l, becs\u00fcletess\u00e9gr\u0151l, \u00e9rt\u00e9krendszerr\u0151l. De az emberek furcs\u00e1nak tartott\u00e1k \u00f5ket, k\u00ednozt\u00e1k \u00e9s zaklatt\u00e1k \u0151ket. <\/p>\n<p>Az egy\u00e9ni felemelked\u00e9s szintj\u00e9n nem tudtak semmit tenni m\u00e1sok\u00e9rt, azonk\u00edv\u00fcl, hogy mes\u00e9ltek vagy besz\u00e9ltek r\u00f3la, eg\u00e9szen a Sahaja J\u00f3ga elj\u00f6vetel\u00e9ig. Nem is besz\u00e9lgethettek r\u00f3la. A tizenkettedik sz\u00e1zadig Indi\u00e1ban nyilv\u00e1nosan senki sem besz\u00e9lt r\u00f3la. Minden szanszkrit\u00fcl volt, nagyon neh\u00e9z szanszkrit k\u00f6nyvekben, amelyek csak kev\u00e9s jelentkez\u0151 sz\u00e1m\u00e1ra voltak el\u00e9rhet\u0151ek. Nagyon-nagyon keveseknek magyar\u00e1zt\u00e1k el, akik csak nagyon kev\u00e9s embernek voltak el\u00e9rhet\u0151ek. De az \u00f6nmegval\u00f3sul\u00e1st nem adt\u00e1k meg.<\/p>\n<figure itemscope itemtype=\"https:\/\/schema.org\/ImageObject\">\n\t\t\t\t<img decoding=\"async\" src=\"https:\/\/shrimataji.org\/test\/wp-content\/uploads\/2018\/07\/media_originals\/images\/art\/william-blake-jakobs-ladder.jpg\" alt=\"Jakubov rebr\u00edk duchovn\u00e9ho vzostupu od Williama Blakea\" height=\"1000\" width=\"787\" title=\"william-blake-jakobs-ladder\" onerror=\"this.style.display='none'\" loading=\"lazy\" \/>\n\t\t<figcaption>Jacobs spiritu\u00e1lis felemelked\u00e9s\u00e9nek l\u00e9tr\u00e1ja, William Blake<\/figcaption>\n\t<\/figure>\n\t<p>Egy mesternek csak egy tan\u00edtv\u00e1nya lehetett, az eg\u00e9sz egy egy\u00e9ni felemelked\u00e9s, egy\u00e9ni tisztul\u00e1s volt. Az ilyen tan\u00edtv\u00e1nyt elvitt\u00e9k a t\u00f6bbiekt\u0151l, titokban tartott\u00e1k; majd kidolgozt\u00e1k: csak verseket \u00edrhatott, besz\u00e9lhetett r\u00f3la, elmondhatta, hogy mekkora \u00f6r\u00f6m, de nem volt joga megadni az \u00f6nmegval\u00f3sul\u00e1st senkinek, \u00e9s nem is tudta, hogy hogyan kell megadni.<\/p>\n<p>Most l\u00e1thatj\u00e1tok, hogy milyen messzire jutottatok, megkapt\u00e1tok az \u00f6nmegval\u00f3sul\u00e1st an\u00e9lk\u00fcl, hogy sok mindenr\u0151l lemondtatok volna, egy sokkal sz\u00e9lesebb sk\u00e1l\u00e1n dolgozhattok, megadhatj\u00e1tok az \u00f6nmegval\u00f3sul\u00e1st m\u00e1soknak, ismertek minden finom tud\u00e1st a Sahaja J\u00f3g\u00e1r\u00f3l.<\/p>\nP\u00e9ld\u00e1ul Shankaracharya gy\u00f6ny\u00f6r\u0171 kritit \u00edrt, amelynek a cime: Viveka Chudamani. Ebben le\u00edrja, hogy mi Isten. Viveka azt jelenti, tudatoss\u00e1g, \u00e9s mindezt el\u00e9g hosszasan \u00edrta le. Volt egy sz\u00f6rny\u0171 ember, Sharma, aki elkezdett vele vitatkozni, \u00edgy elege lett bel\u0151le, azt mondta, nincs \u00e9rtelme besz\u00e9lni vel\u00fck.<br \/>\n\n<p>\u00cdgy meg\u00edrta a Saundarya Lahari-t. A Saundarya Lahari nem m\u00e1s, mint az Istenn\u0151t dics\u00e9r\u0151 \u00f6sszes mantra. Azt mondta, ismerem az Any\u00e1t, hadd d\u00edcs\u00e9rjem \u0150t, mi \u00e9rtelme van ezekkel az emberekkel besz\u00e9lni, ostob\u00e1k, hogyan is \u00e9rten\u00e9k meg. Felismerte, hogy ezek az emberek, nem rendelkeznek azzal a k\u00e9pess\u00e9ggel, azzal az \u00e9rz\u00e9kenys\u00e9ggel, hogy meg\u00e9rts\u00e9k, amit \u0151 tudott.<\/p>\n<figure itemscope itemtype=\"https:\/\/schema.org\/ImageObject\">\n\t\t\t\t<img decoding=\"async\" src=\"https:\/\/shrimataji.org\/test\/wp-content\/uploads\/2018\/07\/media_originals\/images\/shri-mataji-teaching-sahaja-yoga\/shri-mataji-speaking-about-spirituality-and-sahaja-yoga.jpg\" alt=\"\u0160ri Matad\u017ei hovor\u00ed o duchovne a Sahd\u017ea joge.\" height=\"2310\" width=\"1500\" title=\"shri-mataji-speaking-about-spirituality-and-sahaja-yoga\" onerror=\"this.style.display='none'\" loading=\"lazy\" \/>\n\t\t<figcaption>Shri Mataji a spiritualit\u00e1sr\u00f3l \u00e9s a Sahaja J\u00f3g\u00e1r\u00f3l besz\u00e9l<\/figcaption>\n\t<\/figure>\n\t<p>A val\u00f3di tud\u00e1s az, tudni, hogy mi Isten, \u00e9s ha az Isten, hogyan is k\u00e9telkedhetsz benne. Hogyan pr\u00f3b\u00e1lhatsz meg analiz\u00e1lni b\u00e1rmit is, az Isten, az a Mindenhat\u00f3 Isten, aki mindent tud, \u00e9s mindent csin\u00e1l, mindent \u00e9lvez.<\/p>\n<p>Ez az amire azt mondhatjuk, hogy Gnyana, a tud\u00e1s, az igaz tud\u00e1s, tiszta tud\u00e1s. Ez nem a csakr\u00e1k ismerete, nem a vibr\u00e1ci\u00f3k ismerete, nem a Kundalini ismerete, hanem a Mindenhat\u00f3 Isten ismerete. \u00c9s a Mindenhat\u00f3 Isten ismerete nem ment\u00e1lis.<\/p>\n<p>M\u00e9g egyszer elmondom nektek, hogy a sz\u00edvb\u0151l indul \u00e9s az agyba \u00e9rkezik, valami, ami az \u00f6r\u00f6m\u00f6t\u00f6k tapasztal\u00e1s\u00e1b\u00f3l sz\u00e1rmazik \u00e9s bebor\u00edtja az agyatokat, az agyatok nem tagadhatja meg t\u00f6bb\u00e9. <\/p>\nGondoljatok az any\u00e1tok szeretet\u00e9re, ismeritek a szeretet\u00e9t. Nem tudj\u00e1tok megmagyar\u00e1zni, a sz\u00edvetekb\u0151l j\u00f6n \u00e9s azt mondj\u00e1tok, \u00f3h, az any\u00e1m, \u0151 nem fog ilyet tenni, nagyon j\u00f3l ismerem az any\u00e1mat. Az any\u00e1tok ismerete, aki megsz\u00fclt benneteket, az any\u00e1tok, lehet, hogy nem j\u00f3, vagy b\u00e1rmilyen is legyen, de Isten ismerete, hogy \u0150 a szeretet, az az igazs\u00e1g. Hogy \u0150 mindent tud, teljesen a l\u00e9nyetek r\u00e9sz\u00e9v\u00e9 v\u00e1lik, \u00e9s ekkor mondjuk azt, hogy ez a Nirv\u00e1na.<br \/>\n\n<p>Ez nagyon fontos, f\u0151leg a nyugati emberek sz\u00e1m\u00e1ra, nyiss\u00e1tok ki a sz\u00edveteket, mert ez a sz\u00edvetekben kezd\u0151dik, nem az agyatokban.<\/p>\n\n","protected":false},"excerpt":{"rendered":"<p>Spiritu\u00e1lis felemelked\u00e9s\u00fcnk R\u00e9szlet egy el\u0151ad\u00e1sb\u00f3l, amelyet egy 1991. febru\u00e1r 16-\u00e1n, az olaszorsz\u00e1gi Chianciano Term\u00e9ben tartott szemin\u00e1riumon hangzott el. A minap olvastam egy k\u00f6nyvet arr\u00f3l, hogy hogyan \u00e9rt\u00e9k el az \u00f6nmegval\u00f3sul\u00e1st, hogy megismerj\u00e9k a Lelket, \u00e9s hogy az emberek ez\u00e9rt mennyit szenvedtek. El\u00f5sz\u00f6r is azt k\u00e9rik t\u00f5led, hogy tagadj meg valamit. Szembesz\u00e1llnak a test\u00fckkel \u00e9s elutasitj\u00e1k&hellip; <br \/> <a class=\"read-more\" href=\"https:\/\/shrimataji.org\/test\/hu\/our-spiritual-ascent\/\">Read more<\/a><\/p>\n","protected":false},"author":1,"featured_media":19287,"parent":0,"menu_order":0,"comment_status":"closed","ping_status":"closed","template":"","meta":{"inline_featured_image":false,"footnotes":""},"class_list":["post-19530","page","type-page","status-publish","has-post-thumbnail","hentry"],"yoast_head":"<!-- This site is optimized with the Yoast SEO plugin v27.4 - https:\/\/yoast.com\/product\/yoast-seo-wordpress\/ -->\n<title>Spiritu\u00e1lis felemelked\u00e9s\u00fcnk - TEST - SMND<\/title>\n<meta name=\"robots\" content=\"noindex, follow, max-snippet:-1, max-image-preview:large, max-video-preview:-1\" \/>\n<meta property=\"og:locale\" content=\"en_US\" \/>\n<meta property=\"og:type\" content=\"article\" \/>\n<meta property=\"og:title\" content=\"Spiritu\u00e1lis felemelked\u00e9s\u00fcnk - TEST - SMND\" \/>\n<meta property=\"og:description\" content=\"Spiritu\u00e1lis felemelked\u00e9s\u00fcnk R\u00e9szlet egy el\u0151ad\u00e1sb\u00f3l, amelyet egy 1991. febru\u00e1r 16-\u00e1n, az olaszorsz\u00e1gi Chianciano Term\u00e9ben tartott szemin\u00e1riumon hangzott el. A minap olvastam egy k\u00f6nyvet arr\u00f3l, hogy hogyan \u00e9rt\u00e9k el az \u00f6nmegval\u00f3sul\u00e1st, hogy megismerj\u00e9k a Lelket, \u00e9s hogy az emberek ez\u00e9rt mennyit szenvedtek. El\u00f5sz\u00f6r is azt k\u00e9rik t\u00f5led, hogy tagadj meg valamit. Szembesz\u00e1llnak a test\u00fckkel \u00e9s elutasitj\u00e1k&hellip; Read more\" \/>\n<meta property=\"og:url\" content=\"https:\/\/shrimataji.org\/test\/hu\/our-spiritual-ascent\/\" \/>\n<meta property=\"og:site_name\" content=\"TEST - SMND\" \/>\n<meta property=\"article:publisher\" content=\"https:\/\/www.facebook.com\/shrimataji\" \/>\n<meta property=\"article:modified_time\" content=\"2026-04-11T14:09:08+00:00\" \/>\n<meta property=\"og:image\" content=\"https:\/\/shrimataji.org\/test\/wp-content\/uploads\/2018\/07\/media_originals\/images\/headers-general\/jacobs-ladder-by-william-blake-spiritual-ascent.jpg\" \/>\n\t<meta property=\"og:image:width\" content=\"990\" \/>\n\t<meta property=\"og:image:height\" content=\"350\" \/>\n\t<meta property=\"og:image:type\" content=\"image\/jpeg\" \/>\n<meta name=\"twitter:card\" content=\"summary_large_image\" \/>\n<meta name=\"twitter:site\" content=\"@shrimataji\" \/>\n<meta name=\"twitter:label1\" content=\"Est. reading time\" \/>\n\t<meta name=\"twitter:data1\" content=\"8 minutes\" \/>\n<script type=\"application\/ld+json\" class=\"yoast-schema-graph\">{\"@context\":\"https:\\\/\\\/schema.org\",\"@graph\":[{\"@type\":\"WebPage\",\"@id\":\"https:\\\/\\\/shrimataji.org\\\/test\\\/hu\\\/our-spiritual-ascent\\\/\",\"url\":\"https:\\\/\\\/shrimataji.org\\\/test\\\/hu\\\/our-spiritual-ascent\\\/\",\"name\":\"Spiritu\u00e1lis felemelked\u00e9s\u00fcnk - TEST - SMND\",\"isPartOf\":{\"@id\":\"https:\\\/\\\/shrimataji.org\\\/test\\\/#website\"},\"primaryImageOfPage\":{\"@id\":\"https:\\\/\\\/shrimataji.org\\\/test\\\/hu\\\/our-spiritual-ascent\\\/#primaryimage\"},\"image\":{\"@id\":\"https:\\\/\\\/shrimataji.org\\\/test\\\/hu\\\/our-spiritual-ascent\\\/#primaryimage\"},\"thumbnailUrl\":\"https:\\\/\\\/shrimataji.org\\\/test\\\/wp-content\\\/uploads\\\/2018\\\/07\\\/media_originals\\\/images\\\/headers-general\\\/jacobs-ladder-by-william-blake-spiritual-ascent.jpg\",\"datePublished\":\"2012-09-02T10:00:00+00:00\",\"dateModified\":\"2026-04-11T14:09:08+00:00\",\"breadcrumb\":{\"@id\":\"https:\\\/\\\/shrimataji.org\\\/test\\\/hu\\\/our-spiritual-ascent\\\/#breadcrumb\"},\"inLanguage\":\"en-US\",\"potentialAction\":[{\"@type\":\"ReadAction\",\"target\":[\"https:\\\/\\\/shrimataji.org\\\/test\\\/hu\\\/our-spiritual-ascent\\\/\"]}]},{\"@type\":\"ImageObject\",\"inLanguage\":\"en-US\",\"@id\":\"https:\\\/\\\/shrimataji.org\\\/test\\\/hu\\\/our-spiritual-ascent\\\/#primaryimage\",\"url\":\"https:\\\/\\\/shrimataji.org\\\/test\\\/wp-content\\\/uploads\\\/2018\\\/07\\\/media_originals\\\/images\\\/headers-general\\\/jacobs-ladder-by-william-blake-spiritual-ascent.jpg\",\"contentUrl\":\"https:\\\/\\\/shrimataji.org\\\/test\\\/wp-content\\\/uploads\\\/2018\\\/07\\\/media_originals\\\/images\\\/headers-general\\\/jacobs-ladder-by-william-blake-spiritual-ascent.jpg\",\"width\":990,\"height\":350},{\"@type\":\"BreadcrumbList\",\"@id\":\"https:\\\/\\\/shrimataji.org\\\/test\\\/hu\\\/our-spiritual-ascent\\\/#breadcrumb\",\"itemListElement\":[{\"@type\":\"ListItem\",\"position\":1,\"name\":\"Home\",\"item\":\"https:\\\/\\\/shrimataji.org\\\/test\\\/uk\\\/home-en\\\/\"},{\"@type\":\"ListItem\",\"position\":2,\"name\":\"Spiritu\u00e1lis felemelked\u00e9s\u00fcnk\"}]},{\"@type\":\"WebSite\",\"@id\":\"https:\\\/\\\/shrimataji.org\\\/test\\\/#website\",\"url\":\"https:\\\/\\\/shrimataji.org\\\/test\\\/\",\"name\":\"Shri Mataji Nirmala Devi\",\"description\":\"A Life Dedicated to Humanity\",\"publisher\":{\"@id\":\"https:\\\/\\\/shrimataji.org\\\/test\\\/#\\\/schema\\\/person\\\/a1b3419c6585f164aa96da1ff85715d1\"},\"potentialAction\":[{\"@type\":\"SearchAction\",\"target\":{\"@type\":\"EntryPoint\",\"urlTemplate\":\"https:\\\/\\\/shrimataji.org\\\/test\\\/?s={search_term_string}\"},\"query-input\":{\"@type\":\"PropertyValueSpecification\",\"valueRequired\":true,\"valueName\":\"search_term_string\"}}],\"inLanguage\":\"en-US\"},{\"@type\":[\"Person\",\"Organization\"],\"@id\":\"https:\\\/\\\/shrimataji.org\\\/test\\\/#\\\/schema\\\/person\\\/a1b3419c6585f164aa96da1ff85715d1\",\"name\":\"Nirmala Shrivastava\",\"image\":{\"@type\":\"ImageObject\",\"inLanguage\":\"en-US\",\"@id\":\"https:\\\/\\\/shrimataji.org\\\/test\\\/wp-content\\\/uploads\\\/2023\\\/02\\\/SMO_LOGO-03.svg\",\"url\":\"https:\\\/\\\/shrimataji.org\\\/test\\\/wp-content\\\/uploads\\\/2023\\\/02\\\/SMO_LOGO-03.svg\",\"contentUrl\":\"https:\\\/\\\/shrimataji.org\\\/test\\\/wp-content\\\/uploads\\\/2023\\\/02\\\/SMO_LOGO-03.svg\",\"width\":\"1024\",\"height\":\"1024\",\"caption\":\"Nirmala Shrivastava\"},\"logo\":{\"@id\":\"https:\\\/\\\/shrimataji.org\\\/test\\\/wp-content\\\/uploads\\\/2023\\\/02\\\/SMO_LOGO-03.svg\"},\"sameAs\":[\"https:\\\/\\\/shrimataji.org\\\/test\",\"https:\\\/\\\/www.facebook.com\\\/shrimataji\",\"https:\\\/\\\/x.com\\\/shrimataji\",\"https:\\\/\\\/www.youtube.com\\\/@Shri_Mataji_Nirmala_Devi\\\/featured\"]}]}<\/script>\n<!-- \/ Yoast SEO plugin. -->","yoast_head_json":{"title":"Spiritu\u00e1lis felemelked\u00e9s\u00fcnk - TEST - SMND","robots":{"index":"noindex","follow":"follow","max-snippet":"max-snippet:-1","max-image-preview":"max-image-preview:large","max-video-preview":"max-video-preview:-1"},"og_locale":"en_US","og_type":"article","og_title":"Spiritu\u00e1lis felemelked\u00e9s\u00fcnk - TEST - SMND","og_description":"Spiritu\u00e1lis felemelked\u00e9s\u00fcnk R\u00e9szlet egy el\u0151ad\u00e1sb\u00f3l, amelyet egy 1991. febru\u00e1r 16-\u00e1n, az olaszorsz\u00e1gi Chianciano Term\u00e9ben tartott szemin\u00e1riumon hangzott el. A minap olvastam egy k\u00f6nyvet arr\u00f3l, hogy hogyan \u00e9rt\u00e9k el az \u00f6nmegval\u00f3sul\u00e1st, hogy megismerj\u00e9k a Lelket, \u00e9s hogy az emberek ez\u00e9rt mennyit szenvedtek. El\u00f5sz\u00f6r is azt k\u00e9rik t\u00f5led, hogy tagadj meg valamit. Szembesz\u00e1llnak a test\u00fckkel \u00e9s elutasitj\u00e1k&hellip; Read more","og_url":"https:\/\/shrimataji.org\/test\/hu\/our-spiritual-ascent\/","og_site_name":"TEST - SMND","article_publisher":"https:\/\/www.facebook.com\/shrimataji","article_modified_time":"2026-04-11T14:09:08+00:00","og_image":[{"width":990,"height":350,"url":"https:\/\/shrimataji.org\/test\/wp-content\/uploads\/2018\/07\/media_originals\/images\/headers-general\/jacobs-ladder-by-william-blake-spiritual-ascent.jpg","type":"image\/jpeg"}],"twitter_card":"summary_large_image","twitter_site":"@shrimataji","twitter_misc":{"Est. reading time":"8 minutes"},"schema":{"@context":"https:\/\/schema.org","@graph":[{"@type":"WebPage","@id":"https:\/\/shrimataji.org\/test\/hu\/our-spiritual-ascent\/","url":"https:\/\/shrimataji.org\/test\/hu\/our-spiritual-ascent\/","name":"Spiritu\u00e1lis felemelked\u00e9s\u00fcnk - TEST - SMND","isPartOf":{"@id":"https:\/\/shrimataji.org\/test\/#website"},"primaryImageOfPage":{"@id":"https:\/\/shrimataji.org\/test\/hu\/our-spiritual-ascent\/#primaryimage"},"image":{"@id":"https:\/\/shrimataji.org\/test\/hu\/our-spiritual-ascent\/#primaryimage"},"thumbnailUrl":"https:\/\/shrimataji.org\/test\/wp-content\/uploads\/2018\/07\/media_originals\/images\/headers-general\/jacobs-ladder-by-william-blake-spiritual-ascent.jpg","datePublished":"2012-09-02T10:00:00+00:00","dateModified":"2026-04-11T14:09:08+00:00","breadcrumb":{"@id":"https:\/\/shrimataji.org\/test\/hu\/our-spiritual-ascent\/#breadcrumb"},"inLanguage":"en-US","potentialAction":[{"@type":"ReadAction","target":["https:\/\/shrimataji.org\/test\/hu\/our-spiritual-ascent\/"]}]},{"@type":"ImageObject","inLanguage":"en-US","@id":"https:\/\/shrimataji.org\/test\/hu\/our-spiritual-ascent\/#primaryimage","url":"https:\/\/shrimataji.org\/test\/wp-content\/uploads\/2018\/07\/media_originals\/images\/headers-general\/jacobs-ladder-by-william-blake-spiritual-ascent.jpg","contentUrl":"https:\/\/shrimataji.org\/test\/wp-content\/uploads\/2018\/07\/media_originals\/images\/headers-general\/jacobs-ladder-by-william-blake-spiritual-ascent.jpg","width":990,"height":350},{"@type":"BreadcrumbList","@id":"https:\/\/shrimataji.org\/test\/hu\/our-spiritual-ascent\/#breadcrumb","itemListElement":[{"@type":"ListItem","position":1,"name":"Home","item":"https:\/\/shrimataji.org\/test\/uk\/home-en\/"},{"@type":"ListItem","position":2,"name":"Spiritu\u00e1lis felemelked\u00e9s\u00fcnk"}]},{"@type":"WebSite","@id":"https:\/\/shrimataji.org\/test\/#website","url":"https:\/\/shrimataji.org\/test\/","name":"Shri Mataji Nirmala Devi","description":"A Life Dedicated to Humanity","publisher":{"@id":"https:\/\/shrimataji.org\/test\/#\/schema\/person\/a1b3419c6585f164aa96da1ff85715d1"},"potentialAction":[{"@type":"SearchAction","target":{"@type":"EntryPoint","urlTemplate":"https:\/\/shrimataji.org\/test\/?s={search_term_string}"},"query-input":{"@type":"PropertyValueSpecification","valueRequired":true,"valueName":"search_term_string"}}],"inLanguage":"en-US"},{"@type":["Person","Organization"],"@id":"https:\/\/shrimataji.org\/test\/#\/schema\/person\/a1b3419c6585f164aa96da1ff85715d1","name":"Nirmala Shrivastava","image":{"@type":"ImageObject","inLanguage":"en-US","@id":"https:\/\/shrimataji.org\/test\/wp-content\/uploads\/2023\/02\/SMO_LOGO-03.svg","url":"https:\/\/shrimataji.org\/test\/wp-content\/uploads\/2023\/02\/SMO_LOGO-03.svg","contentUrl":"https:\/\/shrimataji.org\/test\/wp-content\/uploads\/2023\/02\/SMO_LOGO-03.svg","width":"1024","height":"1024","caption":"Nirmala Shrivastava"},"logo":{"@id":"https:\/\/shrimataji.org\/test\/wp-content\/uploads\/2023\/02\/SMO_LOGO-03.svg"},"sameAs":["https:\/\/shrimataji.org\/test","https:\/\/www.facebook.com\/shrimataji","https:\/\/x.com\/shrimataji","https:\/\/www.youtube.com\/@Shri_Mataji_Nirmala_Devi\/featured"]}]}},"lang":"hu","translations":{"hu":19530,"ur":37473,"en":429,"am":18046,"th":20013,"sq":18447,"zh":17344,"tr":10191,"pt":10401,"de":10675,"fr":10773,"it":10871,"es":10968,"ja":11265,"ru":11453,"bn":11645,"te":11753,"sw":11876,"he":12024,"el":12316,"sk":12414,"fa":12512,"fi":12610,"bg":13500,"ro":14575,"cs":14768,"nl":16607,"ku":16767,"ar":16943,"be":18654,"kn":18928,"mr":20377,"uk":20671,"ml":20966,"ta":22765,"sv":23035,"gu":28879,"pa":29039,"fil":29483,"da":37784,"pl":37996,"nn":38336},"pll_sync_post":[],"_links":{"self":[{"href":"https:\/\/shrimataji.org\/test\/wp-json\/wp\/v2\/pages\/19530","targetHints":{"allow":["GET"]}}],"collection":[{"href":"https:\/\/shrimataji.org\/test\/wp-json\/wp\/v2\/pages"}],"about":[{"href":"https:\/\/shrimataji.org\/test\/wp-json\/wp\/v2\/types\/page"}],"author":[{"embeddable":true,"href":"https:\/\/shrimataji.org\/test\/wp-json\/wp\/v2\/users\/1"}],"replies":[{"embeddable":true,"href":"https:\/\/shrimataji.org\/test\/wp-json\/wp\/v2\/comments?post=19530"}],"version-history":[{"count":0,"href":"https:\/\/shrimataji.org\/test\/wp-json\/wp\/v2\/pages\/19530\/revisions"}],"wp:featuredmedia":[{"embeddable":true,"href":"https:\/\/shrimataji.org\/test\/wp-json\/wp\/v2\/media\/19287"}],"wp:attachment":[{"href":"https:\/\/shrimataji.org\/test\/wp-json\/wp\/v2\/media?parent=19530"}],"curies":[{"name":"wp","href":"https:\/\/api.w.org\/{rel}","templated":true}]}}