{"id":19544,"date":"2018-07-10T06:54:42","date_gmt":"2018-07-10T06:54:42","guid":{"rendered":"http:\/\/testwordpress.nirmalnagari.org\/smnd\/index.php\/travel\/"},"modified":"2026-04-11T15:04:52","modified_gmt":"2026-04-11T15:04:52","slug":"public-programs","status":"publish","type":"page","link":"https:\/\/shrimataji.org\/test\/hu\/public-programs\/","title":{"rendered":"Nyilv\u00e1nos programjai"},"content":{"rendered":"\n\n\t<h1>Nyilv\u00e1nos programjai<\/h1>\n<h2>Glob\u00e1lis \u00fatiterv<\/h2>\n\t<h4>Att\u00f3l a pillanatt\u00f3l kezdve, hogy 1970-ben bevezette a Sahaja J\u00f3ga technik\u00e1j\u00e1t, Shri Mataji szinte folyamatosan \u00faton volt: nyilv\u00e1nos programokat tartott, interj\u00fakat adott a m\u00e9di\u00e1nak, nemzetk\u00f6zi konferenci\u00e1kon \u00e9s szemin\u00e1riumokon besz\u00e9lt, nem korm\u00e1nyzati szervezeteket alap\u00edtott, \u00e9s id\u0151t t\u00f6lt\u00f6tt azzal, amit \u0151 a \u201eglob\u00e1lis csal\u00e1dj\u00e1nak&#8221; tekintett.<\/h4>\n<p>Sehol sem volt olyan kicsi vagy t\u00fal t\u00e1voli hely, ami miatt nem lett volna \u00e9rdemes ell\u00e1togatni. A Himal\u00e1ja l\u00e1b\u00e1t\u00f3l Ausztr\u00e1lia pusztas\u00e1g\u00e1ig, Londont\u00f3l Isztambulon \u00e1t Los Angelesig Shri Mataji annak szentelte az idej\u00e9t, hogy megossza az \u00f6nmegval\u00f3sul\u00e1s \u00e9lm\u00e9ny\u00e9t mindenkivel, aki arra v\u00e1gyott. Az 1970-es \u00e9vek elej\u00e9t\u0151l az 1980-as \u00e9vekig Shri Mataji folyamatosan \u00e9s f\u00e1radhatatlanul utazott Eur\u00f3p\u00e1ban, Ausztr\u00e1li\u00e1ban \u00e9s \u00c9szak-Amerik\u00e1ban. Az 1990-es \u00e9vekben utaz\u00e1sai kiterjedtek D\u00e9l-Amerik\u00e1ra, Afrik\u00e1ra, Oroszorsz\u00e1gra, Kelet-Eur\u00f3p\u00e1ra, \u00c1zsi\u00e1ra \u00e9s a Csendes-\u00f3ce\u00e1ni t\u00e9rs\u00e9gre. Egy pillant\u00e1s Shri Mataji 1990-es \u00fatiterv\u00e9re r\u00e1vil\u00e1g\u00edt a tipikus id\u0151beoszt\u00e1s\u00e1ra, amely t\u00f6bb mint k\u00e9tsz\u00e1z rendezv\u00e9nyt tartalmazott huszonhat orsz\u00e1gban, k\u00f6zt\u00fck Braz\u00edli\u00e1ban, Indi\u00e1ban, Ausztr\u00e1li\u00e1ban, \u00daj-Z\u00e9landon, Oroszorsz\u00e1gban, Franciaorsz\u00e1gban, Angli\u00e1ban, Lengyelorsz\u00e1gban, Spanyolorsz\u00e1gban, Olaszorsz\u00e1gban, az Egyes\u00fclt \u00c1llamokban \u00e9s sok m\u00e1s orsz\u00e1gban. Az abban az \u00e9vben megtett t\u00e1vols\u00e1g meghaladta a 135 000 kilom\u00e9tert, ami egyen\u00e9rt\u00e9k\u0171 azzal, mintha h\u00e1romszor k\u00f6rbeker\u00fclte volna a F\u00f6ldet.<\/p>\n<p>Hihetetlen\u00fcl sokat utazott. Alig t\u00f6bb mint 40 \u00e9v alatt t\u00f6bb mint 100 orsz\u00e1gban tan\u00edtotta \u00e9s alap\u00edtotta meg a Sahaja J\u00f3g\u00e1t &#8211; ez bizony\u00edtja kimer\u00edthetetlen energi\u00e1j\u00e1t \u00e9s a spiritu\u00e1lis \u00e1talakul\u00e1s ir\u00e1nti teljes elk\u00f6telezetts\u00e9g\u00e9t.<\/p>\n<p>Az al\u00e1bbi interakt\u00edv t\u00e9rk\u00e9p Shri Mataji 1970 \u00e9s 2011 k\u00f6z\u00f6tti k\u00fcl\u00f6nb\u00f6z\u0151 nyilv\u00e1nos programjainak, m\u00e9diainterj\u00fainak, konferenci\u00e1inak, workshopjainak \u00e9s szemin\u00e1riumainak audio-video linkjeit dokument\u00e1lja. Egy k\u00f6rjelre vagy jelcsoportra kattintva tov\u00e1bbi inform\u00e1ci\u00f3kat kaphat, bele\u00e9rtve az adott helysz\u00ednen r\u00f6gz\u00edtett programok audio-video linkjeit is.<\/p>\n\t<p><iframe loading=\"lazy\" src=\"https:\/\/shrimataji.org\/map\/amruta_map_newest.html\" name=\"travel_frame\" width=\"100%\" height=\"500px\" scrolling=\"no\" allowfullscreen=\"allowfullscreen\"><\/iframe><\/p>\n\t<style>\n    form {\n        display: flex;\n        flex-wrap: wrap;\n        gap: 10px;\n    }\n    label {\n        flex: 1 100px;\n        text-align: right;\n        margin-right: 10px;\n        margin-left: 5px;\n    }\n    select {\n        width: 200px;\n        flex: 1;\n        max-width: 300px;\n        margin-right: 10px;\n        margin-left: 5px;        \n    }\n    .spacer {\n      margin-bottom: 20px;\n    }\n<\/style>\n<form id=\"filterForm\">\n    <label for=\"subtitle\">Video subtitle:<\/label>\n    <select id=\"subtitle\" name=\"subtitle\">\n        <option value=\"all\">All<\/option>\n    <\/select>\n    <label for=\"country\">Country:<\/label>\n    <select id=\"country\" name=\"country\" onchange=\"populateCities(this)\">\n        <option value=\"all\">All<\/option>\n    <\/select>\n    <label for=\"city\">City:<\/label>\n    <select id=\"city\" name=\"city\">\n        <option value=\"all\">All<\/option>\n    <\/select>\n    <label for=\"period\">Year:<\/label>\n    <select id=\"period\" name=\"period\">\n        <option value=\"all\">All<\/option>\n    <\/select>\n    <label for=\"category\">Category:<\/label>\n    <select id=\"category\" name=\"category\">\n        <option value=\"all\">All<\/option>\n        <option value=\"Public Program\">Public Program<\/option>\n        <option value=\"Conference\">Conference<\/option>\n        <option value=\"Interview\">Interview<\/option>\n    <\/select>\n        <a target=\"_self\" onclick=\"resetSelectFields()\">Reset<\/a>\n    <!-- Add additional filter fields or submit button as needed -->\n<\/form>\n\n","protected":false},"excerpt":{"rendered":"<p>Nyilv\u00e1nos programjai Glob\u00e1lis \u00fatiterv Att\u00f3l a pillanatt\u00f3l kezdve, hogy 1970-ben bevezette a Sahaja J\u00f3ga technik\u00e1j\u00e1t, Shri Mataji szinte folyamatosan \u00faton volt: nyilv\u00e1nos programokat tartott, interj\u00fakat adott a m\u00e9di\u00e1nak, nemzetk\u00f6zi konferenci\u00e1kon \u00e9s szemin\u00e1riumokon besz\u00e9lt, nem korm\u00e1nyzati szervezeteket alap\u00edtott, \u00e9s id\u0151t t\u00f6lt\u00f6tt azzal, amit \u0151 a \u201eglob\u00e1lis csal\u00e1dj\u00e1nak&#8221; tekintett. Sehol sem volt olyan kicsi vagy t\u00fal t\u00e1voli&hellip; <br \/> <a class=\"read-more\" href=\"https:\/\/shrimataji.org\/test\/hu\/public-programs\/\">Read more<\/a><\/p>\n","protected":false},"author":1,"featured_media":19306,"parent":0,"menu_order":0,"comment_status":"closed","ping_status":"closed","template":"pro\/page-templates\/full-width-page.php","meta":{"inline_featured_image":false,"footnotes":""},"class_list":["post-19544","page","type-page","status-publish","has-post-thumbnail","hentry"],"yoast_head":"<!-- This site is optimized with the Yoast SEO plugin v27.4 - https:\/\/yoast.com\/product\/yoast-seo-wordpress\/ -->\n<title>Nyilv\u00e1nos programjai - TEST - SMND<\/title>\n<meta name=\"robots\" content=\"noindex, follow, max-snippet:-1, max-image-preview:large, max-video-preview:-1\" \/>\n<meta property=\"og:locale\" content=\"en_US\" \/>\n<meta property=\"og:type\" content=\"article\" \/>\n<meta property=\"og:title\" content=\"Nyilv\u00e1nos programjai - TEST - SMND\" \/>\n<meta property=\"og:description\" content=\"Nyilv\u00e1nos programjai Glob\u00e1lis \u00fatiterv Att\u00f3l a pillanatt\u00f3l kezdve, hogy 1970-ben bevezette a Sahaja J\u00f3ga technik\u00e1j\u00e1t, Shri Mataji szinte folyamatosan \u00faton volt: nyilv\u00e1nos programokat tartott, interj\u00fakat adott a m\u00e9di\u00e1nak, nemzetk\u00f6zi konferenci\u00e1kon \u00e9s szemin\u00e1riumokon besz\u00e9lt, nem korm\u00e1nyzati szervezeteket alap\u00edtott, \u00e9s id\u0151t t\u00f6lt\u00f6tt azzal, amit \u0151 a \u201eglob\u00e1lis csal\u00e1dj\u00e1nak&#8221; tekintett. Sehol sem volt olyan kicsi vagy t\u00fal t\u00e1voli&hellip; Read more\" \/>\n<meta property=\"og:url\" content=\"https:\/\/shrimataji.org\/test\/hu\/public-programs\/\" \/>\n<meta property=\"og:site_name\" content=\"TEST - SMND\" \/>\n<meta property=\"article:publisher\" content=\"https:\/\/www.facebook.com\/shrimataji\" \/>\n<meta property=\"article:modified_time\" content=\"2026-04-11T15:04:52+00:00\" \/>\n<meta property=\"og:image\" content=\"https:\/\/shrimataji.org\/test\/wp-content\/uploads\/2018\/07\/media_originals\/images\/headers-general\/shri-mataji-nirmala-devi-traveling.jpg\" \/>\n\t<meta property=\"og:image:width\" content=\"990\" \/>\n\t<meta property=\"og:image:height\" content=\"350\" \/>\n\t<meta property=\"og:image:type\" content=\"image\/jpeg\" \/>\n<meta name=\"twitter:card\" content=\"summary_large_image\" \/>\n<meta name=\"twitter:site\" content=\"@shrimataji\" \/>\n<meta name=\"twitter:label1\" content=\"Est. reading time\" \/>\n\t<meta name=\"twitter:data1\" content=\"2 minutes\" \/>\n<script type=\"application\/ld+json\" class=\"yoast-schema-graph\">{\"@context\":\"https:\\\/\\\/schema.org\",\"@graph\":[{\"@type\":\"WebPage\",\"@id\":\"https:\\\/\\\/shrimataji.org\\\/test\\\/hu\\\/public-programs\\\/\",\"url\":\"https:\\\/\\\/shrimataji.org\\\/test\\\/hu\\\/public-programs\\\/\",\"name\":\"Nyilv\u00e1nos programjai - TEST - SMND\",\"isPartOf\":{\"@id\":\"https:\\\/\\\/shrimataji.org\\\/test\\\/#website\"},\"primaryImageOfPage\":{\"@id\":\"https:\\\/\\\/shrimataji.org\\\/test\\\/hu\\\/public-programs\\\/#primaryimage\"},\"image\":{\"@id\":\"https:\\\/\\\/shrimataji.org\\\/test\\\/hu\\\/public-programs\\\/#primaryimage\"},\"thumbnailUrl\":\"https:\\\/\\\/shrimataji.org\\\/test\\\/wp-content\\\/uploads\\\/2018\\\/07\\\/media_originals\\\/images\\\/headers-general\\\/shri-mataji-nirmala-devi-traveling.jpg\",\"datePublished\":\"2018-07-10T06:54:42+00:00\",\"dateModified\":\"2026-04-11T15:04:52+00:00\",\"breadcrumb\":{\"@id\":\"https:\\\/\\\/shrimataji.org\\\/test\\\/hu\\\/public-programs\\\/#breadcrumb\"},\"inLanguage\":\"en-US\",\"potentialAction\":[{\"@type\":\"ReadAction\",\"target\":[\"https:\\\/\\\/shrimataji.org\\\/test\\\/hu\\\/public-programs\\\/\"]}]},{\"@type\":\"ImageObject\",\"inLanguage\":\"en-US\",\"@id\":\"https:\\\/\\\/shrimataji.org\\\/test\\\/hu\\\/public-programs\\\/#primaryimage\",\"url\":\"https:\\\/\\\/shrimataji.org\\\/test\\\/wp-content\\\/uploads\\\/2018\\\/07\\\/media_originals\\\/images\\\/headers-general\\\/shri-mataji-nirmala-devi-traveling.jpg\",\"contentUrl\":\"https:\\\/\\\/shrimataji.org\\\/test\\\/wp-content\\\/uploads\\\/2018\\\/07\\\/media_originals\\\/images\\\/headers-general\\\/shri-mataji-nirmala-devi-traveling.jpg\",\"width\":990,\"height\":350},{\"@type\":\"BreadcrumbList\",\"@id\":\"https:\\\/\\\/shrimataji.org\\\/test\\\/hu\\\/public-programs\\\/#breadcrumb\",\"itemListElement\":[{\"@type\":\"ListItem\",\"position\":1,\"name\":\"Home\",\"item\":\"https:\\\/\\\/shrimataji.org\\\/test\\\/uk\\\/home-en\\\/\"},{\"@type\":\"ListItem\",\"position\":2,\"name\":\"Nyilv\u00e1nos programjai\"}]},{\"@type\":\"WebSite\",\"@id\":\"https:\\\/\\\/shrimataji.org\\\/test\\\/#website\",\"url\":\"https:\\\/\\\/shrimataji.org\\\/test\\\/\",\"name\":\"Shri Mataji Nirmala Devi\",\"description\":\"A Life Dedicated to Humanity\",\"publisher\":{\"@id\":\"https:\\\/\\\/shrimataji.org\\\/test\\\/#\\\/schema\\\/person\\\/a1b3419c6585f164aa96da1ff85715d1\"},\"potentialAction\":[{\"@type\":\"SearchAction\",\"target\":{\"@type\":\"EntryPoint\",\"urlTemplate\":\"https:\\\/\\\/shrimataji.org\\\/test\\\/?s={search_term_string}\"},\"query-input\":{\"@type\":\"PropertyValueSpecification\",\"valueRequired\":true,\"valueName\":\"search_term_string\"}}],\"inLanguage\":\"en-US\"},{\"@type\":[\"Person\",\"Organization\"],\"@id\":\"https:\\\/\\\/shrimataji.org\\\/test\\\/#\\\/schema\\\/person\\\/a1b3419c6585f164aa96da1ff85715d1\",\"name\":\"Nirmala Shrivastava\",\"image\":{\"@type\":\"ImageObject\",\"inLanguage\":\"en-US\",\"@id\":\"https:\\\/\\\/shrimataji.org\\\/test\\\/wp-content\\\/uploads\\\/2023\\\/02\\\/SMO_LOGO-03.svg\",\"url\":\"https:\\\/\\\/shrimataji.org\\\/test\\\/wp-content\\\/uploads\\\/2023\\\/02\\\/SMO_LOGO-03.svg\",\"contentUrl\":\"https:\\\/\\\/shrimataji.org\\\/test\\\/wp-content\\\/uploads\\\/2023\\\/02\\\/SMO_LOGO-03.svg\",\"width\":\"1024\",\"height\":\"1024\",\"caption\":\"Nirmala Shrivastava\"},\"logo\":{\"@id\":\"https:\\\/\\\/shrimataji.org\\\/test\\\/wp-content\\\/uploads\\\/2023\\\/02\\\/SMO_LOGO-03.svg\"},\"sameAs\":[\"https:\\\/\\\/shrimataji.org\\\/test\",\"https:\\\/\\\/www.facebook.com\\\/shrimataji\",\"https:\\\/\\\/x.com\\\/shrimataji\",\"https:\\\/\\\/www.youtube.com\\\/@Shri_Mataji_Nirmala_Devi\\\/featured\"]}]}<\/script>\n<!-- \/ Yoast SEO plugin. -->","yoast_head_json":{"title":"Nyilv\u00e1nos programjai - TEST - SMND","robots":{"index":"noindex","follow":"follow","max-snippet":"max-snippet:-1","max-image-preview":"max-image-preview:large","max-video-preview":"max-video-preview:-1"},"og_locale":"en_US","og_type":"article","og_title":"Nyilv\u00e1nos programjai - TEST - SMND","og_description":"Nyilv\u00e1nos programjai Glob\u00e1lis \u00fatiterv Att\u00f3l a pillanatt\u00f3l kezdve, hogy 1970-ben bevezette a Sahaja J\u00f3ga technik\u00e1j\u00e1t, Shri Mataji szinte folyamatosan \u00faton volt: nyilv\u00e1nos programokat tartott, interj\u00fakat adott a m\u00e9di\u00e1nak, nemzetk\u00f6zi konferenci\u00e1kon \u00e9s szemin\u00e1riumokon besz\u00e9lt, nem korm\u00e1nyzati szervezeteket alap\u00edtott, \u00e9s id\u0151t t\u00f6lt\u00f6tt azzal, amit \u0151 a \u201eglob\u00e1lis csal\u00e1dj\u00e1nak&#8221; tekintett. Sehol sem volt olyan kicsi vagy t\u00fal t\u00e1voli&hellip; Read more","og_url":"https:\/\/shrimataji.org\/test\/hu\/public-programs\/","og_site_name":"TEST - SMND","article_publisher":"https:\/\/www.facebook.com\/shrimataji","article_modified_time":"2026-04-11T15:04:52+00:00","og_image":[{"width":990,"height":350,"url":"https:\/\/shrimataji.org\/test\/wp-content\/uploads\/2018\/07\/media_originals\/images\/headers-general\/shri-mataji-nirmala-devi-traveling.jpg","type":"image\/jpeg"}],"twitter_card":"summary_large_image","twitter_site":"@shrimataji","twitter_misc":{"Est. reading time":"2 minutes"},"schema":{"@context":"https:\/\/schema.org","@graph":[{"@type":"WebPage","@id":"https:\/\/shrimataji.org\/test\/hu\/public-programs\/","url":"https:\/\/shrimataji.org\/test\/hu\/public-programs\/","name":"Nyilv\u00e1nos programjai - TEST - SMND","isPartOf":{"@id":"https:\/\/shrimataji.org\/test\/#website"},"primaryImageOfPage":{"@id":"https:\/\/shrimataji.org\/test\/hu\/public-programs\/#primaryimage"},"image":{"@id":"https:\/\/shrimataji.org\/test\/hu\/public-programs\/#primaryimage"},"thumbnailUrl":"https:\/\/shrimataji.org\/test\/wp-content\/uploads\/2018\/07\/media_originals\/images\/headers-general\/shri-mataji-nirmala-devi-traveling.jpg","datePublished":"2018-07-10T06:54:42+00:00","dateModified":"2026-04-11T15:04:52+00:00","breadcrumb":{"@id":"https:\/\/shrimataji.org\/test\/hu\/public-programs\/#breadcrumb"},"inLanguage":"en-US","potentialAction":[{"@type":"ReadAction","target":["https:\/\/shrimataji.org\/test\/hu\/public-programs\/"]}]},{"@type":"ImageObject","inLanguage":"en-US","@id":"https:\/\/shrimataji.org\/test\/hu\/public-programs\/#primaryimage","url":"https:\/\/shrimataji.org\/test\/wp-content\/uploads\/2018\/07\/media_originals\/images\/headers-general\/shri-mataji-nirmala-devi-traveling.jpg","contentUrl":"https:\/\/shrimataji.org\/test\/wp-content\/uploads\/2018\/07\/media_originals\/images\/headers-general\/shri-mataji-nirmala-devi-traveling.jpg","width":990,"height":350},{"@type":"BreadcrumbList","@id":"https:\/\/shrimataji.org\/test\/hu\/public-programs\/#breadcrumb","itemListElement":[{"@type":"ListItem","position":1,"name":"Home","item":"https:\/\/shrimataji.org\/test\/uk\/home-en\/"},{"@type":"ListItem","position":2,"name":"Nyilv\u00e1nos programjai"}]},{"@type":"WebSite","@id":"https:\/\/shrimataji.org\/test\/#website","url":"https:\/\/shrimataji.org\/test\/","name":"Shri Mataji Nirmala Devi","description":"A Life Dedicated to Humanity","publisher":{"@id":"https:\/\/shrimataji.org\/test\/#\/schema\/person\/a1b3419c6585f164aa96da1ff85715d1"},"potentialAction":[{"@type":"SearchAction","target":{"@type":"EntryPoint","urlTemplate":"https:\/\/shrimataji.org\/test\/?s={search_term_string}"},"query-input":{"@type":"PropertyValueSpecification","valueRequired":true,"valueName":"search_term_string"}}],"inLanguage":"en-US"},{"@type":["Person","Organization"],"@id":"https:\/\/shrimataji.org\/test\/#\/schema\/person\/a1b3419c6585f164aa96da1ff85715d1","name":"Nirmala Shrivastava","image":{"@type":"ImageObject","inLanguage":"en-US","@id":"https:\/\/shrimataji.org\/test\/wp-content\/uploads\/2023\/02\/SMO_LOGO-03.svg","url":"https:\/\/shrimataji.org\/test\/wp-content\/uploads\/2023\/02\/SMO_LOGO-03.svg","contentUrl":"https:\/\/shrimataji.org\/test\/wp-content\/uploads\/2023\/02\/SMO_LOGO-03.svg","width":"1024","height":"1024","caption":"Nirmala Shrivastava"},"logo":{"@id":"https:\/\/shrimataji.org\/test\/wp-content\/uploads\/2023\/02\/SMO_LOGO-03.svg"},"sameAs":["https:\/\/shrimataji.org\/test","https:\/\/www.facebook.com\/shrimataji","https:\/\/x.com\/shrimataji","https:\/\/www.youtube.com\/@Shri_Mataji_Nirmala_Devi\/featured"]}]}},"lang":"hu","translations":{"hu":19544,"ur":37483,"en":394,"pa":25899,"gu":25502,"th":20032,"sq":18459,"zh":17356,"tr":10198,"pt":10408,"de":10682,"fr":10780,"it":10878,"es":10975,"ja":11272,"ru":11460,"bn":11652,"te":11760,"sw":11883,"he":12031,"pl":12064,"el":12323,"sk":12421,"fa":12519,"fi":12617,"bg":13467,"ro":14539,"cs":14732,"nl":16619,"ku":16779,"ar":16955,"be":18666,"kn":18940,"mr":20396,"uk":20690,"ml":20985,"ta":22777,"sv":23047,"bs":27290,"fil":29495,"sd":31002,"da":37794,"nn":38346},"pll_sync_post":[],"_links":{"self":[{"href":"https:\/\/shrimataji.org\/test\/wp-json\/wp\/v2\/pages\/19544","targetHints":{"allow":["GET"]}}],"collection":[{"href":"https:\/\/shrimataji.org\/test\/wp-json\/wp\/v2\/pages"}],"about":[{"href":"https:\/\/shrimataji.org\/test\/wp-json\/wp\/v2\/types\/page"}],"author":[{"embeddable":true,"href":"https:\/\/shrimataji.org\/test\/wp-json\/wp\/v2\/users\/1"}],"replies":[{"embeddable":true,"href":"https:\/\/shrimataji.org\/test\/wp-json\/wp\/v2\/comments?post=19544"}],"version-history":[{"count":0,"href":"https:\/\/shrimataji.org\/test\/wp-json\/wp\/v2\/pages\/19544\/revisions"}],"wp:featuredmedia":[{"embeddable":true,"href":"https:\/\/shrimataji.org\/test\/wp-json\/wp\/v2\/media\/19306"}],"wp:attachment":[{"href":"https:\/\/shrimataji.org\/test\/wp-json\/wp\/v2\/media?parent=19544"}],"curies":[{"name":"wp","href":"https:\/\/api.w.org\/{rel}","templated":true}]}}