{"id":19550,"date":"2020-04-20T17:46:08","date_gmt":"2020-04-20T17:46:08","guid":{"rendered":"https:\/\/testwordpress.nirmalnagari.org\/smnd\/?page_id=3434"},"modified":"2026-04-11T19:47:55","modified_gmt":"2026-04-11T19:47:55","slug":"sahaja-yoga","status":"publish","type":"page","link":"https:\/\/shrimataji.org\/test\/hu\/sahaja-yoga\/","title":{"rendered":"Sahaja J\u00f3ga"},"content":{"rendered":"\n\n\t<h1>Sahaja J\u00f3ga<\/h1>\n<h2>Bels\u0151 \u00e9bred\u00e9s \u00f6nmegval\u00f3sul\u00e1s \u00e9s medit\u00e1ci\u00f3 r\u00e9v\u00e9n<\/h2>\n<h4>Shri Mataji Nirmala Devi forradalmas\u00edtotta a j\u00f3ga gyakorlat\u00e1t az\u00e1ltal, hogy lehet\u0151v\u00e9 tette az \u00f6nmegval\u00f3sul\u00e1s el\u00e9r\u00e9s\u00e9t a k\u00f6zponti idegrendszeren kereszt\u00fcl. A spiritualit\u00e1s t\u00f6rt\u00e9net\u00e9ben Shri Mataji az els\u0151 \u00e9s egyetlen szem\u00e9ly, aki t\u00f6megesen adta meg az \u00f6nmegval\u00f3sul\u00e1s \u00e9lm\u00e9ny\u00e9t. Kijelentette, hogy minden embernek sz\u00fclet\u00e9si joga &#8211; vall\u00e1st\u00f3l, fajt\u00f3l, nemzetis\u00e9gt\u0151l vagy k\u00f6r\u00fclm\u00e9nyekt\u0151l f\u00fcggetlen\u00fcl -, hogy megkapja az \u00f6nmegval\u00f3sul\u00e1st. Azt is hangs\u00falyozta, hogy az igazs\u00e1g\u00e9rt vagy az \u00f6nismeret\u00e9rt nem lehet fizetni, ez\u00e9rt az \u00f6nmegval\u00f3sul\u00e1s mindig is ingyenes volt, \u00e9s tov\u00e1bbra is az lesz.<\/h4>\n<p>Shri Mataji az \u00f6nmegval\u00f3sul\u00e1s teljes tudatoss\u00e1g\u00e1val sz\u00fcletett, \u00e9s m\u00e1r kiskor\u00e1t\u00f3l fogva meg akarta osztani ezt az \u00e9rt\u00e9kes aj\u00e1nd\u00e9kot mindenkivel. Apja felismerte a spiritu\u00e1lis adotts\u00e1g\u00e1t, \u00e9s azt tan\u00e1csolta neki, hogy az szolg\u00e1ln\u00e1 legjobban az emberis\u00e9g jav\u00e1t, ha el\u0151sz\u00f6r tal\u00e1lna egy m\u00f3dszert a t\u00f6meges \u00f6nmegval\u00f3sul\u00e1s megad\u00e1s\u00e1ra, amely lehet\u0151v\u00e9 tenn\u00e9 sz\u00e1m\u00e1ra, hogy sz\u00e9lesebb glob\u00e1lis k\u00f6z\u00f6ns\u00e9ghez jusson el. Ez inspir\u00e1lta Shri Matajit arra, hogy negyvenh\u00e9t \u00e9ven \u00e1t tanulm\u00e1nyozza az embereket, saj\u00e1t \u00e9lete \u00e9s emberi kapcsolatai r\u00e9v\u00e9n. Csak miut\u00e1n teljesen megismerte az emberi pszich\u00e9 minden permut\u00e1ci\u00f3j\u00e1t \u00e9s kombin\u00e1ci\u00f3j\u00e1t, hozta meg a v\u00e9gs\u0151 d\u00f6nt\u00e9st, hogy megnyissa a <a href=\"\/meditation\/sahasrara-chakra\/\" target=\"_blank\" rel=\"noopener\">Sahasrara csakr\u00e1t<\/a> (a fejtet\u0151n tal\u00e1lhat\u00f3 hetedik spiritu\u00e1lis k\u00f6zpontot), amely lehet\u0151v\u00e9 tette sz\u00e1m\u00e1ra, hogy bet\u00f6ltse \u00e9lete k\u00fcldet\u00e9s\u00e9t, a t\u00f6meges \u00f6nmegval\u00f3sul\u00e1s \u00e9s a Sahaja J\u00f3ga medit\u00e1ci\u00f3 gyakorlat\u00e1nak kifejleszt\u00e9s\u00e9t \u00e9s elterjeszt\u00e9s\u00e9t.<\/p>\n<p><a href=\"\/a-pivotal-moment\/\" target=\"_blank\" rel=\"noopener\">1970. m\u00e1jus 5-e<\/a> wt\u00f6rt\u00e9nelmi \u00e1tt\u00f6r\u00e9st jelentett az emberis\u00e9g spiritu\u00e1lis evol\u00faci\u00f3j\u00e1ban. Az \u00f6nmegval\u00f3sul\u00e1s \u00e9s a val\u00f3di medit\u00e1ci\u00f3 r\u00e9v\u00e9n a bels\u0151 fel\u00e9bred\u00e9shez val\u00f3 hozz\u00e1f\u00e9r\u00e9s t\u00f6bb\u00e9 nem korl\u00e1toz\u00f3dott a j\u00f3ga n\u00e9h\u00e1ny lelkes mester\u00e9re, hanem el\u00e9rhet\u0151v\u00e9 v\u00e1lt a t\u00f6megek sz\u00e1m\u00e1ra is, mindazok sz\u00e1m\u00e1ra, akik v\u00e1laszt kerestek a magasabb \u00f6ntudat el\u00e9r\u00e9s\u00e9re. Shri Mataji egyed\u00fcl\u00e1ll\u00f3 k\u00fcl\u00f6nbs\u00e9get hozott a j\u00f3ga gyakorl\u00e1s\u00e1ban az\u00e1ltal, hogy az \u00f6nmegval\u00f3sul\u00e1st m\u00e1r az els\u0151 alkalommal el\u00e9rhet\u0151v\u00e9 tette. Kor\u00e1bban ez ritk\u00e1n volt lehets\u00e9ges, m\u00e9g akkor is, ha valaki a j\u00f3g\u00e1t egy guru szoros ir\u00e1ny\u00edt\u00e1sa alatt, sok \u00e9ven, ha nem \u00e9vtizedeken \u00e1t szigor\u00faan gyakorolta. Shri Mataji felt\u00e1rta, hogy az emberi tudatoss\u00e1g el\u00e9rte a cs\u00facspontot az evol\u00faci\u00f3s folyamatban, \u00e9s el\u00e9g \u00e9rett\u00e9 v\u00e1lt a spont\u00e1n \u00f6nmegval\u00f3sul\u00e1s befogad\u00e1s\u00e1ra, felt\u00e9ve, hogy ha egy arra jogosult mester fel tudta \u00e9breszteni a gerinc alj\u00e1n rejl\u0151 szunnyad\u00f3, \u0151si spiritu\u00e1lis energi\u00e1t, a <a href=\"\/kundalini\/\" target=\"_blank\" rel=\"noopener\">Kundalini-shaktit<\/a> (ami szanszkrit\u00fcl a mindent \u00e1that\u00f3 isteni er\u0151 \u00f6sszetekeredett energi\u00e1j\u00e1t jelenti).<\/p>\n<p>A k\u00f6vetkez\u0151 n\u00e9gy \u00e9vtizedben Shri Mataji megalapozta a Sahaja J\u00f3ga medit\u00e1ci\u00f3 gyakorlat\u00e1t. B\u00e1rki, kultur\u00e1lis vagy vall\u00e1si hovatartoz\u00e1s\u00e1t\u00f3l, \u00e9letkor\u00e1t\u00f3l vagy iskolai v\u00e9gzetts\u00e9g\u00e9t\u0151l f\u00fcggetlen\u00fcl, k\u00f6nnyed\u00e9n gyakorolhatta ezt a j\u00f3gamedit\u00e1ci\u00f3s form\u00e1t. Tov\u00e1bb\u00e1 sokan, akik a Sahaja J\u00f3g\u00e1t rendszeresen gyakorolt\u00e1k, k\u00f6nnyed\u00e9n tov\u00e1bb tudt\u00e1k adni m\u00e1soknak az \u00f6nmegval\u00f3sul\u00e1s m\u00e9ly aj\u00e1nd\u00e9k\u00e1t, ak\u00e1rcsak egy \u00e9g\u0151 gyertya, amellyel m\u00e1s gyerty\u00e1kat is meg lehet gy\u00fajtani. Shri Mataji k\u00fcl\u00f6n\u00f6sen hangs\u00falyozta, hogy nem k\u00e9rhetnek p\u00e9nzt az\u00e9rt, hogy \u00f6nmegval\u00f3sul\u00e1st adnak m\u00e1soknak, vagy hogy megtan\u00edts\u00e1k a Sahaja J\u00f3ga tud\u00e1s\u00e1t, mivel \u0151 szem\u00e9ly szerint soha nem k\u00e9rt p\u00e9nzt az\u00e9rt, hogy megossza ezt a velesz\u00fcletett aj\u00e1nd\u00e9kot. Ez lefektette az igazi t\u00f6meges \u00f6nmegval\u00f3sul\u00e1s alapjait, amelyet \u00e9desapja m\u00e1r Shri Mataji gyermekkor\u00e1ban elk\u00e9pzelt.<\/p>\n<p><a href=\"\/sahaja-yoga-meditation-2\/\" target=\"_blank\" rel=\"noopener\" data-cp-link=\"1\">Sahaja J\u00f3ga medit\u00e1ci\u00f3val<\/a> Shri Mataji egy egyszer\u0171, k\u00f6nnyed technik\u00e1t fejlesztett ki, hogy t\u00e1mogassa a bels\u0151 fel\u00e9bred\u00e9st, amelyet az <a href=\"\/self-realization\/\" target=\"_blank\" rel=\"noopener\" data-cp-link=\"1\">\u00f6nmegval\u00f3sul\u00e1s<\/a>\u00a0sor\u00e1n tapasztalunk meg. A sahaja sz\u00f3 jelent\u00e9se egyszerre \u201espont\u00e1n&#8221; \u00e9s \u201eveled sz\u00fcletett&#8221;, j\u00f3l le\u00edrva ezt a finom energi\u00e1t (Kundalinit), amely minden emberben l\u00e9tezik. A k\u00f6zhiedelemmel ellent\u00e9tben a j\u00f3ga nem gyakorlatok vagy p\u00f3zok sorozat\u00e1t jel\u00f6li, hanem val\u00f3j\u00e1ban azt jelenti, hogy \u201ecsatlakozni, egyes\u00fclni, \u00f6sszeolvadni&#8221;. A j\u00f3ga c\u00e9lja, hogy az egy\u00e9n tudatos\u00edtsa az \u00e9n val\u00f3di term\u00e9szet\u00e9t, az \u201e<a href=\"\/atma\/\" target=\"_blank\" rel=\"noopener\">Atm\u00e1t<\/a>&#8221; (szanszkrit\u00fcl ez a mindent \u00e1that\u00f3 L\u00e9lek t\u00fckr\u00f6z\u0151d\u00e9s\u00e9t jelenti), \u00e9s teljes egyes\u00fcl\u00e9st \u00e9rjen el ezzel az \u00faj tudatoss\u00e1ggal. Ahogyan egy csepp v\u00edz egyes\u00fcl az \u00f3ce\u00e1nnal, \u00fagy mondhatjuk, hogy az egy\u00e9ni tudat egyes\u00fcl a kollekt\u00edv tudattal. Amikor ez az egyes\u00fcl\u00e9s bek\u00f6vetkezik, a Kundalini integr\u00e1l\u00f3 ereje egyens\u00falyt \u00e9s b\u00e9k\u00e9t hoz mind egy\u00e9ni, mind kollekt\u00edv szinten.<\/p>\n<div class=\"su-quote su-quote-style-default\"><div class=\"su-quote-inner su-u-clearfix su-u-trim\">A \u201eSahaja J\u00f3ga&#8221; jelent\u00e9s\u00e9t jobban meg\u00e9rthetj\u00fck, ha alkot\u00f3elemeire bontjuk: a \u201esaha&#8221; jelent\u00e9se \u201evele&#8221;, a \u201eja&#8221; jelent\u00e9se \u201esz\u00fcletett&#8221;, a \u201ej\u00f3ga&#8221; pedig az \u201eegyes\u00fcl\u00e9s&#8221; vagy a \u201etechnika&#8221;. Teh\u00e1t a \u201eSahaja J\u00f3ga&#8221; azt jelenti, hogy a fejl\u0151d\u00e9s technik\u00e1ja mindannyiunkban velesz\u00fcletett.<\/div><\/div>\n\t\t<img decoding=\"async\" data-spai-excluded=\"true\" loading=\"lazy\"  alt=\"YouTube player\"  src=\"https:\/\/i.ytimg.com\/vi\/0isS36I-zu8\/maxresdefault.jpg\"  \/><button aria-label=\"Play\"><\/button><meta itemprop=\"embedUrl\" content=\"https:\/\/www.youtube.com\/embed\/0isS36I-zu8\"\/><meta itemprop=\"name\" content=\"Sahaja Yoga is your birthright\"\/><meta itemprop=\"description\" content=\"YouTube video\"\/><meta itemprop=\"thumbnailUrl\" content=\"https:\/\/i.ytimg.com\/vi\/0isS36I-zu8\/0.jpg\"\/><meta itemprop=\"duration\" content=\"PT1M44S\"\/><meta itemprop=\"uploadDate\" content=\"2022-11-12T03:16:18Z\"\/>\t\n\n","protected":false},"excerpt":{"rendered":"<p>Sahaja J\u00f3ga Bels\u0151 \u00e9bred\u00e9s \u00f6nmegval\u00f3sul\u00e1s \u00e9s medit\u00e1ci\u00f3 r\u00e9v\u00e9n Shri Mataji Nirmala Devi forradalmas\u00edtotta a j\u00f3ga gyakorlat\u00e1t az\u00e1ltal, hogy lehet\u0151v\u00e9 tette az \u00f6nmegval\u00f3sul\u00e1s el\u00e9r\u00e9s\u00e9t a k\u00f6zponti idegrendszeren kereszt\u00fcl. A spiritualit\u00e1s t\u00f6rt\u00e9net\u00e9ben Shri Mataji az els\u0151 \u00e9s egyetlen szem\u00e9ly, aki t\u00f6megesen adta meg az \u00f6nmegval\u00f3sul\u00e1s \u00e9lm\u00e9ny\u00e9t. Kijelentette, hogy minden embernek sz\u00fclet\u00e9si joga &#8211; vall\u00e1st\u00f3l, fajt\u00f3l, nemzetis\u00e9gt\u0151l vagy&hellip; <br \/> <a class=\"read-more\" href=\"https:\/\/shrimataji.org\/test\/hu\/sahaja-yoga\/\">Read more<\/a><\/p>\n","protected":false},"author":3,"featured_media":19314,"parent":0,"menu_order":0,"comment_status":"closed","ping_status":"closed","template":"","meta":{"inline_featured_image":false,"footnotes":""},"class_list":["post-19550","page","type-page","status-publish","has-post-thumbnail","hentry"],"yoast_head":"<!-- This site is optimized with the Yoast SEO plugin v27.4 - https:\/\/yoast.com\/product\/yoast-seo-wordpress\/ -->\n<title>Sahaja J\u00f3ga - TEST - SMND<\/title>\n<meta name=\"robots\" content=\"noindex, follow, max-snippet:-1, max-image-preview:large, max-video-preview:-1\" \/>\n<meta property=\"og:locale\" content=\"en_US\" \/>\n<meta property=\"og:type\" content=\"article\" \/>\n<meta property=\"og:title\" content=\"Sahaja J\u00f3ga - TEST - SMND\" \/>\n<meta property=\"og:description\" content=\"Sahaja J\u00f3ga Bels\u0151 \u00e9bred\u00e9s \u00f6nmegval\u00f3sul\u00e1s \u00e9s medit\u00e1ci\u00f3 r\u00e9v\u00e9n Shri Mataji Nirmala Devi forradalmas\u00edtotta a j\u00f3ga gyakorlat\u00e1t az\u00e1ltal, hogy lehet\u0151v\u00e9 tette az \u00f6nmegval\u00f3sul\u00e1s el\u00e9r\u00e9s\u00e9t a k\u00f6zponti idegrendszeren kereszt\u00fcl. A spiritualit\u00e1s t\u00f6rt\u00e9net\u00e9ben Shri Mataji az els\u0151 \u00e9s egyetlen szem\u00e9ly, aki t\u00f6megesen adta meg az \u00f6nmegval\u00f3sul\u00e1s \u00e9lm\u00e9ny\u00e9t. Kijelentette, hogy minden embernek sz\u00fclet\u00e9si joga &#8211; vall\u00e1st\u00f3l, fajt\u00f3l, nemzetis\u00e9gt\u0151l vagy&hellip; Read more\" \/>\n<meta property=\"og:url\" content=\"https:\/\/shrimataji.org\/test\/hu\/sahaja-yoga\/\" \/>\n<meta property=\"og:site_name\" content=\"TEST - SMND\" \/>\n<meta property=\"article:publisher\" content=\"https:\/\/www.facebook.com\/shrimataji\" \/>\n<meta property=\"article:modified_time\" content=\"2026-04-11T19:47:55+00:00\" \/>\n<meta property=\"og:image\" content=\"https:\/\/shrimataji.org\/test\/wp-content\/uploads\/2023\/02\/Banner-SY-SY-scaled.jpg\" \/>\n\t<meta property=\"og:image:width\" content=\"2560\" \/>\n\t<meta property=\"og:image:height\" content=\"905\" \/>\n\t<meta property=\"og:image:type\" content=\"image\/jpeg\" \/>\n<meta name=\"twitter:card\" content=\"summary_large_image\" \/>\n<meta name=\"twitter:site\" content=\"@shrimataji\" \/>\n<meta name=\"twitter:label1\" content=\"Est. reading time\" \/>\n\t<meta name=\"twitter:data1\" content=\"4 minutes\" \/>\n<script type=\"application\/ld+json\" class=\"yoast-schema-graph\">{\"@context\":\"https:\\\/\\\/schema.org\",\"@graph\":[{\"@type\":\"WebPage\",\"@id\":\"https:\\\/\\\/shrimataji.org\\\/test\\\/hu\\\/sahaja-yoga\\\/\",\"url\":\"https:\\\/\\\/shrimataji.org\\\/test\\\/hu\\\/sahaja-yoga\\\/\",\"name\":\"Sahaja J\u00f3ga - TEST - SMND\",\"isPartOf\":{\"@id\":\"https:\\\/\\\/shrimataji.org\\\/test\\\/#website\"},\"primaryImageOfPage\":{\"@id\":\"https:\\\/\\\/shrimataji.org\\\/test\\\/hu\\\/sahaja-yoga\\\/#primaryimage\"},\"image\":{\"@id\":\"https:\\\/\\\/shrimataji.org\\\/test\\\/hu\\\/sahaja-yoga\\\/#primaryimage\"},\"thumbnailUrl\":\"https:\\\/\\\/shrimataji.org\\\/test\\\/wp-content\\\/uploads\\\/2023\\\/02\\\/Banner-SY-SY-scaled.jpg\",\"datePublished\":\"2020-04-20T17:46:08+00:00\",\"dateModified\":\"2026-04-11T19:47:55+00:00\",\"breadcrumb\":{\"@id\":\"https:\\\/\\\/shrimataji.org\\\/test\\\/hu\\\/sahaja-yoga\\\/#breadcrumb\"},\"inLanguage\":\"en-US\",\"potentialAction\":[{\"@type\":\"ReadAction\",\"target\":[\"https:\\\/\\\/shrimataji.org\\\/test\\\/hu\\\/sahaja-yoga\\\/\"]}]},{\"@type\":\"ImageObject\",\"inLanguage\":\"en-US\",\"@id\":\"https:\\\/\\\/shrimataji.org\\\/test\\\/hu\\\/sahaja-yoga\\\/#primaryimage\",\"url\":\"https:\\\/\\\/shrimataji.org\\\/test\\\/wp-content\\\/uploads\\\/2023\\\/02\\\/Banner-SY-SY-scaled.jpg\",\"contentUrl\":\"https:\\\/\\\/shrimataji.org\\\/test\\\/wp-content\\\/uploads\\\/2023\\\/02\\\/Banner-SY-SY-scaled.jpg\",\"width\":2560,\"height\":905},{\"@type\":\"BreadcrumbList\",\"@id\":\"https:\\\/\\\/shrimataji.org\\\/test\\\/hu\\\/sahaja-yoga\\\/#breadcrumb\",\"itemListElement\":[{\"@type\":\"ListItem\",\"position\":1,\"name\":\"Home\",\"item\":\"https:\\\/\\\/shrimataji.org\\\/test\\\/uk\\\/home-en\\\/\"},{\"@type\":\"ListItem\",\"position\":2,\"name\":\"Sahaja J\u00f3ga\"}]},{\"@type\":\"WebSite\",\"@id\":\"https:\\\/\\\/shrimataji.org\\\/test\\\/#website\",\"url\":\"https:\\\/\\\/shrimataji.org\\\/test\\\/\",\"name\":\"Shri Mataji Nirmala Devi\",\"description\":\"A Life Dedicated to Humanity\",\"publisher\":{\"@id\":\"https:\\\/\\\/shrimataji.org\\\/test\\\/#\\\/schema\\\/person\\\/a1b3419c6585f164aa96da1ff85715d1\"},\"potentialAction\":[{\"@type\":\"SearchAction\",\"target\":{\"@type\":\"EntryPoint\",\"urlTemplate\":\"https:\\\/\\\/shrimataji.org\\\/test\\\/?s={search_term_string}\"},\"query-input\":{\"@type\":\"PropertyValueSpecification\",\"valueRequired\":true,\"valueName\":\"search_term_string\"}}],\"inLanguage\":\"en-US\"},{\"@type\":[\"Person\",\"Organization\"],\"@id\":\"https:\\\/\\\/shrimataji.org\\\/test\\\/#\\\/schema\\\/person\\\/a1b3419c6585f164aa96da1ff85715d1\",\"name\":\"Nirmala Shrivastava\",\"image\":{\"@type\":\"ImageObject\",\"inLanguage\":\"en-US\",\"@id\":\"https:\\\/\\\/shrimataji.org\\\/test\\\/wp-content\\\/uploads\\\/2023\\\/02\\\/SMO_LOGO-03.svg\",\"url\":\"https:\\\/\\\/shrimataji.org\\\/test\\\/wp-content\\\/uploads\\\/2023\\\/02\\\/SMO_LOGO-03.svg\",\"contentUrl\":\"https:\\\/\\\/shrimataji.org\\\/test\\\/wp-content\\\/uploads\\\/2023\\\/02\\\/SMO_LOGO-03.svg\",\"width\":\"1024\",\"height\":\"1024\",\"caption\":\"Nirmala Shrivastava\"},\"logo\":{\"@id\":\"https:\\\/\\\/shrimataji.org\\\/test\\\/wp-content\\\/uploads\\\/2023\\\/02\\\/SMO_LOGO-03.svg\"},\"sameAs\":[\"https:\\\/\\\/shrimataji.org\\\/test\",\"https:\\\/\\\/www.facebook.com\\\/shrimataji\",\"https:\\\/\\\/x.com\\\/shrimataji\",\"https:\\\/\\\/www.youtube.com\\\/@Shri_Mataji_Nirmala_Devi\\\/featured\"]}]}<\/script>\n<!-- \/ Yoast SEO plugin. -->","yoast_head_json":{"title":"Sahaja J\u00f3ga - TEST - SMND","robots":{"index":"noindex","follow":"follow","max-snippet":"max-snippet:-1","max-image-preview":"max-image-preview:large","max-video-preview":"max-video-preview:-1"},"og_locale":"en_US","og_type":"article","og_title":"Sahaja J\u00f3ga - TEST - SMND","og_description":"Sahaja J\u00f3ga Bels\u0151 \u00e9bred\u00e9s \u00f6nmegval\u00f3sul\u00e1s \u00e9s medit\u00e1ci\u00f3 r\u00e9v\u00e9n Shri Mataji Nirmala Devi forradalmas\u00edtotta a j\u00f3ga gyakorlat\u00e1t az\u00e1ltal, hogy lehet\u0151v\u00e9 tette az \u00f6nmegval\u00f3sul\u00e1s el\u00e9r\u00e9s\u00e9t a k\u00f6zponti idegrendszeren kereszt\u00fcl. A spiritualit\u00e1s t\u00f6rt\u00e9net\u00e9ben Shri Mataji az els\u0151 \u00e9s egyetlen szem\u00e9ly, aki t\u00f6megesen adta meg az \u00f6nmegval\u00f3sul\u00e1s \u00e9lm\u00e9ny\u00e9t. Kijelentette, hogy minden embernek sz\u00fclet\u00e9si joga &#8211; vall\u00e1st\u00f3l, fajt\u00f3l, nemzetis\u00e9gt\u0151l vagy&hellip; Read more","og_url":"https:\/\/shrimataji.org\/test\/hu\/sahaja-yoga\/","og_site_name":"TEST - SMND","article_publisher":"https:\/\/www.facebook.com\/shrimataji","article_modified_time":"2026-04-11T19:47:55+00:00","og_image":[{"width":2560,"height":905,"url":"https:\/\/shrimataji.org\/test\/wp-content\/uploads\/2023\/02\/Banner-SY-SY-scaled.jpg","type":"image\/jpeg"}],"twitter_card":"summary_large_image","twitter_site":"@shrimataji","twitter_misc":{"Est. reading time":"4 minutes"},"schema":{"@context":"https:\/\/schema.org","@graph":[{"@type":"WebPage","@id":"https:\/\/shrimataji.org\/test\/hu\/sahaja-yoga\/","url":"https:\/\/shrimataji.org\/test\/hu\/sahaja-yoga\/","name":"Sahaja J\u00f3ga - TEST - SMND","isPartOf":{"@id":"https:\/\/shrimataji.org\/test\/#website"},"primaryImageOfPage":{"@id":"https:\/\/shrimataji.org\/test\/hu\/sahaja-yoga\/#primaryimage"},"image":{"@id":"https:\/\/shrimataji.org\/test\/hu\/sahaja-yoga\/#primaryimage"},"thumbnailUrl":"https:\/\/shrimataji.org\/test\/wp-content\/uploads\/2023\/02\/Banner-SY-SY-scaled.jpg","datePublished":"2020-04-20T17:46:08+00:00","dateModified":"2026-04-11T19:47:55+00:00","breadcrumb":{"@id":"https:\/\/shrimataji.org\/test\/hu\/sahaja-yoga\/#breadcrumb"},"inLanguage":"en-US","potentialAction":[{"@type":"ReadAction","target":["https:\/\/shrimataji.org\/test\/hu\/sahaja-yoga\/"]}]},{"@type":"ImageObject","inLanguage":"en-US","@id":"https:\/\/shrimataji.org\/test\/hu\/sahaja-yoga\/#primaryimage","url":"https:\/\/shrimataji.org\/test\/wp-content\/uploads\/2023\/02\/Banner-SY-SY-scaled.jpg","contentUrl":"https:\/\/shrimataji.org\/test\/wp-content\/uploads\/2023\/02\/Banner-SY-SY-scaled.jpg","width":2560,"height":905},{"@type":"BreadcrumbList","@id":"https:\/\/shrimataji.org\/test\/hu\/sahaja-yoga\/#breadcrumb","itemListElement":[{"@type":"ListItem","position":1,"name":"Home","item":"https:\/\/shrimataji.org\/test\/uk\/home-en\/"},{"@type":"ListItem","position":2,"name":"Sahaja J\u00f3ga"}]},{"@type":"WebSite","@id":"https:\/\/shrimataji.org\/test\/#website","url":"https:\/\/shrimataji.org\/test\/","name":"Shri Mataji Nirmala Devi","description":"A Life Dedicated to Humanity","publisher":{"@id":"https:\/\/shrimataji.org\/test\/#\/schema\/person\/a1b3419c6585f164aa96da1ff85715d1"},"potentialAction":[{"@type":"SearchAction","target":{"@type":"EntryPoint","urlTemplate":"https:\/\/shrimataji.org\/test\/?s={search_term_string}"},"query-input":{"@type":"PropertyValueSpecification","valueRequired":true,"valueName":"search_term_string"}}],"inLanguage":"en-US"},{"@type":["Person","Organization"],"@id":"https:\/\/shrimataji.org\/test\/#\/schema\/person\/a1b3419c6585f164aa96da1ff85715d1","name":"Nirmala Shrivastava","image":{"@type":"ImageObject","inLanguage":"en-US","@id":"https:\/\/shrimataji.org\/test\/wp-content\/uploads\/2023\/02\/SMO_LOGO-03.svg","url":"https:\/\/shrimataji.org\/test\/wp-content\/uploads\/2023\/02\/SMO_LOGO-03.svg","contentUrl":"https:\/\/shrimataji.org\/test\/wp-content\/uploads\/2023\/02\/SMO_LOGO-03.svg","width":"1024","height":"1024","caption":"Nirmala Shrivastava"},"logo":{"@id":"https:\/\/shrimataji.org\/test\/wp-content\/uploads\/2023\/02\/SMO_LOGO-03.svg"},"sameAs":["https:\/\/shrimataji.org\/test","https:\/\/www.facebook.com\/shrimataji","https:\/\/x.com\/shrimataji","https:\/\/www.youtube.com\/@Shri_Mataji_Nirmala_Devi\/featured"]}]}},"lang":"hu","translations":{"hu":19550,"ur":37488,"en":3434,"pa":25904,"gu":25507,"th":20040,"sq":18464,"zh":17361,"tr":10201,"pt":10411,"de":10685,"fr":10783,"it":10881,"es":10978,"ja":11276,"ru":11464,"bn":11655,"te":11763,"sw":11886,"he":12034,"el":12326,"sk":12424,"fa":12522,"fi":12620,"bg":13428,"ro":14502,"cs":14695,"nl":16624,"ku":16784,"ar":16960,"be":18671,"kn":18945,"mr":20404,"uk":20698,"ml":20993,"ta":22782,"sv":23052,"bs":27292,"fil":29500,"sd":31004,"da":37798,"pl":38008,"nn":38350},"pll_sync_post":[],"_links":{"self":[{"href":"https:\/\/shrimataji.org\/test\/wp-json\/wp\/v2\/pages\/19550","targetHints":{"allow":["GET"]}}],"collection":[{"href":"https:\/\/shrimataji.org\/test\/wp-json\/wp\/v2\/pages"}],"about":[{"href":"https:\/\/shrimataji.org\/test\/wp-json\/wp\/v2\/types\/page"}],"author":[{"embeddable":true,"href":"https:\/\/shrimataji.org\/test\/wp-json\/wp\/v2\/users\/3"}],"replies":[{"embeddable":true,"href":"https:\/\/shrimataji.org\/test\/wp-json\/wp\/v2\/comments?post=19550"}],"version-history":[{"count":0,"href":"https:\/\/shrimataji.org\/test\/wp-json\/wp\/v2\/pages\/19550\/revisions"}],"wp:featuredmedia":[{"embeddable":true,"href":"https:\/\/shrimataji.org\/test\/wp-json\/wp\/v2\/media\/19314"}],"wp:attachment":[{"href":"https:\/\/shrimataji.org\/test\/wp-json\/wp\/v2\/media?parent=19550"}],"curies":[{"name":"wp","href":"https:\/\/api.w.org\/{rel}","templated":true}]}}