{"id":19582,"date":"2022-01-29T09:27:08","date_gmt":"2022-01-29T09:27:08","guid":{"rendered":"https:\/\/test.shrimataji.org\/?page_id=6380"},"modified":"2026-04-18T13:26:49","modified_gmt":"2026-04-18T13:26:49","slug":"the-art-of-inner-growth","status":"publish","type":"page","link":"https:\/\/shrimataji.org\/test\/hu\/the-art-of-inner-growth\/","title":{"rendered":"A bels\u0151 fejl\u0151d\u00e9s m\u0171v\u00e9szete"},"content":{"rendered":"\n\n\t<h1>A bels\u0151 fejl\u0151d\u00e9s m\u0171v\u00e9szete<\/h1>\n<h2>Fedezd fel a val\u00f3di bels\u0151 potenci\u00e1lodat<\/h2>\n<div class=\"su-quote su-quote-style-default\"><div class=\"su-quote-inner su-u-clearfix su-u-trim\"> Ahogy kezdt\u00e9tek felfedezni a k\u00fcls\u0151 n\u00f6veked\u00e9st, ahhoz, hogy kifel\u00e9 n\u00f6vekedjetek, kell lennie egy bels\u0151 n\u00f6veked\u00e9snek is. Mint egy f\u00e1n\u00e1l, amikor a fa magasabbra n\u0151, a gy\u00f6kereknek is n\u00f6vekedni\u00fck kell. <\/div><\/div>\n<h4>A <a href=\"https:\/\/shrimataji.org\/test\/sahaja-yoga-meditation-2\/\" target=\"_blank\" rel=\"noopener\">Sahaja J\u00f3ga medit\u00e1ci\u00f3<\/a> sor\u00e1n a bels\u0151 n\u00f6veked\u00e9s\u00fcnk teljesen term\u00e9szetes \u00e9s spont\u00e1n. Nincs olyan k\u00fcl\u00f6nleges technika, amelyet elm\u00e9nk vagy intellektusunk seg\u00edts\u00e9g\u00e9vel haszn\u00e1lhatn\u00e1nk arra, hogy kik\u00e9nyszer\u00edts\u00fck vagy befoly\u00e1soljuk ezt a bels\u0151 n\u00f6veked\u00e9st. Ahogyan nem l\u00e9tezik olyan k\u00fcl\u00f6nleges technika sem, amely a magb\u00f3l n\u00f6v\u00e9nyt vagy a vir\u00e1gb\u00f3l gy\u00fcm\u00f6lcs\u00f6t teremt, hanem maga az Anyaterm\u00e9szet az, amely spont\u00e1n m\u00f3don l\u00e9trehozza ezeket a term\u00e9szetes esem\u00e9nyeket, ugyan\u00edgy csak a <a href=\"https:\/\/shrimataji.org\/test\/kundalini\/\" target=\"_blank\" rel=\"noopener\">Kundalini<\/a>, egy benn\u00fcnk \u00e9l\u0151 anyai t\u00e1pl\u00e1l\u00f3 er\u0151, az, amely a <a href=\"https:\/\/shrimataji.org\/test\/chakras-qualities\/\" target=\"_blank\" rel=\"noopener\">Csakr\u00e1k<\/a> \u00e9s <a href=\"https:\/\/shrimataji.org\/test\/nadis-the-three-moods\/\" target=\"_blank\" rel=\"noopener\">N\u00e1dik<\/a>\u00a0komplex h\u00e1l\u00f3zat\u00e1n kereszt\u00fcl m\u0171k\u00f6dteti a teljes finomrendszert, annak \u00e9rdek\u00e9ben, hogy teljes m\u00e9rt\u00e9kben kifejlessz\u00fck spiritu\u00e1lis tudatoss\u00e1gunkat.<\/h4>\n<p>A teljes spiritu\u00e1lis tudatoss\u00e1g \u00e1ltal v\u00e1lunk eggy\u00e9 val\u00f3di bels\u0151 potenci\u00e1lunkkal, amely holisztikusan integr\u00e1lja test\u00fcnket, elm\u00e9nket, \u00e9rzelmeinket \u00e9s intellektusunkat. Az \u00f6nmegval\u00f3sul\u00e1s el\u0151tt a sz\u00edv\u00fcnk v\u00e1gyik valamire, az \u00e9rtelm\u00fcnk m\u00e1sra gondol, \u00e9s a test\u00fcnk m\u00e1sk\u00e9pp reag\u00e1l. A Sahaja J\u00f3ga medit\u00e1ci\u00f3 rendszeres gyakorl\u00e1sa megteremti a sz\u00edv, a figyelem, az elme, a test \u00e9s az intellektus finom kapcsolat\u00e1t, amely lehet\u0151v\u00e9 teszi sz\u00e1munkra, hogy \u00e9let\u00fcnk minden ter\u00fclet\u00e9n t\u00f6k\u00e9letes \u00e1llapotot tapasztaljunk meg.<\/p>\n<p>Az\u00e1ltal, hogy el\u00e9rj\u00fck ezt a bels\u0151 harm\u00f3ni\u00e1t, azt tapasztaljuk, hogy az m\u00e9lyrehat\u00f3an befoly\u00e1solja k\u00f6rnyezet\u00fcnket, legyen az a munkahely\u00fcnk, a csal\u00e1dunk vagy a t\u00e1rsadalom, amelyben \u00e9l\u00fcnk. Nem kell egy bizonyos m\u00f3don gondolkodnunk vagy mondanunk valamit, de a spiritu\u00e1lis aur\u00e1nk (h\u00e9t aura veszi k\u00f6r\u00fcl a sz\u00edv\u00fcnket \u00e9s a csakr\u00e1inkat) val\u00f3ban megvil\u00e1gosodik, \u00e9s dinamikusan k\u00f6lcs\u00f6nhat\u00e1sba l\u00e9p mindennel, ami k\u00f6r\u00fclveszi az \u00e9let\u00fcnket.<\/p>\n<div class=\"su-quote su-quote-style-default\"><div class=\"su-quote-inner su-u-clearfix su-u-trim\"> Ez nem m\u00e1s, mint a gy\u00f6kereink bels\u0151 n\u00f6veked\u00e9se, amit a Kundalini felemelked\u00e9se \u00e1ltal \u00e9r\u00fcnk el&#8230; Teh\u00e1t csak id\u0151t kell sz\u00e1nnod, \u00e9s el kell j\u00f6nn\u00f6d a kollekt\u00edv\u00e1ba, \u00e9s fejl\u0151dn\u00f6d kell a Sahaja J\u00f3g\u00e1ban.\u00a0<\/div><\/div>\n\n","protected":false},"excerpt":{"rendered":"<p>A bels\u0151 fejl\u0151d\u00e9s m\u0171v\u00e9szete Fedezd fel a val\u00f3di bels\u0151 potenci\u00e1lodat A Sahaja J\u00f3ga medit\u00e1ci\u00f3 sor\u00e1n a bels\u0151 n\u00f6veked\u00e9s\u00fcnk teljesen term\u00e9szetes \u00e9s spont\u00e1n. Nincs olyan k\u00fcl\u00f6nleges technika, amelyet elm\u00e9nk vagy intellektusunk seg\u00edts\u00e9g\u00e9vel haszn\u00e1lhatn\u00e1nk arra, hogy kik\u00e9nyszer\u00edts\u00fck vagy befoly\u00e1soljuk ezt a bels\u0151 n\u00f6veked\u00e9st. Ahogyan nem l\u00e9tezik olyan k\u00fcl\u00f6nleges technika sem, amely a magb\u00f3l n\u00f6v\u00e9nyt vagy a vir\u00e1gb\u00f3l&hellip; <br \/> <a class=\"read-more\" href=\"https:\/\/shrimataji.org\/test\/hu\/the-art-of-inner-growth\/\">Read more<\/a><\/p>\n","protected":false},"author":1,"featured_media":19584,"parent":0,"menu_order":0,"comment_status":"closed","ping_status":"closed","template":"","meta":{"inline_featured_image":false,"footnotes":""},"class_list":["post-19582","page","type-page","status-publish","has-post-thumbnail","hentry"],"yoast_head":"<!-- This site is optimized with the Yoast SEO plugin v27.4 - https:\/\/yoast.com\/product\/yoast-seo-wordpress\/ -->\n<title>A bels\u0151 fejl\u0151d\u00e9s m\u0171v\u00e9szete - TEST - SMND<\/title>\n<meta name=\"robots\" content=\"noindex, follow, max-snippet:-1, max-image-preview:large, max-video-preview:-1\" \/>\n<meta property=\"og:locale\" content=\"en_US\" \/>\n<meta property=\"og:type\" content=\"article\" \/>\n<meta property=\"og:title\" content=\"A bels\u0151 fejl\u0151d\u00e9s m\u0171v\u00e9szete - TEST - SMND\" \/>\n<meta property=\"og:description\" content=\"A bels\u0151 fejl\u0151d\u00e9s m\u0171v\u00e9szete Fedezd fel a val\u00f3di bels\u0151 potenci\u00e1lodat A Sahaja J\u00f3ga medit\u00e1ci\u00f3 sor\u00e1n a bels\u0151 n\u00f6veked\u00e9s\u00fcnk teljesen term\u00e9szetes \u00e9s spont\u00e1n. Nincs olyan k\u00fcl\u00f6nleges technika, amelyet elm\u00e9nk vagy intellektusunk seg\u00edts\u00e9g\u00e9vel haszn\u00e1lhatn\u00e1nk arra, hogy kik\u00e9nyszer\u00edts\u00fck vagy befoly\u00e1soljuk ezt a bels\u0151 n\u00f6veked\u00e9st. Ahogyan nem l\u00e9tezik olyan k\u00fcl\u00f6nleges technika sem, amely a magb\u00f3l n\u00f6v\u00e9nyt vagy a vir\u00e1gb\u00f3l&hellip; Read more\" \/>\n<meta property=\"og:url\" content=\"https:\/\/shrimataji.org\/test\/hu\/the-art-of-inner-growth\/\" \/>\n<meta property=\"og:site_name\" content=\"TEST - SMND\" \/>\n<meta property=\"article:publisher\" content=\"https:\/\/www.facebook.com\/shrimataji\" \/>\n<meta property=\"article:modified_time\" content=\"2026-04-18T13:26:49+00:00\" \/>\n<meta property=\"og:image\" content=\"https:\/\/shrimataji.org\/test\/wp-content\/uploads\/2023\/03\/23_Banner-SY-Growth-scaled.jpg\" \/>\n\t<meta property=\"og:image:width\" content=\"2560\" \/>\n\t<meta property=\"og:image:height\" content=\"905\" \/>\n\t<meta property=\"og:image:type\" content=\"image\/jpeg\" \/>\n<meta name=\"twitter:card\" content=\"summary_large_image\" \/>\n<meta name=\"twitter:site\" content=\"@shrimataji\" \/>\n<meta name=\"twitter:label1\" content=\"Est. reading time\" \/>\n\t<meta name=\"twitter:data1\" content=\"2 minutes\" \/>\n<script type=\"application\/ld+json\" class=\"yoast-schema-graph\">{\"@context\":\"https:\\\/\\\/schema.org\",\"@graph\":[{\"@type\":\"WebPage\",\"@id\":\"https:\\\/\\\/shrimataji.org\\\/test\\\/hu\\\/the-art-of-inner-growth\\\/\",\"url\":\"https:\\\/\\\/shrimataji.org\\\/test\\\/hu\\\/the-art-of-inner-growth\\\/\",\"name\":\"A bels\u0151 fejl\u0151d\u00e9s m\u0171v\u00e9szete - TEST - SMND\",\"isPartOf\":{\"@id\":\"https:\\\/\\\/shrimataji.org\\\/test\\\/#website\"},\"primaryImageOfPage\":{\"@id\":\"https:\\\/\\\/shrimataji.org\\\/test\\\/hu\\\/the-art-of-inner-growth\\\/#primaryimage\"},\"image\":{\"@id\":\"https:\\\/\\\/shrimataji.org\\\/test\\\/hu\\\/the-art-of-inner-growth\\\/#primaryimage\"},\"thumbnailUrl\":\"https:\\\/\\\/shrimataji.org\\\/test\\\/wp-content\\\/uploads\\\/2023\\\/03\\\/23_Banner-SY-Growth-scaled.jpg\",\"datePublished\":\"2022-01-29T09:27:08+00:00\",\"dateModified\":\"2026-04-18T13:26:49+00:00\",\"breadcrumb\":{\"@id\":\"https:\\\/\\\/shrimataji.org\\\/test\\\/hu\\\/the-art-of-inner-growth\\\/#breadcrumb\"},\"inLanguage\":\"en-US\",\"potentialAction\":[{\"@type\":\"ReadAction\",\"target\":[\"https:\\\/\\\/shrimataji.org\\\/test\\\/hu\\\/the-art-of-inner-growth\\\/\"]}]},{\"@type\":\"ImageObject\",\"inLanguage\":\"en-US\",\"@id\":\"https:\\\/\\\/shrimataji.org\\\/test\\\/hu\\\/the-art-of-inner-growth\\\/#primaryimage\",\"url\":\"https:\\\/\\\/shrimataji.org\\\/test\\\/wp-content\\\/uploads\\\/2023\\\/03\\\/23_Banner-SY-Growth-scaled.jpg\",\"contentUrl\":\"https:\\\/\\\/shrimataji.org\\\/test\\\/wp-content\\\/uploads\\\/2023\\\/03\\\/23_Banner-SY-Growth-scaled.jpg\",\"width\":2560,\"height\":905},{\"@type\":\"BreadcrumbList\",\"@id\":\"https:\\\/\\\/shrimataji.org\\\/test\\\/hu\\\/the-art-of-inner-growth\\\/#breadcrumb\",\"itemListElement\":[{\"@type\":\"ListItem\",\"position\":1,\"name\":\"Home\",\"item\":\"https:\\\/\\\/shrimataji.org\\\/test\\\/uk\\\/home-en\\\/\"},{\"@type\":\"ListItem\",\"position\":2,\"name\":\"A bels\u0151 fejl\u0151d\u00e9s m\u0171v\u00e9szete\"}]},{\"@type\":\"WebSite\",\"@id\":\"https:\\\/\\\/shrimataji.org\\\/test\\\/#website\",\"url\":\"https:\\\/\\\/shrimataji.org\\\/test\\\/\",\"name\":\"Shri Mataji Nirmala Devi\",\"description\":\"A Life Dedicated to Humanity\",\"publisher\":{\"@id\":\"https:\\\/\\\/shrimataji.org\\\/test\\\/#\\\/schema\\\/person\\\/a1b3419c6585f164aa96da1ff85715d1\"},\"potentialAction\":[{\"@type\":\"SearchAction\",\"target\":{\"@type\":\"EntryPoint\",\"urlTemplate\":\"https:\\\/\\\/shrimataji.org\\\/test\\\/?s={search_term_string}\"},\"query-input\":{\"@type\":\"PropertyValueSpecification\",\"valueRequired\":true,\"valueName\":\"search_term_string\"}}],\"inLanguage\":\"en-US\"},{\"@type\":[\"Person\",\"Organization\"],\"@id\":\"https:\\\/\\\/shrimataji.org\\\/test\\\/#\\\/schema\\\/person\\\/a1b3419c6585f164aa96da1ff85715d1\",\"name\":\"Nirmala Shrivastava\",\"image\":{\"@type\":\"ImageObject\",\"inLanguage\":\"en-US\",\"@id\":\"https:\\\/\\\/shrimataji.org\\\/test\\\/wp-content\\\/uploads\\\/2023\\\/02\\\/SMO_LOGO-03.svg\",\"url\":\"https:\\\/\\\/shrimataji.org\\\/test\\\/wp-content\\\/uploads\\\/2023\\\/02\\\/SMO_LOGO-03.svg\",\"contentUrl\":\"https:\\\/\\\/shrimataji.org\\\/test\\\/wp-content\\\/uploads\\\/2023\\\/02\\\/SMO_LOGO-03.svg\",\"width\":\"1024\",\"height\":\"1024\",\"caption\":\"Nirmala Shrivastava\"},\"logo\":{\"@id\":\"https:\\\/\\\/shrimataji.org\\\/test\\\/wp-content\\\/uploads\\\/2023\\\/02\\\/SMO_LOGO-03.svg\"},\"sameAs\":[\"https:\\\/\\\/shrimataji.org\\\/test\",\"https:\\\/\\\/www.facebook.com\\\/shrimataji\",\"https:\\\/\\\/x.com\\\/shrimataji\",\"https:\\\/\\\/www.youtube.com\\\/@Shri_Mataji_Nirmala_Devi\\\/featured\"]}]}<\/script>\n<!-- \/ Yoast SEO plugin. -->","yoast_head_json":{"title":"A bels\u0151 fejl\u0151d\u00e9s m\u0171v\u00e9szete - TEST - SMND","robots":{"index":"noindex","follow":"follow","max-snippet":"max-snippet:-1","max-image-preview":"max-image-preview:large","max-video-preview":"max-video-preview:-1"},"og_locale":"en_US","og_type":"article","og_title":"A bels\u0151 fejl\u0151d\u00e9s m\u0171v\u00e9szete - TEST - SMND","og_description":"A bels\u0151 fejl\u0151d\u00e9s m\u0171v\u00e9szete Fedezd fel a val\u00f3di bels\u0151 potenci\u00e1lodat A Sahaja J\u00f3ga medit\u00e1ci\u00f3 sor\u00e1n a bels\u0151 n\u00f6veked\u00e9s\u00fcnk teljesen term\u00e9szetes \u00e9s spont\u00e1n. Nincs olyan k\u00fcl\u00f6nleges technika, amelyet elm\u00e9nk vagy intellektusunk seg\u00edts\u00e9g\u00e9vel haszn\u00e1lhatn\u00e1nk arra, hogy kik\u00e9nyszer\u00edts\u00fck vagy befoly\u00e1soljuk ezt a bels\u0151 n\u00f6veked\u00e9st. Ahogyan nem l\u00e9tezik olyan k\u00fcl\u00f6nleges technika sem, amely a magb\u00f3l n\u00f6v\u00e9nyt vagy a vir\u00e1gb\u00f3l&hellip; Read more","og_url":"https:\/\/shrimataji.org\/test\/hu\/the-art-of-inner-growth\/","og_site_name":"TEST - SMND","article_publisher":"https:\/\/www.facebook.com\/shrimataji","article_modified_time":"2026-04-18T13:26:49+00:00","og_image":[{"width":2560,"height":905,"url":"https:\/\/shrimataji.org\/test\/wp-content\/uploads\/2023\/03\/23_Banner-SY-Growth-scaled.jpg","type":"image\/jpeg"}],"twitter_card":"summary_large_image","twitter_site":"@shrimataji","twitter_misc":{"Est. reading time":"2 minutes"},"schema":{"@context":"https:\/\/schema.org","@graph":[{"@type":"WebPage","@id":"https:\/\/shrimataji.org\/test\/hu\/the-art-of-inner-growth\/","url":"https:\/\/shrimataji.org\/test\/hu\/the-art-of-inner-growth\/","name":"A bels\u0151 fejl\u0151d\u00e9s m\u0171v\u00e9szete - TEST - SMND","isPartOf":{"@id":"https:\/\/shrimataji.org\/test\/#website"},"primaryImageOfPage":{"@id":"https:\/\/shrimataji.org\/test\/hu\/the-art-of-inner-growth\/#primaryimage"},"image":{"@id":"https:\/\/shrimataji.org\/test\/hu\/the-art-of-inner-growth\/#primaryimage"},"thumbnailUrl":"https:\/\/shrimataji.org\/test\/wp-content\/uploads\/2023\/03\/23_Banner-SY-Growth-scaled.jpg","datePublished":"2022-01-29T09:27:08+00:00","dateModified":"2026-04-18T13:26:49+00:00","breadcrumb":{"@id":"https:\/\/shrimataji.org\/test\/hu\/the-art-of-inner-growth\/#breadcrumb"},"inLanguage":"en-US","potentialAction":[{"@type":"ReadAction","target":["https:\/\/shrimataji.org\/test\/hu\/the-art-of-inner-growth\/"]}]},{"@type":"ImageObject","inLanguage":"en-US","@id":"https:\/\/shrimataji.org\/test\/hu\/the-art-of-inner-growth\/#primaryimage","url":"https:\/\/shrimataji.org\/test\/wp-content\/uploads\/2023\/03\/23_Banner-SY-Growth-scaled.jpg","contentUrl":"https:\/\/shrimataji.org\/test\/wp-content\/uploads\/2023\/03\/23_Banner-SY-Growth-scaled.jpg","width":2560,"height":905},{"@type":"BreadcrumbList","@id":"https:\/\/shrimataji.org\/test\/hu\/the-art-of-inner-growth\/#breadcrumb","itemListElement":[{"@type":"ListItem","position":1,"name":"Home","item":"https:\/\/shrimataji.org\/test\/uk\/home-en\/"},{"@type":"ListItem","position":2,"name":"A bels\u0151 fejl\u0151d\u00e9s m\u0171v\u00e9szete"}]},{"@type":"WebSite","@id":"https:\/\/shrimataji.org\/test\/#website","url":"https:\/\/shrimataji.org\/test\/","name":"Shri Mataji Nirmala Devi","description":"A Life Dedicated to Humanity","publisher":{"@id":"https:\/\/shrimataji.org\/test\/#\/schema\/person\/a1b3419c6585f164aa96da1ff85715d1"},"potentialAction":[{"@type":"SearchAction","target":{"@type":"EntryPoint","urlTemplate":"https:\/\/shrimataji.org\/test\/?s={search_term_string}"},"query-input":{"@type":"PropertyValueSpecification","valueRequired":true,"valueName":"search_term_string"}}],"inLanguage":"en-US"},{"@type":["Person","Organization"],"@id":"https:\/\/shrimataji.org\/test\/#\/schema\/person\/a1b3419c6585f164aa96da1ff85715d1","name":"Nirmala Shrivastava","image":{"@type":"ImageObject","inLanguage":"en-US","@id":"https:\/\/shrimataji.org\/test\/wp-content\/uploads\/2023\/02\/SMO_LOGO-03.svg","url":"https:\/\/shrimataji.org\/test\/wp-content\/uploads\/2023\/02\/SMO_LOGO-03.svg","contentUrl":"https:\/\/shrimataji.org\/test\/wp-content\/uploads\/2023\/02\/SMO_LOGO-03.svg","width":"1024","height":"1024","caption":"Nirmala Shrivastava"},"logo":{"@id":"https:\/\/shrimataji.org\/test\/wp-content\/uploads\/2023\/02\/SMO_LOGO-03.svg"},"sameAs":["https:\/\/shrimataji.org\/test","https:\/\/www.facebook.com\/shrimataji","https:\/\/x.com\/shrimataji","https:\/\/www.youtube.com\/@Shri_Mataji_Nirmala_Devi\/featured"]}]}},"lang":"hu","translations":{"hu":19582,"ur":37517,"en":6380,"am":18092,"th":20084,"ar":16988,"sq":18493,"zh":17390,"hi":7883,"tr":10220,"pt":10428,"de":10702,"fr":10800,"it":10898,"es":10995,"ja":11293,"ru":11481,"bn":11672,"te":11780,"sw":11903,"he":12051,"el":12343,"sk":12441,"fa":12539,"fi":12637,"bg":13405,"ro":14479,"cs":14672,"nl":16652,"ku":16812,"be":18700,"kn":18974,"mr":20448,"uk":20741,"ml":21036,"ta":22811,"sv":23080,"gu":28915,"pa":29075,"fil":29529,"da":37825,"pl":38035,"nn":38377},"pll_sync_post":[],"_links":{"self":[{"href":"https:\/\/shrimataji.org\/test\/wp-json\/wp\/v2\/pages\/19582","targetHints":{"allow":["GET"]}}],"collection":[{"href":"https:\/\/shrimataji.org\/test\/wp-json\/wp\/v2\/pages"}],"about":[{"href":"https:\/\/shrimataji.org\/test\/wp-json\/wp\/v2\/types\/page"}],"author":[{"embeddable":true,"href":"https:\/\/shrimataji.org\/test\/wp-json\/wp\/v2\/users\/1"}],"replies":[{"embeddable":true,"href":"https:\/\/shrimataji.org\/test\/wp-json\/wp\/v2\/comments?post=19582"}],"version-history":[{"count":0,"href":"https:\/\/shrimataji.org\/test\/wp-json\/wp\/v2\/pages\/19582\/revisions"}],"wp:featuredmedia":[{"embeddable":true,"href":"https:\/\/shrimataji.org\/test\/wp-json\/wp\/v2\/media\/19584"}],"wp:attachment":[{"href":"https:\/\/shrimataji.org\/test\/wp-json\/wp\/v2\/media?parent=19582"}],"curies":[{"name":"wp","href":"https:\/\/api.w.org\/{rel}","templated":true}]}}