{"id":19588,"date":"2012-10-02T13:00:00","date_gmt":"2012-10-02T13:00:00","guid":{"rendered":"http:\/\/testwordpress.nirmalnagari.org\/smnd\/index.php\/the-dignity-of-art\/"},"modified":"2026-04-18T13:31:46","modified_gmt":"2026-04-18T13:31:46","slug":"the-dignity-of-art","status":"publish","type":"page","link":"https:\/\/shrimataji.org\/test\/hu\/the-dignity-of-art\/","title":{"rendered":"A m\u0171v\u00e9szet m\u00e9lt\u00f3s\u00e1ga"},"content":{"rendered":"\n\n\t<h1>A m\u0171v\u00e9szet m\u00e9lt\u00f3s\u00e1ga<\/h1>\n<h2>R\u00e9szlet egy 1961-es indiai eml\u00e9kt\u00e1rgyr\u00f3l<\/h2>\n\t<p>A m\u0171v\u00e9szeknek fel kell emelni\u00fck a k\u00f6z\u00f6ns\u00e9g \u00e9rdekl\u0151d\u00e9s\u00e9t a saj\u00e1t \u00edzl\u00e9s\u00fck szintj\u00e9re, \u00e9s nem szabad leereszkedni\u00fck az olcs\u00f3 k\u00f6z\u00f6ns\u00e9gk\u00f6vetelm\u00e9nyekhez, feladva ezzel a szabads\u00e1gukat.<\/p>\n<p>Ez \u00fagy val\u00f3s\u00edthat\u00f3 meg, hogy a megvil\u00e1gosult m\u0171v\u00e9szek kapcsolatba l\u00e9pnek oktat\u00e1si \u00e9s t\u00e1rsadalmi int\u00e9zm\u00e9nyekkel. Magazinokban \u00e9s \u00fajs\u00e1gokban megjelen\u0151 cikkeken kereszt\u00fcl terjeszthet\u0151k az ilyen m\u0171v\u00e9szek gondolatai. Dr\u00e1m\u00e1kon, filmeken \u00e9s r\u00e1di\u00f3besz\u00e9lget\u00e9seken kereszt\u00fcl az emberek az igazi m\u0171v\u00e9szet meg\u00e9rt\u00e9s\u00e9re nevelhet\u0151k. \u00cdgy meg\u0151rizhet\u0151 a m\u0171v\u00e9szet m\u00e9lt\u00f3s\u00e1ga.<\/p>\n<p>Az\u00e1ltal, hogy ezeken a f\u00f3rumokon kereszt\u00fcl kapcsolatba ker\u00fcl a nagyk\u00f6z\u00f6ns\u00e9ggel, a m\u0171v\u00e9sz t\u00e1rsadalmi \u00e9nje \u00e9lesebb \u00e9s \u00e9rz\u00e9kenyebb l\u00e9nny\u00e9 fejl\u0151dik. Reag\u00e1l a nemzet legkisebb nyugtalans\u00e1g\u00e1ra, a legkisebb t\u00e1rsadalmi egyens\u00falyhi\u00e1nyra.<\/p>\n<p>Ha lepr\u00e1st l\u00e1t az utc\u00e1n, a sz\u00edve olyan egy\u00fctt\u00e9rz\u00e9ssel telik meg ir\u00e1nta, hogy m\u0171v\u00e9szet\u00e9vel olyan l\u00e9gk\u00f6rt tud teremt, hogy a szoci\u00e1lis munk\u00e1sok, orvosok, tud\u00f3sok \u00e9s az \u00e1llam vezet\u0151i k\u00e9nytelenek lesznek valamilyen megold\u00e1st tal\u00e1lni a lepra probl\u00e9m\u00e1ira.<\/p>\n<p>Ha egy m\u0171v\u00e9sz \u00fagy tal\u00e1lja, hogy honfit\u00e1rsai hazafiatlanok vagy gy\u00e1v\u00e1k, m\u00e1sokon kereszt\u00fcl m\u00e9ly tiszteletet kelthet benn\u00fck. Ilyen a m\u0171v\u00e9sz motiv\u00e1l\u00f3 ereje.<\/p>\n<p>\u0150k a teremt\u00e9s legszebb vir\u00e1gai, a Teremt\u0151 leg\u00e9desebb \u00e1lmai \u00e9s az emberi t\u00e1rsadalom legkedvesebb egyedei. Tal\u00e1n nem is tudj\u00e1k, mennyire szeretik, im\u00e1dj\u00e1k \u00e9s k\u00f6vetik \u0151ket a n\u00e9z\u0151ik&#8230;<\/p>\n\n","protected":false},"excerpt":{"rendered":"<p>A m\u0171v\u00e9szet m\u00e9lt\u00f3s\u00e1ga R\u00e9szlet egy 1961-es indiai eml\u00e9kt\u00e1rgyr\u00f3l A m\u0171v\u00e9szeknek fel kell emelni\u00fck a k\u00f6z\u00f6ns\u00e9g \u00e9rdekl\u0151d\u00e9s\u00e9t a saj\u00e1t \u00edzl\u00e9s\u00fck szintj\u00e9re, \u00e9s nem szabad leereszkedni\u00fck az olcs\u00f3 k\u00f6z\u00f6ns\u00e9gk\u00f6vetelm\u00e9nyekhez, feladva ezzel a szabads\u00e1gukat. Ez \u00fagy val\u00f3s\u00edthat\u00f3 meg, hogy a megvil\u00e1gosult m\u0171v\u00e9szek kapcsolatba l\u00e9pnek oktat\u00e1si \u00e9s t\u00e1rsadalmi int\u00e9zm\u00e9nyekkel. Magazinokban \u00e9s \u00fajs\u00e1gokban megjelen\u0151 cikkeken kereszt\u00fcl terjeszthet\u0151k az ilyen m\u0171v\u00e9szek&hellip; <br \/> <a class=\"read-more\" href=\"https:\/\/shrimataji.org\/test\/hu\/the-dignity-of-art\/\">Read more<\/a><\/p>\n","protected":false},"author":1,"featured_media":19590,"parent":0,"menu_order":0,"comment_status":"closed","ping_status":"closed","template":"","meta":{"inline_featured_image":false,"footnotes":""},"class_list":["post-19588","page","type-page","status-publish","has-post-thumbnail","hentry"],"yoast_head":"<!-- This site is optimized with the Yoast SEO plugin v27.4 - https:\/\/yoast.com\/product\/yoast-seo-wordpress\/ -->\n<title>A m\u0171v\u00e9szet m\u00e9lt\u00f3s\u00e1ga - TEST - SMND<\/title>\n<meta name=\"robots\" content=\"noindex, follow, max-snippet:-1, max-image-preview:large, max-video-preview:-1\" \/>\n<meta property=\"og:locale\" content=\"en_US\" \/>\n<meta property=\"og:type\" content=\"article\" \/>\n<meta property=\"og:title\" content=\"A m\u0171v\u00e9szet m\u00e9lt\u00f3s\u00e1ga - TEST - SMND\" \/>\n<meta property=\"og:description\" content=\"A m\u0171v\u00e9szet m\u00e9lt\u00f3s\u00e1ga R\u00e9szlet egy 1961-es indiai eml\u00e9kt\u00e1rgyr\u00f3l A m\u0171v\u00e9szeknek fel kell emelni\u00fck a k\u00f6z\u00f6ns\u00e9g \u00e9rdekl\u0151d\u00e9s\u00e9t a saj\u00e1t \u00edzl\u00e9s\u00fck szintj\u00e9re, \u00e9s nem szabad leereszkedni\u00fck az olcs\u00f3 k\u00f6z\u00f6ns\u00e9gk\u00f6vetelm\u00e9nyekhez, feladva ezzel a szabads\u00e1gukat. Ez \u00fagy val\u00f3s\u00edthat\u00f3 meg, hogy a megvil\u00e1gosult m\u0171v\u00e9szek kapcsolatba l\u00e9pnek oktat\u00e1si \u00e9s t\u00e1rsadalmi int\u00e9zm\u00e9nyekkel. Magazinokban \u00e9s \u00fajs\u00e1gokban megjelen\u0151 cikkeken kereszt\u00fcl terjeszthet\u0151k az ilyen m\u0171v\u00e9szek&hellip; Read more\" \/>\n<meta property=\"og:url\" content=\"https:\/\/shrimataji.org\/test\/hu\/the-dignity-of-art\/\" \/>\n<meta property=\"og:site_name\" content=\"TEST - SMND\" \/>\n<meta property=\"article:publisher\" content=\"https:\/\/www.facebook.com\/shrimataji\" \/>\n<meta property=\"article:modified_time\" content=\"2026-04-18T13:31:46+00:00\" \/>\n<meta property=\"og:image\" content=\"https:\/\/shrimataji.org\/test\/wp-content\/uploads\/2018\/07\/media_originals\/images\/headers-general\/queen-mayas-dream-by-graham-brown.jpg\" \/>\n\t<meta property=\"og:image:width\" content=\"990\" \/>\n\t<meta property=\"og:image:height\" content=\"350\" \/>\n\t<meta property=\"og:image:type\" content=\"image\/jpeg\" \/>\n<meta name=\"twitter:card\" content=\"summary_large_image\" \/>\n<meta name=\"twitter:site\" content=\"@shrimataji\" \/>\n<meta name=\"twitter:label1\" content=\"Est. reading time\" \/>\n\t<meta name=\"twitter:data1\" content=\"2 minutes\" \/>\n<script type=\"application\/ld+json\" class=\"yoast-schema-graph\">{\"@context\":\"https:\\\/\\\/schema.org\",\"@graph\":[{\"@type\":\"WebPage\",\"@id\":\"https:\\\/\\\/shrimataji.org\\\/test\\\/hu\\\/the-dignity-of-art\\\/\",\"url\":\"https:\\\/\\\/shrimataji.org\\\/test\\\/hu\\\/the-dignity-of-art\\\/\",\"name\":\"A m\u0171v\u00e9szet m\u00e9lt\u00f3s\u00e1ga - TEST - SMND\",\"isPartOf\":{\"@id\":\"https:\\\/\\\/shrimataji.org\\\/test\\\/#website\"},\"primaryImageOfPage\":{\"@id\":\"https:\\\/\\\/shrimataji.org\\\/test\\\/hu\\\/the-dignity-of-art\\\/#primaryimage\"},\"image\":{\"@id\":\"https:\\\/\\\/shrimataji.org\\\/test\\\/hu\\\/the-dignity-of-art\\\/#primaryimage\"},\"thumbnailUrl\":\"https:\\\/\\\/shrimataji.org\\\/test\\\/wp-content\\\/uploads\\\/2018\\\/07\\\/media_originals\\\/images\\\/headers-general\\\/queen-mayas-dream-by-graham-brown.jpg\",\"datePublished\":\"2012-10-02T13:00:00+00:00\",\"dateModified\":\"2026-04-18T13:31:46+00:00\",\"breadcrumb\":{\"@id\":\"https:\\\/\\\/shrimataji.org\\\/test\\\/hu\\\/the-dignity-of-art\\\/#breadcrumb\"},\"inLanguage\":\"en-US\",\"potentialAction\":[{\"@type\":\"ReadAction\",\"target\":[\"https:\\\/\\\/shrimataji.org\\\/test\\\/hu\\\/the-dignity-of-art\\\/\"]}]},{\"@type\":\"ImageObject\",\"inLanguage\":\"en-US\",\"@id\":\"https:\\\/\\\/shrimataji.org\\\/test\\\/hu\\\/the-dignity-of-art\\\/#primaryimage\",\"url\":\"https:\\\/\\\/shrimataji.org\\\/test\\\/wp-content\\\/uploads\\\/2018\\\/07\\\/media_originals\\\/images\\\/headers-general\\\/queen-mayas-dream-by-graham-brown.jpg\",\"contentUrl\":\"https:\\\/\\\/shrimataji.org\\\/test\\\/wp-content\\\/uploads\\\/2018\\\/07\\\/media_originals\\\/images\\\/headers-general\\\/queen-mayas-dream-by-graham-brown.jpg\",\"width\":990,\"height\":350},{\"@type\":\"BreadcrumbList\",\"@id\":\"https:\\\/\\\/shrimataji.org\\\/test\\\/hu\\\/the-dignity-of-art\\\/#breadcrumb\",\"itemListElement\":[{\"@type\":\"ListItem\",\"position\":1,\"name\":\"Home\",\"item\":\"https:\\\/\\\/shrimataji.org\\\/test\\\/uk\\\/home-en\\\/\"},{\"@type\":\"ListItem\",\"position\":2,\"name\":\"A m\u0171v\u00e9szet m\u00e9lt\u00f3s\u00e1ga\"}]},{\"@type\":\"WebSite\",\"@id\":\"https:\\\/\\\/shrimataji.org\\\/test\\\/#website\",\"url\":\"https:\\\/\\\/shrimataji.org\\\/test\\\/\",\"name\":\"Shri Mataji Nirmala Devi\",\"description\":\"A Life Dedicated to Humanity\",\"publisher\":{\"@id\":\"https:\\\/\\\/shrimataji.org\\\/test\\\/#\\\/schema\\\/person\\\/a1b3419c6585f164aa96da1ff85715d1\"},\"potentialAction\":[{\"@type\":\"SearchAction\",\"target\":{\"@type\":\"EntryPoint\",\"urlTemplate\":\"https:\\\/\\\/shrimataji.org\\\/test\\\/?s={search_term_string}\"},\"query-input\":{\"@type\":\"PropertyValueSpecification\",\"valueRequired\":true,\"valueName\":\"search_term_string\"}}],\"inLanguage\":\"en-US\"},{\"@type\":[\"Person\",\"Organization\"],\"@id\":\"https:\\\/\\\/shrimataji.org\\\/test\\\/#\\\/schema\\\/person\\\/a1b3419c6585f164aa96da1ff85715d1\",\"name\":\"Nirmala Shrivastava\",\"image\":{\"@type\":\"ImageObject\",\"inLanguage\":\"en-US\",\"@id\":\"https:\\\/\\\/shrimataji.org\\\/test\\\/wp-content\\\/uploads\\\/2023\\\/02\\\/SMO_LOGO-03.svg\",\"url\":\"https:\\\/\\\/shrimataji.org\\\/test\\\/wp-content\\\/uploads\\\/2023\\\/02\\\/SMO_LOGO-03.svg\",\"contentUrl\":\"https:\\\/\\\/shrimataji.org\\\/test\\\/wp-content\\\/uploads\\\/2023\\\/02\\\/SMO_LOGO-03.svg\",\"width\":\"1024\",\"height\":\"1024\",\"caption\":\"Nirmala Shrivastava\"},\"logo\":{\"@id\":\"https:\\\/\\\/shrimataji.org\\\/test\\\/wp-content\\\/uploads\\\/2023\\\/02\\\/SMO_LOGO-03.svg\"},\"sameAs\":[\"https:\\\/\\\/shrimataji.org\\\/test\",\"https:\\\/\\\/www.facebook.com\\\/shrimataji\",\"https:\\\/\\\/x.com\\\/shrimataji\",\"https:\\\/\\\/www.youtube.com\\\/@Shri_Mataji_Nirmala_Devi\\\/featured\"]}]}<\/script>\n<!-- \/ Yoast SEO plugin. -->","yoast_head_json":{"title":"A m\u0171v\u00e9szet m\u00e9lt\u00f3s\u00e1ga - TEST - SMND","robots":{"index":"noindex","follow":"follow","max-snippet":"max-snippet:-1","max-image-preview":"max-image-preview:large","max-video-preview":"max-video-preview:-1"},"og_locale":"en_US","og_type":"article","og_title":"A m\u0171v\u00e9szet m\u00e9lt\u00f3s\u00e1ga - TEST - SMND","og_description":"A m\u0171v\u00e9szet m\u00e9lt\u00f3s\u00e1ga R\u00e9szlet egy 1961-es indiai eml\u00e9kt\u00e1rgyr\u00f3l A m\u0171v\u00e9szeknek fel kell emelni\u00fck a k\u00f6z\u00f6ns\u00e9g \u00e9rdekl\u0151d\u00e9s\u00e9t a saj\u00e1t \u00edzl\u00e9s\u00fck szintj\u00e9re, \u00e9s nem szabad leereszkedni\u00fck az olcs\u00f3 k\u00f6z\u00f6ns\u00e9gk\u00f6vetelm\u00e9nyekhez, feladva ezzel a szabads\u00e1gukat. Ez \u00fagy val\u00f3s\u00edthat\u00f3 meg, hogy a megvil\u00e1gosult m\u0171v\u00e9szek kapcsolatba l\u00e9pnek oktat\u00e1si \u00e9s t\u00e1rsadalmi int\u00e9zm\u00e9nyekkel. Magazinokban \u00e9s \u00fajs\u00e1gokban megjelen\u0151 cikkeken kereszt\u00fcl terjeszthet\u0151k az ilyen m\u0171v\u00e9szek&hellip; Read more","og_url":"https:\/\/shrimataji.org\/test\/hu\/the-dignity-of-art\/","og_site_name":"TEST - SMND","article_publisher":"https:\/\/www.facebook.com\/shrimataji","article_modified_time":"2026-04-18T13:31:46+00:00","og_image":[{"width":990,"height":350,"url":"https:\/\/shrimataji.org\/test\/wp-content\/uploads\/2018\/07\/media_originals\/images\/headers-general\/queen-mayas-dream-by-graham-brown.jpg","type":"image\/jpeg"}],"twitter_card":"summary_large_image","twitter_site":"@shrimataji","twitter_misc":{"Est. reading time":"2 minutes"},"schema":{"@context":"https:\/\/schema.org","@graph":[{"@type":"WebPage","@id":"https:\/\/shrimataji.org\/test\/hu\/the-dignity-of-art\/","url":"https:\/\/shrimataji.org\/test\/hu\/the-dignity-of-art\/","name":"A m\u0171v\u00e9szet m\u00e9lt\u00f3s\u00e1ga - TEST - SMND","isPartOf":{"@id":"https:\/\/shrimataji.org\/test\/#website"},"primaryImageOfPage":{"@id":"https:\/\/shrimataji.org\/test\/hu\/the-dignity-of-art\/#primaryimage"},"image":{"@id":"https:\/\/shrimataji.org\/test\/hu\/the-dignity-of-art\/#primaryimage"},"thumbnailUrl":"https:\/\/shrimataji.org\/test\/wp-content\/uploads\/2018\/07\/media_originals\/images\/headers-general\/queen-mayas-dream-by-graham-brown.jpg","datePublished":"2012-10-02T13:00:00+00:00","dateModified":"2026-04-18T13:31:46+00:00","breadcrumb":{"@id":"https:\/\/shrimataji.org\/test\/hu\/the-dignity-of-art\/#breadcrumb"},"inLanguage":"en-US","potentialAction":[{"@type":"ReadAction","target":["https:\/\/shrimataji.org\/test\/hu\/the-dignity-of-art\/"]}]},{"@type":"ImageObject","inLanguage":"en-US","@id":"https:\/\/shrimataji.org\/test\/hu\/the-dignity-of-art\/#primaryimage","url":"https:\/\/shrimataji.org\/test\/wp-content\/uploads\/2018\/07\/media_originals\/images\/headers-general\/queen-mayas-dream-by-graham-brown.jpg","contentUrl":"https:\/\/shrimataji.org\/test\/wp-content\/uploads\/2018\/07\/media_originals\/images\/headers-general\/queen-mayas-dream-by-graham-brown.jpg","width":990,"height":350},{"@type":"BreadcrumbList","@id":"https:\/\/shrimataji.org\/test\/hu\/the-dignity-of-art\/#breadcrumb","itemListElement":[{"@type":"ListItem","position":1,"name":"Home","item":"https:\/\/shrimataji.org\/test\/uk\/home-en\/"},{"@type":"ListItem","position":2,"name":"A m\u0171v\u00e9szet m\u00e9lt\u00f3s\u00e1ga"}]},{"@type":"WebSite","@id":"https:\/\/shrimataji.org\/test\/#website","url":"https:\/\/shrimataji.org\/test\/","name":"Shri Mataji Nirmala Devi","description":"A Life Dedicated to Humanity","publisher":{"@id":"https:\/\/shrimataji.org\/test\/#\/schema\/person\/a1b3419c6585f164aa96da1ff85715d1"},"potentialAction":[{"@type":"SearchAction","target":{"@type":"EntryPoint","urlTemplate":"https:\/\/shrimataji.org\/test\/?s={search_term_string}"},"query-input":{"@type":"PropertyValueSpecification","valueRequired":true,"valueName":"search_term_string"}}],"inLanguage":"en-US"},{"@type":["Person","Organization"],"@id":"https:\/\/shrimataji.org\/test\/#\/schema\/person\/a1b3419c6585f164aa96da1ff85715d1","name":"Nirmala Shrivastava","image":{"@type":"ImageObject","inLanguage":"en-US","@id":"https:\/\/shrimataji.org\/test\/wp-content\/uploads\/2023\/02\/SMO_LOGO-03.svg","url":"https:\/\/shrimataji.org\/test\/wp-content\/uploads\/2023\/02\/SMO_LOGO-03.svg","contentUrl":"https:\/\/shrimataji.org\/test\/wp-content\/uploads\/2023\/02\/SMO_LOGO-03.svg","width":"1024","height":"1024","caption":"Nirmala Shrivastava"},"logo":{"@id":"https:\/\/shrimataji.org\/test\/wp-content\/uploads\/2023\/02\/SMO_LOGO-03.svg"},"sameAs":["https:\/\/shrimataji.org\/test","https:\/\/www.facebook.com\/shrimataji","https:\/\/x.com\/shrimataji","https:\/\/www.youtube.com\/@Shri_Mataji_Nirmala_Devi\/featured"]}]}},"lang":"hu","translations":{"hu":19588,"ur":37521,"en":431,"am":18096,"th":20090,"ar":16992,"sq":18497,"zh":17394,"tr":10222,"pt":10430,"de":10704,"fr":10802,"it":10900,"es":10997,"ja":11295,"ru":11483,"bn":11674,"te":11782,"sw":11905,"he":12053,"el":12345,"sk":12443,"fa":12541,"fi":12639,"bg":13494,"ro":14569,"cs":14762,"nl":16656,"ku":16816,"be":18704,"kn":18978,"mr":20454,"uk":20747,"ml":21042,"ta":22815,"sv":23084,"gu":28919,"pa":29079,"fil":29533,"da":37829,"pl":38039,"nn":38381},"pll_sync_post":[],"_links":{"self":[{"href":"https:\/\/shrimataji.org\/test\/wp-json\/wp\/v2\/pages\/19588","targetHints":{"allow":["GET"]}}],"collection":[{"href":"https:\/\/shrimataji.org\/test\/wp-json\/wp\/v2\/pages"}],"about":[{"href":"https:\/\/shrimataji.org\/test\/wp-json\/wp\/v2\/types\/page"}],"author":[{"embeddable":true,"href":"https:\/\/shrimataji.org\/test\/wp-json\/wp\/v2\/users\/1"}],"replies":[{"embeddable":true,"href":"https:\/\/shrimataji.org\/test\/wp-json\/wp\/v2\/comments?post=19588"}],"version-history":[{"count":0,"href":"https:\/\/shrimataji.org\/test\/wp-json\/wp\/v2\/pages\/19588\/revisions"}],"wp:featuredmedia":[{"embeddable":true,"href":"https:\/\/shrimataji.org\/test\/wp-json\/wp\/v2\/media\/19590"}],"wp:attachment":[{"href":"https:\/\/shrimataji.org\/test\/wp-json\/wp\/v2\/media?parent=19588"}],"curies":[{"name":"wp","href":"https:\/\/api.w.org\/{rel}","templated":true}]}}