{"id":19591,"date":"2018-07-10T06:55:02","date_gmt":"2018-07-10T06:55:02","guid":{"rendered":"http:\/\/testwordpress.nirmalnagari.org\/smnd\/index.php\/the-international-day-of-yoga\/"},"modified":"2026-04-12T13:49:49","modified_gmt":"2026-04-12T13:49:49","slug":"the-international-day-of-yoga","status":"publish","type":"page","link":"https:\/\/shrimataji.org\/test\/hu\/the-international-day-of-yoga\/","title":{"rendered":"Nemzetk\u00f6zi J\u00f3ganap"},"content":{"rendered":"\n\n\t<h1>Nemzetk\u00f6zi J\u00f3ganap<\/h1>\n<h2>Sajt\u00f3k\u00f6zlem\u00e9ny Mil\u00e1n\u00f3, 2015. j\u00fanius 21.<\/h2>\n<p>A Sahaja J\u00f3ga a Nemzetk\u00f6zi J\u00f3ganapot az \u0151si mesters\u00e9g val\u00f3di jelent\u00e9s\u00e9vel k\u00f6sz\u00f6nti.<\/p>\n<p>A j\u00f3ga \u0151si mesters\u00e9g\u00e9nek mai \u00fcnnepl\u00e9se egy olyan id\u0151szakban t\u00f6rt\u00e9nik, amikor a vil\u00e1g egyre n\u00f6vekv\u0151 z\u0171rzavarral \u00e9s bizonytalans\u00e1ggal n\u00e9z szembe. A folyamatos gazdas\u00e1gi v\u00e1ls\u00e1g, az \u00f6kol\u00f3giai probl\u00e9m\u00e1k \u00e9s a n\u00e9pess\u00e9gn\u00f6veked\u00e9s m\u00e9ly nyugtalans\u00e1got keltett a vil\u00e1g sz\u00e1mos r\u00e9sz\u00e9n, ez\u00e9rt sokan sz\u00fcks\u00e9gesnek tartott\u00e1k visszat\u00e9rni spiritu\u00e1lis hagyom\u00e1nyaink gy\u00f6kereihez, hogy megpr\u00f3b\u00e1lj\u00e1k megtal\u00e1lni az \u00e9let \u00e9rtelm\u00e9t.<\/p>\n<p>Az igazi, autentikus j\u00f3ga messze t\u00falmutat n\u00e9h\u00e1ny mantr\u00e1n \u00e9s n\u00e9mi fizikai gyakorlaton. Alapvet\u0151 v\u00e1ltoz\u00e1st hoz az egy\u00e9n \u00e9rz\u00e9kel\u00e9s\u00e9ben, a tudatoss\u00e1g val\u00f3di fel\u00e9bred\u00e9s\u00e9t &#8211; \u00e9s ezt sehol sem \u00e9rezhetj\u00fck er\u0151sebben, mint a Sahaja J\u00f3ga gyakorl\u00e1s\u00e1n kereszt\u00fcl. Ezt az egyed\u00fcl\u00e1ll\u00f3 medit\u00e1ci\u00f3t 1970-ben mutatta be a vil\u00e1gnak Shri Mataji Nirmala Devi (<a href=\"https:\/\/shrimataji.org\/test\">www.shrimataji.org<\/a>), a vil\u00e1g egyik legkedveltebb spiritu\u00e1lis tan\u00edt\u00f3ja, akit k\u00e9tszer jel\u00f6ltek Nobel-b\u00e9ked\u00edjra, \u00e9s aki \u00e9let\u00e9t annak szentelte, hogy a megvil\u00e1gosodott \u00f6nismeret erej\u00e9t elhozza a vil\u00e1gnak.<\/p>\n<p>M\u00e1s, p\u00e9nz\u00e9rt j\u00e1r\u00f3 gyakorlatokkal ellent\u00e9tben a Sahaja J\u00f3ga mag\u00e1ra a medit\u00e1ci\u00f3ra \u00f6sszpontos\u00edt, nem pedig k\u00f6nyvekre vagy dr\u00e1ga tanfolyamokra. Miut\u00e1n elsaj\u00e1t\u00edtotta a medit\u00e1ci\u00f3 \u00e9s a gondolatmentes tudatoss\u00e1g alapjait, minden gyakorl\u00f3 szem\u00e9lyes \u00fatra indul a medit\u00e1ci\u00f3n kereszt\u00fcl, amelyb\u0151l minden fizikai, ment\u00e1lis \u00e9s \u00e9rzelmi j\u00f3l\u00e9t sz\u00e1rmazik. Nincsenek vizsg\u00e1k, nincsenek \u00f3rarendek \u00e9s nincsenek f\u00fclbem\u00e1sz\u00f3 marketingszlogenek, csak maga a medit\u00e1ci\u00f3 \u00e9s a m\u00e9ly, bels\u0151 csend, amit ny\u00fajt.<\/p>\n<p>Vil\u00e1gszerte t\u00f6bb t\u00edzezer Sahaja J\u00f3ga gyakorl\u00f3 tal\u00e1lta meg azt a bels\u0151 b\u00e9k\u00e9t, amely a j\u00f3ga \u00e1ltal az egy\u00e9n kollekt\u00edv tudattal val\u00f3 \u00f6sszekapcsol\u00e1s\u00e1b\u00f3l fakad. Minden h\u00e9ten tov\u00e1bbi ezrek vesznek r\u00e9szt a 126 orsz\u00e1gban tartott ingyenes \u00f3r\u00e1kon, hogy felfedezz\u00e9k a m\u00f3dot, hogy megv\u00e1ltoztathass\u00e1k \u00e9let\u00fcket napi n\u00e9h\u00e1ny perc medit\u00e1ci\u00f3val. Az \u00f3r\u00e1k\u00e9rt soha nem kell p\u00e9nzt adni, \u00e9s minden gyakorl\u00f3t arra biztatunk, hogy a saj\u00e1t temp\u00f3j\u00e1ban fedezze fel ezt a m\u00e9lyrehat\u00f3 \u00e9lm\u00e9nyt.<\/p>\n<p>Az igazi j\u00f3g\u00e1nak ereje van nemcsak az egy\u00e9nek, hanem eg\u00e9sz k\u00f6z\u00f6ss\u00e9gek \u00e9let\u00e9nek megv\u00e1ltoztat\u00e1s\u00e1ra, \u00e9s ez sehol sem nyilv\u00e1nval\u00f3bb, mint azokon a Sahaja J\u00f3ga programokon, amelyek vil\u00e1gszerte a h\u00e1tr\u00e1nyos helyzet\u0171 ter\u00fcletek megseg\u00edt\u00e9s\u00e9re ir\u00e1nyulnak. \u00c9szak-India elszeg\u00e9nyedett term\u0151f\u00f6ldjeit\u0151l a K\u00f6zel-Kelet h\u00e1bor\u00fa s\u00fajtotta menek\u00fcltt\u00e1bor\u00e1ig mindenhol tal\u00e1lhatunk Sahaja J\u00f3ga medit\u00e1ci\u00f3s programokat, amelyek arra t\u00f6rekszenek, hogy v\u00e1ltoz\u00e1st hozzanak, b\u00e9k\u00e9t \u00e9s javul\u00e1st hozzanak a traumatikus \u00e9let\u0171eknek. Shri Mataji munk\u00e1ja \u00e9s v\u00edzi\u00f3ja minden\u00fctt folytat\u00f3dik, ahol sz\u00fcks\u00e9g van a spiritualit\u00e1sra az igazi szeretet \u00e9s az embers\u00e9g helyre\u00e1ll\u00edt\u00e1s\u00e1hoz.<\/p>\n<p>Az olaszorsz\u00e1gi Mil\u00e1n\u00f3ban megrendezett EXPO 2015 \u00fcnneps\u00e9g l\u00e1togat\u00f3i tov\u00e1bbi inform\u00e1ci\u00f3kat az India Basmati standon tal\u00e1lhatnak, vagy a <a href=\"https:\/\/live.sahajayoga.it\" target=\"_blank\" rel=\"noopener\">live.sahajayoga.it<\/a> weboldalon tekinthetik meg a 2015-\u00f6s Nemzetk\u00f6zi J\u00f3ga Napja alkalm\u00e1b\u00f3l tartott online bevezet\u0151 szemin\u00e1riumot.<\/p>\n\n","protected":false},"excerpt":{"rendered":"<p>Nemzetk\u00f6zi J\u00f3ganap Sajt\u00f3k\u00f6zlem\u00e9ny Mil\u00e1n\u00f3, 2015. j\u00fanius 21. A Sahaja J\u00f3ga a Nemzetk\u00f6zi J\u00f3ganapot az \u0151si mesters\u00e9g val\u00f3di jelent\u00e9s\u00e9vel k\u00f6sz\u00f6nti. A j\u00f3ga \u0151si mesters\u00e9g\u00e9nek mai \u00fcnnepl\u00e9se egy olyan id\u0151szakban t\u00f6rt\u00e9nik, amikor a vil\u00e1g egyre n\u00f6vekv\u0151 z\u0171rzavarral \u00e9s bizonytalans\u00e1ggal n\u00e9z szembe. A folyamatos gazdas\u00e1gi v\u00e1ls\u00e1g, az \u00f6kol\u00f3giai probl\u00e9m\u00e1k \u00e9s a n\u00e9pess\u00e9gn\u00f6veked\u00e9s m\u00e9ly nyugtalans\u00e1got keltett a vil\u00e1g sz\u00e1mos&hellip; <br \/> <a class=\"read-more\" href=\"https:\/\/shrimataji.org\/test\/hu\/the-international-day-of-yoga\/\">Read more<\/a><\/p>\n","protected":false},"author":1,"featured_media":0,"parent":0,"menu_order":0,"comment_status":"closed","ping_status":"closed","template":"","meta":{"inline_featured_image":false,"footnotes":""},"class_list":["post-19591","page","type-page","status-publish","hentry"],"yoast_head":"<!-- This site is optimized with the Yoast SEO plugin v27.4 - https:\/\/yoast.com\/product\/yoast-seo-wordpress\/ -->\n<title>Nemzetk\u00f6zi J\u00f3ganap - TEST - SMND<\/title>\n<meta name=\"robots\" content=\"noindex, follow, max-snippet:-1, max-image-preview:large, max-video-preview:-1\" \/>\n<meta property=\"og:locale\" content=\"en_US\" \/>\n<meta property=\"og:type\" content=\"article\" \/>\n<meta property=\"og:title\" content=\"Nemzetk\u00f6zi J\u00f3ganap - TEST - SMND\" \/>\n<meta property=\"og:description\" content=\"Nemzetk\u00f6zi J\u00f3ganap Sajt\u00f3k\u00f6zlem\u00e9ny Mil\u00e1n\u00f3, 2015. j\u00fanius 21. A Sahaja J\u00f3ga a Nemzetk\u00f6zi J\u00f3ganapot az \u0151si mesters\u00e9g val\u00f3di jelent\u00e9s\u00e9vel k\u00f6sz\u00f6nti. A j\u00f3ga \u0151si mesters\u00e9g\u00e9nek mai \u00fcnnepl\u00e9se egy olyan id\u0151szakban t\u00f6rt\u00e9nik, amikor a vil\u00e1g egyre n\u00f6vekv\u0151 z\u0171rzavarral \u00e9s bizonytalans\u00e1ggal n\u00e9z szembe. A folyamatos gazdas\u00e1gi v\u00e1ls\u00e1g, az \u00f6kol\u00f3giai probl\u00e9m\u00e1k \u00e9s a n\u00e9pess\u00e9gn\u00f6veked\u00e9s m\u00e9ly nyugtalans\u00e1got keltett a vil\u00e1g sz\u00e1mos&hellip; Read more\" \/>\n<meta property=\"og:url\" content=\"https:\/\/shrimataji.org\/test\/hu\/the-international-day-of-yoga\/\" \/>\n<meta property=\"og:site_name\" content=\"TEST - SMND\" \/>\n<meta property=\"article:publisher\" content=\"https:\/\/www.facebook.com\/shrimataji\" \/>\n<meta property=\"article:modified_time\" content=\"2026-04-12T13:49:49+00:00\" \/>\n<meta property=\"og:image\" content=\"https:\/\/shrimataji.org\/test\/wp-content\/uploads\/2018\/07\/fp11-e1588597806347.jpg\" \/>\n\t<meta property=\"og:image:width\" content=\"707\" \/>\n\t<meta property=\"og:image:height\" content=\"700\" \/>\n\t<meta property=\"og:image:type\" content=\"image\/jpeg\" \/>\n<meta name=\"twitter:card\" content=\"summary_large_image\" \/>\n<meta name=\"twitter:site\" content=\"@shrimataji\" \/>\n<meta name=\"twitter:label1\" content=\"Est. reading time\" \/>\n\t<meta name=\"twitter:data1\" content=\"3 minutes\" \/>\n<script type=\"application\/ld+json\" class=\"yoast-schema-graph\">{\"@context\":\"https:\\\/\\\/schema.org\",\"@graph\":[{\"@type\":\"WebPage\",\"@id\":\"https:\\\/\\\/shrimataji.org\\\/test\\\/hu\\\/the-international-day-of-yoga\\\/\",\"url\":\"https:\\\/\\\/shrimataji.org\\\/test\\\/hu\\\/the-international-day-of-yoga\\\/\",\"name\":\"Nemzetk\u00f6zi J\u00f3ganap - TEST - SMND\",\"isPartOf\":{\"@id\":\"https:\\\/\\\/shrimataji.org\\\/test\\\/#website\"},\"datePublished\":\"2018-07-10T06:55:02+00:00\",\"dateModified\":\"2026-04-12T13:49:49+00:00\",\"breadcrumb\":{\"@id\":\"https:\\\/\\\/shrimataji.org\\\/test\\\/hu\\\/the-international-day-of-yoga\\\/#breadcrumb\"},\"inLanguage\":\"en-US\",\"potentialAction\":[{\"@type\":\"ReadAction\",\"target\":[\"https:\\\/\\\/shrimataji.org\\\/test\\\/hu\\\/the-international-day-of-yoga\\\/\"]}]},{\"@type\":\"BreadcrumbList\",\"@id\":\"https:\\\/\\\/shrimataji.org\\\/test\\\/hu\\\/the-international-day-of-yoga\\\/#breadcrumb\",\"itemListElement\":[{\"@type\":\"ListItem\",\"position\":1,\"name\":\"Home\",\"item\":\"https:\\\/\\\/shrimataji.org\\\/test\\\/uk\\\/home-en\\\/\"},{\"@type\":\"ListItem\",\"position\":2,\"name\":\"Nemzetk\u00f6zi J\u00f3ganap\"}]},{\"@type\":\"WebSite\",\"@id\":\"https:\\\/\\\/shrimataji.org\\\/test\\\/#website\",\"url\":\"https:\\\/\\\/shrimataji.org\\\/test\\\/\",\"name\":\"Shri Mataji Nirmala Devi\",\"description\":\"A Life Dedicated to Humanity\",\"publisher\":{\"@id\":\"https:\\\/\\\/shrimataji.org\\\/test\\\/#\\\/schema\\\/person\\\/a1b3419c6585f164aa96da1ff85715d1\"},\"potentialAction\":[{\"@type\":\"SearchAction\",\"target\":{\"@type\":\"EntryPoint\",\"urlTemplate\":\"https:\\\/\\\/shrimataji.org\\\/test\\\/?s={search_term_string}\"},\"query-input\":{\"@type\":\"PropertyValueSpecification\",\"valueRequired\":true,\"valueName\":\"search_term_string\"}}],\"inLanguage\":\"en-US\"},{\"@type\":[\"Person\",\"Organization\"],\"@id\":\"https:\\\/\\\/shrimataji.org\\\/test\\\/#\\\/schema\\\/person\\\/a1b3419c6585f164aa96da1ff85715d1\",\"name\":\"Nirmala Shrivastava\",\"image\":{\"@type\":\"ImageObject\",\"inLanguage\":\"en-US\",\"@id\":\"https:\\\/\\\/shrimataji.org\\\/test\\\/wp-content\\\/uploads\\\/2023\\\/02\\\/SMO_LOGO-03.svg\",\"url\":\"https:\\\/\\\/shrimataji.org\\\/test\\\/wp-content\\\/uploads\\\/2023\\\/02\\\/SMO_LOGO-03.svg\",\"contentUrl\":\"https:\\\/\\\/shrimataji.org\\\/test\\\/wp-content\\\/uploads\\\/2023\\\/02\\\/SMO_LOGO-03.svg\",\"width\":\"1024\",\"height\":\"1024\",\"caption\":\"Nirmala Shrivastava\"},\"logo\":{\"@id\":\"https:\\\/\\\/shrimataji.org\\\/test\\\/wp-content\\\/uploads\\\/2023\\\/02\\\/SMO_LOGO-03.svg\"},\"sameAs\":[\"https:\\\/\\\/shrimataji.org\\\/test\",\"https:\\\/\\\/www.facebook.com\\\/shrimataji\",\"https:\\\/\\\/x.com\\\/shrimataji\",\"https:\\\/\\\/www.youtube.com\\\/@Shri_Mataji_Nirmala_Devi\\\/featured\"]}]}<\/script>\n<!-- \/ Yoast SEO plugin. -->","yoast_head_json":{"title":"Nemzetk\u00f6zi J\u00f3ganap - TEST - SMND","robots":{"index":"noindex","follow":"follow","max-snippet":"max-snippet:-1","max-image-preview":"max-image-preview:large","max-video-preview":"max-video-preview:-1"},"og_locale":"en_US","og_type":"article","og_title":"Nemzetk\u00f6zi J\u00f3ganap - TEST - SMND","og_description":"Nemzetk\u00f6zi J\u00f3ganap Sajt\u00f3k\u00f6zlem\u00e9ny Mil\u00e1n\u00f3, 2015. j\u00fanius 21. A Sahaja J\u00f3ga a Nemzetk\u00f6zi J\u00f3ganapot az \u0151si mesters\u00e9g val\u00f3di jelent\u00e9s\u00e9vel k\u00f6sz\u00f6nti. A j\u00f3ga \u0151si mesters\u00e9g\u00e9nek mai \u00fcnnepl\u00e9se egy olyan id\u0151szakban t\u00f6rt\u00e9nik, amikor a vil\u00e1g egyre n\u00f6vekv\u0151 z\u0171rzavarral \u00e9s bizonytalans\u00e1ggal n\u00e9z szembe. A folyamatos gazdas\u00e1gi v\u00e1ls\u00e1g, az \u00f6kol\u00f3giai probl\u00e9m\u00e1k \u00e9s a n\u00e9pess\u00e9gn\u00f6veked\u00e9s m\u00e9ly nyugtalans\u00e1got keltett a vil\u00e1g sz\u00e1mos&hellip; Read more","og_url":"https:\/\/shrimataji.org\/test\/hu\/the-international-day-of-yoga\/","og_site_name":"TEST - SMND","article_publisher":"https:\/\/www.facebook.com\/shrimataji","article_modified_time":"2026-04-12T13:49:49+00:00","og_image":[{"width":707,"height":700,"url":"https:\/\/shrimataji.org\/test\/wp-content\/uploads\/2018\/07\/fp11-e1588597806347.jpg","type":"image\/jpeg"}],"twitter_card":"summary_large_image","twitter_site":"@shrimataji","twitter_misc":{"Est. reading time":"3 minutes"},"schema":{"@context":"https:\/\/schema.org","@graph":[{"@type":"WebPage","@id":"https:\/\/shrimataji.org\/test\/hu\/the-international-day-of-yoga\/","url":"https:\/\/shrimataji.org\/test\/hu\/the-international-day-of-yoga\/","name":"Nemzetk\u00f6zi J\u00f3ganap - TEST - SMND","isPartOf":{"@id":"https:\/\/shrimataji.org\/test\/#website"},"datePublished":"2018-07-10T06:55:02+00:00","dateModified":"2026-04-12T13:49:49+00:00","breadcrumb":{"@id":"https:\/\/shrimataji.org\/test\/hu\/the-international-day-of-yoga\/#breadcrumb"},"inLanguage":"en-US","potentialAction":[{"@type":"ReadAction","target":["https:\/\/shrimataji.org\/test\/hu\/the-international-day-of-yoga\/"]}]},{"@type":"BreadcrumbList","@id":"https:\/\/shrimataji.org\/test\/hu\/the-international-day-of-yoga\/#breadcrumb","itemListElement":[{"@type":"ListItem","position":1,"name":"Home","item":"https:\/\/shrimataji.org\/test\/uk\/home-en\/"},{"@type":"ListItem","position":2,"name":"Nemzetk\u00f6zi J\u00f3ganap"}]},{"@type":"WebSite","@id":"https:\/\/shrimataji.org\/test\/#website","url":"https:\/\/shrimataji.org\/test\/","name":"Shri Mataji Nirmala Devi","description":"A Life Dedicated to Humanity","publisher":{"@id":"https:\/\/shrimataji.org\/test\/#\/schema\/person\/a1b3419c6585f164aa96da1ff85715d1"},"potentialAction":[{"@type":"SearchAction","target":{"@type":"EntryPoint","urlTemplate":"https:\/\/shrimataji.org\/test\/?s={search_term_string}"},"query-input":{"@type":"PropertyValueSpecification","valueRequired":true,"valueName":"search_term_string"}}],"inLanguage":"en-US"},{"@type":["Person","Organization"],"@id":"https:\/\/shrimataji.org\/test\/#\/schema\/person\/a1b3419c6585f164aa96da1ff85715d1","name":"Nirmala Shrivastava","image":{"@type":"ImageObject","inLanguage":"en-US","@id":"https:\/\/shrimataji.org\/test\/wp-content\/uploads\/2023\/02\/SMO_LOGO-03.svg","url":"https:\/\/shrimataji.org\/test\/wp-content\/uploads\/2023\/02\/SMO_LOGO-03.svg","contentUrl":"https:\/\/shrimataji.org\/test\/wp-content\/uploads\/2023\/02\/SMO_LOGO-03.svg","width":"1024","height":"1024","caption":"Nirmala Shrivastava"},"logo":{"@id":"https:\/\/shrimataji.org\/test\/wp-content\/uploads\/2023\/02\/SMO_LOGO-03.svg"},"sameAs":["https:\/\/shrimataji.org\/test","https:\/\/www.facebook.com\/shrimataji","https:\/\/x.com\/shrimataji","https:\/\/www.youtube.com\/@Shri_Mataji_Nirmala_Devi\/featured"]}]}},"lang":"hu","translations":{"hu":19591,"en":505,"am":18098,"th":20093,"ar":16994,"sq":18499,"zh":17396,"tr":10223,"pt":10431,"de":10705,"fr":10803,"it":10901,"es":10998,"ja":11296,"ru":11484,"bn":11675,"te":11783,"sw":11906,"he":12054,"el":12346,"sk":12444,"fa":12542,"fi":12640,"bg":13432,"ro":14506,"cs":14699,"nl":16658,"ku":16818,"be":18706,"kn":18980,"uk":20750,"ml":21045,"ta":22817,"sv":23086,"gu":28921,"pa":29081,"fil":29535},"pll_sync_post":[],"_links":{"self":[{"href":"https:\/\/shrimataji.org\/test\/wp-json\/wp\/v2\/pages\/19591","targetHints":{"allow":["GET"]}}],"collection":[{"href":"https:\/\/shrimataji.org\/test\/wp-json\/wp\/v2\/pages"}],"about":[{"href":"https:\/\/shrimataji.org\/test\/wp-json\/wp\/v2\/types\/page"}],"author":[{"embeddable":true,"href":"https:\/\/shrimataji.org\/test\/wp-json\/wp\/v2\/users\/1"}],"replies":[{"embeddable":true,"href":"https:\/\/shrimataji.org\/test\/wp-json\/wp\/v2\/comments?post=19591"}],"version-history":[{"count":0,"href":"https:\/\/shrimataji.org\/test\/wp-json\/wp\/v2\/pages\/19591\/revisions"}],"wp:attachment":[{"href":"https:\/\/shrimataji.org\/test\/wp-json\/wp\/v2\/media?parent=19591"}],"curies":[{"name":"wp","href":"https:\/\/api.w.org\/{rel}","templated":true}]}}