{"id":19593,"date":"2018-07-10T06:54:50","date_gmt":"2018-07-10T06:54:50","guid":{"rendered":"http:\/\/testwordpress.nirmalnagari.org\/smnd\/index.php\/the-widening-circle\/"},"modified":"2026-04-21T13:18:36","modified_gmt":"2026-04-21T13:18:36","slug":"the-widening-circle","status":"publish","type":"page","link":"https:\/\/shrimataji.org\/test\/hu\/the-widening-circle\/","title":{"rendered":"A sz\u00e9lesed\u0151 k\u00f6r"},"content":{"rendered":"\n\n\t<h1>A sz\u00e9lesed\u0151 k\u00f6r<\/h1>\n<h2>A v\u00e1ltoz\u00e1s szele<\/h2>\n\t<h4>1964. m\u00e1jus 27-\u00e9n elhunyt India els\u0151 minisztereln\u00f6ke, Dzsav\u00e1harl\u00e1l Nehru. <a href=\"https:\/\/shrimataji.org\/test\/sir-c-p-srivastava-3\/\" target=\"_blank\" rel=\"noopener\">Sir C.P.<\/a>\u00a0az Egyes\u00fclt Kir\u00e1lys\u00e1gban tart\u00f3zkodott, ahol egy haj\u00f3z\u00e1si konferenci\u00e1n vett r\u00e9szt. J\u00fanius 2-\u00e1n, kedden \u00e9rkezett a h\u00edr, hogy Lal Bahadur Shastri-t v\u00e1lasztott\u00e1k meg a Kongresszus P\u00e1rt \u00faj vezet\u0151j\u00e9v\u00e9, \u00e9s hamarosan India m\u00e1sodik minisztereln\u00f6k\u00e9v\u00e9 v\u00e1lasztj\u00e1k.<\/h4>\n\t<p>Mire Sir C.P. visszat\u00e9rt az Egyes\u00fclt Kir\u00e1lys\u00e1gb\u00f3l Mumbaiba, az \u00fajs\u00e1gok arr\u00f3l sz\u00e1moltak be, hogy Shastri \u00far megbetegedett. Shri Mataji s\u00fcrgette f\u00e9rj\u00e9t, hogy azonnal menjen \u00daj-Delhibe, \u00e9s aj\u00e1nlja fel szolg\u00e1latait Shastri \u00farnak. Shri Mataji hat\u00e1rozottan \u00fagy \u00e9rezte, hogy mivel Lal Bahadur Shastri megb\u00edzik a f\u00e9rj\u00e9ben, k\u00f6teless\u00e9ge, hogy minden lehets\u00e9ges m\u00f3don seg\u00edtse \u0151t.<\/p>\n<p>N\u00e9h\u00e1ny nappal k\u00e9s\u0151bb, mik\u00f6zben egy \u00daj-Delhiben tal\u00e1lkoz\u00f3n vett r\u00e9szt, Sir C.P. megl\u00e1togathatta a gy\u00f3gyul\u00f3f\u00e9lben l\u00e9v\u0151 Shastri urat.<\/p>\n<p>Ezen a szerencs\u00e9s tal\u00e1lkoz\u00f3n k\u00e9rte fel Lal Bahadur Shastri Shri Mataji f\u00e9rj\u00e9t, hogy legyen a minisztereln\u00f6k t\u00e1rstitk\u00e1ra, \u00e9s mellette dolgozzon az indiai nemzet szolg\u00e1lat\u00e1ban.<\/p>\n<figure itemscope itemtype=\"https:\/\/schema.org\/ImageObject\">\n\t\t\t\t<img decoding=\"async\" src=\"https:\/\/shrimataji.org\/test\/wp-content\/uploads\/2018\/07\/media_originals\/images\/shri-mataji-with-people\/shri-mataji-introducing-guests-to-lal-bahadur-shastri-in-mumbai.jpg\" alt=\"\u0160ri Matad\u017ei predstavuje Lal Bahadur \u0160astrimu host\u00ed, v Bombaji\" height=\"452\" width=\"674\" title=\"Shri Mataji introducing guests to Lal Bahadur Shastri in Mumbai\" onerror=\"this.style.display='none'\" loading=\"lazy\" \/>\n\t\t<figcaption>Shri Mataji bemutatja a vend\u00e9geknek Lal Bahadur Shastrit Mumbaiban<\/figcaption>\n\t<\/figure>\n\t<p>Lal Bahadur Shastri, a Life of Truth in Politics c\u00edm\u0171 \u00e9letrajz\u00e1ban Sir C.P. \u00edgy eml\u00e9kezett vissza: \u201eAmikor mindketten megl\u00e1togattuk Shastri minisztereln\u00f6k\u00f6t, gyakran besz\u00e9lt neki szentekr\u0151l \u00e9s b\u00f6lcsekr\u0151l, valamint vall\u00e1sr\u00f3l \u00e9s spiritualit\u00e1sr\u00f3l, olyan t\u00e9m\u00e1kr\u00f3l, amelyekben nagy tud\u00e1ssal rendelkezett, s\u0151t, arra is biztatta Nirmal\u00e1t, hogy csatlakozzon az Indiai Kongresszusi P\u00e1rthoz. Nirmala azonban ink\u00e1bb a spiritualit\u00e1s fel\u00e9 hajlott, mint a politika fel\u00e9.&#8221;<\/p>\n<p>Az \u00e9vek sor\u00e1n, m\u00edg f\u00e9rje az \u00e1llam\u00fcgyekkel volt elfoglalva, Shri Mataji egy nagyon csendes szoci\u00e1lis munk\u00e1s volt. P\u00e9nzt gy\u0171jt\u00f6tt egy szanat\u00f3riumnak Chandrapur k\u00f6zel\u00e9ben, Maharashtr\u00e1ban. A \u201eVakok Bar\u00e1tai&#8221; nev\u0171 t\u00e1rsas\u00e1g eln\u00f6ke lett. Meerutban menek\u00fcltotthont, egy rokkantotthont alap\u00edtott, \u00e9s seg\u00edtett egy nagy lepr\u00e1sotthonban.<\/p>\n\t<p>1969 okt\u00f3ber\u00e9ben Shri Mataji els\u0151 l\u00e1nya, Kalpana f\u00e9rjhez ment Prabhat Shrivastavhoz Mumbaiban.<\/p>\n<figure itemscope itemtype=\"https:\/\/schema.org\/ImageObject\">\n\t\t\t\t<img decoding=\"async\" src=\"https:\/\/shrimataji.org\/test\/wp-content\/uploads\/2018\/07\/media_originals\/images\/shri-mataji-and-family\/shri-mataji-with-daughter-kalpana-upon-her-marriage.jpg\" alt=\"\u0160ri Matad\u017ei s dc\u00e9rou Kalpanou po svadbe.\" height=\"1440\" width=\"1085\" title=\"shri-mataji-with-daughter-kalpana-upon-her-marriage\" onerror=\"this.style.display='none'\" loading=\"lazy\" \/>\n\t\t<figcaption>Shri Mataji l\u00e1ny\u00e1val, Kalpan\u00e1val, h\u00e1zass\u00e1gk\u00f6t\u00e9s\u00fck ut\u00e1n<\/figcaption>\n\t<\/figure>\n<figure itemscope itemtype=\"https:\/\/schema.org\/ImageObject\">\n\t\t\t\t<img decoding=\"async\" src=\"https:\/\/shrimataji.org\/test\/wp-content\/uploads\/2018\/07\/media_originals\/images\/shri-mataji-and-family\/shri-mataji-with-sir-cp-and-prabhat-at-daughter-kalpanas-wedding-1024x757.jpg\" alt=\"\u0160ri Matad\u017ei s p\u00e1nom C.P. a za\u0165om Prabhatom na svadbe dc\u00e9ry Kalpany.\" height=\"757\" width=\"1024\" height=\"757\" width=\"1024\" title=\"shri-mataji-with-sir-cp-and-prabhat-at-daughter-kalpanas-wedding\" onerror=\"this.style.display='none'\" loading=\"lazy\" \/>\n\t\t<figcaption>Shri Mataji Sir CP-vel \u00e9s vej\u00e9vel, Prabhattal l\u00e1nya, Kalpana esk\u00fcv\u0151j\u00e9n<\/figcaption>\n\t<\/figure>\n\t<p>1970 okt\u00f3ber\u00e9nek elej\u00e9n Shri Mataji \u00e9desanyja s\u00falyosan megbetegedett. K\u00fclf\u00f6ldi \u00fatj\u00e1r\u00f3l visszat\u00e9rve, hogy megl\u00e1togassa \u00e9desanyj\u00e1t, meglep\u0151 m\u00f3don vid\u00e1m hangulatban tal\u00e1lta. Az anyja megk\u00e9rdezte t\u0151le, hogy megtal\u00e1lta-e, amit az apja szeretett volna, hogy megtal\u00e1ljon. Shri Mataji erre azt mondta neki, hogy megtal\u00e1lta a t\u00f6meges \u00f6nmegval\u00f3sul\u00e1s m\u00f3dszer\u00e9t. 1970. okt\u00f3ber 11-\u00e9n, vas\u00e1rnap \u00e9desanyja, Cornelia Karuna Salve, Nagpurban elhunyt.<\/p>\n<p>R\u00f6viddel ezut\u00e1n Shri Matajit megh\u00edvt\u00e1k az Air India els\u0151 p\u00e1rizsi j\u00e1rat\u00e1ra, majd Teher\u00e1nba utazott, hogy megl\u00e1togassa \u00f6ccs\u00e9t, H.P. Salv\u00e9t, akit a l\u00e9git\u00e1rsas\u00e1g helyezett oda. <a href=\"https:\/\/shrimataji.org\/test\/the-widening-circle\/#citation-note-1\">[1]<\/a><\/p>\n<p>Mik\u00f6zben n\u00e1la j\u00e1rt, H.P. fokozatosan tudat\u00e1ra \u00e9bredt annak, hogy valami megv\u00e1ltozott a n\u0151v\u00e9r\u00e9vel kapcsolatban. Val\u00f3j\u00e1ban addigra m\u00e1r k\u00f6r\u00fclbel\u00fcl 12 k\u00f6vet\u0151je volt Indi\u00e1ban, akik \u00e9rdekl\u0151dni kezdtek Shri Mataji ir\u00e1nt, mint tan\u00edt\u00f3 \u00e9s guru ir\u00e1nt.<\/p>\n<p>Miut\u00e1n Shri Mataji el\u00e1rulta testv\u00e9r\u00e9nek, hogy 1970. m\u00e1jus 5-\u00e9n, kedden val\u00f3ban er\u0151teljes \u00e1talakul\u00e1st tapasztalt, kifejezte v\u00e1gy\u00e1t, hogy \u00f6nmegval\u00f3sul\u00e1st adjon H.P. n\u00e9h\u00e1ny spiritu\u00e1lis be\u00e1ll\u00edtotts\u00e1g\u00fa bar\u00e1tj\u00e1nak. Miut\u00e1n visszat\u00e9rtek Teher\u00e1nba egy sir\u00e1zi v\u00e1rosn\u00e9z\u0151 kir\u00e1ndul\u00e1sr\u00f3l, H.P. Salve felh\u00edvta n\u00e9h\u00e1ny bar\u00e1tj\u00e1t, \u00e9s megszerveztek egy vacsor\u00e1val egybek\u00f6t\u00f6tt spiritu\u00e1lis tal\u00e1lkoz\u00f3t. M\u00e1snap k\u00f6r\u00fclbel\u00fcl 20 bar\u00e1tja, n\u00e9h\u00e1nyan a sajt\u00f3b\u00f3l, j\u00f6ttek el hozz\u00e1 vacsor\u00e1ra, \u00e9s ami m\u00e9g fontosabb, a spiritu\u00e1lis \u00e9bred\u00e9sre.<\/p>\n<p>Ahogy H.P. Salve visszaeml\u00e9kezett: \u201eEgy \u00fariember, Dr. Divan, miut\u00e1n megkapta az \u00f6nmegval\u00f3sul\u00e1s\u00e1t, \u00fagy t\u0171nt, szant\u00e1lfa illatot \u00e1raszt a feje tetej\u00e9r\u0151l. Meglep\u0151dtem, hogy Shri Mataji hogyan k\u00e9pes ilyen illatot \u00e1tadni valakinek a test\u00e9be, ha ilyen t\u00e1vol \u00fcl. Ek\u00f6zben egy p\u00e1rszi h\u00f6lgy, aki csak mank\u00f3val j\u00f6tt, mivel akut \u00edz\u00fcleti gyullad\u00e1sa volt, amikor az \u00f6nmegval\u00f3sul\u00e1sa ut\u00e1n elment, mank\u00f3 n\u00e9lk\u00fcl j\u00e1rt, \u00e9s m\u00e1snap l\u00e1tt\u00e1k aut\u00f3t vezetni.&#8221;<\/p>\n<p>M\u00e1snap a vezet\u0151 teher\u00e1ni angol lapok h\u00edrk\u00e9nt k\u00f6z\u00f6lt\u00e9k az esem\u00e9nyt, \u00e9s azt \u00edrt\u00e1k, hogy tan\u00fai voltak a t\u00f6rt\u00e9nteknek, ami ut\u00e1n sokan \u00f6z\u00f6nl\u00f6ttek, hogy l\u00e1thass\u00e1k Shri Matajit. Ahogy a testv\u00e9re fogalmazott: \u201eOlyan n\u00e9pszer\u0171 volt, hogy amikor el\u0151sz\u00f6r Teher\u00e1nba \u00e9rkezett, a n\u0151v\u00e9remk\u00e9nt mutattam be, de amikor elment, az \u00f6ccsek\u00e9nt mutattak be.&#8221; Nem sokkal k\u00e9s\u0151bb H.P. Salv\u00e9t Babamama n\u00e9ven kezdt\u00e9k megsz\u00f3l\u00edtani, ami egy szeretetteljes kifejez\u00e9s: az \u201eanya testv\u00e9r\u00e9t&#8221; jelenti.<\/p>\n\t<h5>&#8220;A legszebb dolog, amit megtapasztalhatunk, az a misztikus. Ez minden igazi m\u0171v\u00e9szet \u00e9s tudom\u00e1ny forr\u00e1sa.&#8221;<\/h5>\n<h5>Albert Einstein<\/h5>\n\t<hr \/>\n<h3>1. <a href=\"#citation-ref-1\">^ <\/a><a name=\"citation-note-1\"><\/a>H. P. Salve, \u201eEml\u00e9kirataim&#8221;, \u00dajdelhi: Life Eternal Trust, 2000.<\/h3>\n\n","protected":false},"excerpt":{"rendered":"<p>A sz\u00e9lesed\u0151 k\u00f6r A v\u00e1ltoz\u00e1s szele 1964. m\u00e1jus 27-\u00e9n elhunyt India els\u0151 minisztereln\u00f6ke, Dzsav\u00e1harl\u00e1l Nehru. Sir C.P.\u00a0az Egyes\u00fclt Kir\u00e1lys\u00e1gban tart\u00f3zkodott, ahol egy haj\u00f3z\u00e1si konferenci\u00e1n vett r\u00e9szt. J\u00fanius 2-\u00e1n, kedden \u00e9rkezett a h\u00edr, hogy Lal Bahadur Shastri-t v\u00e1lasztott\u00e1k meg a Kongresszus P\u00e1rt \u00faj vezet\u0151j\u00e9v\u00e9, \u00e9s hamarosan India m\u00e1sodik minisztereln\u00f6k\u00e9v\u00e9 v\u00e1lasztj\u00e1k. Mire Sir C.P. visszat\u00e9rt az Egyes\u00fclt&hellip; <br \/> <a class=\"read-more\" href=\"https:\/\/shrimataji.org\/test\/hu\/the-widening-circle\/\">Read more<\/a><\/p>\n","protected":false},"author":1,"featured_media":19595,"parent":0,"menu_order":0,"comment_status":"closed","ping_status":"closed","template":"","meta":{"inline_featured_image":false,"footnotes":""},"class_list":["post-19593","page","type-page","status-publish","has-post-thumbnail","hentry"],"yoast_head":"<!-- This site is optimized with the Yoast SEO plugin v27.4 - https:\/\/yoast.com\/product\/yoast-seo-wordpress\/ -->\n<title>A sz\u00e9lesed\u0151 k\u00f6r - TEST - SMND<\/title>\n<meta name=\"robots\" content=\"noindex, follow, max-snippet:-1, max-image-preview:large, max-video-preview:-1\" \/>\n<meta property=\"og:locale\" content=\"en_US\" \/>\n<meta property=\"og:type\" content=\"article\" \/>\n<meta property=\"og:title\" content=\"A sz\u00e9lesed\u0151 k\u00f6r - TEST - SMND\" \/>\n<meta property=\"og:description\" content=\"A sz\u00e9lesed\u0151 k\u00f6r A v\u00e1ltoz\u00e1s szele 1964. m\u00e1jus 27-\u00e9n elhunyt India els\u0151 minisztereln\u00f6ke, Dzsav\u00e1harl\u00e1l Nehru. Sir C.P.\u00a0az Egyes\u00fclt Kir\u00e1lys\u00e1gban tart\u00f3zkodott, ahol egy haj\u00f3z\u00e1si konferenci\u00e1n vett r\u00e9szt. J\u00fanius 2-\u00e1n, kedden \u00e9rkezett a h\u00edr, hogy Lal Bahadur Shastri-t v\u00e1lasztott\u00e1k meg a Kongresszus P\u00e1rt \u00faj vezet\u0151j\u00e9v\u00e9, \u00e9s hamarosan India m\u00e1sodik minisztereln\u00f6k\u00e9v\u00e9 v\u00e1lasztj\u00e1k. Mire Sir C.P. visszat\u00e9rt az Egyes\u00fclt&hellip; Read more\" \/>\n<meta property=\"og:url\" content=\"https:\/\/shrimataji.org\/test\/hu\/the-widening-circle\/\" \/>\n<meta property=\"og:site_name\" content=\"TEST - SMND\" \/>\n<meta property=\"article:publisher\" content=\"https:\/\/www.facebook.com\/shrimataji\" \/>\n<meta property=\"article:modified_time\" content=\"2026-04-21T13:18:36+00:00\" \/>\n<meta property=\"og:image\" content=\"https:\/\/shrimataji.org\/test\/wp-content\/uploads\/2023\/03\/10_Banner-PublicLife-WideningCircle_2-scaled.jpg\" \/>\n\t<meta property=\"og:image:width\" content=\"2560\" \/>\n\t<meta property=\"og:image:height\" content=\"905\" \/>\n\t<meta property=\"og:image:type\" content=\"image\/jpeg\" \/>\n<meta name=\"twitter:card\" content=\"summary_large_image\" \/>\n<meta name=\"twitter:site\" content=\"@shrimataji\" \/>\n<meta name=\"twitter:label1\" content=\"Est. reading time\" \/>\n\t<meta name=\"twitter:data1\" content=\"5 minutes\" \/>\n<script type=\"application\/ld+json\" class=\"yoast-schema-graph\">{\"@context\":\"https:\\\/\\\/schema.org\",\"@graph\":[{\"@type\":\"WebPage\",\"@id\":\"https:\\\/\\\/shrimataji.org\\\/test\\\/hu\\\/the-widening-circle\\\/\",\"url\":\"https:\\\/\\\/shrimataji.org\\\/test\\\/hu\\\/the-widening-circle\\\/\",\"name\":\"A sz\u00e9lesed\u0151 k\u00f6r - TEST - SMND\",\"isPartOf\":{\"@id\":\"https:\\\/\\\/shrimataji.org\\\/test\\\/#website\"},\"primaryImageOfPage\":{\"@id\":\"https:\\\/\\\/shrimataji.org\\\/test\\\/hu\\\/the-widening-circle\\\/#primaryimage\"},\"image\":{\"@id\":\"https:\\\/\\\/shrimataji.org\\\/test\\\/hu\\\/the-widening-circle\\\/#primaryimage\"},\"thumbnailUrl\":\"https:\\\/\\\/shrimataji.org\\\/test\\\/wp-content\\\/uploads\\\/2023\\\/03\\\/10_Banner-PublicLife-WideningCircle_2-scaled.jpg\",\"datePublished\":\"2018-07-10T06:54:50+00:00\",\"dateModified\":\"2026-04-21T13:18:36+00:00\",\"breadcrumb\":{\"@id\":\"https:\\\/\\\/shrimataji.org\\\/test\\\/hu\\\/the-widening-circle\\\/#breadcrumb\"},\"inLanguage\":\"en-US\",\"potentialAction\":[{\"@type\":\"ReadAction\",\"target\":[\"https:\\\/\\\/shrimataji.org\\\/test\\\/hu\\\/the-widening-circle\\\/\"]}]},{\"@type\":\"ImageObject\",\"inLanguage\":\"en-US\",\"@id\":\"https:\\\/\\\/shrimataji.org\\\/test\\\/hu\\\/the-widening-circle\\\/#primaryimage\",\"url\":\"https:\\\/\\\/shrimataji.org\\\/test\\\/wp-content\\\/uploads\\\/2023\\\/03\\\/10_Banner-PublicLife-WideningCircle_2-scaled.jpg\",\"contentUrl\":\"https:\\\/\\\/shrimataji.org\\\/test\\\/wp-content\\\/uploads\\\/2023\\\/03\\\/10_Banner-PublicLife-WideningCircle_2-scaled.jpg\",\"width\":2560,\"height\":905},{\"@type\":\"BreadcrumbList\",\"@id\":\"https:\\\/\\\/shrimataji.org\\\/test\\\/hu\\\/the-widening-circle\\\/#breadcrumb\",\"itemListElement\":[{\"@type\":\"ListItem\",\"position\":1,\"name\":\"Home\",\"item\":\"https:\\\/\\\/shrimataji.org\\\/test\\\/uk\\\/home-en\\\/\"},{\"@type\":\"ListItem\",\"position\":2,\"name\":\"A sz\u00e9lesed\u0151 k\u00f6r\"}]},{\"@type\":\"WebSite\",\"@id\":\"https:\\\/\\\/shrimataji.org\\\/test\\\/#website\",\"url\":\"https:\\\/\\\/shrimataji.org\\\/test\\\/\",\"name\":\"Shri Mataji Nirmala Devi\",\"description\":\"A Life Dedicated to Humanity\",\"publisher\":{\"@id\":\"https:\\\/\\\/shrimataji.org\\\/test\\\/#\\\/schema\\\/person\\\/a1b3419c6585f164aa96da1ff85715d1\"},\"potentialAction\":[{\"@type\":\"SearchAction\",\"target\":{\"@type\":\"EntryPoint\",\"urlTemplate\":\"https:\\\/\\\/shrimataji.org\\\/test\\\/?s={search_term_string}\"},\"query-input\":{\"@type\":\"PropertyValueSpecification\",\"valueRequired\":true,\"valueName\":\"search_term_string\"}}],\"inLanguage\":\"en-US\"},{\"@type\":[\"Person\",\"Organization\"],\"@id\":\"https:\\\/\\\/shrimataji.org\\\/test\\\/#\\\/schema\\\/person\\\/a1b3419c6585f164aa96da1ff85715d1\",\"name\":\"Nirmala Shrivastava\",\"image\":{\"@type\":\"ImageObject\",\"inLanguage\":\"en-US\",\"@id\":\"https:\\\/\\\/shrimataji.org\\\/test\\\/wp-content\\\/uploads\\\/2023\\\/02\\\/SMO_LOGO-03.svg\",\"url\":\"https:\\\/\\\/shrimataji.org\\\/test\\\/wp-content\\\/uploads\\\/2023\\\/02\\\/SMO_LOGO-03.svg\",\"contentUrl\":\"https:\\\/\\\/shrimataji.org\\\/test\\\/wp-content\\\/uploads\\\/2023\\\/02\\\/SMO_LOGO-03.svg\",\"width\":\"1024\",\"height\":\"1024\",\"caption\":\"Nirmala Shrivastava\"},\"logo\":{\"@id\":\"https:\\\/\\\/shrimataji.org\\\/test\\\/wp-content\\\/uploads\\\/2023\\\/02\\\/SMO_LOGO-03.svg\"},\"sameAs\":[\"https:\\\/\\\/shrimataji.org\\\/test\",\"https:\\\/\\\/www.facebook.com\\\/shrimataji\",\"https:\\\/\\\/x.com\\\/shrimataji\",\"https:\\\/\\\/www.youtube.com\\\/@Shri_Mataji_Nirmala_Devi\\\/featured\"]}]}<\/script>\n<!-- \/ Yoast SEO plugin. -->","yoast_head_json":{"title":"A sz\u00e9lesed\u0151 k\u00f6r - TEST - SMND","robots":{"index":"noindex","follow":"follow","max-snippet":"max-snippet:-1","max-image-preview":"max-image-preview:large","max-video-preview":"max-video-preview:-1"},"og_locale":"en_US","og_type":"article","og_title":"A sz\u00e9lesed\u0151 k\u00f6r - TEST - SMND","og_description":"A sz\u00e9lesed\u0151 k\u00f6r A v\u00e1ltoz\u00e1s szele 1964. m\u00e1jus 27-\u00e9n elhunyt India els\u0151 minisztereln\u00f6ke, Dzsav\u00e1harl\u00e1l Nehru. Sir C.P.\u00a0az Egyes\u00fclt Kir\u00e1lys\u00e1gban tart\u00f3zkodott, ahol egy haj\u00f3z\u00e1si konferenci\u00e1n vett r\u00e9szt. J\u00fanius 2-\u00e1n, kedden \u00e9rkezett a h\u00edr, hogy Lal Bahadur Shastri-t v\u00e1lasztott\u00e1k meg a Kongresszus P\u00e1rt \u00faj vezet\u0151j\u00e9v\u00e9, \u00e9s hamarosan India m\u00e1sodik minisztereln\u00f6k\u00e9v\u00e9 v\u00e1lasztj\u00e1k. Mire Sir C.P. visszat\u00e9rt az Egyes\u00fclt&hellip; Read more","og_url":"https:\/\/shrimataji.org\/test\/hu\/the-widening-circle\/","og_site_name":"TEST - SMND","article_publisher":"https:\/\/www.facebook.com\/shrimataji","article_modified_time":"2026-04-21T13:18:36+00:00","og_image":[{"width":2560,"height":905,"url":"https:\/\/shrimataji.org\/test\/wp-content\/uploads\/2023\/03\/10_Banner-PublicLife-WideningCircle_2-scaled.jpg","type":"image\/jpeg"}],"twitter_card":"summary_large_image","twitter_site":"@shrimataji","twitter_misc":{"Est. reading time":"5 minutes"},"schema":{"@context":"https:\/\/schema.org","@graph":[{"@type":"WebPage","@id":"https:\/\/shrimataji.org\/test\/hu\/the-widening-circle\/","url":"https:\/\/shrimataji.org\/test\/hu\/the-widening-circle\/","name":"A sz\u00e9lesed\u0151 k\u00f6r - TEST - SMND","isPartOf":{"@id":"https:\/\/shrimataji.org\/test\/#website"},"primaryImageOfPage":{"@id":"https:\/\/shrimataji.org\/test\/hu\/the-widening-circle\/#primaryimage"},"image":{"@id":"https:\/\/shrimataji.org\/test\/hu\/the-widening-circle\/#primaryimage"},"thumbnailUrl":"https:\/\/shrimataji.org\/test\/wp-content\/uploads\/2023\/03\/10_Banner-PublicLife-WideningCircle_2-scaled.jpg","datePublished":"2018-07-10T06:54:50+00:00","dateModified":"2026-04-21T13:18:36+00:00","breadcrumb":{"@id":"https:\/\/shrimataji.org\/test\/hu\/the-widening-circle\/#breadcrumb"},"inLanguage":"en-US","potentialAction":[{"@type":"ReadAction","target":["https:\/\/shrimataji.org\/test\/hu\/the-widening-circle\/"]}]},{"@type":"ImageObject","inLanguage":"en-US","@id":"https:\/\/shrimataji.org\/test\/hu\/the-widening-circle\/#primaryimage","url":"https:\/\/shrimataji.org\/test\/wp-content\/uploads\/2023\/03\/10_Banner-PublicLife-WideningCircle_2-scaled.jpg","contentUrl":"https:\/\/shrimataji.org\/test\/wp-content\/uploads\/2023\/03\/10_Banner-PublicLife-WideningCircle_2-scaled.jpg","width":2560,"height":905},{"@type":"BreadcrumbList","@id":"https:\/\/shrimataji.org\/test\/hu\/the-widening-circle\/#breadcrumb","itemListElement":[{"@type":"ListItem","position":1,"name":"Home","item":"https:\/\/shrimataji.org\/test\/uk\/home-en\/"},{"@type":"ListItem","position":2,"name":"A sz\u00e9lesed\u0151 k\u00f6r"}]},{"@type":"WebSite","@id":"https:\/\/shrimataji.org\/test\/#website","url":"https:\/\/shrimataji.org\/test\/","name":"Shri Mataji Nirmala Devi","description":"A Life Dedicated to Humanity","publisher":{"@id":"https:\/\/shrimataji.org\/test\/#\/schema\/person\/a1b3419c6585f164aa96da1ff85715d1"},"potentialAction":[{"@type":"SearchAction","target":{"@type":"EntryPoint","urlTemplate":"https:\/\/shrimataji.org\/test\/?s={search_term_string}"},"query-input":{"@type":"PropertyValueSpecification","valueRequired":true,"valueName":"search_term_string"}}],"inLanguage":"en-US"},{"@type":["Person","Organization"],"@id":"https:\/\/shrimataji.org\/test\/#\/schema\/person\/a1b3419c6585f164aa96da1ff85715d1","name":"Nirmala Shrivastava","image":{"@type":"ImageObject","inLanguage":"en-US","@id":"https:\/\/shrimataji.org\/test\/wp-content\/uploads\/2023\/02\/SMO_LOGO-03.svg","url":"https:\/\/shrimataji.org\/test\/wp-content\/uploads\/2023\/02\/SMO_LOGO-03.svg","contentUrl":"https:\/\/shrimataji.org\/test\/wp-content\/uploads\/2023\/02\/SMO_LOGO-03.svg","width":"1024","height":"1024","caption":"Nirmala Shrivastava"},"logo":{"@id":"https:\/\/shrimataji.org\/test\/wp-content\/uploads\/2023\/02\/SMO_LOGO-03.svg"},"sameAs":["https:\/\/shrimataji.org\/test","https:\/\/www.facebook.com\/shrimataji","https:\/\/x.com\/shrimataji","https:\/\/www.youtube.com\/@Shri_Mataji_Nirmala_Devi\/featured"]}]}},"lang":"hu","translations":{"hu":19593,"ur":37524,"en":37234,"am":18099,"th":20095,"ar":16995,"sq":18500,"zh":17397,"hi":8269,"tr":10224,"pt":10432,"de":10706,"fr":10804,"it":10902,"es":10999,"ja":11297,"ru":11485,"bn":11676,"te":11784,"sw":11907,"he":12055,"el":12347,"sk":12445,"fa":12543,"fi":12641,"bg":13447,"ro":14521,"cs":14714,"nl":16659,"ku":16819,"be":18707,"kn":18981,"mr":20459,"uk":20752,"ml":21047,"ta":22818,"sv":23087,"gu":28922,"pa":29082,"fil":29536,"da":37831,"pl":38041,"nn":38383},"pll_sync_post":[],"_links":{"self":[{"href":"https:\/\/shrimataji.org\/test\/wp-json\/wp\/v2\/pages\/19593","targetHints":{"allow":["GET"]}}],"collection":[{"href":"https:\/\/shrimataji.org\/test\/wp-json\/wp\/v2\/pages"}],"about":[{"href":"https:\/\/shrimataji.org\/test\/wp-json\/wp\/v2\/types\/page"}],"author":[{"embeddable":true,"href":"https:\/\/shrimataji.org\/test\/wp-json\/wp\/v2\/users\/1"}],"replies":[{"embeddable":true,"href":"https:\/\/shrimataji.org\/test\/wp-json\/wp\/v2\/comments?post=19593"}],"version-history":[{"count":0,"href":"https:\/\/shrimataji.org\/test\/wp-json\/wp\/v2\/pages\/19593\/revisions"}],"wp:featuredmedia":[{"embeddable":true,"href":"https:\/\/shrimataji.org\/test\/wp-json\/wp\/v2\/media\/19595"}],"wp:attachment":[{"href":"https:\/\/shrimataji.org\/test\/wp-json\/wp\/v2\/media?parent=19593"}],"curies":[{"name":"wp","href":"https:\/\/api.w.org\/{rel}","templated":true}]}}