{"id":19602,"date":"2011-10-05T02:00:00","date_gmt":"2011-10-05T02:00:00","guid":{"rendered":"http:\/\/testwordpress.nirmalnagari.org\/smnd\/index.php\/uniting-the-nations\/"},"modified":"2026-04-20T18:58:17","modified_gmt":"2026-04-20T18:58:17","slug":"uniting-the-nations","status":"publish","type":"page","link":"https:\/\/shrimataji.org\/test\/hu\/uniting-the-nations\/","title":{"rendered":"A nemzetek egyes\u00edt\u00e9se"},"content":{"rendered":"\n\n\t<h1>A nemzetek egyes\u00edt\u00e9se<\/h1>\n<h2>Glob\u00e1lis \u00e1talakul\u00e1s &#8211; Hat\u00e1rokon \u00e1t<\/h2>\n\t<h4>Kis k\u00f6z\u00f6ns\u00e9g volt a Dag Hammarskj\u00f6ld el\u0151ad\u00f3teremben. Kora este \u00f6tven alkalmazott gy\u0171lt \u00f6ssze a k\u00f6zepes m\u00e9ret\u0171 sz\u00ednh\u00e1zteremben. Az Egyes\u00fclt Nemzetek Szervezete mind\u00f6ssze k\u00e9t nappal kor\u00e1bban alap\u00edtotta \u00e9s hagyta j\u00f3v\u00e1 az \u00faj Sahaja Medit\u00e1ci\u00f3s T\u00e1rsas\u00e1got, \u00e9s most a tagok \u00f6sszegy\u0171ltek, hogy meghallgass\u00e1k a f\u0151el\u0151ad\u00f3t.<\/h4>\n\t<p>Ez egyfajta sz\u00fcnet volt sz\u00e1mukra az \u00edr\u00f3asztalukt\u00f3l, a megbesz\u00e9l\u00e9sekt\u0151l \u00e9s a glob\u00e1lis aggodalmaikt\u00f3l. Lehet\u0151s\u00e9get adott arra, hogy meghallgass\u00e1k Shri Mataji Nirmala Devi szavait, es\u00e9lyt kapjanak arra, hogy \u00f6nmagukba tekintsenek. A t\u00e9ma a spiritu\u00e1lis megvil\u00e1gosod\u00e1s, a glob\u00e1lis b\u00e9ke \u00e9s egy jobb vil\u00e1g volt. 1990. j\u00fanius 6-\u00e1t \u00edrtunk. A helysz\u00edn az Egyes\u00fclt Nemzetek Szervezet\u00e9nek New York-i sz\u00e9khelye.<\/p>\n<p>Tal\u00e1n az ENSZ munkat\u00e1rsainak gondolatai azon a napon a Szovjetuni\u00f3 eur\u00f3pai fegyverzetcs\u00f6kkent\u00e9si \u00edg\u00e9ret\u00e9n j\u00e1rtak. Vagy tal\u00e1n n\u00e9h\u00e1nyan seg\u00edts\u00e9get ny\u00fajtottak az ENSZ-szem\u00e9lyzet kimenek\u00edt\u00e9s\u00e9hez egy \u00fajabb lib\u00e9riai polg\u00e1rh\u00e1bor\u00fa ok\u00e1n.<\/p>\n<p>A vil\u00e1g tele volt z\u0171rzavarral \u00e9s v\u00e1ltoz\u00e1ssal. A pekingi Tienanmen t\u00e9ri t\u00fcntet\u00e9sek \u00e9s m\u00e9sz\u00e1rl\u00e1s els\u0151 \u00e9vfordul\u00f3j\u00e1nak megeml\u00e9kez\u00e9se mind\u00f6ssze n\u00e9h\u00e1ny nappal kor\u00e1bban volt. Senki sem l\u00e1thatta el\u0151re, mi fog t\u00f6rt\u00e9nni ezut\u00e1n.<\/p>\n<figure itemscope itemtype=\"https:\/\/schema.org\/ImageObject\">\n\t\t\t\t<img decoding=\"async\" src=\"https:\/\/shrimataji.org\/test\/wp-content\/uploads\/2018\/07\/media_originals\/images\/shri-mataji-portraits\/shri-mataji-nirmala-devi-portrait-smiling-1024x681.jpg\" alt=\"shri-mataji-nirmala-devi-portrait-smiling\" height=\"681\" width=\"1024\" height=\"681\" width=\"1024\" title=\"shri-mataji-nirmala-devi-portrait-smiling\" onerror=\"this.style.display='none'\" loading=\"lazy\" \/>\n\t<\/figure>\n\t<p>Tizenk\u00e9t h\u00f3napon bel\u00fcl ugyanaz a Szovjetuni\u00f3 m\u00e1r nem l\u00e9tezik. Egy \u00faj F\u00fcggetlen \u00c1llamok K\u00f6z\u00f6ss\u00e9ge l\u00e9p hely\u00e9be. Rom\u00e1ni\u00e1ban m\u00e1r szabad v\u00e1laszt\u00e1sokat tartottak a berlini fal el\u0151z\u0151 \u00e9vi lebont\u00e1sa ut\u00e1n. Kevesebb mint n\u00e9gy h\u00f3nap m\u00falva Kelet- \u00e9s Nyugat-N\u00e9metorsz\u00e1g \u00fajraegyes\u00fcl. \u00c9s kevesebb mint k\u00e9t h\u00f3nap m\u00falva Irak megt\u00e1madja Kuvaitot. Az ENSZ \u00e9p\u00fclete hamarosan m\u00e9g forgalmasabb helly\u00e9 v\u00e1lik. Itt volt az ideje meg\u00e1llni \u00e9s figyelni.<\/p>\n<p>Azon a szerda est\u00e9n Shri Mataji nyugodtan besz\u00e9lt a k\u00f6z\u00f6ns\u00e9ghez. Hangneme bens\u0151s\u00e9ges volt. Szavait a k\u00f6z\u00f6ns\u00e9g ig\u00e9nyeihez igaz\u00edtotta, \u00e9s mint mindig, egyszerre glob\u00e1lis \u00e9s szem\u00e9lyes hangv\u00e9tel\u0171 kifejez\u00e9seket haszn\u00e1lt.<\/p>\n\t<div class=\"su-quote su-quote-style-default\"><div class=\"su-quote-inner su-u-clearfix su-u-trim\">Az \u00fczenetem az emberis\u00e9g sz\u00e1m\u00e1ra az, hogy mindannyi\u00f3toknak \u00e1t kell alakulnotok, a L\u00e9lekk\u00e9 kell v\u00e1lnotok, mert \u00edgy ismerhetitek meg \u00f6nmagatokat. <\/div><\/div>\n\t<p>El\u0151ad\u00e1s\u00e1ban Shri Mataji az igazs\u00e1gr\u00f3l \u00e9s az Egyes\u00fclt Nemzetek kollekt\u00edv doktr\u00edn\u00e1j\u00e1nak val\u00f3ra v\u00e1lt\u00e1s\u00e1nak sz\u00fcks\u00e9gess\u00e9g\u00e9r\u0151l besz\u00e9lt. Sz\u00f3lt a Kundalini szerep\u00e9r\u0151l a megval\u00f3s\u00edt\u00e1sban.<\/p>\n<p>\u201e\u00d6kol\u00f3giai probl\u00e9m\u00e1kr\u00f3l besz\u00e9l\u00fcnk&#8221; &#8211; mondta -, \u201eerr\u0151l a probl\u00e9m\u00e1r\u00f3l, arr\u00f3l a probl\u00e9m\u00e1r\u00f3l, de nem gondolunk bele, hogyan szabadulhatunk meg t\u0151l\u00fck. Ha az Egyes\u00fclt Nemzetek Szervezete a val\u00f3s\u00e1gban akarja kifejezni mag\u00e1t, akkor azt mondan\u00e1m, hogy az Egyes\u00fclt Nemzetek Szervezete embereinek el\u0151sz\u00f6r meg kell kapniuk az \u00f6nmegval\u00f3sul\u00e1sukat, \u00e9s akkor meg\u00e9rthetik, hogy \u0151k mik&#8230; Sok lehet\u0151s\u00e9ggel \u00e9s sokf\u00e9le er\u0151vel rendelkeznek, amit haszn\u00e1lhatnak. \u00c9s ez a szeretet ereje.&#8221;<\/p>\n\t<p>El\u0151ad\u00e1sa v\u00e9g\u00e9n \u00f6nmegval\u00f3sul\u00e1st adott. Szinte senki sem akart kimenni a teremb\u0151l miel\u0151tt \u00e1t\u00e9lte volna az \u00e9lm\u00e9nyt, majd szem\u00e9lyesen \u00fcdv\u00f6z\u00f6lte volna Shri Matajit. A legt\u00f6bben tov\u00e1bbi \u00f3r\u00e1kra is jelentkeztek.<\/p>\n<p>Az ENSZ-beli megjelen\u00e9s\u00e9t megel\u0151z\u0151 h\u00e9ten Shri Mataji hasonl\u00f3 el\u0151ad\u00e1sokat tartott Miamiban \u00e9s San Dieg\u00f3ban is. Az \u00e9v elej\u00e9n felsz\u00f3lalt Ausztr\u00e1li\u00e1ban, Indi\u00e1ban, Olaszorsz\u00e1gban, \u00daj-Z\u00e9landon, Oroszorsz\u00e1gban, Szingap\u00farban \u00e9s az Egyes\u00fclt Kir\u00e1lys\u00e1gban. Orvosi konferenci\u00e1t tartott Moszkv\u00e1ban, sajt\u00f3t\u00e1j\u00e9koztat\u00f3t Kalkutt\u00e1ban, Perthben, Melbourne-ben, Cairnsben, Sydneyben, Bangalore-ban, Hyderabadban, Jaipurban, Leningr\u00e1dban \u00e9s Aucklandben &#8211; abban az \u00e9vben el\u0151ad\u00e1sainak sz\u00e1ma m\u00e1r k\u00f6zeledett a 100-hoz, \u00e9s ekkor m\u00e9g csak j\u00fanius volt.<\/p>\n<p>Az \u00e9v v\u00e9ge el\u0151tt Shri Mataji t\u00f6bb mint 200 meg\u00e1ll\u00f3t tett a vil\u00e1g 26 orsz\u00e1g\u00e1ban. 1990-es utaz\u00e1sai \u00f6sszesen meghaladt\u00e1k a 135 000 kilom\u00e9tert &#8211; egy olyan \u00fati program, amelyet a legt\u00f6bb ember kimer\u00edt\u0151nek tal\u00e1lna. De ezzel nem \u00e9rt v\u00e9get a dolog, mivel a tervezett el\u0151ad\u00e1sok mellett sz\u00e1mtalan inform\u00e1lis esem\u00e9nyre is sor ker\u00fclt otthonokban, rep\u00fcl\u0151tereken, folyos\u00f3kon \u00e9s iskol\u00e1kban. Minden besz\u00e9lget\u00e9s, minden besz\u00e9d m\u00e1s volt, de egyben ugyanolyan is, aggodalommal \u00e9s m\u00e9lyrehat\u00f3 betekint\u00e9ssel, humorral \u00e9s szeretettel teli. Minden el\u0151ad\u00e1s ugyanazt a c\u00e9lt szolg\u00e1lta. A spiritu\u00e1lis felemelked\u00e9s sz\u00fcks\u00e9gess\u00e9g\u00e9r\u0151l sz\u00f3lt.<\/p>\n<p>M\u00edg egy m\u00e1sik ember azt mondan\u00e1: \u201eL\u00e9gy a jobb \u00f6nmagad&#8221;, Shri Mataji egy m\u00e9g magasabb szintre t\u00f6rekedett: \u201eL\u00e9gy az igazi \u00f6nmagad.&#8221;<\/p>\n\u00c9s 1990 nem volt egy szokatlan \u00e9v. Az 1970-es \u00e9vek v\u00e9g\u00e9t\u0151l, a 80-as \u00e9s 90-es \u00e9veken \u00e1t, s\u0151t az \u00faj \u00e9vsz\u00e1zadban is folytat\u00f3dtak utaz\u00e1sai \u00e9s misszi\u00f3i, er\u0151fesz\u00edt\u00e9sei egy jobb vil\u00e1g megteremt\u00e9s\u00e9re. Utaz\u00e1sair\u00f3l az \u00fajs\u00e1gok nagyr\u00e9szt nem \u00edrtak, de nem maradtak \u00e9szrev\u00e9tlenek azok sz\u00e1m\u00e1ra, akik a metamodern vil\u00e1gban kerest\u00e9k a megvil\u00e1gosod\u00e1st.\n\n","protected":false},"excerpt":{"rendered":"<p>A nemzetek egyes\u00edt\u00e9se Glob\u00e1lis \u00e1talakul\u00e1s &#8211; Hat\u00e1rokon \u00e1t Kis k\u00f6z\u00f6ns\u00e9g volt a Dag Hammarskj\u00f6ld el\u0151ad\u00f3teremben. Kora este \u00f6tven alkalmazott gy\u0171lt \u00f6ssze a k\u00f6zepes m\u00e9ret\u0171 sz\u00ednh\u00e1zteremben. Az Egyes\u00fclt Nemzetek Szervezete mind\u00f6ssze k\u00e9t nappal kor\u00e1bban alap\u00edtotta \u00e9s hagyta j\u00f3v\u00e1 az \u00faj Sahaja Medit\u00e1ci\u00f3s T\u00e1rsas\u00e1got, \u00e9s most a tagok \u00f6sszegy\u0171ltek, hogy meghallgass\u00e1k a f\u0151el\u0151ad\u00f3t. Ez egyfajta sz\u00fcnet volt&hellip; <br \/> <a class=\"read-more\" href=\"https:\/\/shrimataji.org\/test\/hu\/uniting-the-nations\/\">Read more<\/a><\/p>\n","protected":false},"author":1,"featured_media":19604,"parent":0,"menu_order":0,"comment_status":"closed","ping_status":"closed","template":"","meta":{"inline_featured_image":false,"footnotes":""},"class_list":["post-19602","page","type-page","status-publish","has-post-thumbnail","hentry"],"yoast_head":"<!-- This site is optimized with the Yoast SEO plugin v27.4 - https:\/\/yoast.com\/product\/yoast-seo-wordpress\/ -->\n<title>A nemzetek egyes\u00edt\u00e9se - TEST - SMND<\/title>\n<meta name=\"robots\" content=\"noindex, follow, max-snippet:-1, max-image-preview:large, max-video-preview:-1\" \/>\n<meta property=\"og:locale\" content=\"en_US\" \/>\n<meta property=\"og:type\" content=\"article\" \/>\n<meta property=\"og:title\" content=\"A nemzetek egyes\u00edt\u00e9se - TEST - SMND\" \/>\n<meta property=\"og:description\" content=\"A nemzetek egyes\u00edt\u00e9se Glob\u00e1lis \u00e1talakul\u00e1s &#8211; Hat\u00e1rokon \u00e1t Kis k\u00f6z\u00f6ns\u00e9g volt a Dag Hammarskj\u00f6ld el\u0151ad\u00f3teremben. Kora este \u00f6tven alkalmazott gy\u0171lt \u00f6ssze a k\u00f6zepes m\u00e9ret\u0171 sz\u00ednh\u00e1zteremben. Az Egyes\u00fclt Nemzetek Szervezete mind\u00f6ssze k\u00e9t nappal kor\u00e1bban alap\u00edtotta \u00e9s hagyta j\u00f3v\u00e1 az \u00faj Sahaja Medit\u00e1ci\u00f3s T\u00e1rsas\u00e1got, \u00e9s most a tagok \u00f6sszegy\u0171ltek, hogy meghallgass\u00e1k a f\u0151el\u0151ad\u00f3t. Ez egyfajta sz\u00fcnet volt&hellip; Read more\" \/>\n<meta property=\"og:url\" content=\"https:\/\/shrimataji.org\/test\/hu\/uniting-the-nations\/\" \/>\n<meta property=\"og:site_name\" content=\"TEST - SMND\" \/>\n<meta property=\"article:publisher\" content=\"https:\/\/www.facebook.com\/shrimataji\" \/>\n<meta property=\"article:modified_time\" content=\"2026-04-20T18:58:17+00:00\" \/>\n<meta property=\"og:image\" content=\"https:\/\/shrimataji.org\/test\/wp-content\/uploads\/2018\/07\/media_originals\/images\/headers-general\/shri-mataji-nirmala-devi-arrives-near-vienna-austria-2009.jpg\" \/>\n\t<meta property=\"og:image:width\" content=\"990\" \/>\n\t<meta property=\"og:image:height\" content=\"350\" \/>\n\t<meta property=\"og:image:type\" content=\"image\/jpeg\" \/>\n<meta name=\"twitter:card\" content=\"summary_large_image\" \/>\n<meta name=\"twitter:site\" content=\"@shrimataji\" \/>\n<meta name=\"twitter:label1\" content=\"Est. reading time\" \/>\n\t<meta name=\"twitter:data1\" content=\"3 minutes\" \/>\n<script type=\"application\/ld+json\" class=\"yoast-schema-graph\">{\"@context\":\"https:\\\/\\\/schema.org\",\"@graph\":[{\"@type\":\"WebPage\",\"@id\":\"https:\\\/\\\/shrimataji.org\\\/test\\\/hu\\\/uniting-the-nations\\\/\",\"url\":\"https:\\\/\\\/shrimataji.org\\\/test\\\/hu\\\/uniting-the-nations\\\/\",\"name\":\"A nemzetek egyes\u00edt\u00e9se - TEST - SMND\",\"isPartOf\":{\"@id\":\"https:\\\/\\\/shrimataji.org\\\/test\\\/#website\"},\"primaryImageOfPage\":{\"@id\":\"https:\\\/\\\/shrimataji.org\\\/test\\\/hu\\\/uniting-the-nations\\\/#primaryimage\"},\"image\":{\"@id\":\"https:\\\/\\\/shrimataji.org\\\/test\\\/hu\\\/uniting-the-nations\\\/#primaryimage\"},\"thumbnailUrl\":\"https:\\\/\\\/shrimataji.org\\\/test\\\/wp-content\\\/uploads\\\/2018\\\/07\\\/media_originals\\\/images\\\/headers-general\\\/shri-mataji-nirmala-devi-arrives-near-vienna-austria-2009.jpg\",\"datePublished\":\"2011-10-05T02:00:00+00:00\",\"dateModified\":\"2026-04-20T18:58:17+00:00\",\"breadcrumb\":{\"@id\":\"https:\\\/\\\/shrimataji.org\\\/test\\\/hu\\\/uniting-the-nations\\\/#breadcrumb\"},\"inLanguage\":\"en-US\",\"potentialAction\":[{\"@type\":\"ReadAction\",\"target\":[\"https:\\\/\\\/shrimataji.org\\\/test\\\/hu\\\/uniting-the-nations\\\/\"]}]},{\"@type\":\"ImageObject\",\"inLanguage\":\"en-US\",\"@id\":\"https:\\\/\\\/shrimataji.org\\\/test\\\/hu\\\/uniting-the-nations\\\/#primaryimage\",\"url\":\"https:\\\/\\\/shrimataji.org\\\/test\\\/wp-content\\\/uploads\\\/2018\\\/07\\\/media_originals\\\/images\\\/headers-general\\\/shri-mataji-nirmala-devi-arrives-near-vienna-austria-2009.jpg\",\"contentUrl\":\"https:\\\/\\\/shrimataji.org\\\/test\\\/wp-content\\\/uploads\\\/2018\\\/07\\\/media_originals\\\/images\\\/headers-general\\\/shri-mataji-nirmala-devi-arrives-near-vienna-austria-2009.jpg\",\"width\":990,\"height\":350},{\"@type\":\"BreadcrumbList\",\"@id\":\"https:\\\/\\\/shrimataji.org\\\/test\\\/hu\\\/uniting-the-nations\\\/#breadcrumb\",\"itemListElement\":[{\"@type\":\"ListItem\",\"position\":1,\"name\":\"Home\",\"item\":\"https:\\\/\\\/shrimataji.org\\\/test\\\/uk\\\/home-en\\\/\"},{\"@type\":\"ListItem\",\"position\":2,\"name\":\"A nemzetek egyes\u00edt\u00e9se\"}]},{\"@type\":\"WebSite\",\"@id\":\"https:\\\/\\\/shrimataji.org\\\/test\\\/#website\",\"url\":\"https:\\\/\\\/shrimataji.org\\\/test\\\/\",\"name\":\"Shri Mataji Nirmala Devi\",\"description\":\"A Life Dedicated to Humanity\",\"publisher\":{\"@id\":\"https:\\\/\\\/shrimataji.org\\\/test\\\/#\\\/schema\\\/person\\\/a1b3419c6585f164aa96da1ff85715d1\"},\"potentialAction\":[{\"@type\":\"SearchAction\",\"target\":{\"@type\":\"EntryPoint\",\"urlTemplate\":\"https:\\\/\\\/shrimataji.org\\\/test\\\/?s={search_term_string}\"},\"query-input\":{\"@type\":\"PropertyValueSpecification\",\"valueRequired\":true,\"valueName\":\"search_term_string\"}}],\"inLanguage\":\"en-US\"},{\"@type\":[\"Person\",\"Organization\"],\"@id\":\"https:\\\/\\\/shrimataji.org\\\/test\\\/#\\\/schema\\\/person\\\/a1b3419c6585f164aa96da1ff85715d1\",\"name\":\"Nirmala Shrivastava\",\"image\":{\"@type\":\"ImageObject\",\"inLanguage\":\"en-US\",\"@id\":\"https:\\\/\\\/shrimataji.org\\\/test\\\/wp-content\\\/uploads\\\/2023\\\/02\\\/SMO_LOGO-03.svg\",\"url\":\"https:\\\/\\\/shrimataji.org\\\/test\\\/wp-content\\\/uploads\\\/2023\\\/02\\\/SMO_LOGO-03.svg\",\"contentUrl\":\"https:\\\/\\\/shrimataji.org\\\/test\\\/wp-content\\\/uploads\\\/2023\\\/02\\\/SMO_LOGO-03.svg\",\"width\":\"1024\",\"height\":\"1024\",\"caption\":\"Nirmala Shrivastava\"},\"logo\":{\"@id\":\"https:\\\/\\\/shrimataji.org\\\/test\\\/wp-content\\\/uploads\\\/2023\\\/02\\\/SMO_LOGO-03.svg\"},\"sameAs\":[\"https:\\\/\\\/shrimataji.org\\\/test\",\"https:\\\/\\\/www.facebook.com\\\/shrimataji\",\"https:\\\/\\\/x.com\\\/shrimataji\",\"https:\\\/\\\/www.youtube.com\\\/@Shri_Mataji_Nirmala_Devi\\\/featured\"]}]}<\/script>\n<!-- \/ Yoast SEO plugin. -->","yoast_head_json":{"title":"A nemzetek egyes\u00edt\u00e9se - TEST - SMND","robots":{"index":"noindex","follow":"follow","max-snippet":"max-snippet:-1","max-image-preview":"max-image-preview:large","max-video-preview":"max-video-preview:-1"},"og_locale":"en_US","og_type":"article","og_title":"A nemzetek egyes\u00edt\u00e9se - TEST - SMND","og_description":"A nemzetek egyes\u00edt\u00e9se Glob\u00e1lis \u00e1talakul\u00e1s &#8211; Hat\u00e1rokon \u00e1t Kis k\u00f6z\u00f6ns\u00e9g volt a Dag Hammarskj\u00f6ld el\u0151ad\u00f3teremben. Kora este \u00f6tven alkalmazott gy\u0171lt \u00f6ssze a k\u00f6zepes m\u00e9ret\u0171 sz\u00ednh\u00e1zteremben. Az Egyes\u00fclt Nemzetek Szervezete mind\u00f6ssze k\u00e9t nappal kor\u00e1bban alap\u00edtotta \u00e9s hagyta j\u00f3v\u00e1 az \u00faj Sahaja Medit\u00e1ci\u00f3s T\u00e1rsas\u00e1got, \u00e9s most a tagok \u00f6sszegy\u0171ltek, hogy meghallgass\u00e1k a f\u0151el\u0151ad\u00f3t. Ez egyfajta sz\u00fcnet volt&hellip; Read more","og_url":"https:\/\/shrimataji.org\/test\/hu\/uniting-the-nations\/","og_site_name":"TEST - SMND","article_publisher":"https:\/\/www.facebook.com\/shrimataji","article_modified_time":"2026-04-20T18:58:17+00:00","og_image":[{"width":990,"height":350,"url":"https:\/\/shrimataji.org\/test\/wp-content\/uploads\/2018\/07\/media_originals\/images\/headers-general\/shri-mataji-nirmala-devi-arrives-near-vienna-austria-2009.jpg","type":"image\/jpeg"}],"twitter_card":"summary_large_image","twitter_site":"@shrimataji","twitter_misc":{"Est. reading time":"3 minutes"},"schema":{"@context":"https:\/\/schema.org","@graph":[{"@type":"WebPage","@id":"https:\/\/shrimataji.org\/test\/hu\/uniting-the-nations\/","url":"https:\/\/shrimataji.org\/test\/hu\/uniting-the-nations\/","name":"A nemzetek egyes\u00edt\u00e9se - TEST - SMND","isPartOf":{"@id":"https:\/\/shrimataji.org\/test\/#website"},"primaryImageOfPage":{"@id":"https:\/\/shrimataji.org\/test\/hu\/uniting-the-nations\/#primaryimage"},"image":{"@id":"https:\/\/shrimataji.org\/test\/hu\/uniting-the-nations\/#primaryimage"},"thumbnailUrl":"https:\/\/shrimataji.org\/test\/wp-content\/uploads\/2018\/07\/media_originals\/images\/headers-general\/shri-mataji-nirmala-devi-arrives-near-vienna-austria-2009.jpg","datePublished":"2011-10-05T02:00:00+00:00","dateModified":"2026-04-20T18:58:17+00:00","breadcrumb":{"@id":"https:\/\/shrimataji.org\/test\/hu\/uniting-the-nations\/#breadcrumb"},"inLanguage":"en-US","potentialAction":[{"@type":"ReadAction","target":["https:\/\/shrimataji.org\/test\/hu\/uniting-the-nations\/"]}]},{"@type":"ImageObject","inLanguage":"en-US","@id":"https:\/\/shrimataji.org\/test\/hu\/uniting-the-nations\/#primaryimage","url":"https:\/\/shrimataji.org\/test\/wp-content\/uploads\/2018\/07\/media_originals\/images\/headers-general\/shri-mataji-nirmala-devi-arrives-near-vienna-austria-2009.jpg","contentUrl":"https:\/\/shrimataji.org\/test\/wp-content\/uploads\/2018\/07\/media_originals\/images\/headers-general\/shri-mataji-nirmala-devi-arrives-near-vienna-austria-2009.jpg","width":990,"height":350},{"@type":"BreadcrumbList","@id":"https:\/\/shrimataji.org\/test\/hu\/uniting-the-nations\/#breadcrumb","itemListElement":[{"@type":"ListItem","position":1,"name":"Home","item":"https:\/\/shrimataji.org\/test\/uk\/home-en\/"},{"@type":"ListItem","position":2,"name":"A nemzetek egyes\u00edt\u00e9se"}]},{"@type":"WebSite","@id":"https:\/\/shrimataji.org\/test\/#website","url":"https:\/\/shrimataji.org\/test\/","name":"Shri Mataji Nirmala Devi","description":"A Life Dedicated to Humanity","publisher":{"@id":"https:\/\/shrimataji.org\/test\/#\/schema\/person\/a1b3419c6585f164aa96da1ff85715d1"},"potentialAction":[{"@type":"SearchAction","target":{"@type":"EntryPoint","urlTemplate":"https:\/\/shrimataji.org\/test\/?s={search_term_string}"},"query-input":{"@type":"PropertyValueSpecification","valueRequired":true,"valueName":"search_term_string"}}],"inLanguage":"en-US"},{"@type":["Person","Organization"],"@id":"https:\/\/shrimataji.org\/test\/#\/schema\/person\/a1b3419c6585f164aa96da1ff85715d1","name":"Nirmala Shrivastava","image":{"@type":"ImageObject","inLanguage":"en-US","@id":"https:\/\/shrimataji.org\/test\/wp-content\/uploads\/2023\/02\/SMO_LOGO-03.svg","url":"https:\/\/shrimataji.org\/test\/wp-content\/uploads\/2023\/02\/SMO_LOGO-03.svg","contentUrl":"https:\/\/shrimataji.org\/test\/wp-content\/uploads\/2023\/02\/SMO_LOGO-03.svg","width":"1024","height":"1024","caption":"Nirmala Shrivastava"},"logo":{"@id":"https:\/\/shrimataji.org\/test\/wp-content\/uploads\/2023\/02\/SMO_LOGO-03.svg"},"sameAs":["https:\/\/shrimataji.org\/test","https:\/\/www.facebook.com\/shrimataji","https:\/\/x.com\/shrimataji","https:\/\/www.youtube.com\/@Shri_Mataji_Nirmala_Devi\/featured"]}]}},"lang":"hu","translations":{"hu":19602,"ur":37530,"en":445,"am":18105,"th":20104,"ar":17001,"sq":18506,"zh":17403,"tr":10228,"pt":10435,"de":10710,"fr":10808,"it":10906,"es":11002,"ja":11300,"ru":11488,"bn":11680,"te":11788,"sw":11911,"he":12059,"el":12351,"sk":12449,"fa":12547,"fi":12645,"bg":13508,"ro":14583,"cs":14776,"nl":16665,"ku":16825,"be":18713,"kn":18987,"mr":20468,"uk":20761,"ml":21056,"ta":22824,"sv":23093,"gu":28928,"pa":29088,"fil":29542,"da":37837,"pl":38047,"nn":38389},"pll_sync_post":[],"_links":{"self":[{"href":"https:\/\/shrimataji.org\/test\/wp-json\/wp\/v2\/pages\/19602","targetHints":{"allow":["GET"]}}],"collection":[{"href":"https:\/\/shrimataji.org\/test\/wp-json\/wp\/v2\/pages"}],"about":[{"href":"https:\/\/shrimataji.org\/test\/wp-json\/wp\/v2\/types\/page"}],"author":[{"embeddable":true,"href":"https:\/\/shrimataji.org\/test\/wp-json\/wp\/v2\/users\/1"}],"replies":[{"embeddable":true,"href":"https:\/\/shrimataji.org\/test\/wp-json\/wp\/v2\/comments?post=19602"}],"version-history":[{"count":0,"href":"https:\/\/shrimataji.org\/test\/wp-json\/wp\/v2\/pages\/19602\/revisions"}],"wp:featuredmedia":[{"embeddable":true,"href":"https:\/\/shrimataji.org\/test\/wp-json\/wp\/v2\/media\/19604"}],"wp:attachment":[{"href":"https:\/\/shrimataji.org\/test\/wp-json\/wp\/v2\/media?parent=19602"}],"curies":[{"name":"wp","href":"https:\/\/api.w.org\/{rel}","templated":true}]}}